000
CDUS43 KEAX 200638
CLIMCI

CLIMATE REPORT
NATIONAL WEATHER SERVICE KANSAS CITY/PLEASANT HILL MO
132 AM CDT FRI OCT 20 2017


...................................

...THE KANSAS CITY INTERNATIONAL MO CLIMATE SUMMARY FOR OCTOBER 19 2017...

CLIMATE NORMAL PERIOD 1981 TO 2010
CLIMATE RECORD PERIOD 1888 TO 2017


WEATHER ITEM   OBSERVED TIME   RECORD YEAR NORMAL DEPARTURE LAST
                VALUE   (LST)  VALUE       VALUE  FROM      YEAR
                                                  NORMAL
..................................................................
TEMPERATURE (F)
 YESTERDAY
  MAXIMUM         79    318 PM  87    1963  66     13       70
  MINIMUM         47    640 AM  21    1972  45      2       51
  AVERAGE         63                        55      8       61

PRECIPITATION (IN)
  YESTERDAY        0.00          1.21 1983   0.10  -0.10     0.00
  MONTH TO DATE    1.94                      2.08  -0.14     2.48
  SINCE SEP 1      4.74                      6.70  -1.96     7.42
  SINCE JAN 1     42.63                     34.10   8.53    46.85

SNOWFALL (IN)
  YESTERDAY        0.0           0.0    MM   0.0    0.0      0.0
  MONTH TO DATE    0.0                       0.1   -0.1      0.0
  SINCE SEP 1      0.0                       0.1   -0.1      0.0
  SINCE JUL 1      0.0                       0.1   -0.1      0.0
  SNOW DEPTH       0

DEGREE DAYS
 HEATING
  YESTERDAY        2                        10     -8        4
  MONTH TO DATE   72                       146    -74       78
  SINCE SEP 1     88                       211   -123       99
  SINCE JUL 1     92                       213   -121       99

 COOLING
  YESTERDAY        0                         1     -1        0
  MONTH TO DATE   42                        24     18       41
  SINCE SEP 1    247                       183     64      261
  SINCE JAN 1   1325                      1356    -31     1558
..................................................................


WIND (MPH)
  HIGHEST WIND SPEED    16   HIGHEST WIND DIRECTION     S (190)
  HIGHEST GUST SPEED    21   HIGHEST GUST DIRECTION     S (190)
  AVERAGE WIND SPEED     9.6


SKY COVER
  POSSIBLE SUNSHINE  MM
  AVERAGE SKY COVER 0.1


WEATHER CONDITIONS
 THE FOLLOWING WEATHER WAS RECORDED YESTERDAY.
  FOG
  HAZE


RELATIVE HUMIDITY (PERCENT)
 HIGHEST    93           600 AM
 LOWEST     42           200 PM
 AVERAGE    68

..........................................................


THE KANSAS CITY INTERNATIONAL MO CLIMATE NORMALS FOR TODAY
                         NORMAL    RECORD    YEAR
 MAXIMUM TEMPERATURE (F)   66        89      1894
 MINIMUM TEMPERATURE (F)   45        25      1989


SUNRISE AND SUNSET
OCTOBER 20 2017.......SUNRISE   734 AM CDT   SUNSET   632 PM CDT
OCTOBER 21 2017.......SUNRISE   735 AM CDT   SUNSET   631 PM CDT


-  INDICATES NEGATIVE NUMBERS.
R  INDICATES RECORD WAS SET OR TIED.
MM INDICATES DATA IS MISSING.
T  INDICATES TRACE AMOUNT.


&&

...MISCELLANEOUS CLIMATE DATA FROM YESTERDAY...

LOCATION                HIGH    LOW      PRECIP
ST. JOSEPH               81      40       0.00
DOWNTOWN KANSAS CITY     82      52       0.00
OLATHE NEW CENTURY       79      48       0.00
OLATHE JO CO EXEC        78      51       0.00
LEES SUMMIT              80      53       0.00
KIRKSVILLE               76      47       0.00
CHILLICOTHE              78      45       0.00
SEDALIA                  80      55       0.00
NWS PLEASANT HILL MO     79      49       0.00


THIS PRODUCT...ALONG WITH OTHER WEATHER...HYDROLOGICAL AND CLIMATE
INFORMATION...IS AVAILABLE ON THE WEB AT HTTP://WWW.WEATHER.GOV/EAX
OR AT HTTP://WEATHER.GOV

$$

73
