000
CDUS43 KEAX 290036
CLIMCI

CLIMATE REPORT
NATIONAL WEATHER SERVICE KANSAS CITY/PLEASANT HILL MO
635 PM CST FRI NOV 28 2014


...................................

...THE KANSAS CITY INTERNATIONAL MO CLIMATE SUMMARY FOR NOVEMBER 28 2014...
VALID TODAY AS OF 0600 PM LOCAL TIME.

CLIMATE NORMAL PERIOD 1981 TO 2010
CLIMATE RECORD PERIOD 1888 TO 2014


WEATHER ITEM   OBSERVED TIME   RECORD YEAR NORMAL DEPARTURE LAST
                VALUE   (LST)  VALUE       VALUE  FROM      YEAR
                                                  NORMAL
..................................................................
TEMPERATURE (F)
 TODAY
  MAXIMUM         58    339 PM  71    1998  47     11       40
  MINIMUM         30   1205 AM   1    1976  28      2       24
  AVERAGE         44                        37      7       32

PRECIPITATION (IN)
  TODAY            0.00          1.30 2006   0.06  -0.06     0.00
  MONTH TO DATE    0.68                      2.01  -1.33     1.43
  SINCE SEP 1     12.22                      9.79   2.43    11.01
  SINCE JAN 1     38.21                     37.19   1.02    33.68

SNOWFALL (IN)
  TODAY            0.0           3.2  1918   0.1   -0.1      0.0
  MONTH TO DATE    0.5                       1.0   -0.5       T
  SINCE SEP 1      0.5                       1.2   -0.7       T
  SINCE JUL 1      0.5                       1.2   -0.7       T
  SNOW DEPTH       0

DEGREE DAYS
 HEATING
  TODAY           21                        28     -7       33
  MONTH TO DATE  783                       587    196      668
  SINCE SEP 1   1083                       945    138     1016
  SINCE JUL 1   1085                       947    138     1016

 COOLING
  TODAY            0                         0      0        0
  MONTH TO DATE    0                         0      0        0
  SINCE SEP 1    144                       185    -41      251
  SINCE JAN 1   1263                      1358    -95     1345
..................................................................


WIND (MPH)
  HIGHEST WIND SPEED    21   HIGHEST WIND DIRECTION     S (200)
  HIGHEST GUST SPEED    28   HIGHEST GUST DIRECTION    SW (220)
  AVERAGE WIND SPEED    15.2


SKY COVER
  POSSIBLE SUNSHINE  MM
  AVERAGE SKY COVER 0.4


WEATHER CONDITIONS
 THE FOLLOWING WEATHER WAS RECORDED TODAY.
  NO SIGNIFICANT WEATHER WAS OBSERVED.


RELATIVE HUMIDITY (PERCENT)
 HIGHEST    72          1200 AM
 LOWEST     41           200 PM
 AVERAGE    57

..........................................................


THE KANSAS CITY INTERNATIONAL MO CLIMATE NORMALS FOR TOMORROW
                         NORMAL    RECORD    YEAR
 MAXIMUM TEMPERATURE (F)   46        77      1933
 MINIMUM TEMPERATURE (F)   28         3      1976


SUNRISE AND SUNSET
NOVEMBER 28 2014......SUNRISE   717 AM CST   SUNSET   457 PM CST
NOVEMBER 29 2014......SUNRISE   718 AM CST   SUNSET   457 PM CST


-  INDICATES NEGATIVE NUMBERS.
R  INDICATES RECORD WAS SET OR TIED.
MM INDICATES DATA IS MISSING.
T  INDICATES TRACE AMOUNT.




&&

...MISCELLANEOUS CLIMATE DATA FROM TODAY...

LOCATION                HIGH    LOW      PRECIP
ST. JOSEPH               57      28       0.00
DOWNTOWN KANSAS CITY     61      32       0.00
OLATHE NEW CENTURY       60      29       0.00
OLATHE JO CO EXEC        59      30       0.00
LEES SUMMIT              59      30       0.00
KIRKSVILLE               51      19       0.00
CHILLICOTHE              54      28       0.00
SEDALIA                  61      29       0.00
NWS PLEASANT HILL MO     58      31       0.00


THIS PRODUCT...ALONG WITH OTHER WEATHER...HYDROLOGICAL AND CLIMATE
INFORMATION...IS AVAILABLE ON THE WEB AT HTTP://WWW.CRH.NOAA.GOV/EAX
OR AT HTTP://WEATHER.GOV

$$
