000
CDUS42 KFFC 232203
CLIMCN


CLIMATE REPORT
NATIONAL WEATHER SERVICE PEACHTREE CITY GA
503 PM EST THU NOV 23 2017


...................................

...THE MACON CLIMATE SUMMARY FOR NOVEMBER 23 2017...
VALID TODAY AS OF 0500 PM LOCAL TIME.

CLIMATE NORMAL PERIOD 1981 TO 2010
CLIMATE RECORD PERIOD 1899 TO 2017


WEATHER ITEM   OBSERVED TIME   RECORD YEAR NORMAL DEPARTURE LAST
                VALUE   (LST)  VALUE       VALUE  FROM      YEAR
                                                  NORMAL
..................................................................
TEMPERATURE (F)
 TODAY
  MAXIMUM         64    345 PM  82    1979  66     -2       71
  MINIMUM         50    658 AM  24    1956  41      9       33
  AVERAGE         57                        54      3       52

PRECIPITATION (IN)
  TODAY            0.00          2.49 2014   0.12  -0.12     0.00
  MONTH TO DATE    1.07                      2.43  -1.36     0.00
  SINCE SEP 1      7.88                      8.81  -0.93     2.38
  SINCE JAN 1     45.41                     40.75   4.66    26.60

SNOWFALL (IN)
  TODAY            0.0           0.0  2001   0.0    0.0      0.0
  MONTH TO DATE    0.0                       0.0    0.0      0.0
  SINCE SEP 1      0.0                       0.0    0.0      0.0
  SINCE JUL 1      0.0                       0.0    0.0      0.0
  SNOW DEPTH       0

DEGREE DAYS
 HEATING
  TODAY            8                        12     -4       13
  MONTH TO DATE  184                       202    -18      182
  SINCE SEP 1    279                       305    -26      207
  SINCE JUL 1    279                       305    -26      207

 COOLING
  TODAY            0                         0      0        0
  MONTH TO DATE   28                        16     12       20
  SINCE SEP 1    508                       416     92      586
  SINCE JAN 1   2370                      2160    210     2613
..................................................................


WIND (MPH)
  RESULTANT WIND SPEED   5   RESULTANT WIND DIRECTION  NE (50)
  HIGHEST WIND SPEED    12   HIGHEST WIND DIRECTION     E (100)
  HIGHEST GUST SPEED    15   HIGHEST GUST DIRECTION     E (90)
  AVERAGE WIND SPEED     5.9


SKY COVER
  AVERAGE SKY COVER 0.7


WEATHER CONDITIONS
 THE FOLLOWING WEATHER WAS RECORDED TODAY.
  NO SIGNIFICANT WEATHER WAS OBSERVED.


RELATIVE HUMIDITY (PERCENT)
 HIGHEST    80           700 AM
 LOWEST     46           100 PM
 AVERAGE    63

..........................................................


THE MACON CLIMATE NORMALS FOR TOMORROW
                         NORMAL    RECORD    YEAR
 MAXIMUM TEMPERATURE (F)   66        82      1967
 MINIMUM TEMPERATURE (F)   41        19      1950


SUNRISE AND SUNSET
NOVEMBER 23 2017......SUNRISE   712 AM EST   SUNSET   530 PM EST
NOVEMBER 24 2017......SUNRISE   713 AM EST   SUNSET   530 PM EST


-  INDICATES NEGATIVE NUMBERS.
R  INDICATES RECORD WAS SET OR TIED.
MM INDICATES DATA IS MISSING.
T  INDICATES TRACE AMOUNT.




$$
