000
CDUS42 KFFC 280919
CLIMCN


CLIMATE REPORT
NATIONAL WEATHER SERVICE PEACHTREE CITY GA
418 AM EST TUE FEB 28 2017


...................................

...THE MACON CLIMATE SUMMARY FOR FEBRUARY 27 2017...

CLIMATE NORMAL PERIOD 1981 TO 2010
CLIMATE RECORD PERIOD 1899 TO 2017


WEATHER ITEM   OBSERVED TIME   RECORD YEAR NORMAL DEPARTURE LAST
                VALUE   (LST)  VALUE       VALUE  FROM      YEAR
                                                  NORMAL
..................................................................
TEMPERATURE (F)
 YESTERDAY
  MAXIMUM         70    333 PM  82    1962  65      5       64
  MINIMUM         40    217 AM  18    1963  41     -1       29
  AVERAGE         55                        53      2       47

PRECIPITATION (IN)
  YESTERDAY        0.41          3.02 1929   0.15   0.26     0.00
  MONTH TO DATE    1.94                      4.21  -2.27     3.21
  SINCE DEC 1     19.15                     12.49   6.66    18.35
  SINCE JAN 1     13.20                      8.45   4.75     5.73

SNOWFALL (IN)
  YESTERDAY       MM             0.0  2002   0.0   MM        0.0
  MONTH TO DATE    0.0                       0.0    0.0       T
  SINCE DEC 1      0.0                       0.5   -0.5       T
  SINCE JUL 1      0.0                       0.5   -0.5       T
  SNOW DEPTH       0

DEGREE DAYS
 HEATING
  YESTERDAY       10                        12     -2       18
  MONTH TO DATE  210                       408   -198      392
  SINCE DEC 1    943                      1518   -575     1239
  SINCE JUL 1   1185                      1913   -728     1511

 COOLING
  YESTERDAY        0                         0      0        0
  MONTH TO DATE    7                         0      7        1
  SINCE DEC 1     13                         4      9       43
  SINCE JAN 1     11                         1     10        1
..................................................................


WIND (MPH)
  RESULTANT WIND SPEED   5   RESULTANT WIND DIRECTION  SE (120)
  HIGHEST WIND SPEED    29   HIGHEST WIND DIRECTION    SE (140)
  HIGHEST GUST SPEED    35   HIGHEST GUST DIRECTION    SE (140)
  AVERAGE WIND SPEED     7.0


SKY COVER
  AVERAGE SKY COVER 0.3


WEATHER CONDITIONS
 THE FOLLOWING WEATHER WAS RECORDED YESTERDAY.
  HEAVY RAIN
  RAIN
  LIGHT RAIN
  FOG


RELATIVE HUMIDITY (PERCENT)
 HIGHEST    93           700 PM
 LOWEST     47           300 PM
 AVERAGE    70

..........................................................


THE MACON CLIMATE NORMALS FOR TODAY
                         NORMAL    RECORD    YEAR
 MAXIMUM TEMPERATURE (F)   65        85      1962
 MINIMUM TEMPERATURE (F)   41        19      2002


SUNRISE AND SUNSET
FEBRUARY 28 2017......SUNRISE   703 AM EST   SUNSET   631 PM EST
MARCH  1 2017.........SUNRISE   702 AM EST   SUNSET   632 PM EST


-  INDICATES NEGATIVE NUMBERS.
R  INDICATES RECORD WAS SET OR TIED.
MM INDICATES DATA IS MISSING.
T  INDICATES TRACE AMOUNT.




$$
