000
CDUS42 KFFC 060824
CLIMCN


CLIMATE REPORT
NATIONAL WEATHER SERVICE PEACHTREE CITY GA
423 AM EDT MON JUL 6 2015


...................................

...THE MACON CLIMATE SUMMARY FOR JULY 5 2015...

CLIMATE NORMAL PERIOD 1981 TO 2010
CLIMATE RECORD PERIOD 1899 TO 2015


WEATHER ITEM   OBSERVED TIME   RECORD YEAR NORMAL DEPARTURE LAST
                VALUE   (LST)  VALUE       VALUE  FROM      YEAR
                                                  NORMAL
..................................................................
TEMPERATURE (F)
 YESTERDAY
  MAXIMUM         86    518 PM 101    1954  92     -6       89
  MINIMUM         70    630 AM  61    1967  71     -1       66
  AVERAGE         78                        81     -3       78

PRECIPITATION (IN)
  YESTERDAY        0.00         10.25 1994   0.16  -0.16     0.00
  MONTH TO DATE    0.31                      0.78  -0.47     0.00
  SINCE JUN 1      4.09                      4.84  -0.75     5.65
  SINCE JAN 1     20.59                     23.67  -3.08    27.84

DEGREE DAYS
 HEATING
  YESTERDAY        0                         0      0        0
  MONTH TO DATE    0                         0      0        0
  SINCE JUN 1      0                         0      0        0
  SINCE JUL 1      0                         0      0        0

 COOLING
  YESTERDAY       13                        16     -3       13
  MONTH TO DATE   73                        80     -7       74
  SINCE JUN 1    554                       499     55      489
  SINCE JAN 1    939                       812    127      767
..................................................................


WIND (MPH)
  RESULTANT WIND SPEED   5   RESULTANT WIND DIRECTION  SW (240)
  HIGHEST WIND SPEED    16   HIGHEST WIND DIRECTION     W (270)
  HIGHEST GUST SPEED    20   HIGHEST GUST DIRECTION     W (270)
  AVERAGE WIND SPEED     5.2


SKY COVER
  AVERAGE SKY COVER 0.2


WEATHER CONDITIONS
 THE FOLLOWING WEATHER WAS RECORDED YESTERDAY.
  NO SIGNIFICANT WEATHER WAS OBSERVED.


RELATIVE HUMIDITY (PERCENT)
 HIGHEST    97           500 AM
 LOWEST     55          1200 PM
 AVERAGE    76

..........................................................


THE MACON CLIMATE NORMALS FOR TODAY
                         NORMAL    RECORD    YEAR
 MAXIMUM TEMPERATURE (F)   92       101      1990
                                             1980
 MINIMUM TEMPERATURE (F)   71        58      1970


SUNRISE AND SUNSET
JULY  6 2015..........SUNRISE   633 AM EDT   SUNSET   846 PM EDT
JULY  7 2015..........SUNRISE   633 AM EDT   SUNSET   846 PM EDT


-  INDICATES NEGATIVE NUMBERS.
R  INDICATES RECORD WAS SET OR TIED.
MM INDICATES DATA IS MISSING.
T  INDICATES TRACE AMOUNT.




$$
