000
CDUS42 KFFC 030836
CLIMCN


CLIMATE REPORT
NATIONAL WEATHER SERVICE PEACHTREE CITY GA
436 AM EDT TUE MAY 3 2016


...................................

...THE MACON CLIMATE SUMMARY FOR MAY 2 2016...

CLIMATE NORMAL PERIOD 1981 TO 2010
CLIMATE RECORD PERIOD 1899 TO 2016


WEATHER ITEM   OBSERVED TIME   RECORD YEAR NORMAL DEPARTURE LAST
                VALUE   (LST)  VALUE       VALUE  FROM      YEAR
                                                  NORMAL
..................................................................
TEMPERATURE (F)
 YESTERDAY
  MAXIMUM         87    339 PM  94    1990  81      6       79
                                      1959
  MINIMUM         66    719 PM  41    1897  55     11       45
  AVERAGE         77                        68      9       62

PRECIPITATION (IN)
  YESTERDAY        0.25          2.71 1964   0.07   0.18     0.00
  MONTH TO DATE    0.25                      0.15   0.10     0.00
  SINCE MAR 1     10.52                      7.66   2.86     8.55
  SINCE JAN 1     16.25                     16.26  -0.01    15.35

DEGREE DAYS
 HEATING
  YESTERDAY        0                         1     -1        3
  MONTH TO DATE    0                         2     -2        6
  SINCE MAR 1    257                       384   -127      258
  SINCE JUL 1   1787                      2309   -522     2471

 COOLING
  YESTERDAY       12                         4      8        0
  MONTH TO DATE   23                         8     15        0
  SINCE MAR 1    142                        89     53      124
  SINCE JAN 1    143                        92     51      124
..................................................................


WIND (MPH)
  RESULTANT WIND SPEED   4   RESULTANT WIND DIRECTION   S (200)
  HIGHEST WIND SPEED    29   HIGHEST WIND DIRECTION    SW (210)
  HIGHEST GUST SPEED    40   HIGHEST GUST DIRECTION    SW (210)
  AVERAGE WIND SPEED     4.6


SKY COVER
  AVERAGE SKY COVER 0.4


WEATHER CONDITIONS
 THE FOLLOWING WEATHER WAS RECORDED YESTERDAY.
  HEAVY RAIN
  LIGHT RAIN
  FOG


RELATIVE HUMIDITY (PERCENT)
 HIGHEST    90          1200 AM
 LOWEST     48           100 PM
 AVERAGE    69

..........................................................


THE MACON CLIMATE NORMALS FOR TODAY
                         NORMAL    RECORD    YEAR
 MAXIMUM TEMPERATURE (F)   81        93      1959
                                             1951
                                             1902
 MINIMUM TEMPERATURE (F)   55        42      1995


SUNRISE AND SUNSET
MAY  3 2016...........SUNRISE   645 AM EDT   SUNSET   818 PM EDT
MAY  4 2016...........SUNRISE   644 AM EDT   SUNSET   819 PM EDT


-  INDICATES NEGATIVE NUMBERS.
R  INDICATES RECORD WAS SET OR TIED.
MM INDICATES DATA IS MISSING.
T  INDICATES TRACE AMOUNT.




$$
