000
CDUS42 KFFC 280027
CLIMCN


CLIMATE REPORT
NATIONAL WEATHER SERVICE PEACHTREE CITY GA
727 PM EST THU NOV 27 2014


...................................

...THE MACON CLIMATE SUMMARY FOR NOVEMBER 27 2014...
VALID AS OF 0700 PM LOCAL TIME.

CLIMATE NORMAL PERIOD 1981 TO 2010
CLIMATE RECORD PERIOD 1899 TO 2014


WEATHER ITEM   OBSERVED TIME   RECORD YEAR NORMAL DEPARTURE LAST
                VALUE   (LST)  VALUE       VALUE  FROM      YEAR
                                                  NORMAL
..................................................................
TEMPERATURE (F)
 TODAY
  MAXIMUM         53    325 PM  84    1973  65    -12       47
  MINIMUM         39    558 AM  22    1903  40     -1       28
  AVERAGE         46                        52     -6       38

PRECIPITATION (IN)
  TODAY            0.00          3.04 1921   0.12  -0.12     0.10
  MONTH TO DATE    4.31                      2.92   1.39     3.37
  SINCE SEP 1      8.67                      9.30  -0.63     5.74
  SINCE JAN 1     42.60                     41.24   1.36    63.87

SNOWFALL (IN)
  TODAY            0.0           0.0  2001   0.0    0.0      0.0
  MONTH TO DATE    0.0                       0.0    0.0      0.0
  SINCE SEP 1      0.0                       0.0    0.0      0.0
  SINCE JUL 1      0.0                       0.0    0.0      0.0
  SNOW DEPTH       0

DEGREE DAYS
 HEATING
  TODAY           19                        13      6       27
  MONTH TO DATE  409                       252    157      304
  SINCE SEP 1    495                       355    140      371
  SINCE JUL 1    495                       355    140      371
..................................................................


WIND (MPH)
  HIGHEST WIND SPEED    22   HIGHEST WIND DIRECTION    NW (320)
  HIGHEST GUST SPEED    31   HIGHEST GUST DIRECTION    NW (320)
  AVERAGE WIND SPEED    11.1


SKY COVER
  AVERAGE SKY COVER 0.1


WEATHER CONDITIONS
 THE FOLLOWING WEATHER WAS RECORDED TODAY.
  NO SIGNIFICANT WEATHER WAS OBSERVED.


RELATIVE HUMIDITY (PERCENT)
 HIGHEST    70           400 AM
 LOWEST     35           200 PM

..........................................................


THE MACON CLIMATE NORMALS FOR TOMORROW
                         NORMAL    RECORD
 MAXIMUM TEMPERATURE (F)   65        83
 MINIMUM TEMPERATURE (F)   40        21


SUNRISE AND SUNSET
NOVEMBER 27 2014......SUNRISE   715 AM EST   SUNSET   529 PM EST
NOVEMBER 28 2014......SUNRISE   716 AM EST   SUNSET   529 PM EST


-  INDICATES NEGATIVE NUMBERS.
R  INDICATES RECORD WAS SET OR TIED.
MM INDICATES DATA IS MISSING.
T  INDICATES TRACE AMOUNT.




$$
