000
CDUS42 KFFC 210918
CLIMCN


CLIMATE REPORT
NATIONAL WEATHER SERVICE PEACHTREE CITY GA
418 AM EST SUN DEC 21 2014


...................................

...THE MACON CLIMATE SUMMARY FOR DECEMBER 20 2014...

CLIMATE NORMAL PERIOD 1981 TO 2010
CLIMATE RECORD PERIOD 1899 TO 2014


WEATHER ITEM   OBSERVED TIME   RECORD YEAR NORMAL DEPARTURE LAST
                VALUE   (LST)  VALUE       VALUE  FROM      YEAR
                                                  NORMAL
..................................................................
TEMPERATURE (F)
 YESTERDAY
  MAXIMUM         53    540 PM  78    1967  58     -5       70
  MINIMUM         45    628 AM  14    1981  36      9       33
  AVERAGE         49                        47      2       52

PRECIPITATION (IN)
  YESTERDAY        0.15          2.19 1905   0.14   0.01     0.00
  MONTH TO DATE    0.25                      2.59  -2.34     2.50
  SINCE DEC 1      0.25                      2.59  -2.34     2.50
  SINCE JAN 1     42.85                     44.23  -1.38    66.37

SNOWFALL (IN)
  YESTERDAY       MM             0.0  2001   0.0   MM        0.0
  MONTH TO DATE    0.0                       0.0    0.0      0.0
  SINCE DEC 1      0.0                       0.0    0.0      0.0
  SINCE JUL 1      0.0                       0.0    0.0      0.0
  SNOW DEPTH       0

DEGREE DAYS
 HEATING
  YESTERDAY       16                        18     -2       13
  MONTH TO DATE  279                       324    -45      268
  SINCE DEC 1    279                       324    -45      268
  SINCE JUL 1    839                       719    120      717

 COOLING
  YESTERDAY        0                         0      0        0
  MONTH TO DATE    0                         0      0        5
  SINCE DEC 1      0                         0      0        5
  SINCE JAN 1   2048                      2163   -115     1854
..................................................................


WIND (MPH)
  RESULTANT WIND SPEED   3   RESULTANT WIND DIRECTION  NE (40)
  HIGHEST WIND SPEED    17   HIGHEST WIND DIRECTION     W (280)
  HIGHEST GUST SPEED    39   HIGHEST GUST DIRECTION     W (270)
  AVERAGE WIND SPEED     3.6


SKY COVER
  AVERAGE SKY COVER 0.9


WEATHER CONDITIONS
 THE FOLLOWING WEATHER WAS RECORDED YESTERDAY.
  LIGHT RAIN
  FOG


RELATIVE HUMIDITY (PERCENT)
 HIGHEST   100           200 AM
 LOWEST     83           200 PM
 AVERAGE    92

..........................................................


THE MACON CLIMATE NORMALS FOR TODAY
                         NORMAL    RECORD    YEAR
 MAXIMUM TEMPERATURE (F)   58        78      1998
                                             1967
 MINIMUM TEMPERATURE (F)   36        11      1901


SUNRISE AND SUNSET
DECEMBER 21 2014......SUNRISE   733 AM EST   SUNSET   533 PM EST
DECEMBER 22 2014......SUNRISE   733 AM EST   SUNSET   533 PM EST


-  INDICATES NEGATIVE NUMBERS.
R  INDICATES RECORD WAS SET OR TIED.
MM INDICATES DATA IS MISSING.
T  INDICATES TRACE AMOUNT.




$$
