000
CDUS42 KMLB 102118
CLIMCO


CLIMATE REPORT
NATIONAL WEATHER SERVICE MELBOURNE FL
417 PM EST SAT DEC 10 2016


...................................

...THE ORLANDO  CLIMATE SUMMARY FOR DECEMBER 10 2016...
VALID TODAY AS OF 0400 PM LOCAL TIME.

CLIMATE NORMAL PERIOD 1981 TO 2010
CLIMATE RECORD PERIOD 1892 TO 2016


WEATHER ITEM   OBSERVED TIME   RECORD YEAR NORMAL DEPARTURE LAST
                VALUE   (LST)  VALUE       VALUE  FROM      YEAR
                                                  NORMAL
..................................................................
TEMPERATURE (F)
 TODAY
  MAXIMUM         74    123 PM  88    1918  74      0       80
  MINIMUM         51    726 AM  28    1917  54     -3       61
  AVERAGE         63                        64     -1       71

PRECIPITATION (IN)
  TODAY            0.00          1.63 1921   0.08  -0.08     0.00
  MONTH TO DATE    0.76                      0.81  -0.05     0.20
  SINCE DEC 1      0.76                      0.81  -0.05     0.20
  SINCE JAN 1     52.54                     48.96   3.58    53.56

SNOWFALL (IN)
  TODAY            0.0
  MONTH TO DATE    0.0
  SINCE DEC 1      0.0
  SINCE JUL 1      0.0

DEGREE DAYS
 HEATING
  TODAY            2                         4     -2        0
  MONTH TO DATE   10                        34    -24        0
  SINCE DEC 1     10                        34    -24        0
  SINCE JUL 1     33                        81    -48        9

 COOLING
  TODAY            0                         2     -2        6
  MONTH TO DATE   45                        29     16       50
  SINCE DEC 1     45                        29     16       50
  SINCE JAN 1   3749                      3383    366     4092
..................................................................


WIND (MPH)
  HIGHEST WIND SPEED    20   HIGHEST WIND DIRECTION    NE (40)
  HIGHEST GUST SPEED    23   HIGHEST GUST DIRECTION    NE (40)
  AVERAGE WIND SPEED    11.0


SKY COVER
  AVERAGE SKY COVER 0.8


WEATHER CONDITIONS
 THE FOLLOWING WEATHER WAS RECORDED TODAY.
  NO SIGNIFICANT WEATHER WAS OBSERVED.


RELATIVE HUMIDITY (PERCENT)
 HIGHEST    77           400 AM
 LOWEST     49           100 PM
 AVERAGE    63

..........................................................


THE ORLANDO  CLIMATE NORMALS FOR TOMORROW
                         NORMAL    RECORD    YEAR
 MAXIMUM TEMPERATURE (F)   73        90      1919
 MINIMUM TEMPERATURE (F)   53        28      1898


SUNRISE AND SUNSET
DECEMBER 10 2016......SUNRISE   707 AM EST   SUNSET   530 PM EST
DECEMBER 11 2016......SUNRISE   708 AM EST   SUNSET   530 PM EST


-  INDICATES NEGATIVE NUMBERS.
R  INDICATES RECORD WAS SET OR TIED.
MM INDICATES DATA IS MISSING.
T  INDICATES TRACE AMOUNT.




$$
