000
CDUS42 KMLB 280626
CLIMCO


CLIMATE REPORT
NATIONAL WEATHER SERVICE MELBOURNE FL
226 AM EDT SAT MAY 28 2016


...................................

...THE ORLANDO  CLIMATE SUMMARY FOR MAY 27 2016...

CLIMATE NORMAL PERIOD 1981 TO 2010
CLIMATE RECORD PERIOD 1892 TO 2016


WEATHER ITEM   OBSERVED TIME   RECORD YEAR NORMAL DEPARTURE LAST
                VALUE   (LST)  VALUE       VALUE  FROM      YEAR
                                                  NORMAL
..................................................................
TEMPERATURE (F)
 YESTERDAY
  MAXIMUM         88    145 PM 100    1962  90     -2       90
  MINIMUM         70    518 AM  53    1979  69      1       72
  AVERAGE         79                        79      0       81

PRECIPITATION (IN)
  YESTERDAY        T             2.20 1938   0.17  -0.17      T
  MONTH TO DATE    4.73                      2.74   1.99     0.93
  SINCE MAR 1     11.31                      9.19   2.12     5.89
  SINCE JAN 1     18.65                     13.92   4.73    13.99

SNOWFALL (IN)
  YESTERDAY        0.0
  MONTH TO DATE    0.0
  SINCE MAR 1      0.0
  SINCE JUL 1      0.0

DEGREE DAYS
 HEATING
  YESTERDAY        0                         0      0        0
  MONTH TO DATE    0                         0      0        0
  SINCE MAR 1     16                        71    -55       16
  SINCE JUL 1    370                       570   -200      486

 COOLING
  YESTERDAY       14                        14      0       16
  MONTH TO DATE  326                       321      5      391
  SINCE MAR 1    785                       638    147     1043
  SINCE JAN 1    847                       742    105     1117
..................................................................


WIND (MPH)
  HIGHEST WIND SPEED    18   HIGHEST WIND DIRECTION     E (90)
  HIGHEST GUST SPEED    22   HIGHEST GUST DIRECTION     E (70)
  AVERAGE WIND SPEED     8.8


SKY COVER
  AVERAGE SKY COVER 0.5


WEATHER CONDITIONS
 THE FOLLOWING WEATHER WAS RECORDED YESTERDAY.
  LIGHT RAIN


RELATIVE HUMIDITY (PERCENT)
 HIGHEST    79           500 AM
 LOWEST     45          1100 AM
 AVERAGE    62

..........................................................


THE ORLANDO  CLIMATE NORMALS FOR TODAY
                         NORMAL    RECORD    YEAR
 MAXIMUM TEMPERATURE (F)   90        99      2000
                                             1924
                                             1908
 MINIMUM TEMPERATURE (F)   69        58      1901


SUNRISE AND SUNSET
MAY 28 2016...........SUNRISE   629 AM EDT   SUNSET   816 PM EDT
MAY 29 2016...........SUNRISE   629 AM EDT   SUNSET   817 PM EDT


-  INDICATES NEGATIVE NUMBERS.
R  INDICATES RECORD WAS SET OR TIED.
MM INDICATES DATA IS MISSING.
T  INDICATES TRACE AMOUNT.




$$
