000
CDUS42 KMLB 122128
CLIMCO


CLIMATE REPORT
NATIONAL WEATHER SERVICE MELBOURNE FL
427 PM EST TUE DEC 12 2017


...................................

...THE ORLANDO  CLIMATE SUMMARY FOR DECEMBER 12 2017...
VALID TODAY AS OF 0400 PM LOCAL TIME.

CLIMATE NORMAL PERIOD 1981 TO 2010
CLIMATE RECORD PERIOD 1892 TO 2017


WEATHER ITEM   OBSERVED TIME   RECORD YEAR NORMAL DEPARTURE LAST
                VALUE   (LST)  VALUE       VALUE  FROM      YEAR
                                                  NORMAL
..................................................................
TEMPERATURE (F)
 TODAY
  MAXIMUM         73    339 PM  90    1923  73      0       82
  MINIMUM         38    254 AM  22    1934  53    -15       64
  AVERAGE         56                        63     -7       73

PRECIPITATION (IN)
  TODAY            0.00          1.27 2002   0.08  -0.08     0.00
  MONTH TO DATE    0.35                      0.97  -0.62     0.78
  SINCE DEC 1      0.35                      0.97  -0.62     0.78
  SINCE JAN 1     46.62                     49.12  -2.50    52.56

SNOWFALL (IN)
  TODAY            0.0
  MONTH TO DATE    0.0
  SINCE DEC 1      0.0
  SINCE JUL 1      0.0

DEGREE DAYS
 HEATING
  TODAY            9                         4      5        0
  MONTH TO DATE   47                        42      5       10
  SINCE DEC 1     47                        42      5       10
  SINCE JUL 1     71                        89    -18       33

 COOLING
  TODAY            0                         2     -2        8
  MONTH TO DATE   45                        33     12       53
  SINCE DEC 1     45                        33     12       53
  SINCE JAN 1   3648                      3387    261     3757
..................................................................


WIND (MPH)
  HIGHEST WIND SPEED    25   HIGHEST WIND DIRECTION     W (270)
  HIGHEST GUST SPEED    34   HIGHEST GUST DIRECTION     W (250)
  AVERAGE WIND SPEED    12.3


SKY COVER
  AVERAGE SKY COVER 0.2


WEATHER CONDITIONS
 THE FOLLOWING WEATHER WAS RECORDED TODAY.
  NO SIGNIFICANT WEATHER WAS OBSERVED.


RELATIVE HUMIDITY (PERCENT)
 HIGHEST   100           100 AM
 LOWEST     41           200 PM
 AVERAGE    71

..........................................................


THE ORLANDO  CLIMATE NORMALS FOR TOMORROW
                         NORMAL    RECORD    YEAR
 MAXIMUM TEMPERATURE (F)   73        87      1948
 MINIMUM TEMPERATURE (F)   53        20      1962


SUNRISE AND SUNSET
DECEMBER 12 2017......SUNRISE   708 AM EST   SUNSET   530 PM EST
DECEMBER 13 2017......SUNRISE   709 AM EST   SUNSET   530 PM EST


-  INDICATES NEGATIVE NUMBERS.
R  INDICATES RECORD WAS SET OR TIED.
MM INDICATES DATA IS MISSING.
T  INDICATES TRACE AMOUNT.




$$
