000
CDUS42 KMLB 230628
CLIMCO


CLIMATE REPORT
NATIONAL WEATHER SERVICE MELBOURNE FL
228 AM EDT FRI JUN 23 2017


...................................

...THE ORLANDO  CLIMATE SUMMARY FOR JUNE 22 2017...

CLIMATE NORMAL PERIOD 1981 TO 2010
CLIMATE RECORD PERIOD 1892 TO 2017


WEATHER ITEM   OBSERVED TIME   RECORD YEAR NORMAL DEPARTURE LAST
                VALUE   (LST)  VALUE       VALUE  FROM      YEAR
                                                  NORMAL
..................................................................
TEMPERATURE (F)
 YESTERDAY
  MAXIMUM         90    308 PM  98    1987  91     -1       93
  MINIMUM         73    448 AM  66    1938  73      0       71
  AVERAGE         82                        82      0       82

PRECIPITATION (IN)
  YESTERDAY        0.00          2.38 1921   0.27  -0.27     0.00
  MONTH TO DATE    5.15                      5.59  -0.44     5.56
  SINCE JUN 1      5.15                      5.59  -0.44     5.56
  SINCE JAN 1     11.54                     20.22  -8.68    25.65

SNOWFALL (IN)
  YESTERDAY        0.0
  MONTH TO DATE    0.0
  SINCE JUN 1      0.0
  SINCE JUL 1      0.0

DEGREE DAYS
 HEATING
  YESTERDAY        0                         0      0        0
  MONTH TO DATE    0                         0      0        0
  SINCE JUN 1      0                         0      0        0
  SINCE JUL 1    209                       571   -362      370

 COOLING
  YESTERDAY       17                        17      0       17
  MONTH TO DATE  317                       354    -37      387
  SINCE JUN 1    317                       354    -37      387
  SINCE JAN 1   1353                      1155    198     1302
..................................................................


WIND (MPH)
  HIGHEST WIND SPEED    17   HIGHEST WIND DIRECTION     E (100)
  HIGHEST GUST SPEED    21   HIGHEST GUST DIRECTION     E (100)
  AVERAGE WIND SPEED     7.8


SKY COVER
  AVERAGE SKY COVER 0.5


WEATHER CONDITIONS
 THE FOLLOWING WEATHER WAS RECORDED YESTERDAY.
  FOG


RELATIVE HUMIDITY (PERCENT)
 HIGHEST   100          1200 AM
 LOWEST     59           200 PM
 AVERAGE    80

..........................................................


THE ORLANDO  CLIMATE NORMALS FOR TODAY
                         NORMAL    RECORD    YEAR
 MAXIMUM TEMPERATURE (F)   91        99      1939
                                             1924
 MINIMUM TEMPERATURE (F)   73        66      1913
                                             1893


SUNRISE AND SUNSET
JUNE 23 2017..........SUNRISE   629 AM EDT   SUNSET   826 PM EDT
JUNE 24 2017..........SUNRISE   629 AM EDT   SUNSET   826 PM EDT


-  INDICATES NEGATIVE NUMBERS.
R  INDICATES RECORD WAS SET OR TIED.
MM INDICATES DATA IS MISSING.
T  INDICATES TRACE AMOUNT.




$$
