000
CDUS42 KMLB 162018
CLIMCO


CLIMATE REPORT
NATIONAL WEATHER SERVICE MELBOURNE FL
417 PM EDT MON OCT 16 2017


...................................

...THE ORLANDO  CLIMATE SUMMARY FOR OCTOBER 16 2017...
VALID TODAY AS OF 0400 PM LOCAL TIME.

CLIMATE NORMAL PERIOD 1981 TO 2010
CLIMATE RECORD PERIOD 1892 TO 2017


WEATHER ITEM   OBSERVED TIME   RECORD YEAR NORMAL DEPARTURE LAST
                VALUE   (LST)  VALUE       VALUE  FROM      YEAR
                                                  NORMAL
..................................................................
TEMPERATURE (F)
 TODAY
  MAXIMUM         90    237 PM  95    1925  85      5       85
  MINIMUM         73    457 AM  50    1955  67      6       72
  AVERAGE         82                        76      6       79

PRECIPITATION (IN)
  TODAY            0.00          3.48 1956   0.11  -0.11     0.03
  MONTH TO DATE    2.51                      2.03   0.48     2.77
  SINCE SEP 1     16.60                      8.09   8.51    10.03
  SINCE JAN 1     45.02                     44.70   0.32    51.72

SNOWFALL (IN)
  TODAY            0.0
  MONTH TO DATE    0.0
  SINCE SEP 1      0.0
  SINCE JUL 1      0.0

DEGREE DAYS
 HEATING
  TODAY            0                         0      0        0
  MONTH TO DATE    0                         0      0        0
  SINCE SEP 1      0                         0      0        0
  SINCE JUL 1      0                         0      0        0

 COOLING
  TODAY           17                        11      6       14
  MONTH TO DATE  248                       198     50      226
  SINCE SEP 1    737                       681     56      749
  SINCE JAN 1   3335                      3074    261     3422
..................................................................


WIND (MPH)
  HIGHEST WIND SPEED     9   HIGHEST WIND DIRECTION    NW (320)
  HIGHEST GUST SPEED    19   HIGHEST GUST DIRECTION    SE (140)
  AVERAGE WIND SPEED     2.7


SKY COVER
  AVERAGE SKY COVER 0.4


WEATHER CONDITIONS
 THE FOLLOWING WEATHER WAS RECORDED TODAY.
  NO SIGNIFICANT WEATHER WAS OBSERVED.


RELATIVE HUMIDITY (PERCENT)
 HIGHEST   100          1200 AM
 LOWEST     56           100 PM
 AVERAGE    78

..........................................................


THE ORLANDO  CLIMATE NORMALS FOR TOMORROW
                         NORMAL    RECORD    YEAR
 MAXIMUM TEMPERATURE (F)   84        95      1925
 MINIMUM TEMPERATURE (F)   66        47      1943


SUNRISE AND SUNSET
OCTOBER 16 2017.......SUNRISE   727 AM EDT   SUNSET   654 PM EDT
OCTOBER 17 2017.......SUNRISE   727 AM EDT   SUNSET   653 PM EDT


-  INDICATES NEGATIVE NUMBERS.
R  INDICATES RECORD WAS SET OR TIED.
MM INDICATES DATA IS MISSING.
T  INDICATES TRACE AMOUNT.




$$
