000
CDUS43 KDMX 240642 RRA
CLIMCW

CLIMATE REPORT
NATIONAL WEATHER SERVICE DES MOINES IA
141 AM CDT WED MAY 24 2017


...................................

...THE MASON CITY IA CLIMATE SUMMARY FOR MAY 23 2017...

CLIMATE NORMAL PERIOD 1981 TO 2010
CLIMATE RECORD PERIOD 1893 TO 2017


WEATHER ITEM   OBSERVED TIME   RECORD YEAR NORMAL DEPARTURE LAST
                VALUE   (LST)  VALUE       VALUE  FROM      YEAR
                                                  NORMAL
..................................................................
TEMPERATURE (F)
 YESTERDAY
  MAXIMUM         58    155 PM  89    2012  72    -14       76
                                      1975
                                      1972
  MINIMUM         49    505 AM  30    1931  49      0       59
  AVERAGE         54                        61     -7       68

PRECIPITATION (IN)
  YESTERDAY        0.08          2.22 1981   0.15  -0.07     0.49
  MONTH TO DATE    3.86                      3.41   0.45     1.75
  SINCE MAR 1     10.14                      9.39   0.75     6.72
  SINCE JAN 1     14.13                     11.21   2.92     8.01

SNOWFALL (IN)
  YESTERDAY        0.0          MM      MM   0.0    0.0      0.0
  MONTH TO DATE    0.0                       0.1   -0.1      0.0
  SINCE MAR 1      8.5                       8.8   -0.3      8.2
  SINCE JUL 1     47.9                      41.3    6.6     50.9
  SNOW DEPTH       0

DEGREE DAYS
 HEATING
  YESTERDAY       11                         6      5        0
  MONTH TO DATE  221                       199     22      226
  SINCE MAR 1   1714                      1748    -34     1526
  SINCE JUL 1   6626                      7599   -973     6625

 COOLING
  YESTERDAY        0                         1     -1        3
  MONTH TO DATE   25                        15     10        9
  SINCE MAR 1     25                        20      5       13
  SINCE JAN 1     25                        20      5       13
..................................................................


WIND (MPH)
  HIGHEST WIND SPEED    17   HIGHEST WIND DIRECTION     N (10)
  HIGHEST GUST SPEED    22   HIGHEST GUST DIRECTION     N (20)
  AVERAGE WIND SPEED    11.3


SKY COVER
  POSSIBLE SUNSHINE  MM
  AVERAGE SKY COVER 0.8


WEATHER CONDITIONS
 THE FOLLOWING WEATHER WAS RECORDED YESTERDAY.
  LIGHT RAIN
  FOG


RELATIVE HUMIDITY (PERCENT)
 HIGHEST    93           500 AM
 LOWEST     66           100 PM
 AVERAGE    80

..........................................................


THE MASON CITY IA CLIMATE NORMALS FOR TODAY
                         NORMAL    RECORD    YEAR
 MAXIMUM TEMPERATURE (F)   73        92      2010
                                             1939
 MINIMUM TEMPERATURE (F)   50        32      1930


SUNRISE AND SUNSET
MAY 24 2017...........SUNRISE   541 AM CDT   SUNSET   840 PM CDT
MAY 25 2017...........SUNRISE   541 AM CDT   SUNSET   841 PM CDT


-  INDICATES NEGATIVE NUMBERS.
R  INDICATES RECORD WAS SET OR TIED.
MM INDICATES DATA IS MISSING.
T  INDICATES TRACE AMOUNT.




$$
