000
CDUS43 KDMX 170630 RRA
CLIMCW

CLIMATE REPORT
NATIONAL WEATHER SERVICE DES MOINES IA
128 AM CDT THU APR 17 2014


...................................

...THE MASON CITY IA CLIMATE SUMMARY FOR APRIL 16 2014...

CLIMATE NORMAL PERIOD 1981 TO 2010
CLIMATE RECORD PERIOD 1893 TO 2014


WEATHER ITEM   OBSERVED TIME   RECORD YEAR NORMAL DEPARTURE LAST
                VALUE   (LST)  VALUE       VALUE  FROM      YEAR
                                                  NORMAL
..................................................................
TEMPERATURE (F)
 YESTERDAY
  MAXIMUM         59   1243 PM  88    2004  59      0       50
                                      1964
  MINIMUM         32    251 AM  18    1928  35     -3       28
  AVERAGE         46                        47     -1       39

PRECIPITATION (IN)
  YESTERDAY        T             1.50 2006   0.13  -0.13     0.00
  MONTH TO DATE    1.75                      1.85  -0.10     5.22
  SINCE MAR 1      2.96                      4.08  -1.12     8.60
  SINCE JAN 1      5.98                      5.90   0.08    10.31

SNOWFALL (IN)
  YESTERDAY        0.0           0.5  1928   0.1   -0.1      0.0
  MONTH TO DATE    5.0                       1.9    3.1      0.7
  SINCE MAR 1     11.9                       7.9    4.0     24.5
  SINCE JUL 1     58.0                      40.4   17.6     46.5
  SNOW DEPTH       0

DEGREE DAYS
 HEATING
  YESTERDAY       19                        18      1       26
  MONTH TO DATE  372                       345     27      426
  SINCE MAR 1   1566                      1339    227     1663
  SINCE JUL 1   8112                      7190    922     7224

 COOLING
  YESTERDAY        0                         0      0        0
  MONTH TO DATE    0                         0      0        0
  SINCE MAR 1      0                         0      0        0
  SINCE JAN 1      0                         0      0        0
..................................................................


WIND (MPH)
  HIGHEST WIND SPEED    33   HIGHEST WIND DIRECTION     S (180)
  HIGHEST GUST SPEED    42   HIGHEST GUST DIRECTION     S (180)
  AVERAGE WIND SPEED    19.8


SKY COVER
  POSSIBLE SUNSHINE  MM
  AVERAGE SKY COVER 0.7


WEATHER CONDITIONS
 THE FOLLOWING WEATHER WAS RECORDED YESTERDAY.
  LIGHT RAIN
  FOG


RELATIVE HUMIDITY (PERCENT)
 HIGHEST    96          1000 PM
 LOWEST     39           300 PM
 AVERAGE    68

..........................................................


THE MASON CITY IA CLIMATE NORMALS FOR TODAY
                         NORMAL    RECORD    YEAR
 MAXIMUM TEMPERATURE (F)   59        88      1985
 MINIMUM TEMPERATURE (F)   36        18      1907


SUNRISE AND SUNSET
APRIL 17 2014.........SUNRISE   628 AM CDT   SUNSET   758 PM CDT
APRIL 18 2014.........SUNRISE   626 AM CDT   SUNSET   800 PM CDT


-  INDICATES NEGATIVE NUMBERS.
R  INDICATES RECORD WAS SET OR TIED.
MM INDICATES DATA IS MISSING.
T  INDICATES TRACE AMOUNT.

$$
