000
CDUS43 KDMX 020632
CLIMCW

CLIMATE REPORT
NATIONAL WEATHER SERVICE DES MOINES IA
129 AM CDT THU OCT 2 2014


...................................

...THE MASON CITY IA CLIMATE SUMMARY FOR OCTOBER 1 2014...

CLIMATE NORMAL PERIOD 1981 TO 2010
CLIMATE RECORD PERIOD 1893 TO 2014


WEATHER ITEM   OBSERVED TIME   RECORD YEAR NORMAL DEPARTURE LAST
                VALUE   (LST)  VALUE       VALUE  FROM      YEAR
                                                  NORMAL
..................................................................
TEMPERATURE (F)
 YESTERDAY
  MAXIMUM         65    529 PM  92    1976  67     -2       79
  MINIMUM         49   1150 PM  19    2003  42      7       46
  AVERAGE         57                        54      3       63

PRECIPITATION (IN)
  YESTERDAY        0.71          1.68 2009   0.10   0.61     0.00
  MONTH TO DATE    0.71                      0.10   0.61     0.00
  SINCE SEP 1      3.30                      3.37  -0.07     1.15
  SINCE JAN 1     31.95                     29.73   2.22    34.53

SNOWFALL (IN)
  YESTERDAY        0.0           0.3  1999   0.0    0.0      0.0
  MONTH TO DATE    0.0                       0.0    0.0      0.0
  SINCE SEP 1      0.0                       0.0    0.0      0.0
  SINCE JUL 1      0.0                       0.0    0.0      0.0
  SNOW DEPTH       0

DEGREE DAYS
 HEATING
  YESTERDAY        8                        11     -3        2
  MONTH TO DATE    8                        11     -3        2
  SINCE SEP 1    182                       188     -6      122
  SINCE JUL 1    203                       224    -21      160

 COOLING
  YESTERDAY        0                         1     -1        0
  MONTH TO DATE    0                         1     -1        0
  SINCE SEP 1     33                        55    -22      120
  SINCE JAN 1    544                       611    -67      712
..................................................................


WIND (MPH)
  HIGHEST WIND SPEED    20   HIGHEST WIND DIRECTION    SE (120)
  HIGHEST GUST SPEED    25   HIGHEST GUST DIRECTION    SE (120)
  AVERAGE WIND SPEED     8.7


SKY COVER
  POSSIBLE SUNSHINE  MM
  AVERAGE SKY COVER 0.7


WEATHER CONDITIONS
 THE FOLLOWING WEATHER WAS RECORDED YESTERDAY.
  HEAVY RAIN
  RAIN
  LIGHT RAIN
  FOG
  FOG W/VISIBILITY <= 1/4 MILE


RELATIVE HUMIDITY (PERCENT)
 HIGHEST   100          1100 AM
 LOWEST     87           500 PM
 AVERAGE    94

..........................................................


THE MASON CITY IA CLIMATE NORMALS FOR TODAY
                         NORMAL    RECORD    YEAR
 MAXIMUM TEMPERATURE (F)   66        92      1997
 MINIMUM TEMPERATURE (F)   41        16      2003


SUNRISE AND SUNSET
OCTOBER  2 2014.......SUNRISE   712 AM CDT   SUNSET   653 PM CDT
OCTOBER  3 2014.......SUNRISE   713 AM CDT   SUNSET   651 PM CDT


-  INDICATES NEGATIVE NUMBERS.
R  INDICATES RECORD WAS SET OR TIED.
MM INDICATES DATA IS MISSING.
T  INDICATES TRACE AMOUNT.




$$
