000
CDUS43 KDMX 050630
CLIMCW

CLIMATE REPORT
NATIONAL WEATHER SERVICE DES MOINES IA
127 AM CDT SAT SEP 5 2015


...................................

...THE MASON CITY IA CLIMATE SUMMARY FOR SEPTEMBER 4 2015...

CLIMATE NORMAL PERIOD 1981 TO 2010
CLIMATE RECORD PERIOD 1893 TO 2015


WEATHER ITEM   OBSERVED TIME   RECORD YEAR NORMAL DEPARTURE LAST
                VALUE   (LST)  VALUE       VALUE  FROM      YEAR
                                                  NORMAL
..................................................................
TEMPERATURE (F)
 YESTERDAY
  MAXIMUM         89    254 PM 100    1925  78     11       89
  MINIMUM         65    519 AM  37    1930  54     11       69
  AVERAGE         77                        66     11       79

PRECIPITATION (IN)
  YESTERDAY        0.01          1.34 1920   0.11  -0.10      T
  MONTH TO DATE    0.06                      0.45  -0.39     0.25
  SINCE SEP 1      0.06                      0.45  -0.39     0.25
  SINCE JAN 1     27.87                     26.81   1.06    28.91

SNOWFALL (IN)
  YESTERDAY        0.0           0.0  2002   0.0    0.0      0.0
                                      2001
  MONTH TO DATE    0.0                       0.0    0.0      0.0
  SINCE SEP 1      0.0                       0.0    0.0      0.0
  SINCE JUL 1      0.0                       0.0    0.0      0.0
  SNOW DEPTH       0

DEGREE DAYS
 HEATING
  YESTERDAY        0                         3     -3        0
  MONTH TO DATE    0                         9     -9        0
  SINCE SEP 1      0                         9     -9        0
  SINCE JUL 1     58                        45     13       21

 COOLING
  YESTERDAY       12                         3      9       14
  MONTH TO DATE   45                        13     32       23
  SINCE SEP 1     45                        13     32       23
  SINCE JAN 1    562                       569     -7      534
..................................................................


WIND (MPH)
  HIGHEST WIND SPEED    17   HIGHEST WIND DIRECTION     S (160)
  HIGHEST GUST SPEED    21   HIGHEST GUST DIRECTION     S (180)
  AVERAGE WIND SPEED     7.4


SKY COVER
  POSSIBLE SUNSHINE  MM
  AVERAGE SKY COVER 0.1


WEATHER CONDITIONS
 THE FOLLOWING WEATHER WAS RECORDED YESTERDAY.
  LIGHT RAIN
  FOG


RELATIVE HUMIDITY (PERCENT)
 HIGHEST   100          1200 AM
 LOWEST     59           300 PM
 AVERAGE    80

..........................................................


THE MASON CITY IA CLIMATE NORMALS FOR TODAY
                         NORMAL    RECORD    YEAR
 MAXIMUM TEMPERATURE (F)   77       100      1913
 MINIMUM TEMPERATURE (F)   53        36      1935


SUNRISE AND SUNSET
SEPTEMBER  5 2015.....SUNRISE   642 AM CDT   SUNSET   742 PM CDT
SEPTEMBER  6 2015.....SUNRISE   643 AM CDT   SUNSET   740 PM CDT


-  INDICATES NEGATIVE NUMBERS.
R  INDICATES RECORD WAS SET OR TIED.
MM INDICATES DATA IS MISSING.
T  INDICATES TRACE AMOUNT.




$$
