000
CDUS43 KDMX 240717 RRA
CLIMCW

CLIMATE REPORT
NATIONAL WEATHER SERVICE DES MOINES IA
117 AM CST MON NOV 24 2014

...................................

...THE MASON CITY IA CLIMATE SUMMARY FOR NOVEMBER 23 2014...

CLIMATE NORMAL PERIOD 1981 TO 2010
CLIMATE RECORD PERIOD 1893 TO 2014


WEATHER ITEM   OBSERVED TIME   RECORD YEAR NORMAL DEPARTURE LAST
                VALUE   (LST)  VALUE       VALUE  FROM      YEAR
                                                  NORMAL
..................................................................
TEMPERATURE (F)
 YESTERDAY
  MAXIMUM         52    104 PM  58    1931  38     14       18
  MINIMUM         31   1159 PM  -9    1898  20     11        2
  AVERAGE         42                        29     13       10

PRECIPITATION (IN)
  YESTERDAY        0.01          2.11 1931   0.06  -0.05     0.00
  MONTH TO DATE    0.14                      1.50  -1.36     1.44
  SINCE SEP 1      4.90                      7.22  -2.32     4.45
  SINCE JAN 1     33.55                     33.58  -0.03    37.83

SNOWFALL (IN)
  YESTERDAY        T             4.0  1977   0.2   -0.2      0.0
  MONTH TO DATE    3.7                       2.6    1.1      1.5
  SINCE SEP 1      3.7                       3.0    0.7      1.5
  SINCE JUL 1      3.7                       3.0    0.7      1.5
  SNOW DEPTH       0

DEGREE DAYS
 HEATING
  YESTERDAY       23                        36    -13       55
  MONTH TO DATE  850                       675    175      706
  SINCE SEP 1   1554                      1377    177     1326
  SINCE JUL 1   1575                      1413    162     1364

 COOLING
  YESTERDAY        0                         0      0        0
  MONTH TO DATE    0                         0      0        0
  SINCE SEP 1     33                        60    -27      126
  SINCE JAN 1    544                       616    -72      718
..................................................................


WIND (MPH)
  HIGHEST WIND SPEED    32   HIGHEST WIND DIRECTION    NW (320)
  HIGHEST GUST SPEED    41   HIGHEST GUST DIRECTION    NW (320)
  AVERAGE WIND SPEED    15.9


SKY COVER
  POSSIBLE SUNSHINE  MM
  AVERAGE SKY COVER 1.0


WEATHER CONDITIONS
 THE FOLLOWING WEATHER WAS RECORDED YESTERDAY.
  LIGHT RAIN
  LIGHT SNOW
  FOG
  FOG W/VISIBILITY <= 1/4 MILE


RELATIVE HUMIDITY (PERCENT)
 HIGHEST   100           500 AM
 LOWEST     89           500 PM
 AVERAGE    95

..........................................................


THE MASON CITY IA CLIMATE NORMALS FOR TODAY
                         NORMAL    RECORD    YEAR
 MAXIMUM TEMPERATURE (F)   38        63      2011
                                             1990
 MINIMUM TEMPERATURE (F)   20       -11      1898


SUNRISE AND SUNSET
NOVEMBER 24 2014......SUNRISE   717 AM CST   SUNSET   442 PM CST
NOVEMBER 25 2014......SUNRISE   718 AM CST   SUNSET   442 PM CST


-  INDICATES NEGATIVE NUMBERS.
R  INDICATES RECORD WAS SET OR TIED.
MM INDICATES DATA IS MISSING.
T  INDICATES TRACE AMOUNT.

$$

SMALL
