492
CDUS41 KCTP 260710
CLIMDT


CLIMATE REPORT
NATIONAL WEATHER SERVICE STATE COLLEGE PA
310 AM EDT MON SEP 26 2016


...................................

...THE HARRISBURG PA CLIMATE SUMMARY FOR SEPTEMBER 25 2016...

CLIMATE NORMAL PERIOD 1981 TO 2010
CLIMATE RECORD PERIOD 1888 TO 2016


WEATHER ITEM   OBSERVED TIME   RECORD YEAR NORMAL DEPARTURE LAST
                VALUE   (LST)  VALUE       VALUE  FROM      YEAR
                                                  NORMAL
..................................................................
TEMPERATURE (F)
 YESTERDAY
  MAXIMUM         72    415 PM  93    1970  72      0       77
  MINIMUM         49    548 AM  31    1963  52     -3       56
  AVERAGE         61                        62     -1       67

PRECIPITATION (IN)
  YESTERDAY        0.00          4.28 1975   0.14  -0.14     0.00
  MONTH TO DATE    2.54                      3.36  -0.82     6.41
  SINCE SEP 1      2.54                      3.36  -0.82     6.41
  SINCE JAN 1     33.31                     30.30   3.01    31.04

DEGREE DAYS
 HEATING
  YESTERDAY        4                         4      0        0
  MONTH TO DATE    4                        42    -38        6
  SINCE SEP 1      4                        42    -38        6
  SINCE JUL 1      4                        44    -40        6

 COOLING
  YESTERDAY        0                         1     -1        2
  MONTH TO DATE  222                        91    131      191
  SINCE SEP 1    222                        91    131      191
  SINCE JAN 1   1486                       987    499     1311
..................................................................


WIND (MPH)
  HIGHEST WIND SPEED     7   HIGHEST WIND DIRECTION     E (90)
  HIGHEST GUST SPEED    11   HIGHEST GUST DIRECTION    NE (30)
  AVERAGE WIND SPEED     3.0


SKY COVER
  POSSIBLE SUNSHINE  MM
  AVERAGE SKY COVER 0.3


WEATHER CONDITIONS
 THE FOLLOWING WEATHER WAS RECORDED YESTERDAY.
  NO SIGNIFICANT WEATHER WAS OBSERVED.


RELATIVE HUMIDITY (PERCENT)
 HIGHEST    83           400 AM
 LOWEST     37           300 PM
 AVERAGE    60

..........................................................


THE HARRISBURG PA CLIMATE NORMALS FOR TODAY
                         NORMAL    RECORD    YEAR
 MAXIMUM TEMPERATURE (F)   71        91      1970
 MINIMUM TEMPERATURE (F)   52        36      1943


SUNRISE AND SUNSET
SEPTEMBER 26 2016.....SUNRISE   659 AM EDT   SUNSET   657 PM EDT
SEPTEMBER 27 2016.....SUNRISE   700 AM EDT   SUNSET   655 PM EDT


-  INDICATES NEGATIVE NUMBERS.
R  INDICATES RECORD WAS SET OR TIED.
MM INDICATES DATA IS MISSING.
T  INDICATES TRACE AMOUNT.




$$
