000
CDUS41 KCTP 220622
CLIMDT


CLIMATE REPORT
NATIONAL WEATHER SERVICE STATE COLLEGE PA
221 AM EDT TUE JUL 22 2014


...................................

...THE HARRISBURG PA CLIMATE SUMMARY FOR JULY 21 2014...

CLIMATE NORMAL PERIOD 1981 TO 2010
CLIMATE RECORD PERIOD 1888 TO 2014


WEATHER ITEM   OBSERVED TIME   RECORD YEAR NORMAL DEPARTURE LAST
                VALUE   (LST)  VALUE       VALUE  FROM      YEAR
                                                  NORMAL
..................................................................
TEMPERATURE (F)
 YESTERDAY
  MAXIMUM         81    549 PM 101    2011  86     -5       88
                                      1991
  MINIMUM         69    143 AM  52    1965  67      2       75
                                      1890
  AVERAGE         75                        76     -1       82

PRECIPITATION (IN)
  YESTERDAY        0.00          3.84 1994   0.15  -0.15     0.00
  MONTH TO DATE    2.24                      3.18  -0.94     1.69
  SINCE JUN 1      6.02                      6.78  -0.76     5.46
  SINCE JAN 1     27.66                     22.31   5.35    17.62

DEGREE DAYS
 HEATING
  YESTERDAY        0                         0      0        0
  MONTH TO DATE    0                         0      0        0
  SINCE JUN 1      1                        18    -17        2
  SINCE JUL 1      0                         0      0        0

 COOLING
  YESTERDAY       10                        11     -1       17
  MONTH TO DATE  259                       229     30      329
  SINCE JUN 1    506                       442     64      553
  SINCE JAN 1    566                       507     59      636
..................................................................


WIND (MPH)
  HIGHEST WIND SPEED     8   HIGHEST WIND DIRECTION    SE (150)
  HIGHEST GUST SPEED    10   HIGHEST GUST DIRECTION    SE (150)
  AVERAGE WIND SPEED     3.4


SKY COVER
  POSSIBLE SUNSHINE  MM
  AVERAGE SKY COVER 0.8


WEATHER CONDITIONS
 THE FOLLOWING WEATHER WAS RECORDED YESTERDAY.
  FOG


RELATIVE HUMIDITY (PERCENT)
 HIGHEST    90           200 AM
 LOWEST     62           200 PM
 AVERAGE    76

..........................................................


THE HARRISBURG PA CLIMATE NORMALS FOR TODAY
                         NORMAL    RECORD    YEAR
 MAXIMUM TEMPERATURE (F)   86       103      2011
 MINIMUM TEMPERATURE (F)   67        50      1890


SUNRISE AND SUNSET
JULY 22 2014..........SUNRISE   556 AM EDT   SUNSET   831 PM EDT
JULY 23 2014..........SUNRISE   557 AM EDT   SUNSET   830 PM EDT


-  INDICATES NEGATIVE NUMBERS.
R  INDICATES RECORD WAS SET OR TIED.
MM INDICATES DATA IS MISSING.
T  INDICATES TRACE AMOUNT.




$$
