000
CDUS41 KCTP 282121
CLIMDT


CLIMATE REPORT
NATIONAL WEATHER SERVICE STATE COLLEGE PA
521 PM EDT WED JUN 28 2017


...................................

...THE HARRISBURG PA CLIMATE SUMMARY FOR JUNE 28 2017...
VALID TODAY AS OF 0500 PM LOCAL TIME.

CLIMATE NORMAL PERIOD 1981 TO 2010
CLIMATE RECORD PERIOD 1888 TO 2017


WEATHER ITEM   OBSERVED TIME   RECORD YEAR NORMAL DEPARTURE LAST
                VALUE   (LST)  VALUE       VALUE  FROM      YEAR
                                                  NORMAL
..................................................................
TEMPERATURE (F)
 TODAY
  MAXIMUM         80    356 PM  98    1969  85     -5       87
  MINIMUM         54    435 AM  52    1988  65    -11       68
                                      1940
  AVERAGE         67                        75     -8       78

PRECIPITATION (IN)
  TODAY            0.00          1.34 2016   0.11  -0.11     1.34
  MONTH TO DATE    3.55                      3.35   0.20     4.46
  SINCE JUN 1      3.55                      3.35   0.20     4.46
  SINCE JAN 1     20.00                     18.88   1.12    21.65

DEGREE DAYS
 HEATING
  TODAY            0                         0      0        0
  MONTH TO DATE    7                        17    -10        5
  SINCE JUN 1      7                        17    -10        5
  SINCE JUL 1   4370                      5268   -898     4461

 COOLING
  TODAY            2                        10     -8       13
  MONTH TO DATE  236                       193     43      249
  SINCE JUN 1    236                       193     43      249
  SINCE JAN 1    313                       258     55      346
..................................................................


WIND (MPH)
  HIGHEST WIND SPEED    12   HIGHEST WIND DIRECTION    SW (230)
  HIGHEST GUST SPEED    14   HIGHEST GUST DIRECTION    SW (240)
  AVERAGE WIND SPEED     3.4


SKY COVER
  POSSIBLE SUNSHINE  MM
  AVERAGE SKY COVER 0.2


WEATHER CONDITIONS
 THE FOLLOWING WEATHER WAS RECORDED TODAY.
  NO SIGNIFICANT WEATHER WAS OBSERVED.


RELATIVE HUMIDITY (PERCENT)
 HIGHEST    86           300 AM
 LOWEST     33           100 PM
 AVERAGE    60

..........................................................


THE HARRISBURG PA CLIMATE NORMALS FOR TOMORROW
                         NORMAL    RECORD    YEAR
 MAXIMUM TEMPERATURE (F)   85       100      1934
 MINIMUM TEMPERATURE (F)   65        53      1956


SUNRISE AND SUNSET
JUNE 28 2017..........SUNRISE   540 AM EDT   SUNSET   841 PM EDT
JUNE 29 2017..........SUNRISE   541 AM EDT   SUNSET   841 PM EDT


-  INDICATES NEGATIVE NUMBERS.
R  INDICATES RECORD WAS SET OR TIED.
MM INDICATES DATA IS MISSING.
T  INDICATES TRACE AMOUNT.




$$
