000
CDUS41 KCTP 252117
CLIMDT


CLIMATE REPORT
NATIONAL WEATHER SERVICE STATE COLLEGE PA
516 PM EDT MON MAY 25 2015


...................................

...THE HARRISBURG PA CLIMATE SUMMARY FOR MAY 25 2015...
VALID TODAY AS OF 0500 PM LOCAL TIME.

CLIMATE NORMAL PERIOD 1981 TO 2010
CLIMATE RECORD PERIOD 1888 TO 2015


WEATHER ITEM   OBSERVED TIME   RECORD YEAR NORMAL DEPARTURE LAST
                VALUE   (LST)  VALUE       VALUE  FROM      YEAR
                                                  NORMAL
..................................................................
TEMPERATURE (F)
 TODAY
  MAXIMUM         85    335 PM  92    1991  75     10       80
  MINIMUM         60    440 AM  35    1956  55      5       52
  AVERAGE         73                        65      8       66

PRECIPITATION (IN)
  TODAY            0.00          2.44 1997   0.12  -0.12     0.00
  MONTH TO DATE    1.85                      3.03  -1.18     3.93
  SINCE MAR 1      7.48                      9.50  -2.02    13.72
  SINCE JAN 1     11.07                     14.77  -3.70    20.43

SNOWFALL (IN)
  TODAY            0.0           0.0  2002   0.0    0.0      0.0
                                      2001
  MONTH TO DATE    0.0                       0.0    0.0      0.0
  SINCE MAR 1     11.8                       5.6    6.2      1.4
  SINCE JUL 1     39.2                      30.6    8.6     44.0
  SNOW DEPTH       0

DEGREE DAYS
 HEATING
  TODAY            0                         3     -3        0
  MONTH TO DATE   45                       133    -88       98
  SINCE MAR 1   1284                      1248     36     1373
  SINCE JUL 1   5587                      5236    351     5717

 COOLING
  TODAY            8                         3      5        1
  MONTH TO DATE  101                        40     61       34
  SINCE MAR 1    101                        47     54       40
  SINCE JAN 1    101                        47     54       40
..................................................................


WIND (MPH)
  HIGHEST WIND SPEED    18   HIGHEST WIND DIRECTION    SW (240)
  HIGHEST GUST SPEED    25   HIGHEST GUST DIRECTION    SW (230)
  AVERAGE WIND SPEED     5.6


SKY COVER
  POSSIBLE SUNSHINE  MM
  AVERAGE SKY COVER 0.5


WEATHER CONDITIONS
 THE FOLLOWING WEATHER WAS RECORDED TODAY.
  NO SIGNIFICANT WEATHER WAS OBSERVED.


RELATIVE HUMIDITY (PERCENT)
 HIGHEST    84           500 AM
 LOWEST     40           100 PM
 AVERAGE    62

..........................................................


THE HARRISBURG PA CLIMATE NORMALS FOR TOMORROW
                         NORMAL    RECORD    YEAR
 MAXIMUM TEMPERATURE (F)   75        93      1991
 MINIMUM TEMPERATURE (F)   56        41      1972
                                             1907


SUNRISE AND SUNSET
MAY 25 2015...........SUNRISE   544 AM EDT   SUNSET   825 PM EDT
MAY 26 2015...........SUNRISE   543 AM EDT   SUNSET   826 PM EDT


-  INDICATES NEGATIVE NUMBERS.
R  INDICATES RECORD WAS SET OR TIED.
MM INDICATES DATA IS MISSING.
T  INDICATES TRACE AMOUNT.




$$
