000
CDUS41 KCTP 250634
CLIMDT


CLIMATE REPORT
NATIONAL WEATHER SERVICE STATE COLLEGE PA
234 AM EDT WED MAY 25 2016


...................................

...THE HARRISBURG PA CLIMATE SUMMARY FOR MAY 24 2016...

CLIMATE NORMAL PERIOD 1981 TO 2010
CLIMATE RECORD PERIOD 1888 TO 2016


WEATHER ITEM   OBSERVED TIME   RECORD YEAR NORMAL DEPARTURE LAST
                VALUE   (LST)  VALUE       VALUE  FROM      YEAR
                                                  NORMAL
..................................................................
TEMPERATURE (F)
 YESTERDAY
  MAXIMUM         83    251 PM  91    1964  74      9       82
  MINIMUM         57    436 AM  35    1963  55      2       48
  AVERAGE         70                        64      6       65

PRECIPITATION (IN)
  YESTERDAY        0.00          1.91 1910   0.13  -0.13     0.00
  MONTH TO DATE    3.08                      2.91   0.17     1.85
  SINCE MAR 1      6.89                      9.38  -2.49     7.48
  SINCE JAN 1     16.81                     14.65   2.16    11.07

SNOWFALL (IN)
  YESTERDAY        0.0           0.0  2002   0.0    0.0      0.0
                                      2001
  MONTH TO DATE    0.0                       0.0    0.0      0.0
  SINCE MAR 1      1.4                       5.6   -4.2     11.8
  SINCE JUL 1     39.1                      30.6    8.5     39.2
  SNOW DEPTH       0

DEGREE DAYS
 HEATING
  YESTERDAY        0                         3     -3        0
  MONTH TO DATE  173                       130     43       45
  SINCE MAR 1   1084                      1245   -161     1284
  SINCE JUL 1   4456                      5233   -777     5587

 COOLING
  YESTERDAY        5                         3      2        0
  MONTH TO DATE    7                        37    -30       93
  SINCE MAR 1     19                        44    -25       93
  SINCE JAN 1     19                        44    -25       93
..................................................................


WIND (MPH)
  HIGHEST WIND SPEED    21   HIGHEST WIND DIRECTION     W (280)
  HIGHEST GUST SPEED    26   HIGHEST GUST DIRECTION     W (290)
  AVERAGE WIND SPEED    10.9


SKY COVER
  POSSIBLE SUNSHINE  MM
  AVERAGE SKY COVER 0.4


WEATHER CONDITIONS
 THE FOLLOWING WEATHER WAS RECORDED YESTERDAY.
  NO SIGNIFICANT WEATHER WAS OBSERVED.


RELATIVE HUMIDITY (PERCENT)
 HIGHEST    87          1200 AM
 LOWEST     30          1200 PM
 AVERAGE    59

..........................................................


THE HARRISBURG PA CLIMATE NORMALS FOR TODAY
                         NORMAL    RECORD    YEAR
 MAXIMUM TEMPERATURE (F)   75        92      1991
 MINIMUM TEMPERATURE (F)   55        35      1956


SUNRISE AND SUNSET
MAY 25 2016...........SUNRISE   543 AM EDT   SUNSET   825 PM EDT
MAY 26 2016...........SUNRISE   543 AM EDT   SUNSET   826 PM EDT


-  INDICATES NEGATIVE NUMBERS.
R  INDICATES RECORD WAS SET OR TIED.
MM INDICATES DATA IS MISSING.
T  INDICATES TRACE AMOUNT.




$$
