000
CDUS41 KCTP 270616
CLIMDT


CLIMATE REPORT
NATIONAL WEATHER SERVICE STATE COLLEGE PA
216 AM EDT SAT AUG 27 2016


...................................

...THE HARRISBURG PA CLIMATE SUMMARY FOR AUGUST 26 2016...

CLIMATE NORMAL PERIOD 1981 TO 2010
CLIMATE RECORD PERIOD 1888 TO 2016


WEATHER ITEM   OBSERVED TIME   RECORD YEAR NORMAL DEPARTURE LAST
                VALUE   (LST)  VALUE       VALUE  FROM      YEAR
                                                  NORMAL
..................................................................
TEMPERATURE (F)
 YESTERDAY
  MAXIMUM         91    445 PM  99    1948  82      9       77
  MINIMUM         74   1159 PM  46    1944  63     11       64
  AVERAGE         83                        73     10       71

PRECIPITATION (IN)
  YESTERDAY        0.03          1.80 1899   0.10  -0.07     0.00
  MONTH TO DATE    3.76                      2.69   1.07     2.36
  SINCE JUN 1     13.32                     10.90   2.42    11.89
  SINCE JAN 1     30.51                     26.43   4.08    24.63

DEGREE DAYS
 HEATING
  YESTERDAY        0                         0      0        0
  MONTH TO DATE    0                         0      0        0
  SINCE JUN 1      5                        18    -13       13
  SINCE JUL 1      0                         0      0        0

 COOLING
  YESTERDAY       18                         8     10        6
  MONTH TO DATE  376                       242    134      291
  SINCE JUN 1   1097                       793    304      900
  SINCE JAN 1   1194                       858    336     1074
..................................................................


WIND (MPH)
  HIGHEST WIND SPEED    18   HIGHEST WIND DIRECTION     N (340)
  HIGHEST GUST SPEED    22   HIGHEST GUST DIRECTION     N (350)
  AVERAGE WIND SPEED     5.6


SKY COVER
  POSSIBLE SUNSHINE  MM
  AVERAGE SKY COVER 0.5


WEATHER CONDITIONS
 THE FOLLOWING WEATHER WAS RECORDED YESTERDAY.
  THUNDERSTORM
  LIGHT RAIN
  FOG


RELATIVE HUMIDITY (PERCENT)
 HIGHEST   100           500 AM
 LOWEST     41           400 PM
 AVERAGE    71

..........................................................


THE HARRISBURG PA CLIMATE NORMALS FOR TODAY
                         NORMAL    RECORD    YEAR
 MAXIMUM TEMPERATURE (F)   82        97      1948
 MINIMUM TEMPERATURE (F)   63        48      1944


SUNRISE AND SUNSET
AUGUST 27 2016........SUNRISE   630 AM EDT   SUNSET   746 PM EDT
AUGUST 28 2016........SUNRISE   631 AM EDT   SUNSET   744 PM EDT


-  INDICATES NEGATIVE NUMBERS.
R  INDICATES RECORD WAS SET OR TIED.
MM INDICATES DATA IS MISSING.
T  INDICATES TRACE AMOUNT.




$$
