000
CDUS43 KLOT 232134
CLIMDW


CLIMATE REPORT
NATIONAL WEATHER SERVICE CHICAGO IL
433 PM CDT WED JUL 23 2014


...................................

...THE CHICAGO-MIDWAY CLIMATE SUMMARY FOR JULY 23 2014...
VALID TODAY AS OF 0400 PM LOCAL TIME.

CLIMATE NORMAL PERIOD 1981 TO 2010
CLIMATE RECORD PERIOD 1928 TO 2014


WEATHER ITEM   OBSERVED TIME   RECORD YEAR NORMAL DEPARTURE
                VALUE   (LST)  VALUE       VALUE  FROM
                                                  NORMAL
...............................................................
TEMPERATURE (F)
 TODAY
  MAXIMUM         76   1208 AM 109    1934  84     -8
  MINIMUM         66    555 AM  51    1947  68     -2
  AVERAGE         71                        76     -5

PRECIPITATION (IN)
  TODAY            0.00          2.31 2011   0.14  -0.14
  MONTH TO DATE    5.14                      2.89   2.25
  SINCE JUN 1     12.86                      6.95   5.91
  SINCE JAN 1     24.15                     21.44   2.71

DEGREE DAYS
 HEATING
  TODAY            0                         0      0
  MONTH TO DATE    1                         0      1
  SINCE JUN 1      3                        31    -28
  SINCE JUL 1      1                         0      1

 COOLING
  TODAY            6                        11     -5
  MONTH TO DATE  183                       251    -68
  SINCE JUN 1    434                       461    -27
  SINCE JAN 1    545                       535     10
...............................................................


WIND (MPH)
  RESULTANT WIND SPEED  18   RESULTANT WIND DIRECTION   N (20)
  HIGHEST WIND SPEED    25   HIGHEST WIND DIRECTION    NE (30)
  HIGHEST GUST SPEED    33   HIGHEST GUST DIRECTION     N (20)
  AVERAGE WIND SPEED    18.4


SKY COVER
  POSSIBLE SUNSHINE  MM
  AVERAGE SKY COVER 0.4


WEATHER CONDITIONS
 THE FOLLOWING WEATHER WAS RECORDED TODAY.
  NO SIGNIFICANT WEATHER WAS OBSERVED.


..........................................................


THE CHICAGO-MIDWAY CLIMATE NORMALS FOR TOMORROW
                         NORMAL    RECORD    YEAR
 MAXIMUM TEMPERATURE (F)   84       107      1934
 MINIMUM TEMPERATURE (F)   68        55      1938
                                             1931


SUNRISE AND SUNSET
JULY 23 2014..........SUNRISE   536 AM CDT   SUNSET   818 PM CDT
JULY 24 2014..........SUNRISE   537 AM CDT   SUNSET   817 PM CDT


-  INDICATES NEGATIVE NUMBERS.
R  INDICATES RECORD WAS SET OR TIED.
MM INDICATES DATA IS MISSING.
T  INDICATES TRACE AMOUNT.




$$
