000
CDUS43 KLOT 260634
CLIMDW


CLIMATE REPORT
NATIONAL WEATHER SERVICE CHICAGO IL
133 AM CDT TUE MAY 26 2015


...................................

...THE CHICAGO-MIDWAY CLIMATE SUMMARY FOR MAY 25 2015...

CLIMATE NORMAL PERIOD 1981 TO 2010
CLIMATE RECORD PERIOD 1928 TO 2015


WEATHER ITEM   OBSERVED TIME   RECORD YEAR NORMAL DEPARTURE LAST
                VALUE   (LST)  VALUE       VALUE  FROM      YEAR
                                                  NORMAL
..................................................................
TEMPERATURE (F)
 YESTERDAY
  MAXIMUM         81    554 PM  90    1950  73      8       85
                                      1939
  MINIMUM         68    957 AM  35    1934  54     14       54
  AVERAGE         75                        64     11       70

PRECIPITATION (IN)
  YESTERDAY        0.06          2.65 1991   0.14  -0.08     0.00
  MONTH TO DATE    2.63                      3.28  -0.65     3.20
  SINCE MAR 1      6.05                      9.64  -3.59     7.54
  SINCE JAN 1      7.39                     13.64  -6.25    10.03

DEGREE DAYS
 HEATING
  YESTERDAY        0                         4     -4        0
  MONTH TO DATE  125                       168    -43      161
  SINCE MAR 1   1321                      1428   -107     1605
  SINCE JUL 1   6043                      5939    104     6807

 COOLING
  YESTERDAY       10                         3      7        5
  MONTH TO DATE   72                        42     30       68
  SINCE MAR 1     72                        55     17       73
  SINCE JAN 1     72                        55     17       73
..................................................................


WIND (MPH)
  RESULTANT WIND SPEED  13   RESULTANT WIND DIRECTION   S (200)
  HIGHEST WIND SPEED    28   HIGHEST WIND DIRECTION     S (200)
  HIGHEST GUST SPEED    46   HIGHEST GUST DIRECTION    SW (220)
  AVERAGE WIND SPEED    14.3



WEATHER CONDITIONS
 THE FOLLOWING WEATHER WAS RECORDED YESTERDAY.
  LIGHT RAIN
  FOG


..........................................................


THE CHICAGO-MIDWAY CLIMATE NORMALS FOR TODAY
                         NORMAL    RECORD    YEAR
 MAXIMUM TEMPERATURE (F)   73        93      1967
 MINIMUM TEMPERATURE (F)   55        34      1934


SUNRISE AND SUNSET
MAY 26 2015...........SUNRISE   522 AM CDT   SUNSET   814 PM CDT
MAY 27 2015...........SUNRISE   522 AM CDT   SUNSET   815 PM CDT


-  INDICATES NEGATIVE NUMBERS.
R  INDICATES RECORD WAS SET OR TIED.
MM INDICATES DATA IS MISSING.
T  INDICATES TRACE AMOUNT.




$$
