000
CDUS44 KMEG 110732
CLIMEG


CLIMATE REPORT
NATIONAL WEATHER SERVICE MEMPHIS TN
132 AM CST MON DEC 11 2017


...................................

...THE MEMPHIS/GERMANTOWN WFO CLIMATE SUMMARY FOR DECEMBER 10 2017...

CLIMATE NORMAL PERIOD 1981 TO 2010
CLIMATE RECORD PERIOD 1988 TO 2017


WEATHER ITEM   OBSERVED TIME   RECORD YEAR NORMAL DEPARTURE LAST
                VALUE   (LST)  VALUE       VALUE  FROM      YEAR
                                                  NORMAL
..................................................................
TEMPERATURE (F)
 YESTERDAY
  MAXIMUM         53        MM  67    2015  53      0       47
  MINIMUM         24        MM  11    1995  33     -9       20
  AVERAGE         39                        43     -4       34

PRECIPITATION (IN)
  YESTERDAY        0.00          1.51 1994   0.21  -0.21     0.00
  MONTH TO DATE    0.98                      2.04  -1.06     1.68
  SINCE DEC 1      0.98                      2.04  -1.06     1.68
  SINCE JAN 1     47.11                     50.99  -3.88    58.24

SNOWFALL (IN)
  YESTERDAY        0.0           T    2013                   0.0
                                      2003
  MONTH TO DATE    0.0                                       0.0
  SINCE DEC 1      0.0                                       0.0
  SINCE JUL 1      0.0                                       0.0
  SNOW DEPTH       0

DEGREE DAYS
 HEATING
  YESTERDAY       26                        22      4       31
  MONTH TO DATE  190                       208    -18      237
  SINCE DEC 1    190                       208    -18      237
  SINCE JUL 1    695                       807   -112      559

 COOLING
  YESTERDAY        0                         0      0        0
  MONTH TO DATE    0                         0      0        0
  SINCE DEC 1      0                         0      0        0
  SINCE JAN 1   2124                      1926    198     2423
..................................................................







THE MEMPHIS/GERMANTOWN WFO CLIMATE NORMALS FOR TODAY
                         NORMAL    RECORD    YEAR
 MAXIMUM TEMPERATURE (F)   52        77      2007
 MINIMUM TEMPERATURE (F)   33        11      1995


SUNRISE AND SUNSET
DECEMBER 11 2017......SUNRISE   657 AM CST   SUNSET   448 PM CST
DECEMBER 12 2017......SUNRISE   658 AM CST   SUNSET   448 PM CST


-  INDICATES NEGATIVE NUMBERS.
R  INDICATES RECORD WAS SET OR TIED.
MM INDICATES DATA IS MISSING.
T  INDICATES TRACE AMOUNT.




$$
