367
CDUS44 KMEG 172258
CLIMEG


CLIMATE REPORT
NATIONAL WEATHER SERVICE MEMPHIS TN
457 PM CST TUE JAN 17 2017


...................................

...THE MEMPHIS/GERMANTOWN WFO CLIMATE SUMMARY FOR JANUARY 17 2017...
VALID TODAY AS OF 0400 PM LOCAL TIME.

CLIMATE NORMAL PERIOD 1981 TO 2010
CLIMATE RECORD PERIOD 1988 TO 2017


WEATHER ITEM   OBSERVED TIME   RECORD YEAR NORMAL DEPARTURE LAST
                VALUE   (LST)  VALUE       VALUE  FROM      YEAR
                                                  NORMAL
..................................................................
TEMPERATURE (F)
 TODAY
  MAXIMUM         67   1223 AM  71    2012  48     19       46
                                      1990
  MINIMUM         52    742 AM  10    1997  29     23       26
  AVERAGE         60                        39     21       36

PRECIPITATION (IN)
  TODAY            0.59          1.22 1994   0.12   0.47     0.00
  MONTH TO DATE    2.62                      2.18   0.44     1.78
  SINCE DEC 1      9.93                      8.12   1.81     7.33
  SINCE JAN 1      2.62                      2.18   0.44     1.78

SNOWFALL (IN)
  TODAY            0.0

DEGREE DAYS
 HEATING
  TODAY            5                        26    -21       29
  MONTH TO DATE  334                       442   -108      427
  SINCE DEC 1   1009                      1167   -158      824
  SINCE JUL 1   1331                      1766   -435     1205

 COOLING
  TODAY            0                         0      0        0
  MONTH TO DATE    0                         0      0        0
  SINCE DEC 1      5                         1      4       13
  SINCE JAN 1      0                         0      0        0
..................................................................







THE MEMPHIS/GERMANTOWN WFO CLIMATE NORMALS FOR TOMORROW
                         NORMAL    RECORD    YEAR
 MAXIMUM TEMPERATURE (F)   48        71      1996
 MINIMUM TEMPERATURE (F)   29         9      1997


SUNRISE AND SUNSET
JANUARY 17 2017.......SUNRISE   706 AM CST   SUNSET   513 PM CST
JANUARY 18 2017.......SUNRISE   706 AM CST   SUNSET   514 PM CST


-  INDICATES NEGATIVE NUMBERS.
R  INDICATES RECORD WAS SET OR TIED.
MM INDICATES DATA IS MISSING.
T  INDICATES TRACE AMOUNT.




$$
