000
CDUS44 KMEG 100633
CLIMEG


CLIMATE REPORT
NATIONAL WEATHER SERVICE MEMPHIS TN
133 AM CDT THU JUL 10 2014


...................................

...THE MEMPHIS/GERMANTOWN WFO CLIMATE SUMMARY FOR JULY 9 2014...

CLIMATE NORMAL PERIOD 1981 TO 2010
CLIMATE RECORD PERIOD 1988 TO 2014


WEATHER ITEM   OBSERVED TIME   RECORD YEAR NORMAL DEPARTURE LAST
                VALUE   (LST)  VALUE       VALUE  FROM      YEAR
                                                  NORMAL
..................................................................
TEMPERATURE (F)
 YESTERDAY
  MAXIMUM         86        MM  99    1990  91     -5       94
  MINIMUM         70        MM  66    2006  71     -1       74
  AVERAGE         78                        81     -3       84

PRECIPITATION (IN)
  YESTERDAY        0.11          0.79 1994   0.15  -0.04     0.00
  MONTH TO DATE    1.66                      1.26   0.40     0.87
  SINCE JUN 1     14.75                      4.94   9.81     4.74
  SINCE JAN 1     40.33                     29.43  10.90    41.08

SNOWFALL (IN)
  YESTERDAY        0.0          MM      MM   0.0    0.0      0.0
  MONTH TO DATE    0.0                       0.0    0.0      0.0
  SINCE JUN 1      0.0                       0.0    0.0      0.0
  SINCE JUL 1      0.0                       0.0    0.0      0.0
  SNOW DEPTH       0

DEGREE DAYS
 HEATING
  YESTERDAY        0                         0      0        0
  MONTH TO DATE    0                         0      0        0
  SINCE JUN 1      0                         2     -2        0
  SINCE JUL 1      0                         0      0        0

 COOLING
  YESTERDAY       13                        16     -3       19
  MONTH TO DATE  107                       142    -35      110
  SINCE JUN 1    524                       523      1      518
  SINCE JAN 1    823                       774     49      778
..................................................................







THE MEMPHIS/GERMANTOWN WFO CLIMATE NORMALS FOR TODAY
                         NORMAL    RECORD    YEAR
 MAXIMUM TEMPERATURE (F)   91       100      1990
 MINIMUM TEMPERATURE (F)   71        67      1996


SUNRISE AND SUNSET
JULY 10 2014..........SUNRISE   553 AM CDT   SUNSET   816 PM CDT
JULY 11 2014..........SUNRISE   554 AM CDT   SUNSET   815 PM CDT


-  INDICATES NEGATIVE NUMBERS.
R  INDICATES RECORD WAS SET OR TIED.
MM INDICATES DATA IS MISSING.
T  INDICATES TRACE AMOUNT.




$$
