000
CDUS44 KMEG 300641
CLIMEG


CLIMATE REPORT
NATIONAL WEATHER SERVICE MEMPHIS TN
141 AM CDT THU JUL 30 2015


...................................

...THE MEMPHIS/GERMANTOWN WFO CLIMATE SUMMARY FOR JULY 29 2015...

CLIMATE NORMAL PERIOD 1981 TO 2010
CLIMATE RECORD PERIOD 1988 TO 2015


WEATHER ITEM   OBSERVED TIME   RECORD YEAR NORMAL DEPARTURE LAST
                VALUE   (LST)  VALUE       VALUE  FROM      YEAR
                                                  NORMAL
..................................................................
TEMPERATURE (F)
 YESTERDAY
  MAXIMUM         99        MM 101    2008  91      8       81
  MINIMUM         77        MM  61    2014  71      6       61
                                      1994
  AVERAGE         88                        81      7       71

PRECIPITATION (IN)
  YESTERDAY        0.00          1.94 1998   0.13  -0.13     0.00
  MONTH TO DATE    4.83                      4.28   0.55     2.95
  SINCE JUN 1      7.77                      7.96  -0.19    16.04
  SINCE JAN 1     29.45                     32.45  -3.00    41.62

SNOWFALL (IN)
  YESTERDAY        0.0          MM      MM   0.0    0.0      0.0
  MONTH TO DATE    0.0                       0.0    0.0      0.0
  SINCE JUN 1      0.0                       0.0    0.0      0.0
  SINCE JUL 1      0.0                       0.0    0.0      0.0
  SNOW DEPTH       0

DEGREE DAYS
 HEATING
  YESTERDAY        0                         0      0        0
  MONTH TO DATE    0                         0      0        0
  SINCE JUN 1      0                         2     -2        0
  SINCE JUL 1      0                         0      0        0

 COOLING
  YESTERDAY       23                        16      7        6
  MONTH TO DATE  535                       462     73      340
  SINCE JUN 1    987                       843    144      757
  SINCE JAN 1   1287                      1094    193     1056
..................................................................







THE MEMPHIS/GERMANTOWN WFO CLIMATE NORMALS FOR TODAY
                         NORMAL    RECORD    YEAR
 MAXIMUM TEMPERATURE (F)   91       100      2012
 MINIMUM TEMPERATURE (F)   71        58      2014


SUNRISE AND SUNSET
JULY 30 2015..........SUNRISE   607 AM CDT   SUNSET   804 PM CDT
JULY 31 2015..........SUNRISE   607 AM CDT   SUNSET   803 PM CDT


-  INDICATES NEGATIVE NUMBERS.
R  INDICATES RECORD WAS SET OR TIED.
MM INDICATES DATA IS MISSING.
T  INDICATES TRACE AMOUNT.




$$
