000
CDUS44 KMEG 312158
CLIMEG


CLIMATE REPORT
NATIONAL WEATHER SERVICE MEMPHIS TN
458 PM CDT THU JUL 31 2014


...................................

...THE MEMPHIS/GERMANTOWN WFO CLIMATE SUMMARY FOR JULY 31 2014...
VALID TODAY AS OF 0400 PM LOCAL TIME.

CLIMATE NORMAL PERIOD 1981 TO 2010
CLIMATE RECORD PERIOD 1988 TO 2014


WEATHER ITEM   OBSERVED TIME   RECORD YEAR NORMAL DEPARTURE LAST
                VALUE   (LST)  VALUE       VALUE  FROM      YEAR
                                                  NORMAL
..................................................................
TEMPERATURE (F)
 TODAY
  MAXIMUM         81    200 PM 100    2006  91    -10       89
  MINIMUM         69    500 AM  62    1994  71     -2       73
  AVERAGE         75                        81     -6       81

PRECIPITATION (IN)
  TODAY            T             0.83 2011   0.12  -0.12     0.16
  MONTH TO DATE    2.95                      4.54  -1.59     6.01
  SINCE JUN 1     16.04                      8.22   7.82     9.88
  SINCE JAN 1     41.62                     32.71   8.91    46.22

SNOWFALL (IN)
  TODAY            0.0

DEGREE DAYS
 HEATING
  TODAY            0                         0      0        0
  MONTH TO DATE    0                         0      0        0
  SINCE JUN 1      0                         2     -2        0
  SINCE JUL 1      0                         0      0        0

 COOLING
  TODAY           10                        16     -6       16
  MONTH TO DATE  357                       496   -139      431
  SINCE JUN 1    774                       877   -103      839
  SINCE JAN 1   1073                      1128    -55     1099
..................................................................







THE MEMPHIS/GERMANTOWN WFO CLIMATE NORMALS FOR TOMORROW
                         NORMAL    RECORD    YEAR
 MAXIMUM TEMPERATURE (F)   91       100      2006
 MINIMUM TEMPERATURE (F)   71        62      1991


SUNRISE AND SUNSET
JULY 31 2014..........SUNRISE   608 AM CDT   SUNSET   803 PM CDT
AUGUST  1 2014........SUNRISE   608 AM CDT   SUNSET   802 PM CDT


-  INDICATES NEGATIVE NUMBERS.
R  INDICATES RECORD WAS SET OR TIED.
MM INDICATES DATA IS MISSING.
T  INDICATES TRACE AMOUNT.




$$
