000
CDUS44 KMEG 240638
CLIMEG


CLIMATE REPORT
NATIONAL WEATHER SERVICE MEMPHIS TN
138 AM CDT THU APR 24 2014


...................................

...THE MEMPHIS/GERMANTOWN WFO CLIMATE SUMMARY FOR APRIL 23 2014...

CLIMATE NORMAL PERIOD 1981 TO 2010
CLIMATE RECORD PERIOD 1988 TO 2014


WEATHER ITEM   OBSERVED TIME   RECORD YEAR NORMAL DEPARTURE LAST
                VALUE   (LST)  VALUE       VALUE  FROM      YEAR
                                                  NORMAL
..................................................................
TEMPERATURE (F)
 YESTERDAY
  MAXIMUM         78    330 PM  89    2008  74      4       76
  MINIMUM         45    500 AM  35    1993  51     -6       59
  AVERAGE         62                        63     -1       68

PRECIPITATION (IN)
  YESTERDAY        0.00          0.51 2000   0.19  -0.19     0.41
  MONTH TO DATE    2.91                      4.02  -1.11     5.82
  SINCE MAR 1      8.95                      8.97  -0.02     9.06
  SINCE JAN 1     17.57                     17.60  -0.03    23.75

SNOWFALL (IN)
  YESTERDAY        0.0          MM      MM   0.0    0.0      0.0
  MONTH TO DATE    0.0                       0.0    0.0      0.0
  SINCE MAR 1      0.3                       0.8   -0.5      0.1
  SINCE JUL 1      0.8                       2.4   -1.6      0.8
  SNOW DEPTH       0

DEGREE DAYS
 HEATING
  YESTERDAY        3                         4     -1        0
  MONTH TO DATE  144                       165    -21      158
  SINCE MAR 1    666                       601     65      714
  SINCE JUL 1   3670                      3347    323     3134

 COOLING
  YESTERDAY        0                         2     -2        3
  MONTH TO DATE   39                        36      3       61
  SINCE MAR 1     41                        47     -6       62
  SINCE JAN 1     41                        48     -7       68
..................................................................







THE MEMPHIS/GERMANTOWN WFO CLIMATE NORMALS FOR TODAY
                         NORMAL    RECORD    YEAR
 MAXIMUM TEMPERATURE (F)   75        88      2006
 MINIMUM TEMPERATURE (F)   52        39      2005


SUNRISE AND SUNSET
APRIL 24 2014.........SUNRISE   616 AM CDT   SUNSET   739 PM CDT
APRIL 25 2014.........SUNRISE   615 AM CDT   SUNSET   740 PM CDT


-  INDICATES NEGATIVE NUMBERS.
R  INDICATES RECORD WAS SET OR TIED.
MM INDICATES DATA IS MISSING.
T  INDICATES TRACE AMOUNT.




$$
