000
CDUS44 KMEG 070732
CLIMEG


CLIMATE REPORT
NATIONAL WEATHER SERVICE MEMPHIS TN
131 AM CST SUN FEB 7 2016


...................................

...THE MEMPHIS/GERMANTOWN WFO CLIMATE SUMMARY FOR FEBRUARY 6 2016...

CLIMATE NORMAL PERIOD 1981 TO 2010
CLIMATE RECORD PERIOD 1988 TO 2016


WEATHER ITEM   OBSERVED TIME   RECORD YEAR NORMAL DEPARTURE LAST
                VALUE   (LST)  VALUE       VALUE  FROM      YEAR
                                                  NORMAL
..................................................................
TEMPERATURE (F)
 YESTERDAY
  MAXIMUM         56        MM  68    1999  51      5       52
  MINIMUM         30        MM  12    1996  31     -1       20
  AVERAGE         43                        41      2       36

PRECIPITATION (IN)
  YESTERDAY        0.00          1.81 1991   0.17  -0.17     0.00
  MONTH TO DATE    1.98                      0.96   1.02     0.77
  SINCE DEC 1     10.27                     10.86  -0.59     4.68
  SINCE JAN 1      4.72                      4.92  -0.20     2.11

SNOWFALL (IN)
  YESTERDAY        0.0           4.5  2002   0.1   -0.1      0.0
  MONTH TO DATE    0.0                       0.3   -0.3       T
  SINCE DEC 1      0.9                       0.7    0.2       T
  SINCE JUL 1      0.9                       0.7    0.2      0.3
  SNOW DEPTH       0

DEGREE DAYS
 HEATING
  YESTERDAY       22                        24     -2       29
  MONTH TO DATE  102                       147    -45      169
  SINCE DEC 1   1275                      1677   -402     1563
  SINCE JUL 1   1656                      2276   -620     2242

 COOLING
  YESTERDAY        0                         0      0        0
  MONTH TO DATE    0                         0      0        0
  SINCE DEC 1     13                         1     12        0
  SINCE JAN 1      0                         0      0        0
..................................................................







THE MEMPHIS/GERMANTOWN WFO CLIMATE NORMALS FOR TODAY
                         NORMAL    RECORD    YEAR
 MAXIMUM TEMPERATURE (F)   51        71      2001
 MINIMUM TEMPERATURE (F)   31        17      2003


SUNRISE AND SUNSET
FEBRUARY  7 2016......SUNRISE   654 AM CST   SUNSET   533 PM CST
FEBRUARY  8 2016......SUNRISE   653 AM CST   SUNSET   534 PM CST


-  INDICATES NEGATIVE NUMBERS.
R  INDICATES RECORD WAS SET OR TIED.
MM INDICATES DATA IS MISSING.
T  INDICATES TRACE AMOUNT.




$$
