000
CDUS44 KJAN 220830
CLIMEI


CLIMATE REPORT
NATIONAL WEATHER SERVICE JACKSON MS
222 AM CST MON DEC 22 2014


...................................

...THE MERIDIAN CLIMATE SUMMARY FOR DECEMBER 21 2014...

CLIMATE NORMAL PERIOD 1981 TO 2010
CLIMATE RECORD PERIOD 1889 TO 2014


WEATHER ITEM   OBSERVED TIME   RECORD YEAR NORMAL DEPARTURE LAST
                VALUE   (LST)  VALUE       VALUE  FROM      YEAR
                                                  NORMAL
..................................................................
TEMPERATURE (F)
 YESTERDAY
  MAXIMUM         54    148 PM  79    2013  58     -4       79
  MINIMUM         32    357 AM  10    1901  35     -3       66
  AVERAGE         43                        46     -3       73

PRECIPITATION (IN)
  YESTERDAY        0.00          3.26 1968   0.15  -0.15     0.25
  MONTH TO DATE    0.72                      3.57  -2.85     4.95
  SINCE DEC 1      0.72                      3.57  -2.85     4.95
  SINCE JAN 1     46.24                     54.67  -8.43    64.87

SNOWFALL (IN)
  YESTERDAY        0.0           0.0  2001   0.0    0.0      0.0
  MONTH TO DATE    0.0                       0.1   -0.1      0.0
  SINCE DEC 1      0.0                       0.1   -0.1      0.0
  SINCE JUL 1      0.0                       0.1   -0.1      0.0

DEGREE DAYS
 HEATING
  YESTERDAY       22                        19      3        0
  MONTH TO DATE  295                       361    -66      329
  SINCE DEC 1    295                       361    -66      329
  SINCE JUL 1    844                       811     33      830

 COOLING
  YESTERDAY        0                         0      0        8
  MONTH TO DATE    0                         0      0       25
  SINCE DEC 1      0                         0      0       25
  SINCE JAN 1   2085                      2029     56     2066
..................................................................


WIND (MPH)
  HIGHEST WIND SPEED     9   HIGHEST WIND DIRECTION    NE (60)
  HIGHEST GUST SPEED    11   HIGHEST GUST DIRECTION    SE (120)
  AVERAGE WIND SPEED     3.8


SKY COVER
  POSSIBLE SUNSHINE  MM
  AVERAGE SKY COVER 0.8


WEATHER CONDITIONS
 THE FOLLOWING WEATHER WAS RECORDED YESTERDAY.
  FOG


RELATIVE HUMIDITY (PERCENT)
 HIGHEST   100           100 AM
 LOWEST     77           100 PM
 AVERAGE    89

..........................................................


THE MERIDIAN CLIMATE NORMALS FOR TODAY
                         NORMAL    RECORD    YEAR
 MAXIMUM TEMPERATURE (F)   57        78      1990
 MINIMUM TEMPERATURE (F)   35         8      1989


SUNRISE AND SUNSET
DECEMBER 22 2014......SUNRISE   653 AM CST   SUNSET   455 PM CST
DECEMBER 23 2014......SUNRISE   653 AM CST   SUNSET   455 PM CST


-  INDICATES NEGATIVE NUMBERS.
R  INDICATES RECORD WAS SET OR TIED.
MM INDICATES DATA IS MISSING.
T  INDICATES TRACE AMOUNT.




$$
