000
CDUS44 KJAN 220652
CLIMEI


CLIMATE REPORT
NATIONAL WEATHER SERVICE JACKSON MS
150 AM CDT FRI AUG 22 2014


...................................

...THE MERIDIAN CLIMATE SUMMARY FOR AUGUST 21 2014...

CLIMATE NORMAL PERIOD 1981 TO 2010
CLIMATE RECORD PERIOD 1889 TO 2014


WEATHER ITEM   OBSERVED TIME   RECORD YEAR NORMAL DEPARTURE LAST
                VALUE   (LST)  VALUE       VALUE  FROM      YEAR
                                                  NORMAL
..................................................................
TEMPERATURE (F)
 YESTERDAY
  MAXIMUM         96    418 PM 104    1980  91      5       88
  MINIMUM         72    549 AM  56    1893  69      3       70
  AVERAGE         84                        80      4       79

PRECIPITATION (IN)
  YESTERDAY        0.00          1.48 1970   0.13  -0.13     0.00
  MONTH TO DATE    1.69                      2.86  -1.17     3.52
  SINCE JUN 1      6.03                     12.40  -6.37    14.72
  SINCE JAN 1     37.75                     37.83  -0.08    49.35

SNOWFALL (IN)
  YESTERDAY        0.0           0.0  2002   0.0    0.0      0.0
                                      2001
  MONTH TO DATE    0.0                       0.0    0.0      0.0
  SINCE JUN 1      0.0                       0.0    0.0      0.0
  SINCE JUL 1      0.0                       0.0    0.0      0.0

DEGREE DAYS
 HEATING
  YESTERDAY        0                         0      0        0
  MONTH TO DATE    0                         0      0        0
  SINCE JUN 1      0                         0      0        0
  SINCE JUL 1      0                         0      0        0

 COOLING
  YESTERDAY       19                        15      4       14
  MONTH TO DATE  318                       329    -11      322
  SINCE JUN 1   1153                      1193    -40     1186
  SINCE JAN 1   1423                      1476    -53     1446
..................................................................


WIND (MPH)
  HIGHEST WIND SPEED    13   HIGHEST WIND DIRECTION     W (270)
  HIGHEST GUST SPEED    16   HIGHEST GUST DIRECTION     W (280)
  AVERAGE WIND SPEED     2.6


SKY COVER
  POSSIBLE SUNSHINE  MM
  AVERAGE SKY COVER 0.1


WEATHER CONDITIONS
 THE FOLLOWING WEATHER WAS RECORDED YESTERDAY.
  FOG


RELATIVE HUMIDITY (PERCENT)
 HIGHEST   100           500 AM
 LOWEST     39           400 PM
 AVERAGE    70

..........................................................


THE MERIDIAN CLIMATE NORMALS FOR TODAY
                         NORMAL    RECORD    YEAR
 MAXIMUM TEMPERATURE (F)   91       101      2007
 MINIMUM TEMPERATURE (F)   69        53      1956


SUNRISE AND SUNSET
AUGUST 22 2014........SUNRISE   624 AM CDT   SUNSET   732 PM CDT
AUGUST 23 2014........SUNRISE   624 AM CDT   SUNSET   730 PM CDT


-  INDICATES NEGATIVE NUMBERS.
R  INDICATES RECORD WAS SET OR TIED.
MM INDICATES DATA IS MISSING.
T  INDICATES TRACE AMOUNT.




$$
