000
CDUS44 KJAN 270733
CLIMEI


CLIMATE REPORT
NATIONAL WEATHER SERVICE JACKSON MS
220 AM CDT MON MAR 27 2017


...................................

...THE MERIDIAN CLIMATE SUMMARY FOR MARCH 26 2017...

CLIMATE NORMAL PERIOD 1981 TO 2010
CLIMATE RECORD PERIOD 1889 TO 2017


WEATHER ITEM   OBSERVED TIME   RECORD YEAR NORMAL DEPARTURE LAST
                VALUE   (LST)  VALUE       VALUE  FROM      YEAR
                                                  NORMAL
..................................................................
TEMPERATURE (F)
 YESTERDAY
  MAXIMUM         82    436 PM  87    1936  72     10       80
                                      1910
  MINIMUM         60    108 AM  25    1894  44     16       44
  AVERAGE         71                        58     13       62

PRECIPITATION (IN)
  YESTERDAY        0.00          2.82 1976   0.18  -0.18     0.00
  MONTH TO DATE    4.94                      4.58   0.36     9.05
  SINCE MAR 1      4.94                      4.58   0.36     9.05
  SINCE JAN 1     14.51                     15.31  -0.80    16.54

SNOWFALL (IN)
  YESTERDAY        0.0           0.0  2001   0.0    0.0      0.0
  MONTH TO DATE    0.0                       0.2   -0.2      0.0
  SINCE MAR 1      0.0                       0.2   -0.2      0.0
  SINCE JUL 1      0.8                       0.5    0.3       T

DEGREE DAYS
 HEATING
  YESTERDAY        0                         8     -8        3
  MONTH TO DATE  190                       271    -81      169
  SINCE MAR 1    190                       271    -81      169
  SINCE JUL 1   1318                      2368  -1050     1731

 COOLING
  YESTERDAY        6                         1      5        0
  MONTH TO DATE   39                        18     21       25
  SINCE MAR 1     39                        18     21       25
  SINCE JAN 1     85                        25     60       30
..................................................................


WIND (MPH)
  HIGHEST WIND SPEED    18   HIGHEST WIND DIRECTION     S (200)
  HIGHEST GUST SPEED    24   HIGHEST GUST DIRECTION     S (190)
  AVERAGE WIND SPEED     8.4


SKY COVER
  POSSIBLE SUNSHINE  MM
  AVERAGE SKY COVER 0.6


WEATHER CONDITIONS
 THE FOLLOWING WEATHER WAS RECORDED YESTERDAY.
  FOG


RELATIVE HUMIDITY (PERCENT)
 HIGHEST   100           200 AM
 LOWEST     43           300 PM
 AVERAGE    72

..........................................................


THE MERIDIAN CLIMATE NORMALS FOR TODAY
                         NORMAL    RECORD    YEAR
 MAXIMUM TEMPERATURE (F)   72        86      1929
 MINIMUM TEMPERATURE (F)   44        20      1955


SUNRISE AND SUNSET
MARCH 27 2017.........SUNRISE   649 AM CDT   SUNSET   712 PM CDT
MARCH 28 2017.........SUNRISE   648 AM CDT   SUNSET   712 PM CDT


-  INDICATES NEGATIVE NUMBERS.
R  INDICATES RECORD WAS SET OR TIED.
MM INDICATES DATA IS MISSING.
T  INDICATES TRACE AMOUNT.




$$
