000
CDUS44 KJAN 062349
CLIMEI


CLIMATE REPORT
NATIONAL WEATHER SERVICE JACKSON MS
649 PM CDT FRI MAY 6 2016


...................................

...THE MERIDIAN CLIMATE SUMMARY FOR MAY 6 2016...
VALID AS OF 0600 PM LOCAL TIME.

CLIMATE NORMAL PERIOD 1981 TO 2010
CLIMATE RECORD PERIOD 1889 TO 2016


WEATHER ITEM   OBSERVED TIME   RECORD YEAR NORMAL DEPARTURE LAST
                VALUE   (LST)  VALUE       VALUE  FROM      YEAR
                                                  NORMAL
..................................................................
TEMPERATURE (F)
 TODAY
  MAXIMUM         75    347 PM  94    1952  81     -6       84
  MINIMUM         46    539 AM  40    1957  56    -10       53
                                      1945
  AVERAGE         61

PRECIPITATION (IN)
  TODAY            0.00          3.12 1935   0.15  -0.15     0.00
  MONTH TO DATE    0.64                      0.88  -0.24     0.00
  SINCE MAR 1     17.17                     11.08   6.09    10.06
  SINCE JAN 1     24.66                     21.81   2.85    20.90

SNOWFALL (IN)
  TODAY            0.0

..................................................................










-  INDICATES NEGATIVE NUMBERS.
R  INDICATES RECORD WAS SET OR TIED.
MM INDICATES DATA IS MISSING.
T  INDICATES TRACE AMOUNT.




$$
