000
CDUS44 KMEG 182151
CLIMEM


CLIMATE REPORT
NATIONAL WEATHER SERVICE MEMPHIS TN
451 PM CDT FRI APR 18 2014


...................................

...THE MEMPHIS CLIMATE SUMMARY FOR APRIL 18 2014...
VALID TODAY AS OF 0400 PM LOCAL TIME.

CLIMATE NORMAL PERIOD 1981 TO 2010
CLIMATE RECORD PERIOD 1872 TO 2014


WEATHER ITEM   OBSERVED TIME   RECORD YEAR NORMAL DEPARTURE LAST
                VALUE   (LST)  VALUE       VALUE  FROM      YEAR
                                                  NORMAL
..................................................................
TEMPERATURE (F)
 TODAY
  MAXIMUM         74    228 PM  92    2006  74      0       80
  MINIMUM         55    524 AM  37    1961  54      1       46
  AVERAGE         65                        64      1       63

PRECIPITATION (IN)
  TODAY            0.00          2.58 1877   0.19  -0.19     1.88
  MONTH TO DATE    2.51                      3.26  -0.75     5.38
  SINCE MAR 1      9.89                      8.42   1.47     8.76
  SINCE JAN 1     18.01                     16.79   1.22    22.33

SNOWFALL (IN)
  TODAY            0.0

DEGREE DAYS
 HEATING
  TODAY            0                         4     -4        2
  MONTH TO DATE  120                       104     16      107
  SINCE MAR 1    595                       462    133      613
  SINCE JUL 1   3421                      2912    509     2811

 COOLING
  TODAY            0                         3     -3        0
  MONTH TO DATE   32                        36     -4       55
  SINCE MAR 1     34                        53    -19       57
  SINCE JAN 1     34                        56    -22       66
..................................................................


WIND (MPH)
  HIGHEST WIND SPEED    14   HIGHEST WIND DIRECTION    NE (60)
  HIGHEST GUST SPEED    21   HIGHEST GUST DIRECTION    NE (50)
  AVERAGE WIND SPEED     2.5


SKY COVER
  POSSIBLE SUNSHINE  MM
  AVERAGE SKY COVER 0.8


WEATHER CONDITIONS
 THE FOLLOWING WEATHER WAS RECORDED TODAY.
  NO SIGNIFICANT WEATHER WAS OBSERVED.


RELATIVE HUMIDITY (PERCENT)
 HIGHEST    67           100 AM
 LOWEST     44           300 PM
 AVERAGE    56

..........................................................


THE MEMPHIS CLIMATE NORMALS FOR TOMORROW
                         NORMAL    RECORD    YEAR
 MAXIMUM TEMPERATURE (F)   74        89      2006
 MINIMUM TEMPERATURE (F)   54        33      1953


SUNRISE AND SUNSET
APRIL 18 2014.........SUNRISE   624 AM CDT   SUNSET   735 PM CDT
APRIL 19 2014.........SUNRISE   623 AM CDT   SUNSET   736 PM CDT


-  INDICATES NEGATIVE NUMBERS.
R  INDICATES RECORD WAS SET OR TIED.
MM INDICATES DATA IS MISSING.
T  INDICATES TRACE AMOUNT.




$$
