000
CDUS44 KMEG 170633
CLIMEM


CLIMATE REPORT
NATIONAL WEATHER SERVICE MEMPHIS TN
133 AM CDT TUE OCT 17 2017


...................................

...THE MEMPHIS CLIMATE SUMMARY FOR OCTOBER 16 2017...

CLIMATE NORMAL PERIOD 1981 TO 2010
CLIMATE RECORD PERIOD 1872 TO 2017


WEATHER ITEM   OBSERVED TIME   RECORD YEAR NORMAL DEPARTURE LAST
                VALUE   (LST)  VALUE       VALUE  FROM      YEAR
                                                  NORMAL
..................................................................
TEMPERATURE (F)
 YESTERDAY
  MAXIMUM         67    347 PM  87    1984  74     -7       86
                                      1953
                                      1950
  MINIMUM         49    629 AM  31    1876  54     -5       63
  AVERAGE         58                        64     -6       75

PRECIPITATION (IN)
  YESTERDAY        0.00          2.20 1989   0.13  -0.13     0.00
  MONTH TO DATE    2.55                      1.92   0.63     1.18
  SINCE SEP 1      4.16                      5.01  -0.85     1.85
  SINCE JAN 1     40.82                     40.39   0.43    51.66

SNOWFALL (IN)
  YESTERDAY        0.0           0.0  2002   0.0    0.0      0.0
                                      2001
  MONTH TO DATE    0.0                       0.0    0.0      0.0
  SINCE SEP 1      0.0                       0.0    0.0      0.0
  SINCE JUL 1      0.0                       0.0    0.0      0.0
  SNOW DEPTH       0

DEGREE DAYS
 HEATING
  YESTERDAY        7                         4      3        0
  MONTH TO DATE   11                        38    -27        2
  SINCE SEP 1     14                        49    -35        2
  SINCE JUL 1     14                        49    -35        2

 COOLING
  YESTERDAY        0                         3     -3       10
  MONTH TO DATE  135                        64     71      112
  SINCE SEP 1    456                       380     76      582
  SINCE JAN 1   2272                      2215     57     2683
..................................................................


WIND (MPH)
  HIGHEST WIND SPEED    20   HIGHEST WIND DIRECTION    NE (30)
  HIGHEST GUST SPEED    24   HIGHEST GUST DIRECTION    NE (30)
  AVERAGE WIND SPEED     9.9


SKY COVER
  POSSIBLE SUNSHINE  MM
  AVERAGE SKY COVER 0.0


WEATHER CONDITIONS
 THE FOLLOWING WEATHER WAS RECORDED YESTERDAY.
  NO SIGNIFICANT WEATHER WAS OBSERVED.


RELATIVE HUMIDITY (PERCENT)
 HIGHEST    80           500 AM
 LOWEST     34           300 PM
 AVERAGE    57

..........................................................


THE MEMPHIS CLIMATE NORMALS FOR TODAY
                         NORMAL    RECORD    YEAR
 MAXIMUM TEMPERATURE (F)   74        88      1953
                                             1947
                                             1938
 MINIMUM TEMPERATURE (F)   53        30      1943


SUNRISE AND SUNSET
OCTOBER 17 2017.......SUNRISE   708 AM CDT   SUNSET   622 PM CDT
OCTOBER 18 2017.......SUNRISE   709 AM CDT   SUNSET   621 PM CDT


-  INDICATES NEGATIVE NUMBERS.
R  INDICATES RECORD WAS SET OR TIED.
MM INDICATES DATA IS MISSING.
T  INDICATES TRACE AMOUNT.




$$
