000
CDUS44 KMEG 232156
CLIMEM


CLIMATE REPORT
NATIONAL WEATHER SERVICE MEMPHIS TN
455 PM CDT SUN APR 23 2017


...................................

...THE MEMPHIS CLIMATE SUMMARY FOR APRIL 23 2017...
VALID TODAY AS OF 0400 PM LOCAL TIME.

CLIMATE NORMAL PERIOD 1981 TO 2010
CLIMATE RECORD PERIOD 1872 TO 2017


WEATHER ITEM   OBSERVED TIME   RECORD YEAR NORMAL DEPARTURE LAST
                VALUE   (LST)  VALUE       VALUE  FROM      YEAR
                                                  NORMAL
..................................................................
TEMPERATURE (F)
 TODAY
  MAXIMUM         60   1159 AM  89    1965  75    -15       80
  MINIMUM         50    712 AM  37    1959  55     -5       55
  AVERAGE         55                        65    -10       68

PRECIPITATION (IN)
  TODAY            0.02          4.25 1985   0.19  -0.17     0.00
  MONTH TO DATE    2.91                      4.20  -1.29     3.80
  SINCE MAR 1      6.52                      9.36  -2.84    20.00
  SINCE JAN 1     12.18                     17.73  -5.55    27.85

SNOWFALL (IN)
  TODAY            0.0

DEGREE DAYS
 HEATING
  TODAY           10                         3      7        0
  MONTH TO DATE   49                       121    -72       80
  SINCE MAR 1    329                       479   -150      293
  SINCE JUL 1   2028                      2929   -901     2164

 COOLING
  TODAY            0                         3     -3        3
  MONTH TO DATE   84                        51     33       33
  SINCE MAR 1    122                        68     54       54
  SINCE JAN 1    144                        71     73       57
..................................................................


WIND (MPH)
  HIGHEST WIND SPEED    20   HIGHEST WIND DIRECTION     N (10)
  HIGHEST GUST SPEED    24   HIGHEST GUST DIRECTION     N (10)
  AVERAGE WIND SPEED    12.7


SKY COVER
  POSSIBLE SUNSHINE  MM
  AVERAGE SKY COVER 0.5


WEATHER CONDITIONS
 THE FOLLOWING WEATHER WAS RECORDED TODAY.
  LIGHT RAIN
  FOG


RELATIVE HUMIDITY (PERCENT)
 HIGHEST    83           800 AM
 LOWEST     62          1200 PM
 AVERAGE    73

..........................................................


THE MEMPHIS CLIMATE NORMALS FOR TOMORROW
                         NORMAL    RECORD    YEAR
 MAXIMUM TEMPERATURE (F)   75        88      1990
                                             1989
                                             1965
 MINIMUM TEMPERATURE (F)   56        32      1910


SUNRISE AND SUNSET
APRIL 23 2017.........SUNRISE   618 AM CDT   SUNSET   739 PM CDT
APRIL 24 2017.........SUNRISE   617 AM CDT   SUNSET   740 PM CDT


-  INDICATES NEGATIVE NUMBERS.
R  INDICATES RECORD WAS SET OR TIED.
MM INDICATES DATA IS MISSING.
T  INDICATES TRACE AMOUNT.




$$
