000
CDUS44 KMEG 250750
CLIMEM


CLIMATE REPORT
NATIONAL WEATHER SERVICE MEMPHIS TN
150 AM CST SUN JAN 25 2015


...................................

...THE MEMPHIS CLIMATE SUMMARY FOR JANUARY 24 2015...

CLIMATE NORMAL PERIOD 1981 TO 2010
CLIMATE RECORD PERIOD 1872 TO 2015


WEATHER ITEM   OBSERVED TIME   RECORD YEAR NORMAL DEPARTURE LAST
                VALUE   (LST)  VALUE       VALUE  FROM      YEAR
                                                  NORMAL
..................................................................
TEMPERATURE (F)
 YESTERDAY
  MAXIMUM         56    248 PM  78    1972  50      6       32
                                      1943
  MINIMUM         29    737 AM   0    1963  33     -4        9
  AVERAGE         43                        41      2       21

PRECIPITATION (IN)
  YESTERDAY        0.00          2.74 1937   0.13  -0.13     0.00
  MONTH TO DATE    1.10                      3.07  -1.97     3.16
  SINCE DEC 1      3.70                      8.81  -5.11     7.98
  SINCE JAN 1      1.10                      3.07  -1.97     3.16

SNOWFALL (IN)
  YESTERDAY        0.0           2.5  1894   0.0    0.0      0.0
  MONTH TO DATE    0.0                       1.4   -1.4       T
  SINCE DEC 1      0.0                       1.6   -1.6       T
  SINCE JUL 1      0.2                       1.6   -1.4       T
  SNOW DEPTH       0

DEGREE DAYS
 HEATING
  YESTERDAY       22                        24     -2       44
  MONTH TO DATE  610                       576     34      685
  SINCE DEC 1   1184                      1241    -57     1370
  SINCE JUL 1   1793                      1740     53     1955

 COOLING
  YESTERDAY        0                         0      0        0
  MONTH TO DATE    0                         0      0        0
  SINCE DEC 1      0                         2     -2        3
  SINCE JAN 1      0                         0      0        0
..................................................................


WIND (MPH)
  HIGHEST WIND SPEED    15   HIGHEST WIND DIRECTION    SW (240)
  HIGHEST GUST SPEED    25   HIGHEST GUST DIRECTION     W (260)
  AVERAGE WIND SPEED     6.2


SKY COVER
  POSSIBLE SUNSHINE  MM
  AVERAGE SKY COVER 0.1


WEATHER CONDITIONS
 THE FOLLOWING WEATHER WAS RECORDED YESTERDAY.
  FOG


RELATIVE HUMIDITY (PERCENT)
 HIGHEST    92           400 AM
 LOWEST     35           200 PM
 AVERAGE    64

..........................................................


THE MEMPHIS CLIMATE NORMALS FOR TODAY
                         NORMAL    RECORD    YEAR
 MAXIMUM TEMPERATURE (F)   50        78      1950
 MINIMUM TEMPERATURE (F)   33        -2      1940


SUNRISE AND SUNSET
JANUARY 25 2015.......SUNRISE   704 AM CST   SUNSET   521 PM CST
JANUARY 26 2015.......SUNRISE   703 AM CST   SUNSET   522 PM CST


-  INDICATES NEGATIVE NUMBERS.
R  INDICATES RECORD WAS SET OR TIED.
MM INDICATES DATA IS MISSING.
T  INDICATES TRACE AMOUNT.




$$
