416
CDUS44 KMEG 230739
CLIMEM


CLIMATE REPORT
NATIONAL WEATHER SERVICE MEMPHIS TN
138 AM CST MON JAN 23 2017


...................................

...THE MEMPHIS CLIMATE SUMMARY FOR JANUARY 22 2017...

CLIMATE NORMAL PERIOD 1981 TO 2010
CLIMATE RECORD PERIOD 1872 TO 2017


WEATHER ITEM   OBSERVED TIME   RECORD YEAR NORMAL DEPARTURE LAST
                VALUE   (LST)  VALUE       VALUE  FROM      YEAR
                                                  NORMAL
..................................................................
TEMPERATURE (F)
 YESTERDAY
  MAXIMUM         62   1204 AM  71    2012  50     12       36
                                      1943
                                      1909
  MINIMUM         53   1159 PM   3    1885  33     20       30
  AVERAGE         58                        41     17       33

PRECIPITATION (IN)
  YESTERDAY        0.64          2.71 1957   0.13   0.51     0.18
  MONTH TO DATE    4.26                      2.82   1.44     2.23
  SINCE DEC 1     11.59                      8.56   3.03     7.00
  SINCE JAN 1      4.26                      2.82   1.44     2.23

SNOWFALL (IN)
  YESTERDAY        0.0           3.8  1966   0.0    0.0      0.3
  MONTH TO DATE    2.0                       1.3    0.7      0.3
  SINCE DEC 1      2.0                       1.5    0.5      0.3
  SINCE JUL 1      2.0                       1.5    0.5      0.3
  SNOW DEPTH       0

DEGREE DAYS
 HEATING
  YESTERDAY        7                        24    -17       32
  MONTH TO DATE  348                       528   -180      566
  SINCE DEC 1    978                      1193   -215      914
  SINCE JUL 1   1248                      1692   -444     1215

 COOLING
  YESTERDAY        0                         0      0        0
  MONTH TO DATE    2                         0      2        0
  SINCE DEC 1      5                         2      3       19
  SINCE JAN 1      2                         0      2        0
..................................................................


WIND (MPH)
  HIGHEST WIND SPEED    25   HIGHEST WIND DIRECTION     N (350)
  HIGHEST GUST SPEED    38   HIGHEST GUST DIRECTION     N (350)
  AVERAGE WIND SPEED     9.0


SKY COVER
  POSSIBLE SUNSHINE  MM
  AVERAGE SKY COVER 1.0


WEATHER CONDITIONS
 THE FOLLOWING WEATHER WAS RECORDED YESTERDAY.
  THUNDERSTORM
  HEAVY RAIN
  RAIN
  LIGHT RAIN
  FOG


RELATIVE HUMIDITY (PERCENT)
 HIGHEST   100           600 AM
 LOWEST     78          1200 AM
 AVERAGE    89

..........................................................


THE MEMPHIS CLIMATE NORMALS FOR TODAY
                         NORMAL    RECORD    YEAR
 MAXIMUM TEMPERATURE (F)   50        75      2002
                                             1943
 MINIMUM TEMPERATURE (F)   33         3      1963


SUNRISE AND SUNSET
JANUARY 23 2017.......SUNRISE   704 AM CST   SUNSET   520 PM CST
JANUARY 24 2017.......SUNRISE   704 AM CST   SUNSET   521 PM CST


-  INDICATES NEGATIVE NUMBERS.
R  INDICATES RECORD WAS SET OR TIED.
MM INDICATES DATA IS MISSING.
T  INDICATES TRACE AMOUNT.




$$
