000
CDUS44 KMEG 280737
CLIMEM


CLIMATE REPORT
NATIONAL WEATHER SERVICE MEMPHIS TN
137 AM CST TUE FEB 28 2017


...................................

...THE MEMPHIS CLIMATE SUMMARY FOR FEBRUARY 27 2017...

CLIMATE NORMAL PERIOD 1981 TO 2010
CLIMATE RECORD PERIOD 1872 TO 2017


WEATHER ITEM   OBSERVED TIME   RECORD YEAR NORMAL DEPARTURE LAST
                VALUE   (LST)  VALUE       VALUE  FROM      YEAR
                                                  NORMAL
..................................................................
TEMPERATURE (F)
 YESTERDAY
  MAXIMUM         67    341 PM  80    1981  58      9       66
  MINIMUM         47    726 AM  12    1934  40      7       37
  AVERAGE         57                        49      8       52

PRECIPITATION (IN)
  YESTERDAY        0.23          2.29 1890   0.17   0.06     0.00
  MONTH TO DATE    1.37                      4.23  -2.86     5.58
  SINCE DEC 1     12.96                     13.95  -0.99    12.62
  SINCE JAN 1      5.63                      8.21  -2.58     7.85

SNOWFALL (IN)
  YESTERDAY        0.0           T    2002   0.0    0.0      0.0
                                      1984
                                      1982
  MONTH TO DATE    0.0                       1.3   -1.3      0.0
  SINCE DEC 1      2.0                       3.4   -1.4      0.3
  SINCE JUL 1      2.0                       3.4   -1.4      0.3
  SNOW DEPTH       0

DEGREE DAYS
 HEATING
  YESTERDAY        8                        16     -8       13
  MONTH TO DATE  296                       531   -235      475
  SINCE DEC 1   1429                      1934   -505     1559
  SINCE JUL 1   1699                      2433   -734     1860

 COOLING
  YESTERDAY        0                         0      0        0
  MONTH TO DATE   18                         0     18        1
  SINCE DEC 1     23                         3     20       22
  SINCE JAN 1     20                         1     19        3
..................................................................


WIND (MPH)
  HIGHEST WIND SPEED    18   HIGHEST WIND DIRECTION    SE (140)
  HIGHEST GUST SPEED    24   HIGHEST GUST DIRECTION    SE (130)
  AVERAGE WIND SPEED     9.7


SKY COVER
  POSSIBLE SUNSHINE  MM
  AVERAGE SKY COVER 0.6


WEATHER CONDITIONS
 THE FOLLOWING WEATHER WAS RECORDED YESTERDAY.
  RAIN
  LIGHT RAIN


RELATIVE HUMIDITY (PERCENT)
 HIGHEST    93           400 AM
 LOWEST     56           400 PM
 AVERAGE    75

..........................................................


THE MEMPHIS CLIMATE NORMALS FOR TODAY
                         NORMAL    RECORD    YEAR
 MAXIMUM TEMPERATURE (F)   59        78      1918
 MINIMUM TEMPERATURE (F)   40        21      1888


SUNRISE AND SUNSET
FEBRUARY 28 2017......SUNRISE   630 AM CST   SUNSET   555 PM CST
MARCH  1 2017.........SUNRISE   629 AM CST   SUNSET   556 PM CST


-  INDICATES NEGATIVE NUMBERS.
R  INDICATES RECORD WAS SET OR TIED.
MM INDICATES DATA IS MISSING.
T  INDICATES TRACE AMOUNT.




$$
