000
CDUS41 KCLE 270542
CLIMFD


CLIMATE REPORT
NATIONAL WEATHER SERVICE CLEVELAND OH
141 AM EDT WED MAY 27 2015


...................................

...THE MANSFIELD OH CLIMATE SUMMARY FOR MAY 26 2015...

CLIMATE NORMAL PERIOD 1981 TO 2010
CLIMATE RECORD PERIOD 1916 TO 2015


WEATHER ITEM   OBSERVED TIME   RECORD YEAR NORMAL DEPARTURE LAST
                VALUE   (LST)  VALUE       VALUE  FROM      YEAR
                                                  NORMAL
..................................................................
TEMPERATURE (F)
 YESTERDAY
  MAXIMUM         84    359 PM  88    1939  72     12       84
                                      1918
  MINIMUM         64    155 AM  32    1948  51     13       54
  AVERAGE         74                        62     12       69

PRECIPITATION (IN)
  YESTERDAY        0.28                      0.16   0.12     0.00
  MONTH TO DATE    2.10                      3.73  -1.63     2.81
  SINCE MAR 1     10.34                     11.26  -0.92    11.81
  SINCE JAN 1     15.50                     16.52  -1.02    16.14

SNOWFALL (IN)
  YESTERDAY        0.0                       0.0    0.0      0.0
  MONTH TO DATE    0.0                       0.0    0.0      0.0
  SINCE MAR 1     10.7                      10.4    0.3     11.5
  SINCE JUL 1     63.2                      48.3   14.9     65.4
  SNOW DEPTH       0

DEGREE DAYS
 HEATING
  YESTERDAY        0                         5     -5        0
  MONTH TO DATE  115                       209    -94      178
  SINCE MAR 1   1492                      1569    -77     1647
  SINCE JUL 1   6564                      6194    370     6691

 COOLING
  YESTERDAY        9                         2      7        4
  MONTH TO DATE   88                        26     62       42
  SINCE MAR 1     88                        34     54       44
  SINCE JAN 1     88                        34     54       44
..................................................................


WIND (MPH)
  HIGHEST WIND SPEED    24   HIGHEST WIND DIRECTION     S (180)
  HIGHEST GUST SPEED    43   HIGHEST GUST DIRECTION     S (160)
  AVERAGE WIND SPEED    12.5


SKY COVER
  POSSIBLE SUNSHINE  MM
  AVERAGE SKY COVER 0.4


WEATHER CONDITIONS
 THE FOLLOWING WEATHER WAS RECORDED YESTERDAY.
  THUNDERSTORM
  HEAVY RAIN
  RAIN
  LIGHT RAIN
  FOG
  HAZE


RELATIVE HUMIDITY (PERCENT)
 HIGHEST    93           800 PM
 LOWEST     48           300 PM
 AVERAGE    71

..........................................................


THE MANSFIELD OH CLIMATE NORMALS FOR TODAY
                         NORMAL    RECORD    YEAR
 MAXIMUM TEMPERATURE (F)   73        90      2012
                                             1918
 MINIMUM TEMPERATURE (F)   52        33      1947


SUNRISE AND SUNSET
MAY 27 2015...........SUNRISE   604 AM EDT   SUNSET   851 PM EDT
MAY 28 2015...........SUNRISE   603 AM EDT   SUNSET   852 PM EDT


-  INDICATES NEGATIVE NUMBERS.
R  INDICATES RECORD WAS SET OR TIED.
MM INDICATES DATA IS MISSING.
T  INDICATES TRACE AMOUNT.




$$
