000
CDUS41 KCLE 192212
CLIMFD


CLIMATE REPORT
NATIONAL WEATHER SERVICE CLEVELAND OH
511 PM EST THU JAN 19 2017


...................................

...THE MANSFIELD OH CLIMATE SUMMARY FOR JANUARY 19 2017...
VALID TODAY AS OF 0500 PM LOCAL TIME.

CLIMATE NORMAL PERIOD 1981 TO 2010
CLIMATE RECORD PERIOD 1916 TO 2017


WEATHER ITEM   OBSERVED TIME   RECORD YEAR NORMAL DEPARTURE LAST
                VALUE   (LST)  VALUE       VALUE  FROM      YEAR
                                                  NORMAL
..................................................................
TEMPERATURE (F)
 TODAY
  MAXIMUM         41    408 PM  60    1929  33      8       17
  MINIMUM         35    834 AM -22    1994  18     17        4
  AVERAGE         38                        25     13       11

PRECIPITATION (IN)
  TODAY            0.00                      0.08  -0.08      T
  MONTH TO DATE    3.50                      1.83   1.67     1.42
  SINCE DEC 1      6.64                      5.12   1.52     5.58
  SINCE JAN 1      3.50                      1.83   1.67     1.42

SNOWFALL (IN)
  TODAY            0.0                       0.4   -0.4       T
  MONTH TO DATE    2.3                       8.2   -5.9      7.0
  SINCE DEC 1     13.3                      18.7   -5.4      7.2
  SINCE JUL 1     13.5                      21.4   -7.9      7.2
  SNOW DEPTH       0

DEGREE DAYS
 HEATING
  TODAY           27                        40    -13       54
  MONTH TO DATE  657                       752    -95      750
  SINCE DEC 1   1765                      1848    -83     1430
  SINCE JUL 1   2642                      3129   -487     2370

 COOLING
  TODAY            0                         0      0        0
  MONTH TO DATE    0                         0      0        0
  SINCE DEC 1      0                         0      0        0
  SINCE JAN 1      0                         0      0        0
..................................................................


WIND (MPH)
  HIGHEST WIND SPEED    15   HIGHEST WIND DIRECTION    SW (220)
  HIGHEST GUST SPEED    18   HIGHEST GUST DIRECTION    SW (220)


SKY COVER
  POSSIBLE SUNSHINE  MM
  AVERAGE SKY COVER 0.9


WEATHER CONDITIONS
 THE FOLLOWING WEATHER WAS RECORDED TODAY.
  FOG


RELATIVE HUMIDITY (PERCENT)
 HIGHEST   100          1200 AM
 LOWEST     79           200 PM
 AVERAGE    90

..........................................................


THE MANSFIELD OH CLIMATE NORMALS FOR TOMORROW
                         NORMAL    RECORD    YEAR
 MAXIMUM TEMPERATURE (F)   33        62      1974
 MINIMUM TEMPERATURE (F)   18       -22      1985


SUNRISE AND SUNSET
JANUARY 19 2017.......SUNRISE   750 AM EST   SUNSET   532 PM EST
JANUARY 20 2017.......SUNRISE   750 AM EST   SUNSET   533 PM EST


-  INDICATES NEGATIVE NUMBERS.
R  INDICATES RECORD WAS SET OR TIED.
MM INDICATES DATA IS MISSING.
T  INDICATES TRACE AMOUNT.




$$
