790
CDUS41 KCLE 290527
CLIMFD


CLIMATE REPORT
NATIONAL WEATHER SERVICE CLEVELAND OH
127 AM EDT SUN MAY 29 2016


...................................

...THE MANSFIELD OH CLIMATE SUMMARY FOR MAY 28 2016...

CLIMATE NORMAL PERIOD 1981 TO 2010
CLIMATE RECORD PERIOD 1916 TO 2016


WEATHER ITEM   OBSERVED TIME   RECORD YEAR NORMAL DEPARTURE LAST
                VALUE   (LST)  VALUE       VALUE  FROM      YEAR
                                                  NORMAL
..................................................................
TEMPERATURE (F)
 YESTERDAY
  MAXIMUM         88    244 PM  91    2012  73     15       79
  MINIMUM         66    544 AM  35    1949  52     14       60
  AVERAGE         77                        62     15       70

PRECIPITATION (IN)
  YESTERDAY        0.17                      0.16   0.01     0.00
  MONTH TO DATE    3.31                      4.05  -0.74     2.61
  SINCE MAR 1     10.98                     11.58  -0.60    10.85
  SINCE JAN 1     15.88                     16.84  -0.96    16.01

SNOWFALL (IN)
  YESTERDAY        0.0                       0.0    0.0      0.0
  MONTH TO DATE    0.0                       0.0    0.0      0.0
  SINCE MAR 1      7.2                      10.4   -3.2     10.7
  SINCE JUL 1     27.6                      48.3  -20.7     63.2
  SNOW DEPTH       0

DEGREE DAYS
 HEATING
  YESTERDAY        0                         5     -5        0
  MONTH TO DATE  239                       219     20      115
  SINCE MAR 1   1390                      1579   -189     1492
  SINCE JUL 1   5162                      6204  -1042     6564

 COOLING
  YESTERDAY       12                         2     10        5
  MONTH TO DATE   40                        30     10      101
  SINCE MAR 1     40                        38      2      101
  SINCE JAN 1     40                        38      2      101
..................................................................


WIND (MPH)
  HIGHEST WIND SPEED    22   HIGHEST WIND DIRECTION    SW (230)
  HIGHEST GUST SPEED    28   HIGHEST GUST DIRECTION    SW (230)
  AVERAGE WIND SPEED     7.1


SKY COVER
  POSSIBLE SUNSHINE  MM
  AVERAGE SKY COVER 0.3


WEATHER CONDITIONS
 THE FOLLOWING WEATHER WAS RECORDED YESTERDAY.
  THUNDERSTORM
  HEAVY RAIN
  RAIN
  LIGHT RAIN
  FOG
  HAZE


RELATIVE HUMIDITY (PERCENT)
 HIGHEST    93           600 AM
 LOWEST     48           200 PM
 AVERAGE    71

..........................................................


THE MANSFIELD OH CLIMATE NORMALS FOR TODAY
                         NORMAL    RECORD    YEAR
 MAXIMUM TEMPERATURE (F)   73        89      1991
                                             1969
                                             1941
 MINIMUM TEMPERATURE (F)   52        33      1958


SUNRISE AND SUNSET
MAY 29 2016...........SUNRISE   602 AM EDT   SUNSET   854 PM EDT
MAY 30 2016...........SUNRISE   602 AM EDT   SUNSET   854 PM EDT


-  INDICATES NEGATIVE NUMBERS.
R  INDICATES RECORD WAS SET OR TIED.
MM INDICATES DATA IS MISSING.
T  INDICATES TRACE AMOUNT.




$$
