000
CDUS41 KCLE 290536
CLIMFD


CLIMATE REPORT
NATIONAL WEATHER SERVICE CLEVELAND OH
134 AM EDT FRI AUG 29 2014


...................................

...THE MANSFIELD OH CLIMATE SUMMARY FOR AUGUST 28 2014...

CLIMATE NORMAL PERIOD 1981 TO 2010
CLIMATE RECORD PERIOD 1916 TO 2014


WEATHER ITEM   OBSERVED TIME   RECORD YEAR NORMAL DEPARTURE LAST
                VALUE   (LST)  VALUE       VALUE  FROM      YEAR
                                                  NORMAL
..................................................................
TEMPERATURE (F)
 YESTERDAY
  MAXIMUM         75    246 PM  92    1973  79     -4       83
                                      1953
                                      1937
  MINIMUM         56   1159 PM  40    1941  59     -3       67
  AVERAGE         66                        69     -3       75

PRECIPITATION (IN)
  YESTERDAY        0.00                      0.14  -0.14     0.10
  MONTH TO DATE    3.56                      3.95  -0.39     1.78
  SINCE JUN 1     12.78                     13.08  -0.30    14.95
  SINCE JAN 1     29.11                     30.41  -1.30    28.82

SNOWFALL (IN)
  YESTERDAY        0.0                       0.0    0.0      0.0
  MONTH TO DATE    0.0                       0.0    0.0      0.0
  SINCE JUN 1      0.0                       0.0    0.0      0.0
  SINCE JUL 1      0.0                       0.0    0.0      0.0
  SNOW DEPTH       0

DEGREE DAYS
 HEATING
  YESTERDAY        0                         1     -1        0
  MONTH TO DATE   10                         9      1       18
  SINCE JUN 1     51                        70    -19       67
  SINCE JUL 1     27                        17     10       28

 COOLING
  YESTERDAY        1                         5     -4       10
  MONTH TO DATE  159                       158      1      130
  SINCE JUN 1    465                       502    -37      516
  SINCE JAN 1    528                       548    -20      611
..................................................................


WIND (MPH)
  HIGHEST WIND SPEED    12   HIGHEST WIND DIRECTION    NW (330)
  HIGHEST GUST SPEED    17   HIGHEST GUST DIRECTION     N (340)
  AVERAGE WIND SPEED     3.7


SKY COVER
  POSSIBLE SUNSHINE  MM
  AVERAGE SKY COVER 0.3


WEATHER CONDITIONS
 THE FOLLOWING WEATHER WAS RECORDED YESTERDAY.
  FOG
  FOG W/VISIBILITY <= 1/4 MILE


RELATIVE HUMIDITY (PERCENT)
 HIGHEST   100           200 AM
 LOWEST     53           200 PM
 AVERAGE    77

..........................................................


THE MANSFIELD OH CLIMATE NORMALS FOR TODAY
                         NORMAL    RECORD    YEAR
 MAXIMUM TEMPERATURE (F)   79        93      1953
                                             1928
 MINIMUM TEMPERATURE (F)   58        40      1965


SUNRISE AND SUNSET
AUGUST 29 2014........SUNRISE   654 AM EDT   SUNSET   807 PM EDT
AUGUST 30 2014........SUNRISE   655 AM EDT   SUNSET   806 PM EDT


-  INDICATES NEGATIVE NUMBERS.
R  INDICATES RECORD WAS SET OR TIED.
MM INDICATES DATA IS MISSING.
T  INDICATES TRACE AMOUNT.




$$
