000
CDUS44 KBRO 280629
CLIMFE


CLIMATE REPORT
NATIONAL WEATHER SERVICE BROWNSVILLE TX
128 AM CDT SAT MAR 28 2015


...................................

...THE MCALLEN CLIMATE SUMMARY FOR MARCH 27 2015...

CLIMATE NORMAL PERIOD 1981 TO 2010
CLIMATE RECORD PERIOD 1941 TO 2015


WEATHER ITEM   OBSERVED TIME   RECORD YEAR NORMAL DEPARTURE LAST
                VALUE   (LST)  VALUE       VALUE  FROM      YEAR
                                                  NORMAL
..................................................................
TEMPERATURE (F)
 YESTERDAY
  MAXIMUM         83    444 PM 102    2009  84     -1       83
  MINIMUM         53    651 AM  39    1955  62     -9       68
  AVERAGE         68                        73     -5

PRECIPITATION (IN)
  YESTERDAY        0.00          1.80 1999   0.04  -0.04      T
  MONTH TO DATE    1.39                      0.91   0.48     1.17
  SINCE MAR 1      1.39                      0.91   0.48     1.17
  SINCE JAN 1      1.98                      3.07  -1.09     2.05

DEGREE DAYS
 HEATING
  YESTERDAY        0                         1     -1        0
  MONTH TO DATE   66                        38     28       98
  SINCE MAR 1     66                        38     28       98
  SINCE JUL 1    756                       571    185      874

 COOLING
  YESTERDAY        3                         9     -6       11
  MONTH TO DATE  125                       181    -56       91
  SINCE MAR 1    125                       181    -56       91
  SINCE JAN 1    210                       340   -130      219
..................................................................


WIND (MPH)
  HIGHEST WIND SPEED    12   HIGHEST WIND DIRECTION    NW (310)
  HIGHEST GUST SPEED    15   HIGHEST GUST DIRECTION    NW (320)
  AVERAGE WIND SPEED     4.7



WEATHER CONDITIONS
 THE FOLLOWING WEATHER WAS RECORDED YESTERDAY.
  NO SIGNIFICANT WEATHER WAS OBSERVED.


RELATIVE HUMIDITY (PERCENT)
 HIGHEST    86
 LOWEST     17
 AVERAGE    52

..........................................................


THE MCALLEN CLIMATE NORMALS FOR TODAY
                         NORMAL    RECORD    YEAR
 MAXIMUM TEMPERATURE (F)   85       104      1984
 MINIMUM TEMPERATURE (F)   62        43      1955
                                             1996


SUNRISE AND SUNSET
MARCH 28 2015.........SUNRISE   729 AM CDT   SUNSET   748 PM CDT
MARCH 29 2015.........SUNRISE   727 AM CDT   SUNSET   748 PM CDT


-  INDICATES NEGATIVE NUMBERS.
R  INDICATES RECORD WAS SET OR TIED.
MM INDICATES DATA IS MISSING.
T  INDICATES TRACE AMOUNT.

$$
