000
CDUS44 KBRO 210625
CLIMFE


CLIMATE REPORT
NATIONAL WEATHER SERVICE BROWNSVILLE TX
125 AM CDT MON APR 21 2014


...................................

...THE MCALLEN CLIMATE SUMMARY FOR APRIL 20 2014...

CLIMATE NORMAL PERIOD 1981 TO 2010
CLIMATE RECORD PERIOD 1941 TO 2014


WEATHER ITEM   OBSERVED TIME   RECORD YEAR NORMAL DEPARTURE LAST
                VALUE   (LST)  VALUE       VALUE  FROM      YEAR
                                                  NORMAL
..................................................................
TEMPERATURE (F)
 YESTERDAY
  MAXIMUM         80   1202 PM 101    1973  88     -8       80
  MINIMUM         69    530 AM  50    2013  67      2       50
  AVERAGE         75                        77     -2

PRECIPITATION (IN)
  YESTERDAY        0.00          1.17 1945   0.05  -0.05     0.00
  MONTH TO DATE    0.03                      0.76  -0.73      T
  SINCE MAR 1      1.20                      1.79  -0.59      T
  SINCE JAN 1      2.08                      3.95  -1.87     0.99

SNOWFALL (IN)
  YESTERDAY        0.0
  MONTH TO DATE    0.0
  SINCE MAR 1      0.0
  SINCE JUL 1      0.0

DEGREE DAYS
 HEATING
  YESTERDAY        0                         0      0        0
  MONTH TO DATE    9                         3      6        1
  SINCE MAR 1    107                        41     66       17
  SINCE JUL 1    883                       574    309      313

 COOLING
  YESTERDAY       10                        12     -2        0
  MONTH TO DATE  178                       221    -43      228
  SINCE MAR 1    314                       439   -125      447
  SINCE JAN 1    442                       598   -156      696
..................................................................


WIND (MPH)
  HIGHEST WIND SPEED    20   HIGHEST WIND DIRECTION    SE (130)
  HIGHEST GUST SPEED    25   HIGHEST GUST DIRECTION     S (170)
  AVERAGE WIND SPEED    12.7



WEATHER CONDITIONS
 THE FOLLOWING WEATHER WAS RECORDED YESTERDAY.
  HAZE


RELATIVE HUMIDITY (PERCENT)
 HIGHEST    90
 LOWEST     58
 AVERAGE    74

..........................................................


THE MCALLEN CLIMATE NORMALS FOR TODAY
                         NORMAL    RECORD    YEAR
 MAXIMUM TEMPERATURE (F)   88       100      1973
 MINIMUM TEMPERATURE (F)   67        53      1953


SUNRISE AND SUNSET
APRIL 21 2014.........SUNRISE   704 AM CDT   SUNSET   800 PM CDT
APRIL 22 2014.........SUNRISE   703 AM CDT   SUNSET   800 PM CDT


-  INDICATES NEGATIVE NUMBERS.
R  INDICATES RECORD WAS SET OR TIED.
MM INDICATES DATA IS MISSING.
T  INDICATES TRACE AMOUNT.




$$
