000
CDUS44 KBRO 242125
CLIMFE


CLIMATE REPORT
NATIONAL WEATHER SERVICE BROWNSVILLE TX
425 PM CDT THU APR 24 2014


...................................

...THE MCALLEN CLIMATE SUMMARY FOR APRIL 24 2014...
VALID TODAY AS OF 0400 PM LOCAL TIME.

CLIMATE NORMAL PERIOD 1981 TO 2010
CLIMATE RECORD PERIOD 1941 TO 2014


WEATHER ITEM   OBSERVED TIME   RECORD YEAR NORMAL DEPARTURE LAST
                VALUE   (LST)  VALUE       VALUE  FROM      YEAR
                                                  NORMAL
..................................................................
TEMPERATURE (F)
 TODAY
  MAXIMUM         95    258 PM 103    1958  88      7       76
  MINIMUM         71    445 AM  50    1982  68      3       53
  AVERAGE         83                        78      5       65

PRECIPITATION (IN)
  TODAY            0.00          1.72 1981   0.06  -0.06     0.19
  MONTH TO DATE    0.03                      0.98  -0.95     0.21
  SINCE MAR 1      1.20                      2.01  -0.81     0.21
  SINCE JAN 1      2.08                      4.17  -2.09     1.20

SNOWFALL (IN)
  TODAY            0.0
  MONTH TO DATE    0.0
  SINCE MAR 1      0.0
  SINCE JUL 1      0.0
  SNOW DEPTH       0

DEGREE DAYS
 HEATING
  TODAY            0                         0      0        0
  MONTH TO DATE    9                         3      6        1
  SINCE MAR 1    107                        41     66       17
  SINCE JUL 1    883                       574    309      313

 COOLING
  TODAY           18                        13      5        0
  MONTH TO DATE  235                       273    -38      265
  SINCE MAR 1    371                       491   -120      484
  SINCE JAN 1    499                       650   -151      733
..................................................................


WIND (MPH)
  HIGHEST WIND SPEED    21   HIGHEST WIND DIRECTION    SE (140)
  HIGHEST GUST SPEED    26   HIGHEST GUST DIRECTION    SE (150)
  AVERAGE WIND SPEED    11.8



WEATHER CONDITIONS
 THE FOLLOWING WEATHER WAS RECORDED TODAY.
  NO SIGNIFICANT WEATHER WAS OBSERVED.


..........................................................


THE MCALLEN CLIMATE NORMALS FOR TOMORROW
                         NORMAL    RECORD    YEAR
 MAXIMUM TEMPERATURE (F)   88        99      1961
 MINIMUM TEMPERATURE (F)   68        54      1944
                                             1982
                                             1995


SUNRISE AND SUNSET
APRIL 24 2014.........SUNRISE   701 AM CDT   SUNSET   801 PM CDT
APRIL 25 2014.........SUNRISE   700 AM CDT   SUNSET   802 PM CDT


-  INDICATES NEGATIVE NUMBERS.
R  INDICATES RECORD WAS SET OR TIED.
MM INDICATES DATA IS MISSING.
T  INDICATES TRACE AMOUNT.




$$
