000
CDUS44 KBRO 262226
CLIMFE


CLIMATE REPORT
NATIONAL WEATHER SERVICE BROWNSVILLE TX
426 PM CST SUN FEB 26 2017


...................................

...THE MCALLEN CLIMATE SUMMARY FOR FEBRUARY 26 2017...
VALID TODAY AS OF 0400 PM LOCAL TIME.

CLIMATE NORMAL PERIOD 1981 TO 2010
CLIMATE RECORD PERIOD 1961 TO 2017


WEATHER ITEM   OBSERVED TIME   RECORD YEAR NORMAL DEPARTURE LAST
                VALUE   (LST)  VALUE       VALUE  FROM      YEAR
                                                  NORMAL
..................................................................
TEMPERATURE (F)
 TODAY
  MAXIMUM         90    253 PM  97    1962  77     13       80
  MINIMUM         64    617 AM  33    1974  56      8       51
  AVERAGE         77                        67     10       66

PRECIPITATION (IN)
  TODAY            0.00          1.04 1973   0.04  -0.04     0.00
  MONTH TO DATE    0.65                      1.04  -0.39     0.00
  SINCE DEC 1      2.26                      3.28  -1.02     0.44
  SINCE JAN 1      1.63                      2.09  -0.46     0.40

SNOWFALL (IN)
  TODAY            0.0
  MONTH TO DATE    0.0
  SINCE DEC 1      0.0
  SINCE JUL 1      0.0
  SNOW DEPTH       0

DEGREE DAYS
 HEATING
  TODAY            0                         2     -2        0
  MONTH TO DATE    8                       102    -94       42
  SINCE DEC 1    181                       469   -288      277
  SINCE JUL 1    188                       529   -341      311

 COOLING
  TODAY           12                         4      8        1
  MONTH TO DATE  266                        86    180      140
  SINCE DEC 1    628                       231    397      329
  SINCE JAN 1    445                       148    297      185
..................................................................


WIND (MPH)
  HIGHEST WIND SPEED    24   HIGHEST WIND DIRECTION    SE (130)
  HIGHEST GUST SPEED    30   HIGHEST GUST DIRECTION    SE (150)
  AVERAGE WIND SPEED    10.0



WEATHER CONDITIONS
 THE FOLLOWING WEATHER WAS RECORDED TODAY.
  NO SIGNIFICANT WEATHER WAS OBSERVED.


..........................................................


THE MCALLEN CLIMATE NORMALS FOR TOMORROW
                         NORMAL    RECORD    YEAR
 MAXIMUM TEMPERATURE (F)   78       101      2009
 MINIMUM TEMPERATURE (F)   57        41      2002


SUNRISE AND SUNSET
FEBRUARY 26 2017......SUNRISE   659 AM CST   SUNSET   633 PM CST
FEBRUARY 27 2017......SUNRISE   658 AM CST   SUNSET   633 PM CST


-  INDICATES NEGATIVE NUMBERS.
R  INDICATES RECORD WAS SET OR TIED.
MM INDICATES DATA IS MISSING.
T  INDICATES TRACE AMOUNT.




$$
