000
CDUS44 KBRO 220725
CLIMFE


CLIMATE REPORT
NATIONAL WEATHER SERVICE BROWNSVILLE TX
125 AM CST WED NOV 22 2017


...................................

...THE MCALLEN CLIMATE SUMMARY FOR NOVEMBER 21 2017...

CLIMATE NORMAL PERIOD 1981 TO 2010
CLIMATE RECORD PERIOD 1961 TO 2017


WEATHER ITEM   OBSERVED TIME   RECORD YEAR NORMAL DEPARTURE LAST
                VALUE   (LST)  VALUE       VALUE  FROM      YEAR
                                                  NORMAL
..................................................................
TEMPERATURE (F)
 YESTERDAY
  MAXIMUM         85    418 PM  93    2007  78      7       84
  MINIMUM         55    718 AM  33    1969  57     -2       56
  AVERAGE         70                        68      2

PRECIPITATION (IN)
  YESTERDAY        0.00          0.73 1986   0.03  -0.03     0.00
  MONTH TO DATE    3.14                      0.66   2.48     1.90
  SINCE SEP 1     11.72                      7.21   4.51     3.74
  SINCE JAN 1     18.51                     20.78  -2.27    13.04

SNOWFALL (IN)
  YESTERDAY        0.0
  MONTH TO DATE    0.0
  SINCE SEP 1      0.0
  SINCE JUL 1      0.0

DEGREE DAYS
 HEATING
  YESTERDAY        0                         2     -2        0
  MONTH TO DATE   13                        28    -15        7
  SINCE SEP 1     23                        33    -10        7
  SINCE JUL 1     23                        33    -10        7

 COOLING
  YESTERDAY        5                         5      0        5
  MONTH TO DATE  235                       148     87      222
  SINCE SEP 1   1294                      1079    215     1504
  SINCE JAN 1   5560                      4330   1230     5406
..................................................................


WIND (MPH)
  HIGHEST WIND SPEED    10   HIGHEST WIND DIRECTION     N (340)
  HIGHEST GUST SPEED    13   HIGHEST GUST DIRECTION     N (340)
  AVERAGE WIND SPEED     2.9



WEATHER CONDITIONS
 THE FOLLOWING WEATHER WAS RECORDED YESTERDAY.
  FOG


RELATIVE HUMIDITY (PERCENT)
 HIGHEST    93
 LOWEST     48
 AVERAGE    71

..........................................................


THE MCALLEN CLIMATE NORMALS FOR TODAY
                         NORMAL    RECORD    YEAR
 MAXIMUM TEMPERATURE (F)   78        92      1983
 MINIMUM TEMPERATURE (F)   57        42      1964


SUNRISE AND SUNSET
NOVEMBER 22 2017......SUNRISE   657 AM CST   SUNSET   541 PM CST
NOVEMBER 23 2017......SUNRISE   658 AM CST   SUNSET   541 PM CST


-  INDICATES NEGATIVE NUMBERS.
R  INDICATES RECORD WAS SET OR TIED.
MM INDICATES DATA IS MISSING.
T  INDICATES TRACE AMOUNT.




$$
