000
CDUS44 KBRO 230633
CLIMFE


CLIMATE REPORT
NATIONAL WEATHER SERVICE BROWNSVILLE TX
133 AM CDT SUN JUL 23 2017


...................................

...THE MCALLEN CLIMATE SUMMARY FOR JULY 22 2017...

CLIMATE NORMAL PERIOD 1981 TO 2010
CLIMATE RECORD PERIOD 1961 TO 2017


WEATHER ITEM   OBSERVED TIME   RECORD YEAR NORMAL DEPARTURE LAST
                VALUE   (LST)  VALUE       VALUE  FROM      YEAR
                                                  NORMAL
..................................................................
TEMPERATURE (F)
 YESTERDAY
  MAXIMUM        103    148 PM 105    2009  97      6      101
                                      1980
  MINIMUM         80    621 AM  70    1974  76      4       78
  AVERAGE         92                        87      5

PRECIPITATION (IN)
  YESTERDAY        0.00          0.74 1972   0.05  -0.05     0.00
  MONTH TO DATE    0.16                      1.55  -1.39     0.25
  SINCE JUN 1      0.34                      4.13  -3.79     0.49
  SINCE JAN 1      6.21                     10.91  -4.70     8.46

SNOWFALL (IN)
  YESTERDAY        0.0
  MONTH TO DATE    0.0
  SINCE JUN 1      0.0
  SINCE JUL 1      0.0

DEGREE DAYS
 HEATING
  YESTERDAY        0                         0      0        0
  MONTH TO DATE    0                         0      0        0
  SINCE JUN 1      0                         0      0        0
  SINCE JUL 1      0                         0      0        0

 COOLING
  YESTERDAY       27                        22      5       25
  MONTH TO DATE  544                       474     70      580
  SINCE JUN 1   1291                      1102    189     1237
  SINCE JAN 1   3230                      2357    873     2855
..................................................................


WIND (MPH)
  HIGHEST WIND SPEED    26   HIGHEST WIND DIRECTION    SE (140)
  HIGHEST GUST SPEED    40   HIGHEST GUST DIRECTION    SE (120)
  AVERAGE WIND SPEED    16.9



WEATHER CONDITIONS
 THE FOLLOWING WEATHER WAS RECORDED YESTERDAY.
  NO SIGNIFICANT WEATHER WAS OBSERVED.


RELATIVE HUMIDITY (PERCENT)
 HIGHEST    85
 LOWEST     40
 AVERAGE    63

..........................................................


THE MCALLEN CLIMATE NORMALS FOR TODAY
                         NORMAL    RECORD    YEAR
 MAXIMUM TEMPERATURE (F)   98       106      2009
 MINIMUM TEMPERATURE (F)   76        70      1989


SUNRISE AND SUNSET
JULY 23 2017..........SUNRISE   654 AM CDT   SUNSET   824 PM CDT
JULY 24 2017..........SUNRISE   655 AM CDT   SUNSET   824 PM CDT


-  INDICATES NEGATIVE NUMBERS.
R  INDICATES RECORD WAS SET OR TIED.
MM INDICATES DATA IS MISSING.
T  INDICATES TRACE AMOUNT.




$$
