000
CDUS44 KBRO 210625
CLIMFE


CLIMATE REPORT
NATIONAL WEATHER SERVICE BROWNSVILLE TX
125 AM CDT THU AUG 21 2014


...................................

...THE MCALLEN CLIMATE SUMMARY FOR AUGUST 20 2014...

CLIMATE NORMAL PERIOD 1981 TO 2010
CLIMATE RECORD PERIOD 1941 TO 2014


WEATHER ITEM   OBSERVED TIME   RECORD YEAR NORMAL DEPARTURE LAST
                VALUE   (LST)  VALUE       VALUE  FROM      YEAR
                                                  NORMAL
..................................................................
TEMPERATURE (F)
 YESTERDAY
  MAXIMUM        100    200 PM 105    2009  98      2       98
  MINIMUM         78    632 AM  69    1946  77      1       78
  AVERAGE         89                        88      1

PRECIPITATION (IN)
  YESTERDAY        0.00          1.53 1967   0.08  -0.08     0.00
  MONTH TO DATE    1.11                      1.08   0.03     0.28
  SINCE JUN 1      2.01                      5.66  -3.65     2.32
  SINCE JAN 1      4.89                     12.44  -7.55     5.74

SNOWFALL (IN)
  YESTERDAY        0.0
  MONTH TO DATE    0.0
  SINCE JUN 1      0.0
  SINCE JUL 1      0.0

DEGREE DAYS
 HEATING
  YESTERDAY        0                         0      0        0
  MONTH TO DATE    0                         0      0        0
  SINCE JUN 1      0                         0      0        0
  SINCE JUL 1      0                         0      0        0

 COOLING
  YESTERDAY       24                        22      2       23
  MONTH TO DATE  495                       458     37      482
  SINCE JUN 1   1877                      1760    117     1857
  SINCE JAN 1   2933                      3015    -82     3153
..................................................................


WIND (MPH)
  HIGHEST WIND SPEED    31   HIGHEST WIND DIRECTION    SE (130)
  HIGHEST GUST SPEED    41   HIGHEST GUST DIRECTION    SE (120)
  AVERAGE WIND SPEED    17.2



WEATHER CONDITIONS
 THE FOLLOWING WEATHER WAS RECORDED YESTERDAY.
  NO SIGNIFICANT WEATHER WAS OBSERVED.


RELATIVE HUMIDITY (PERCENT)
 HIGHEST    91
 LOWEST     42
 AVERAGE    67

..........................................................


THE MCALLEN CLIMATE NORMALS FOR TODAY
                         NORMAL    RECORD    YEAR
 MAXIMUM TEMPERATURE (F)   98       103      1997
 MINIMUM TEMPERATURE (F)   77        69      1961


SUNRISE AND SUNSET
AUGUST 21 2014........SUNRISE   708 AM CDT   SUNSET   803 PM CDT
AUGUST 22 2014........SUNRISE   709 AM CDT   SUNSET   803 PM CDT


-  INDICATES NEGATIVE NUMBERS.
R  INDICATES RECORD WAS SET OR TIED.
MM INDICATES DATA IS MISSING.
T  INDICATES TRACE AMOUNT.




$$
