000
CDUS44 KBRO 030729
CLIMFE


CLIMATE REPORT
NATIONAL WEATHER SERVICE BROWNSVILLE TX
127 AM CST SAT DEC 3 2016


...................................

...THE MCALLEN CLIMATE SUMMARY FOR DECEMBER 2 2016...

CLIMATE NORMAL PERIOD 1981 TO 2010
CLIMATE RECORD PERIOD 1961 TO 2016


WEATHER ITEM   OBSERVED TIME   RECORD YEAR NORMAL DEPARTURE LAST
                VALUE   (LST)  VALUE       VALUE  FROM      YEAR
                                                  NORMAL
..................................................................
TEMPERATURE (F)
 YESTERDAY
  MAXIMUM         84    403 PM  92    2007  75      9       67
                                      1982
  MINIMUM         69    301 AM  37    1976  54     15       56
  AVERAGE         77                        65     12

PRECIPITATION (IN)
  YESTERDAY        0.02          1.95 1989   0.03  -0.01     0.00
  MONTH TO DATE    0.02                      0.06  -0.04     0.00
  SINCE DEC 1      0.02                      0.06  -0.04     0.00
  SINCE JAN 1     13.17                     21.07  -7.90    26.36

SNOWFALL (IN)
  YESTERDAY        0.0
  MONTH TO DATE    0.0
  SINCE DEC 1      0.0
  SINCE JUL 1      0.0

DEGREE DAYS
 HEATING
  YESTERDAY        0                         4     -4        3
  MONTH TO DATE    0                         8     -8        8
  SINCE DEC 1      0                         8     -8        8
  SINCE JUL 1      7                        68    -61       42

 COOLING
  YESTERDAY       12                         4      8        0
  MONTH TO DATE   15                         8      7        0
  SINCE DEC 1     15                         8      7        0
  SINCE JAN 1   5529                      4377   1152     4800
..................................................................


WIND (MPH)
  HIGHEST WIND SPEED    17   HIGHEST WIND DIRECTION     E (110)
  HIGHEST GUST SPEED    20   HIGHEST GUST DIRECTION     E (110)
  AVERAGE WIND SPEED     7.7



WEATHER CONDITIONS
 THE FOLLOWING WEATHER WAS RECORDED YESTERDAY.
  LIGHT RAIN
  FOG


RELATIVE HUMIDITY (PERCENT)
 HIGHEST    90
 LOWEST     58
 AVERAGE    74

..........................................................


THE MCALLEN CLIMATE NORMALS FOR TODAY
                         NORMAL    RECORD    YEAR
 MAXIMUM TEMPERATURE (F)   75        91      1978
 MINIMUM TEMPERATURE (F)   54        33      1976


SUNRISE AND SUNSET
DECEMBER  3 2016......SUNRISE   705 AM CST   SUNSET   541 PM CST
DECEMBER  4 2016......SUNRISE   706 AM CST   SUNSET   541 PM CST


-  INDICATES NEGATIVE NUMBERS.
R  INDICATES RECORD WAS SET OR TIED.
MM INDICATES DATA IS MISSING.
T  INDICATES TRACE AMOUNT.




$$
