000
CDUS46 KMFR 310836
CLIMFR


CLIMATE REPORT
NATIONAL WEATHER SERVICE MEDFORD, OR
135 AM PDT SUN JUL 31 2016


...................................

...THE MEDFORD OR CLIMATE SUMMARY FOR JULY 30 2016...

CLIMATE NORMAL PERIOD 1981 TO 2010
CLIMATE RECORD PERIOD 1911 TO 2016


WEATHER ITEM   OBSERVED TIME   RECORD YEAR NORMAL DEPARTURE LAST
                VALUE   (LST)  VALUE       VALUE  FROM      YEAR
                                                  NORMAL
..................................................................
TEMPERATURE (F)
 YESTERDAY
  MAXIMUM         99    320 PM 108    2015  93      6      108
  MINIMUM         64    514 AM  44    1963  59      5       64
  AVERAGE         82                        76      6       86

PRECIPITATION (IN)
  YESTERDAY        0.00          0.02 2001   0.01  -0.01     0.00
                                      1980
  MONTH TO DATE    0.45                      0.27   0.18     0.29
  SINCE OCT 1     19.77                     17.37   2.40    14.28
  SINCE JAN 1     10.01                      9.73   0.28     7.43

SNOWFALL (IN)
  YESTERDAY        0.0                       0.0    0.0      0.0
  MONTH TO DATE    0.0                       0.0    0.0      0.0
  SINCE JUL 1      0.0                       0.0    0.0      0.0
  SNOW DEPTH       0

DEGREE DAYS
 HEATING
  YESTERDAY        0                         0      0        0
  MONTH TO DATE    2                         1      1        0
  SINCE JUN 1     42                        55    -13       10
  SINCE JUL 1      2                         1      1        0

 COOLING
  YESTERDAY       17                        11      6       21
  MONTH TO DATE  282                       277      5      400
  SINCE JUN 1    483                       385     98      711
  SINCE JAN 1    544                       423    121      756
..................................................................


WIND (MPH)
  HIGHEST WIND SPEED    20   HIGHEST WIND DIRECTION     N (350)
  HIGHEST GUST SPEED    23   HIGHEST GUST DIRECTION     N (340)
  AVERAGE WIND SPEED     4.4


SKY COVER
  POSSIBLE SUNSHINE  MM
  AVERAGE SKY COVER 0.0


WEATHER CONDITIONS
 THE FOLLOWING WEATHER WAS RECORDED YESTERDAY.
  NO SIGNIFICANT WEATHER WAS OBSERVED.


RELATIVE HUMIDITY (PERCENT)
 HIGHEST    58           500 AM
 LOWEST     15           600 PM
 AVERAGE    37

..........................................................


THE MEDFORD OR CLIMATE NORMALS FOR TODAY
                         NORMAL    RECORD    YEAR
 MAXIMUM TEMPERATURE (F)   93       109      2015
 MINIMUM TEMPERATURE (F)   59        43      1975


SUNRISE AND SUNSET
JULY 31 2016..........SUNRISE   604 AM PDT   SUNSET   831 PM PDT
AUGUST  1 2016........SUNRISE   605 AM PDT   SUNSET   830 PM PDT


-  INDICATES NEGATIVE NUMBERS.
R  INDICATES RECORD WAS SET OR TIED.
MM INDICATES DATA IS MISSING.
T  INDICATES TRACE AMOUNT.




$$
