000
CDUS46 KMFR 230039
CLIMFR


CLIMATE REPORT
NATIONAL WEATHER SERVICE MEDFORD, OR
538 PM PDT SAT JUL 22 2017


...................................

...THE MEDFORD OR CLIMATE SUMMARY FOR JULY 22 2017...
VALID TODAY AS OF 0500 PM LOCAL TIME.

CLIMATE NORMAL PERIOD 1981 TO 2010
CLIMATE RECORD PERIOD 1911 TO 2017


WEATHER ITEM   OBSERVED TIME   RECORD YEAR NORMAL DEPARTURE LAST
                VALUE   (LST)  VALUE       VALUE  FROM      YEAR
                                                  NORMAL
..................................................................
TEMPERATURE (F)
 TODAY
  MAXIMUM         98    353 PM 106    2006  92      6       88
                                      1928
  MINIMUM         58    520 AM  43    1965  58      0       56
  AVERAGE         78                        75      3       72

PRECIPITATION (IN)
  TODAY            0.00          0.33 1987   0.01  -0.01     0.00
  MONTH TO DATE    0.00                      0.21  -0.21     0.45
  SINCE OCT 1     24.77                     17.31   7.46    19.77
  SINCE JAN 1     13.08                      9.67   3.41    10.01

SNOWFALL (IN)
  TODAY            0.0                       0.0    0.0      0.0
  MONTH TO DATE    0.0                       0.0    0.0      0.0
  SINCE JUL 1      0.0                       0.0    0.0      0.0
  SNOW DEPTH       0

DEGREE DAYS
 HEATING
  TODAY            0                         0      0        0
  MONTH TO DATE    0                         1     -1        2
  SINCE JUN 1     45                        55    -10       42
  SINCE JUL 1      0                         1     -1        2

 COOLING
  TODAY           13                        10      3        7
  MONTH TO DATE  265                       189     76      157
  SINCE JUN 1    470                       297    173      358
  SINCE JAN 1    557                       335    222      419
..................................................................


WIND (MPH)
  HIGHEST WIND SPEED    10   HIGHEST WIND DIRECTION     W (290)
  HIGHEST GUST SPEED    14   HIGHEST GUST DIRECTION     W (280)
  AVERAGE WIND SPEED     2.3


SKY COVER
  POSSIBLE SUNSHINE  MM
  AVERAGE SKY COVER 0.0


WEATHER CONDITIONS
 THE FOLLOWING WEATHER WAS RECORDED TODAY.
  NO SIGNIFICANT WEATHER WAS OBSERVED.


RELATIVE HUMIDITY (PERCENT)
 HIGHEST    67           500 AM
 LOWEST     20           200 PM
 AVERAGE    44

..........................................................


THE MEDFORD OR CLIMATE NORMALS FOR TOMORROW
                         NORMAL    RECORD    YEAR
 MAXIMUM TEMPERATURE (F)   93       107      2006
 MINIMUM TEMPERATURE (F)   58        44      1922


SUNRISE AND SUNSET
JULY 22 2017..........SUNRISE   555 AM PDT   SUNSET   841 PM PDT
JULY 23 2017..........SUNRISE   555 AM PDT   SUNSET   840 PM PDT


-  INDICATES NEGATIVE NUMBERS.
R  INDICATES RECORD WAS SET OR TIED.
MM INDICATES DATA IS MISSING.
T  INDICATES TRACE AMOUNT.




$$
