742
CDUS46 KMFR 230835
CLIMFR


CLIMATE REPORT
NATIONAL WEATHER SERVICE MEDFORD, OR
1235 AM PST THU FEB 23 2017


...................................

...THE MEDFORD OR CLIMATE SUMMARY FOR FEBRUARY 22 2017...

CLIMATE NORMAL PERIOD 1981 TO 2010
CLIMATE RECORD PERIOD 1911 TO 2017


WEATHER ITEM   OBSERVED TIME   RECORD YEAR NORMAL DEPARTURE LAST
                VALUE   (LST)  VALUE       VALUE  FROM      YEAR
                                                  NORMAL
..................................................................
TEMPERATURE (F)
 YESTERDAY
  MAXIMUM         44    253 PM  70    1995  56    -12       56
                                      1990
  MINIMUM         35   1159 PM  17    1913  35      0       36
  AVERAGE         40                        45     -5       46

PRECIPITATION (IN)
  YESTERDAY        0.10          1.06 1968   0.07   0.03     0.00
  MONTH TO DATE    4.04                      1.59   2.45     0.87
  SINCE OCT 1     20.62                     11.66   8.96    14.85
  SINCE JAN 1      8.93                      4.02   4.91     5.09

SNOWFALL (IN)
  YESTERDAY        0.0                       0.0    0.0      0.0
  MONTH TO DATE    0.0                       0.5   -0.5      1.2
  SINCE JUL 1     11.8                       3.5    8.3      1.9
  SNOW DEPTH       0

DEGREE DAYS
 HEATING
  YESTERDAY       25                        20      5       19
  MONTH TO DATE  392                       467    -75      380
  SINCE DEC 1   2117                      2030     87     1753
  SINCE JUL 1   2890                      2999   -109     2557

 COOLING
  YESTERDAY        0                         0      0        0
  MONTH TO DATE    0                         0      0        0
  SINCE DEC 1      0                         0      0        0
  SINCE JAN 1      0                         0      0        0
..................................................................


WIND (MPH)
  HIGHEST WIND SPEED    16   HIGHEST WIND DIRECTION     W (270)
  HIGHEST GUST SPEED    19   HIGHEST GUST DIRECTION     W (260)
  AVERAGE WIND SPEED     4.0


SKY COVER
  POSSIBLE SUNSHINE  MM
  AVERAGE SKY COVER 0.8


WEATHER CONDITIONS
 THE FOLLOWING WEATHER WAS RECORDED YESTERDAY.
  LIGHT RAIN
  LIGHT SNOW
  FOG


RELATIVE HUMIDITY (PERCENT)
 HIGHEST   100           200 AM
 LOWEST     70           400 PM
 AVERAGE    85

..........................................................


THE MEDFORD OR CLIMATE NORMALS FOR TODAY
                         NORMAL    RECORD    YEAR
 MAXIMUM TEMPERATURE (F)   56        73      1995
 MINIMUM TEMPERATURE (F)   35        19      1920


SUNRISE AND SUNSET
FEBRUARY 23 2017......SUNRISE   656 AM PST   SUNSET   554 PM PST
FEBRUARY 24 2017......SUNRISE   654 AM PST   SUNSET   556 PM PST


-  INDICATES NEGATIVE NUMBERS.
R  INDICATES RECORD WAS SET OR TIED.
MM INDICATES DATA IS MISSING.
T  INDICATES TRACE AMOUNT.




$$
