660
CDUS46 KMFR 171239
CLIMFR


CLIMATE REPORT
NATIONAL WEATHER SERVICE MEDFORD, OR
439 AM PST WED JAN 17 2018


...................................

...THE MEDFORD OR CLIMATE SUMMARY FOR JANUARY 16 2018...

CLIMATE NORMAL PERIOD 1981 TO 2010
CLIMATE RECORD PERIOD 1911 TO 2018


WEATHER ITEM   OBSERVED TIME   RECORD YEAR NORMAL DEPARTURE LAST
                VALUE   (LST)  VALUE       VALUE  FROM      YEAR
                                                  NORMAL
..................................................................
TEMPERATURE (F)
 YESTERDAY
  MAXIMUM         52    413 PM  62    1944  48      4       49
  MINIMUM         39   1005 PM  15    1987  33      6       27
                                      1949
  AVERAGE         46                        40      6       38

PRECIPITATION (IN)
  YESTERDAY        0.01          1.21 1970   0.08  -0.07     0.00
  MONTH TO DATE    0.71                      1.41  -0.70     3.69
  SINCE OCT 1      5.32                      9.05  -3.73    15.38
  SINCE JAN 1      0.71                      1.41  -0.70     3.69

SNOWFALL (IN)
  YESTERDAY       MM                         0.0   MM        0.0
  MONTH TO DATE    0.0                       0.7   -0.7     11.4
  SINCE JUL 1      0.0                       2.4   -2.4     11.8
  SNOW DEPTH       0

DEGREE DAYS
 HEATING
  YESTERDAY       19                        25     -6       27
  MONTH TO DATE  353                       409    -56      509
  SINCE DEC 1   1179                      1206    -27     1361
  SINCE JUL 1   2114                      2175    -61     2134

 COOLING
  YESTERDAY        0                         0      0        0
  MONTH TO DATE    0                         0      0        0
  SINCE DEC 1      0                         0      0        0
  SINCE JAN 1      0                         0      0        0
..................................................................


WIND (MPH)
  HIGHEST WIND SPEED     8   HIGHEST WIND DIRECTION     N (340)
  HIGHEST GUST SPEED    10   HIGHEST GUST DIRECTION    NW (320)
  AVERAGE WIND SPEED     2.0


SKY COVER
  POSSIBLE SUNSHINE  MM
  AVERAGE SKY COVER 0.4


WEATHER CONDITIONS
 THE FOLLOWING WEATHER WAS RECORDED YESTERDAY.
  LIGHT RAIN
  FOG
  FOG W/VISIBILITY <= 1/4 MILE


RELATIVE HUMIDITY (PERCENT)
 HIGHEST   100          1200 AM
 LOWEST     77           200 PM
 AVERAGE    89

..........................................................


THE MEDFORD OR CLIMATE NORMALS FOR TODAY
                         NORMAL    RECORD    YEAR
 MAXIMUM TEMPERATURE (F)   48        65      1981
 MINIMUM TEMPERATURE (F)   33         9      1952


SUNRISE AND SUNSET
JANUARY 17 2018.......SUNRISE   737 AM PST   SUNSET   507 PM PST
JANUARY 18 2018.......SUNRISE   736 AM PST   SUNSET   508 PM PST


-  INDICATES NEGATIVE NUMBERS.
R  INDICATES RECORD WAS SET OR TIED.
MM INDICATES DATA IS MISSING.
T  INDICATES TRACE AMOUNT.




$$
