000
CDUS46 KMFR 220035
CLIMFR


CLIMATE REPORT
NATIONAL WEATHER SERVICE MEDFORD, OR
535 PM PDT TUE OCT 21 2014


...................................

...THE MEDFORD OR CLIMATE SUMMARY FOR OCTOBER 21 2014...
VALID TODAY AS OF 0500 PM LOCAL TIME.

CLIMATE NORMAL PERIOD 1981 TO 2010
CLIMATE RECORD PERIOD 1911 TO 2014


WEATHER ITEM   OBSERVED TIME   RECORD YEAR NORMAL DEPARTURE LAST
                VALUE   (LST)  VALUE       VALUE  FROM      YEAR
                                                  NORMAL
..................................................................
TEMPERATURE (F)
 TODAY
  MAXIMUM         64    356 PM  83    2003  67     -3       79
  MINIMUM         47    421 AM  26    1933  41      6       38
  AVERAGE         56                        54      2       59

PRECIPITATION (IN)
  TODAY            T             1.22 1973   0.04  -0.04     0.00
  MONTH TO DATE    0.90                      0.60   0.30     0.19
  SINCE SEP 1      2.94                      1.17   1.77     2.95
  SINCE JAN 1     14.33                     11.31   3.02     7.50

SNOWFALL (IN)
  TODAY           MM                         0.0   MM        0.0
  MONTH TO DATE    0.0                       0.0    0.0      0.0
  SINCE JUL 1      0.0                       0.0    0.0      0.0
  SNOW DEPTH       0

DEGREE DAYS
 HEATING
  TODAY            9                        11     -2        6
  MONTH TO DATE   68                       157    -89      239
  SINCE SEP 1     80                       216   -136      323
  SINCE JUL 1     80                       226   -146      323

 COOLING
  TODAY            0                         0      0        0
  MONTH TO DATE   21                         8     13        0
  SINCE SEP 1    224                       120    104      142
  SINCE JAN 1   1238                       827    411     1057
..................................................................


WIND (MPH)
  HIGHEST WIND SPEED     9   HIGHEST WIND DIRECTION    SE (140)
  HIGHEST GUST SPEED    12   HIGHEST GUST DIRECTION    SE (150)
  AVERAGE WIND SPEED     2.5


SKY COVER
  POSSIBLE SUNSHINE  MM
  AVERAGE SKY COVER 0.8


WEATHER CONDITIONS
 THE FOLLOWING WEATHER WAS RECORDED TODAY.
  LIGHT RAIN


RELATIVE HUMIDITY (PERCENT)
 HIGHEST   100           300 AM
 LOWEST     43           300 PM
 AVERAGE    72

..........................................................


THE MEDFORD OR CLIMATE NORMALS FOR TOMORROW
                         NORMAL    RECORD    YEAR
 MAXIMUM TEMPERATURE (F)   66        81      2008
                                             1965
 MINIMUM TEMPERATURE (F)   41        28      1953


SUNRISE AND SUNSET
OCTOBER 21 2014.......SUNRISE   731 AM PDT   SUNSET   620 PM PDT
OCTOBER 22 2014.......SUNRISE   733 AM PDT   SUNSET   618 PM PDT


-  INDICATES NEGATIVE NUMBERS.
R  INDICATES RECORD WAS SET OR TIED.
MM INDICATES DATA IS MISSING.
T  INDICATES TRACE AMOUNT.




$$
