000
CDUS46 KMFR 291733
CLIMFR

CLIMATE REPORT
NATIONAL WEATHER SERVICE MEDFORD, OR
1033 AM PDT MON AUG 29 2016


...................................

...THE MEDFORD OR CLIMATE SUMMARY FOR AUGUST 28 2016...

CLIMATE NORMAL PERIOD 1981 TO 2010
CLIMATE RECORD PERIOD 1911 TO 2016


WEATHER ITEM   OBSERVED TIME   RECORD YEAR NORMAL DEPARTURE LAST
                VALUE   (LST)  VALUE       VALUE  FROM      YEAR
                                                  NORMAL
..................................................................
TEMPERATURE (F)
 YESTERDAY
  MAXIMUM         96    408 PM 104    1967  88      8       91
  MINIMUM         59    623 AM  41    1937  55      4       63
  AVERAGE         78                        72      6       77

PRECIPITATION (IN)
  YESTERDAY        0.00          0.30 1935   0.01  -0.01     0.00
  MONTH TO DATE    0.00                      0.35  -0.35     0.01
  SINCE OCT 1     19.77                     17.73   2.04    14.29
  SINCE JAN 1     10.01                     10.09  -0.08     7.44

SNOWFALL (IN)
  YESTERDAY        0.0                       0.0    0.0      0.0
  MONTH TO DATE    0.0                       0.0    0.0      0.0
  SINCE JUL 1      0.0                       0.0    0.0      0.0
  SNOW DEPTH       0

DEGREE DAYS
 HEATING
  YESTERDAY        0                         0      0        0
  MONTH TO DATE    0                         0      0        0
  SINCE JUN 1     42                        60    -18       10
  SINCE JUL 1      2                         6     -4        0

 COOLING
  YESTERDAY       13                         7      6       12
  MONTH TO DATE  371                       257    114      336
  SINCE JUN 1    865                       651    214     1072
  SINCE JAN 1    926                       689    237     1117
..................................................................


WIND (MPH)
  HIGHEST WIND SPEED    15   HIGHEST WIND DIRECTION     W (290)
  HIGHEST GUST SPEED    20   HIGHEST GUST DIRECTION    NW (300)
  AVERAGE WIND SPEED     4.1


SKY COVER
  POSSIBLE SUNSHINE  MM
  AVERAGE SKY COVER 0.1


WEATHER CONDITIONS
 THE FOLLOWING WEATHER WAS RECORDED YESTERDAY.
  NO SIGNIFICANT WEATHER WAS OBSERVED.


RELATIVE HUMIDITY (PERCENT)
 HIGHEST    60           500 AM
 LOWEST     16           200 PM
 AVERAGE    38

..........................................................


THE MEDFORD OR CLIMATE NORMALS FOR TODAY
                         NORMAL    RECORD    YEAR
 MAXIMUM TEMPERATURE (F)   88       103      2007
 MINIMUM TEMPERATURE (F)   55        40      1912


SUNRISE AND SUNSET
AUGUST 29 2016........SUNRISE   634 AM PDT   SUNSET   749 PM PDT
AUGUST 30 2016........SUNRISE   635 AM PDT   SUNSET   748 PM PDT


-  INDICATES NEGATIVE NUMBERS.
R  INDICATES RECORD WAS SET OR TIED.
MM INDICATES DATA IS MISSING.
T  INDICATES TRACE AMOUNT.

&&

LOW TEMPERATURE THIS MORNING...58 DEGREES
24-HOUR PRECIPITATION..........0

$$
