000
CDUS46 KMFR 280036
CLIMFR


CLIMATE REPORT
NATIONAL WEATHER SERVICE MEDFORD, OR
536 PM PDT WED MAY 27 2015


...................................

...THE MEDFORD OR CLIMATE SUMMARY FOR MAY 27 2015...
VALID TODAY AS OF 0500 PM LOCAL TIME.

CLIMATE NORMAL PERIOD 1981 TO 2010
CLIMATE RECORD PERIOD 1911 TO 2015


WEATHER ITEM   OBSERVED TIME   RECORD YEAR NORMAL DEPARTURE LAST
                VALUE   (LST)  VALUE       VALUE  FROM      YEAR
                                                  NORMAL
..................................................................
TEMPERATURE (F)
 TODAY
  MAXIMUM         86    352 PM  99    1983  76     10       73
  MINIMUM         49    520 AM  34    1977  48      1       54
                                      1961
                                      1922
  AVERAGE         68                        62      6       64

PRECIPITATION (IN)
  TODAY            0.00          0.41 2008   0.04  -0.04     0.00
  MONTH TO DATE    0.31                      1.15  -0.84     0.47
  SINCE OCT 1     13.66                     16.32  -2.66    11.80
  SINCE JAN 1      6.81                      8.68  -1.87    10.12

SNOWFALL (IN)
  TODAY            0.0                       0.0    0.0      0.0
  MONTH TO DATE    0.0                       0.0    0.0      0.0
  SINCE JUL 1      T                         4.1   -4.1      3.4
  SNOW DEPTH       0

DEGREE DAYS
 HEATING
  TODAY            0                         4     -4        1
  MONTH TO DATE  107                       181    -74       97
  SINCE MAR 1    796                      1066   -270      777
  SINCE JUL 1   3236                      4180   -944     4147

 COOLING
  TODAY            3                         2      1        0
  MONTH TO DATE    9                        30    -21       50
  SINCE MAR 1      9                        33    -24       54
  SINCE JAN 1      9                        33    -24       54
..................................................................


WIND (MPH)
  HIGHEST WIND SPEED    12   HIGHEST WIND DIRECTION     N (20)
  HIGHEST GUST SPEED    16   HIGHEST GUST DIRECTION     N (350)
  AVERAGE WIND SPEED     3.0


SKY COVER
  POSSIBLE SUNSHINE  MM
  AVERAGE SKY COVER 0.0


WEATHER CONDITIONS
 THE FOLLOWING WEATHER WAS RECORDED TODAY.
  NO SIGNIFICANT WEATHER WAS OBSERVED.


RELATIVE HUMIDITY (PERCENT)
 HIGHEST    80           300 AM
 LOWEST     19           300 PM
 AVERAGE    50

..........................................................


THE MEDFORD OR CLIMATE NORMALS FOR TOMORROW
                         NORMAL    RECORD    YEAR
 MAXIMUM TEMPERATURE (F)   77        99      1983
 MINIMUM TEMPERATURE (F)   49        34      1929
                                             1920


SUNRISE AND SUNSET
MAY 27 2015...........SUNRISE   540 AM PDT   SUNSET   838 PM PDT
MAY 28 2015...........SUNRISE   539 AM PDT   SUNSET   838 PM PDT


-  INDICATES NEGATIVE NUMBERS.
R  INDICATES RECORD WAS SET OR TIED.
MM INDICATES DATA IS MISSING.
T  INDICATES TRACE AMOUNT.




$$
