000
CDUS44 KBMX 160941
CLIMGM


CLIMATE REPORT
NATIONAL WEATHER SERVICE BIRMINGHAM, AL
441 AM CDT WED APR 16 2014


...................................

...THE MONTGOMERY CLIMATE SUMMARY FOR APRIL 15 2014...

CLIMATE NORMAL PERIOD 1981 TO 2010
CLIMATE RECORD PERIOD 1872 TO 2014


WEATHER ITEM   OBSERVED TIME   RECORD YEAR NORMAL DEPARTURE LAST
                VALUE   (LST)  VALUE       VALUE  FROM      YEAR
                                                  NORMAL
..................................................................
TEMPERATURE (F)
 YESTERDAY
  MAXIMUM         65   1227 AM  91    1972  76    -11       81
  MINIMUM         42   1159 PM  36    2008  51     -9       60
  AVERAGE         54                        64    -10       71

PRECIPITATION (IN)
  YESTERDAY        0.16          1.24 1934   0.14   0.02     0.00
  MONTH TO DATE    6.00                      2.27   3.73     3.12
  SINCE MAR 1     11.52                      8.22   3.30     6.49
  SINCE JAN 1     19.19                     18.15   1.04    23.26

SNOWFALL (IN)
  YESTERDAY        0.0                       0.0    0.0      0.0
  MONTH TO DATE    0.0                       0.0    0.0      0.0
  SINCE MAR 1      0.0                       0.3   -0.3      0.0
  SINCE JUL 1      0.5                       0.4    0.1      0.0
  SNOW DEPTH       0

DEGREE DAYS
 HEATING
  YESTERDAY       11                         3      8        0
  MONTH TO DATE   33                        66    -33       44
  SINCE MAR 1    313                       321     -8      414
  SINCE JUL 1   2271                      2193     78     1892

 COOLING
  YESTERDAY        0                         2     -2        6
  MONTH TO DATE   27                        26      1       34
  SINCE MAR 1     30                        49    -19       45
  SINCE JAN 1     37                        55    -18       67
..................................................................


WIND (MPH)
  HIGHEST WIND SPEED    24   HIGHEST WIND DIRECTION    NW (320)
  HIGHEST GUST SPEED    32   HIGHEST GUST DIRECTION    NW (300)
  AVERAGE WIND SPEED    12.8


SKY COVER
  AVERAGE SKY COVER 0.6


WEATHER CONDITIONS
 THE FOLLOWING WEATHER WAS RECORDED YESTERDAY.
  RAIN
  LIGHT RAIN
  FOG


RELATIVE HUMIDITY (PERCENT)
 HIGHEST    93           300 AM
 LOWEST     45           500 PM
 AVERAGE    69

..........................................................


THE MONTGOMERY CLIMATE NORMALS FOR TODAY
                         NORMAL    RECORD    YEAR
 MAXIMUM TEMPERATURE (F)   77        90      1925
 MINIMUM TEMPERATURE (F)   52        36      2008
                                             1950


SUNRISE AND SUNSET
APRIL 16 2014.........SUNRISE   615 AM CDT   SUNSET   716 PM CDT
APRIL 17 2014.........SUNRISE   614 AM CDT   SUNSET   717 PM CDT


-  INDICATES NEGATIVE NUMBERS.
R  INDICATES RECORD WAS SET OR TIED.
MM INDICATES DATA IS MISSING.
T  INDICATES TRACE AMOUNT.




$$
