000
CDUS44 KBMX 300913
CLIMGM


CLIMATE REPORT
NATIONAL WEATHER SERVICE BIRMINGHAM, AL
412 AM CDT SAT APR 30 2016


...................................

...THE MONTGOMERY CLIMATE SUMMARY FOR APRIL 29 2016...

CLIMATE NORMAL PERIOD 1981 TO 2010
CLIMATE RECORD PERIOD 1872 TO 2016


WEATHER ITEM   OBSERVED TIME   RECORD YEAR NORMAL DEPARTURE LAST
                VALUE   (LST)  VALUE       VALUE  FROM      YEAR
                                                  NORMAL
..................................................................
TEMPERATURE (F)
 YESTERDAY
  MAXIMUM         89    218 PM  90    1943  80      9       70
                                      1915
  MINIMUM         64    523 AM  36    1992  55      9       55
  AVERAGE         77                        68      9       63

PRECIPITATION (IN)
  YESTERDAY        0.63          2.34 1873   0.10   0.53     0.09
  MONTH TO DATE    6.62                      3.91   2.71     6.50
  SINCE MAR 1     10.84                      9.86   0.98     8.50
  SINCE JAN 1     21.50                     19.79   1.71    16.16

SNOWFALL (IN)
  YESTERDAY        0.0                       0.0    0.0      0.0
  MONTH TO DATE    0.0                       0.0    0.0      0.0
  SINCE MAR 1      0.0                       0.3   -0.3      0.0
  SINCE JUL 1      T                         0.4   -0.4      0.0
  SNOW DEPTH       0

DEGREE DAYS
 HEATING
  YESTERDAY        0                         1     -1        2
  MONTH TO DATE   37                        97    -60       13
  SINCE MAR 1    159                       352   -193      165
  SINCE JUL 1   1484                      2224   -740     2135

 COOLING
  YESTERDAY       12                         4      8        0
  MONTH TO DATE   89                        68     21      150
  SINCE MAR 1    162                        91     71      221
  SINCE JAN 1    175                        97     78      221
..................................................................


WIND (MPH)
  HIGHEST WIND SPEED    28   HIGHEST WIND DIRECTION     W (280)
  HIGHEST GUST SPEED    38   HIGHEST GUST DIRECTION    NE (30)
  AVERAGE WIND SPEED     4.4


SKY COVER
  AVERAGE SKY COVER 0.4


WEATHER CONDITIONS
 THE FOLLOWING WEATHER WAS RECORDED YESTERDAY.
  THUNDERSTORM
  HEAVY RAIN
  LIGHT RAIN
  FOG
  FOG W/VISIBILITY <= 1/4 MILE


RELATIVE HUMIDITY (PERCENT)
 HIGHEST    93           300 AM
 LOWEST     50           100 PM
 AVERAGE    72

..........................................................


THE MONTGOMERY CLIMATE NORMALS FOR TODAY
                         NORMAL    RECORD    YEAR
 MAXIMUM TEMPERATURE (F)   80        94      2007
 MINIMUM TEMPERATURE (F)   56        40      2008


SUNRISE AND SUNSET
APRIL 30 2016.........SUNRISE   600 AM CDT   SUNSET   726 PM CDT
MAY  1 2016...........SUNRISE   559 AM CDT   SUNSET   727 PM CDT


-  INDICATES NEGATIVE NUMBERS.
R  INDICATES RECORD WAS SET OR TIED.
MM INDICATES DATA IS MISSING.
T  INDICATES TRACE AMOUNT.




$$
