000
CDUS44 KBMX 250744
CLIMGM


CLIMATE REPORT
NATIONAL WEATHER SERVICE BIRMINGHAM, AL
243 AM CDT SUN JUN 25 2017


...................................

...THE MONTGOMERY CLIMATE SUMMARY FOR JUNE 24 2017...

CLIMATE NORMAL PERIOD 1981 TO 2010
CLIMATE RECORD PERIOD 1872 TO 2017


WEATHER ITEM   OBSERVED TIME   RECORD YEAR NORMAL DEPARTURE LAST
                VALUE   (LST)  VALUE       VALUE  FROM      YEAR
                                                  NORMAL
..................................................................
TEMPERATURE (F)
 YESTERDAY
  MAXIMUM         91    150 PM 103    1930  91      0       96
  MINIMUM         75    138 AM  57    1992  70      5       72
  AVERAGE         83                        80      3       84

PRECIPITATION (IN)
  YESTERDAY        T             2.34 1929   0.15  -0.15     0.00
  MONTH TO DATE   11.48                      3.06   8.42     2.42
  SINCE JUN 1     11.48                      3.06   8.42     2.42
  SINCE JAN 1     45.40                     26.50  18.90    24.65

DEGREE DAYS
 COOLING
  YESTERDAY       18                        15      3       19
  MONTH TO DATE  347                       324     23      398
  SINCE JUN 1    347                       324     23      398
  SINCE JAN 1    929                       663    266      859
..................................................................


WIND (MPH)
  HIGHEST WIND SPEED    14   HIGHEST WIND DIRECTION     W (270)
  HIGHEST GUST SPEED    17   HIGHEST GUST DIRECTION    NW (300)
  AVERAGE WIND SPEED     7.0


SKY COVER
  AVERAGE SKY COVER 0.5


WEATHER CONDITIONS
 THE FOLLOWING WEATHER WAS RECORDED YESTERDAY.
  LIGHT RAIN


RELATIVE HUMIDITY (PERCENT)
 HIGHEST    87           200 AM
 LOWEST     56           200 PM
 AVERAGE    72

..........................................................


THE MONTGOMERY CLIMATE NORMALS FOR TODAY
                         NORMAL    RECORD    YEAR
 MAXIMUM TEMPERATURE (F)   91       102      1914
 MINIMUM TEMPERATURE (F)   70        59      1974


SUNRISE AND SUNSET
JUNE 25 2017..........SUNRISE   540 AM CDT   SUNSET   756 PM CDT
JUNE 26 2017..........SUNRISE   541 AM CDT   SUNSET   756 PM CDT


-  INDICATES NEGATIVE NUMBERS.
R  INDICATES RECORD WAS SET OR TIED.
MM INDICATES DATA IS MISSING.
T  INDICATES TRACE AMOUNT.




$$
