000
CDUS44 KBMX 210858
CLIMGM


CLIMATE REPORT
NATIONAL WEATHER SERVICE BIRMINGHAM, AL
257 AM CST SUN JAN 21 2018


...................................

...THE MONTGOMERY CLIMATE SUMMARY FOR JANUARY 20 2018...

CLIMATE NORMAL PERIOD 1981 TO 2010
CLIMATE RECORD PERIOD 1872 TO 2018


WEATHER ITEM   OBSERVED TIME   RECORD YEAR NORMAL DEPARTURE LAST
                VALUE   (LST)  VALUE       VALUE  FROM      YEAR
                                                  NORMAL
..................................................................
TEMPERATURE (F)
 YESTERDAY
  MAXIMUM         64    336 PM  81    1937  57      7       78
  MINIMUM         29    204 AM   4    1985  36     -7       61
  AVERAGE         47                        46      1       70

PRECIPITATION (IN)
  YESTERDAY        0.00          2.28 1979   0.16  -0.16     0.00
  MONTH TO DATE    0.87                      2.81  -1.94     8.05
  SINCE DEC 1      3.48                      7.67  -4.19    12.16
  SINCE JAN 1      0.87                      2.81  -1.94     8.05

SNOWFALL (IN)
  YESTERDAY        0.0                       0.0    0.0      0.0
  MONTH TO DATE    0.0                       0.0    0.0      0.0
  SINCE DEC 1      T                         0.1   -0.1      0.0
  SINCE JUL 1      T                         0.1   -0.1      0.0
  SNOW DEPTH       0

DEGREE DAYS
 HEATING
  YESTERDAY       18                        19     -1        0
  MONTH TO DATE  520                       380    140      181
  SINCE DEC 1   1032                       897    135      530
  SINCE JUL 1   1367                      1268     99      705
..................................................................


WIND (MPH)
  HIGHEST WIND SPEED    10   HIGHEST WIND DIRECTION    NW (320)
  HIGHEST GUST SPEED    13   HIGHEST GUST DIRECTION    NW (320)
  AVERAGE WIND SPEED     1.9


SKY COVER
  AVERAGE SKY COVER 0.4


WEATHER CONDITIONS
 THE FOLLOWING WEATHER WAS RECORDED YESTERDAY.
  NO SIGNIFICANT WEATHER WAS OBSERVED.


RELATIVE HUMIDITY (PERCENT)
 HIGHEST    76          1000 PM
 LOWEST     33          1200 PM
 AVERAGE    55

..........................................................


THE MONTGOMERY CLIMATE NORMALS FOR TODAY
                         NORMAL    RECORD    YEAR
 MAXIMUM TEMPERATURE (F)   58        81      1999
 MINIMUM TEMPERATURE (F)   36         0      1985


SUNRISE AND SUNSET
JANUARY 21 2018.......SUNRISE   645 AM CST   SUNSET   509 PM CST
JANUARY 22 2018.......SUNRISE   645 AM CST   SUNSET   510 PM CST


-  INDICATES NEGATIVE NUMBERS.
R  INDICATES RECORD WAS SET OR TIED.
MM INDICATES DATA IS MISSING.
T  INDICATES TRACE AMOUNT.




$$
