000
CDUS44 KBMX 232212
CLIMGM


CLIMATE REPORT
NATIONAL WEATHER SERVICE BIRMINGHAM, AL
412 PM CST SUN NOV 23 2014


...................................

...THE MONTGOMERY CLIMATE SUMMARY FOR NOVEMBER 23 2014...
VALID AS OF 0400 PM LOCAL TIME.

CLIMATE NORMAL PERIOD 1981 TO 2010
CLIMATE RECORD PERIOD 1872 TO 2014


WEATHER ITEM   OBSERVED TIME   RECORD YEAR NORMAL DEPARTURE LAST
                VALUE   (LST)  VALUE       VALUE  FROM      YEAR
                                                  NORMAL
..................................................................
TEMPERATURE (F)
 TODAY
  MAXIMUM         71    121 PM  83    2004  66      5       63
  MINIMUM         57    238 AM  23    1956  42     15       45
  AVERAGE         64                        54     10       54

PRECIPITATION (IN)
  TODAY            0.50          1.50 1983   0.16   0.34     0.00
  MONTH TO DATE    1.21                      3.41  -2.20     0.90
  SINCE SEP 1      3.96                     10.30  -6.34     2.83
  SINCE JAN 1     43.71                     47.01  -3.30    45.84

SNOWFALL (IN)
  TODAY            0.0                       0.0    0.0      0.0
  MONTH TO DATE    0.0                       0.0    0.0      0.0
  SINCE SEP 1      0.0                       0.0    0.0      0.0
  SINCE JUL 1      0.0                       0.0    0.0      0.0
  SNOW DEPTH       0

..................................................................


WIND (MPH)
  HIGHEST WIND SPEED    21   HIGHEST WIND DIRECTION    SW (230)
  HIGHEST GUST SPEED    30   HIGHEST GUST DIRECTION     W (250)
  AVERAGE WIND SPEED    11.0


SKY COVER
  AVERAGE SKY COVER 1.0


WEATHER CONDITIONS
 THE FOLLOWING WEATHER WAS RECORDED TODAY.
  THUNDERSTORM
  HEAVY RAIN
  RAIN
  LIGHT RAIN
  FOG


RELATIVE HUMIDITY (PERCENT)
 HIGHEST    97           700 AM
 LOWEST     84           200 PM
 AVERAGE    91

..........................................................


THE MONTGOMERY CLIMATE NORMALS FOR TOMORROW
                         NORMAL    RECORD    YEAR
 MAXIMUM TEMPERATURE (F)   66        81      2001
                                             1967
 MINIMUM TEMPERATURE (F)   42        18      1970


SUNRISE AND SUNSET
NOVEMBER 23 2014......SUNRISE   622 AM CST   SUNSET   442 PM CST
NOVEMBER 24 2014......SUNRISE   623 AM CST   SUNSET   442 PM CST


-  INDICATES NEGATIVE NUMBERS.
R  INDICATES RECORD WAS SET OR TIED.
MM INDICATES DATA IS MISSING.
T  INDICATES TRACE AMOUNT.




$$
