000
CDUS44 KBMX 232214
CLIMGM


CLIMATE REPORT
NATIONAL WEATHER SERVICE BIRMINGHAM, AL
513 PM CDT WED AUG 23 2017


...................................

...THE MONTGOMERY CLIMATE SUMMARY FOR AUGUST 23 2017...
VALID TODAY AS OF 0500 PM LOCAL TIME.

CLIMATE NORMAL PERIOD 1981 TO 2010
CLIMATE RECORD PERIOD 1872 TO 2017


WEATHER ITEM   OBSERVED TIME   RECORD YEAR NORMAL DEPARTURE LAST
                VALUE   (LST)  VALUE       VALUE  FROM      YEAR
                                                  NORMAL
..................................................................
TEMPERATURE (F)
 TODAY
  MAXIMUM         95    259 PM 100    2014  92      3       97
                                      2011
                                      2010
  MINIMUM         76    542 AM  61    2009  71      5       74
  AVERAGE         86                        81      5       86

PRECIPITATION (IN)
  TODAY            T             3.67 2008   0.13  -0.13     0.00
  MONTH TO DATE    6.48                      2.95   3.53     2.35
  SINCE JUN 1     23.02                     12.26  10.76    10.69
  SINCE JAN 1     56.94                     35.70  21.24    32.92

DEGREE DAYS
 COOLING
  TODAY           21                        16      5       21
  MONTH TO DATE  434                       386     48      463
  SINCE JUN 1   1461                      1326    135     1604
  SINCE JAN 1   2043                      1665    378     2065
..................................................................


WIND (MPH)
  HIGHEST WIND SPEED    21   HIGHEST WIND DIRECTION     W (290)
  HIGHEST GUST SPEED    26   HIGHEST GUST DIRECTION     W (280)
  AVERAGE WIND SPEED     4.2


SKY COVER
  AVERAGE SKY COVER 0.2


WEATHER CONDITIONS
 THE FOLLOWING WEATHER WAS RECORDED TODAY.
  THUNDERSTORM
  FOG
  HAZE


RELATIVE HUMIDITY (PERCENT)
 HIGHEST    88           400 AM
 LOWEST     46           200 PM
 AVERAGE    67

..........................................................


THE MONTGOMERY CLIMATE NORMALS FOR TOMORROW
                         NORMAL    RECORD    YEAR
 MAXIMUM TEMPERATURE (F)   92       104      1983
 MINIMUM TEMPERATURE (F)   71        58      2009
                                             1891


SUNRISE AND SUNSET
AUGUST 23 2017........SUNRISE   615 AM CDT   SUNSET   721 PM CDT
AUGUST 24 2017........SUNRISE   616 AM CDT   SUNSET   719 PM CDT


-  INDICATES NEGATIVE NUMBERS.
R  INDICATES RECORD WAS SET OR TIED.
MM INDICATES DATA IS MISSING.
T  INDICATES TRACE AMOUNT.




$$
