000
CDUS44 KBMX 240046
CLIMGM


CLIMATE REPORT
NATIONAL WEATHER SERVICE BIRMINGHAM, AL
745 PM CDT TUE AUG 23 2016


...................................

...THE MONTGOMERY CLIMATE SUMMARY FOR AUGUST 23 2016...
VALID TODAY AS OF 0700 PM LOCAL TIME.

CLIMATE NORMAL PERIOD 1981 TO 2010
CLIMATE RECORD PERIOD 1872 TO 2016


WEATHER ITEM   OBSERVED TIME   RECORD YEAR NORMAL DEPARTURE LAST
                VALUE   (LST)  VALUE       VALUE  FROM      YEAR
                                                  NORMAL
..................................................................
TEMPERATURE (F)
 TODAY
  MAXIMUM         97    415 PM 100    2014  92      5       94
                                      2011
                                      2010
  MINIMUM         74    536 AM  61    2009  71      3       76
  AVERAGE         86                        81      5       85

PRECIPITATION (IN)
  TODAY            0.00          3.67 2008   0.13  -0.13     0.00
  MONTH TO DATE    2.35                      2.95  -0.60     1.48
  SINCE JUN 1     10.69                     12.26  -1.57    10.44
  SINCE JAN 1     32.92                     35.70  -2.78    30.94

DEGREE DAYS
 COOLING
  TODAY           21                        16      5       20
  MONTH TO DATE  463                       386     77      448
  SINCE JUN 1   1604                      1326    278     1563
  SINCE JAN 1   2065                      1665    400     2101
..................................................................


WIND (MPH)
  HIGHEST WIND SPEED    10   HIGHEST WIND DIRECTION     N (340)
  HIGHEST GUST SPEED    16   HIGHEST GUST DIRECTION     N (340)
  AVERAGE WIND SPEED     3.0


SKY COVER
  AVERAGE SKY COVER 0.2


WEATHER CONDITIONS
 THE FOLLOWING WEATHER WAS RECORDED TODAY.
  FOG


RELATIVE HUMIDITY (PERCENT)
 HIGHEST    87          1200 AM
 LOWEST     38           400 PM
 AVERAGE    63

..........................................................


THE MONTGOMERY CLIMATE NORMALS FOR TOMORROW
                         NORMAL    RECORD    YEAR
 MAXIMUM TEMPERATURE (F)   92       104      1983
 MINIMUM TEMPERATURE (F)   71        58      2009
                                             1891


SUNRISE AND SUNSET
AUGUST 23 2016........SUNRISE   615 AM CDT   SUNSET   720 PM CDT
AUGUST 24 2016........SUNRISE   616 AM CDT   SUNSET   719 PM CDT


-  INDICATES NEGATIVE NUMBERS.
R  INDICATES RECORD WAS SET OR TIED.
MM INDICATES DATA IS MISSING.
T  INDICATES TRACE AMOUNT.




$$
