000
CDUS44 KBMX 190724
CLIMGM


CLIMATE REPORT
NATIONAL WEATHER SERVICE BIRMINGHAM, AL
124 AM CST FRI DEC 19 2014


...................................

...THE MONTGOMERY CLIMATE SUMMARY FOR DECEMBER 18 2014...

CLIMATE NORMAL PERIOD 1981 TO 2010
CLIMATE RECORD PERIOD 1872 TO 2014


WEATHER ITEM   OBSERVED TIME   RECORD YEAR NORMAL DEPARTURE LAST
                VALUE   (LST)  VALUE       VALUE  FROM      YEAR
                                                  NORMAL
..................................................................
TEMPERATURE (F)
 YESTERDAY
  MAXIMUM         61    305 PM  79    1984  59      2       61
  MINIMUM         36    724 AM  15    1901  37     -1       33
  AVERAGE         49                        48      1       47

PRECIPITATION (IN)
  YESTERDAY        0.00          2.26 1995   0.16  -0.16     0.00
  MONTH TO DATE    0.15                      2.90  -2.75     1.97
  SINCE DEC 1      0.15                      2.90  -2.75     1.97
  SINCE JAN 1     43.86                     51.11  -7.25    49.23

SNOWFALL (IN)
  YESTERDAY        0.0                       0.0    0.0      0.0
  MONTH TO DATE    0.0                       0.0    0.0      0.0
  SINCE DEC 1      0.0                       0.0    0.0      0.0
  SINCE JUL 1      0.0                       0.0    0.0      0.0
  SNOW DEPTH       0

DEGREE DAYS
 HEATING
  YESTERDAY       16                        17     -1       18
  MONTH TO DATE  213                       281    -68      220
  SINCE DEC 1    213                       281    -68      220
  SINCE JUL 1    676                       652     24      588
..................................................................


WIND (MPH)
  HIGHEST WIND SPEED     8   HIGHEST WIND DIRECTION    NW (300)
  HIGHEST GUST SPEED     9   HIGHEST GUST DIRECTION    NW (300)
  AVERAGE WIND SPEED     2.6


SKY COVER
  AVERAGE SKY COVER 0.4


WEATHER CONDITIONS
 THE FOLLOWING WEATHER WAS RECORDED YESTERDAY.
  FOG


RELATIVE HUMIDITY (PERCENT)
 HIGHEST    92           200 AM
 LOWEST     25           300 PM
 AVERAGE    59

..........................................................


THE MONTGOMERY CLIMATE NORMALS FOR TODAY
                         NORMAL    RECORD    YEAR
 MAXIMUM TEMPERATURE (F)   59        79      2008
                                             1967
 MINIMUM TEMPERATURE (F)   37        16      1884


SUNRISE AND SUNSET
DECEMBER 19 2014......SUNRISE   642 AM CST   SUNSET   444 PM CST
DECEMBER 20 2014......SUNRISE   642 AM CST   SUNSET   444 PM CST


-  INDICATES NEGATIVE NUMBERS.
R  INDICATES RECORD WAS SET OR TIED.
MM INDICATES DATA IS MISSING.
T  INDICATES TRACE AMOUNT.




$$
