000
CDUS41 KPBZ 202212
CLIMGW


CLIMATE REPORT
NATIONAL WEATHER SERVICE PITTSBURGH PA
511 PM EST MON FEB 20 2017


...................................

...THE MORGANTOWN WV CLIMATE SUMMARY FOR FEBRUARY 20 2017...
VALID TODAY AS OF 0500 PM LOCAL TIME.

CLIMATE NORMAL PERIOD 1981 TO 2010
CLIMATE RECORD PERIOD 1948 TO 2017


WEATHER ITEM   OBSERVED TIME   RECORD YEAR NORMAL DEPARTURE LAST
                VALUE   (LST)  VALUE       VALUE  FROM      YEAR
                                                  NORMAL
..................................................................
TEMPERATURE (F)
 TODAY
  MAXIMUM         64    316 PM  70    1994  44     20       69
  MINIMUM         48    750 AM  -7    2015  26     22       52
  AVERAGE         56                        35     21       61

PRECIPITATION (IN)
  TODAY            0.00         MM      MM   0.10  -0.10     0.00
  MONTH TO DATE    1.75                      1.82  -0.07     1.09
  SINCE JUN 1     35.21                     29.27   5.94    26.67
  SINCE JAN 1      5.80                      4.63   1.17     3.13

DEGREE DAYS
 HEATING
  TODAY            9                        30    -21        4
  MONTH TO DATE  504                       632   -128      557
  SINCE DEC 1   2223                      2611   -388     2192
  SINCE JUL 1   2909                      3659   -750     2911

 COOLING
  TODAY            0                         0      0        0
  MONTH TO DATE    0                         0      0        0
  SINCE DEC 1      0                         0      0        0
  SINCE JAN 1      0                         0      0        0
..................................................................


WIND (MPH)
  RESULTANT WIND SPEED   1   RESULTANT WIND DIRECTION  SW (230)
  HIGHEST WIND SPEED     8   HIGHEST WIND DIRECTION     S (200)
  HIGHEST GUST SPEED    11   HIGHEST GUST DIRECTION     S (200)
  AVERAGE WIND SPEED     3.3


SKY COVER
  POSSIBLE SUNSHINE  MM
  AVERAGE SKY COVER 0.6


WEATHER CONDITIONS
 THE FOLLOWING WEATHER WAS RECORDED TODAY.
  HAZE


RELATIVE HUMIDITY (PERCENT)
 HIGHEST    80          1200 AM
 LOWEST     30           400 PM
 AVERAGE    55

..........................................................


THE MORGANTOWN WV CLIMATE NORMALS FOR TOMORROW
                         NORMAL    RECORD    YEAR
 MAXIMUM TEMPERATURE (F)   44        73      1997
 MINIMUM TEMPERATURE (F)   26        -8      1968


SUNRISE AND SUNSET
FEBRUARY 20 2017......SUNRISE   705 AM EST   SUNSET   602 PM EST
FEBRUARY 21 2017......SUNRISE   704 AM EST   SUNSET   603 PM EST


-  INDICATES NEGATIVE NUMBERS.
R  INDICATES RECORD WAS SET OR TIED.
MM INDICATES DATA IS MISSING.
T  INDICATES TRACE AMOUNT.




$$
