000
CDUS41 KPBZ 060802
CLIMGW


CLIMATE REPORT
NATIONAL WEATHER SERVICE PITTSBURGH PA
301 AM EST TUE DEC 6 2016


...................................

...THE MORGANTOWN WV CLIMATE SUMMARY FOR DECEMBER 5 2016...

CLIMATE NORMAL PERIOD 1981 TO 2010
CLIMATE RECORD PERIOD 1948 TO 2016


WEATHER ITEM   OBSERVED TIME   RECORD YEAR NORMAL DEPARTURE LAST
                VALUE   (LST)  VALUE       VALUE  FROM      YEAR
                                                  NORMAL
..................................................................
TEMPERATURE (F)
 YESTERDAY
  MAXIMUM         49    218 PM  75    1982  45      4       54
  MINIMUM         34   1058 PM  11    1974  30      4       25
  AVERAGE         42                        38      4       40

PRECIPITATION (IN)
  YESTERDAY        0.03         MM      MM   0.10  -0.07     0.00
  MONTH TO DATE    0.14                      0.51  -0.37     1.33
  SINCE JUN 1     25.50                     22.24   3.26    21.09
  SINCE JAN 1     41.54                     39.43   2.11    38.34

DEGREE DAYS
 HEATING
  YESTERDAY       23                        27     -4       25
  MONTH TO DATE  123                       133    -10      110
  SINCE DEC 1    123                       133    -10      110
  SINCE JUL 1    809                      1181   -372      829

 COOLING
  YESTERDAY        0                         0      0        0
  MONTH TO DATE    0                         0      0        0
  SINCE DEC 1      0                         0      0        0
  SINCE JAN 1   1283                       814    469     1211
..................................................................


WIND (MPH)
  HIGHEST WIND SPEED    14   HIGHEST WIND DIRECTION    SW (210)
  HIGHEST GUST SPEED    22   HIGHEST GUST DIRECTION    SW (210)
  AVERAGE WIND SPEED     6.0


SKY COVER
  POSSIBLE SUNSHINE  MM
  AVERAGE SKY COVER 0.6


WEATHER CONDITIONS
 THE FOLLOWING WEATHER WAS RECORDED YESTERDAY.
  LIGHT RAIN
  HAZE


RELATIVE HUMIDITY (PERCENT)
 HIGHEST    86           300 AM
 LOWEST     53           400 PM
 AVERAGE    70

..........................................................


THE MORGANTOWN WV CLIMATE NORMALS FOR TODAY
                         NORMAL    RECORD    YEAR
 MAXIMUM TEMPERATURE (F)   45        73      1998
 MINIMUM TEMPERATURE (F)   30         9      2007


SUNRISE AND SUNSET
DECEMBER  6 2016......SUNRISE   726 AM EST   SUNSET   455 PM EST
DECEMBER  7 2016......SUNRISE   727 AM EST   SUNSET   455 PM EST


-  INDICATES NEGATIVE NUMBERS.
R  INDICATES RECORD WAS SET OR TIED.
MM INDICATES DATA IS MISSING.
T  INDICATES TRACE AMOUNT.




$$
