000
CDUS41 KPBZ 211221
CLIMGW


CLIMATE REPORT
NATIONAL WEATHER SERVICE PITTSBURGH PA
820 AM EDT THU SEP 21 2017


...................................

...THE MORGANTOWN WV CLIMATE SUMMARY FOR SEPTEMBER 21 2017...
VALID AS OF 0800 AM LOCAL TIME.

CLIMATE NORMAL PERIOD 1981 TO 2010
CLIMATE RECORD PERIOD 1872 TO 2017


WEATHER ITEM   OBSERVED TIME   RECORD YEAR NORMAL DEPARTURE LAST
                VALUE   (LST)  VALUE       VALUE  FROM      YEAR
                                                  NORMAL
..................................................................
TEMPERATURE (F)
 TODAY
  MAXIMUM         66   1246 AM  91    1895
  MINIMUM         61    634 AM  31    1956  53      8       59

PRECIPITATION (IN)
  TODAY            0.00          1.53 1950   0.12  -0.12     0.00
  MONTH TO DATE    1.80                      2.24  -0.44     0.75
  SINCE JUN 1     17.32                     14.52   2.80    16.15
  SINCE JAN 1     40.41                     31.71   8.70    32.19

DEGREE DAYS
 HEATING
  TODAY            1

 COOLING
  TODAY            0
..................................................................





WEATHER CONDITIONS
 THE FOLLOWING WEATHER WAS RECORDED TODAY.
  FOG


RELATIVE HUMIDITY (PERCENT)
 HIGHEST    93          1200 AM

..........................................................


THE MORGANTOWN WV CLIMATE NORMALS FOR TOMORROW
                         NORMAL    RECORD    YEAR
 MAXIMUM TEMPERATURE (F)   73        91      1965
 MINIMUM TEMPERATURE (F)   52        34      1904


SUNRISE AND SUNSET
SEPTEMBER 21 2017.....SUNRISE   707 AM EDT   SUNSET   718 PM EDT
SEPTEMBER 22 2017.....SUNRISE   707 AM EDT   SUNSET   716 PM EDT


-  INDICATES NEGATIVE NUMBERS.
R  INDICATES RECORD WAS SET OR TIED.
MM INDICATES DATA IS MISSING.
T  INDICATES TRACE AMOUNT.




$$
