000
CDUS41 KPBZ 260701
CLIMGW


CLIMATE REPORT
NATIONAL WEATHER SERVICE PITTSBURGH PA
301 AM EDT MON SEP 26 2016


...................................

...THE MORGANTOWN WV CLIMATE SUMMARY FOR SEPTEMBER 25 2016...

CLIMATE NORMAL PERIOD 1981 TO 2010
CLIMATE RECORD PERIOD 1948 TO 2016


WEATHER ITEM   OBSERVED TIME   RECORD YEAR NORMAL DEPARTURE LAST
                VALUE   (LST)  VALUE       VALUE  FROM      YEAR
                                                  NORMAL
..................................................................
TEMPERATURE (F)
 YESTERDAY
  MAXIMUM         81    314 PM  89    2007  72      9       73
  MINIMUM         54    654 AM  35    1950  51      3       61
  AVERAGE         68                        62      6       67

PRECIPITATION (IN)
  YESTERDAY        0.00         MM      MM   0.11  -0.11     0.00
  MONTH TO DATE    0.75                      2.67  -1.92     1.71
  SINCE JUN 1     16.15                     14.95   1.20    13.55
  SINCE JAN 1     32.19                     32.14   0.05    30.80

DEGREE DAYS
 HEATING
  YESTERDAY        0                         5     -5        0
  MONTH TO DATE    0                        58    -58       13
  SINCE SEP 1      0                        58    -58       13
  SINCE JUL 1      0                        69    -69       14

 COOLING
  YESTERDAY        3                         2      1        2
  MONTH TO DATE  212                        86    126      176
  SINCE SEP 1    212                        86    126      176
  SINCE JAN 1   1223                       795    428     1180
..................................................................


WIND (MPH)
  HIGHEST WIND SPEED     9   HIGHEST WIND DIRECTION     N (20)
  HIGHEST GUST SPEED    11   HIGHEST GUST DIRECTION     N (20)
  AVERAGE WIND SPEED     2.6


SKY COVER
  POSSIBLE SUNSHINE  MM
  AVERAGE SKY COVER 0.3


WEATHER CONDITIONS
 THE FOLLOWING WEATHER WAS RECORDED YESTERDAY.
  FOG
  FOG W/VISIBILITY <= 1/4 MILE
  HAZE


RELATIVE HUMIDITY (PERCENT)
 HIGHEST    93           100 AM
 LOWEST     23           400 PM
 AVERAGE    58

..........................................................


THE MORGANTOWN WV CLIMATE NORMALS FOR TODAY
                         NORMAL    RECORD    YEAR
 MAXIMUM TEMPERATURE (F)   72        89      1959
 MINIMUM TEMPERATURE (F)   51        37      1965


SUNRISE AND SUNSET
SEPTEMBER 26 2016.....SUNRISE   711 AM EDT   SUNSET   709 PM EDT
SEPTEMBER 27 2016.....SUNRISE   712 AM EDT   SUNSET   708 PM EDT


-  INDICATES NEGATIVE NUMBERS.
R  INDICATES RECORD WAS SET OR TIED.
MM INDICATES DATA IS MISSING.
T  INDICATES TRACE AMOUNT.




$$
