000
CDUS41 KPBZ 302115
CLIMGW


CLIMATE REPORT
NATIONAL WEATHER SERVICE PITTSBURGH PA
515 PM EDT SAT MAY 30 2015


...................................

...THE MORGANTOWN WV CLIMATE SUMMARY FOR MAY 30 2015...
VALID TODAY AS OF 0500 PM LOCAL TIME.

CLIMATE NORMAL PERIOD 1981 TO 2010
CLIMATE RECORD PERIOD 1948 TO 2015


WEATHER ITEM   OBSERVED TIME   RECORD YEAR NORMAL DEPARTURE LAST
                VALUE   (LST)  VALUE       VALUE  FROM      YEAR
                                                  NORMAL
..................................................................
TEMPERATURE (F)
 TODAY
  MAXIMUM         84    359 PM  93    2006  75      9       76
  MINIMUM         66    154 AM  35    1961  54     12       58
  AVERAGE         75                        65     10       67

PRECIPITATION (IN)
  TODAY            0.00         MM      MM   0.15  -0.15     0.00
  MONTH TO DATE    1.18                      4.45  -3.27     4.53
  SINCE JUN 1     43.44                     41.67   1.77    43.92
  SINCE JAN 1     17.21                     17.03   0.18    15.49

DEGREE DAYS
 HEATING
  TODAY            0                         3     -3        0
  MONTH TO DATE   84                       167    -83      117
  SINCE MAR 1   1158                      1261   -103     1278
  SINCE JUL 1   5282                      5150    132     5404

 COOLING
  TODAY           10                         3      7        2
  MONTH TO DATE  165                        49    116       89
  SINCE MAR 1    173                        65    108      107
  SINCE JAN 1    173                        65    108      107
..................................................................


WIND (MPH)
  RESULTANT WIND SPEED   4   RESULTANT WIND DIRECTION   S (200)
  HIGHEST WIND SPEED    14   HIGHEST WIND DIRECTION     S (190)
  HIGHEST GUST SPEED    20   HIGHEST GUST DIRECTION    SW (210)
  AVERAGE WIND SPEED     4.7


SKY COVER
  POSSIBLE SUNSHINE  MM
  AVERAGE SKY COVER 0.2


WEATHER CONDITIONS
 THE FOLLOWING WEATHER WAS RECORDED TODAY.
  NO SIGNIFICANT WEATHER WAS OBSERVED.


RELATIVE HUMIDITY (PERCENT)
 HIGHEST    87           200 AM
 LOWEST     47          1100 AM
 AVERAGE    67

..........................................................


THE MORGANTOWN WV CLIMATE NORMALS FOR TOMORROW
                         NORMAL    RECORD    YEAR
 MAXIMUM TEMPERATURE (F)   76        93      2011
 MINIMUM TEMPERATURE (F)   55        37      2001


SUNRISE AND SUNSET
MAY 30 2015...........SUNRISE   555 AM EDT   SUNSET   840 PM EDT
MAY 31 2015...........SUNRISE   555 AM EDT   SUNSET   840 PM EDT


-  INDICATES NEGATIVE NUMBERS.
R  INDICATES RECORD WAS SET OR TIED.
MM INDICATES DATA IS MISSING.
T  INDICATES TRACE AMOUNT.




$$
