123
CDUS41 KPBZ 130803
CLIMGW


CLIMATE REPORT
NATIONAL WEATHER SERVICE PITTSBURGH PA
302 AM EST SAT FEB 13 2016


...................................

...THE MORGANTOWN WV CLIMATE SUMMARY FOR FEBRUARY 12 2016...

CLIMATE NORMAL PERIOD 1981 TO 2010
CLIMATE RECORD PERIOD 1948 TO 2016


WEATHER ITEM   OBSERVED TIME   RECORD YEAR NORMAL DEPARTURE LAST
                VALUE   (LST)  VALUE       VALUE  FROM      YEAR
                                                  NORMAL
..................................................................
TEMPERATURE (F)
 YESTERDAY
  MAXIMUM         21    414 PM  71    1984  42    -21       33
  MINIMUM          0    604 AM  -5    1981  25    -25        7
  AVERAGE         11                        34    -23       20

PRECIPITATION (IN)
  YESTERDAY        0.06         MM      MM   0.09  -0.03     0.03
  MONTH TO DATE    1.09                      1.09   0.00     1.02
  SINCE JUN 1     26.67                     28.54  -1.87    29.81
  SINCE JAN 1      3.13                      3.90  -0.77     3.58

DEGREE DAYS
 HEATING
  YESTERDAY       54                        31     23       45
  MONTH TO DATE  386                       387     -1      409
  SINCE DEC 1   2021                      2366   -345     2362
  SINCE JUL 1   2740                      3414   -674     3392

 COOLING
  YESTERDAY        0                         0      0        0
  MONTH TO DATE    0                         0      0        0
  SINCE DEC 1      0                         0      0        0
  SINCE JAN 1      0                         0      0        0
..................................................................


WIND (MPH)
  HIGHEST WIND SPEED    15   HIGHEST WIND DIRECTION    NW (300)
  HIGHEST GUST SPEED    27   HIGHEST GUST DIRECTION    NW (310)
  AVERAGE WIND SPEED     3.8


SKY COVER
  POSSIBLE SUNSHINE  MM
  AVERAGE SKY COVER 0.7


WEATHER CONDITIONS
 THE FOLLOWING WEATHER WAS RECORDED YESTERDAY.
  SNOW
  LIGHT SNOW
  HAZE


RELATIVE HUMIDITY (PERCENT)
 HIGHEST    83          1200 AM
 LOWEST     49          1200 PM
 AVERAGE    66

..........................................................


THE MORGANTOWN WV CLIMATE NORMALS FOR TODAY
                         NORMAL    RECORD    YEAR
 MAXIMUM TEMPERATURE (F)   42        65      1984
 MINIMUM TEMPERATURE (F)   25         0      1981


SUNRISE AND SUNSET
FEBRUARY 13 2016......SUNRISE   715 AM EST   SUNSET   553 PM EST
FEBRUARY 14 2016......SUNRISE   714 AM EST   SUNSET   554 PM EST


-  INDICATES NEGATIVE NUMBERS.
R  INDICATES RECORD WAS SET OR TIED.
MM INDICATES DATA IS MISSING.
T  INDICATES TRACE AMOUNT.




$$
