000
CDUS41 KPBZ 271328
CLIMGW


CLIMATE REPORT
NATIONAL WEATHER SERVICE PITTSBURGH PA
826 AM EST SAT DEC 27 2014


...................................

...THE MORGANTOWN WV CLIMATE SUMMARY FOR DECEMBER 27 2014...
VALID AS OF 0800 AM LOCAL TIME.

CLIMATE NORMAL PERIOD 1981 TO 2010
CLIMATE RECORD PERIOD 1948 TO 2014


WEATHER ITEM   OBSERVED TIME   RECORD YEAR NORMAL DEPARTURE LAST
                VALUE   (LST)  VALUE       VALUE  FROM      YEAR
                                                  NORMAL
..................................................................
TEMPERATURE (F)
 TODAY
  MINIMUM         31    659 AM  -3    1989  25      6       24

PRECIPITATION (IN)
  TODAY            0.00         MM      MM   0.08  -0.08     0.00
  MONTH TO DATE    2.78                      2.57   0.21     3.66
  SINCE JUN 1     26.12                     24.30   1.82    27.56
  SINCE JAN 1     41.61                     41.49   0.12    40.20

DEGREE DAYS
 HEATING
  TODAY           29

 COOLING
  TODAY            0
..................................................................





WEATHER CONDITIONS
 THE FOLLOWING WEATHER WAS RECORDED TODAY.
  NO SIGNIFICANT WEATHER WAS OBSERVED.


RELATIVE HUMIDITY (PERCENT)
 HIGHEST    72           600 AM

..........................................................


THE MORGANTOWN WV CLIMATE NORMALS FOR TOMORROW
                         NORMAL    RECORD    YEAR
 MAXIMUM TEMPERATURE (F)   40        72      1982
 MINIMUM TEMPERATURE (F)   25        -2      1950


SUNRISE AND SUNSET
DECEMBER 27 2014......SUNRISE   739 AM EST   SUNSET   502 PM EST
DECEMBER 28 2014......SUNRISE   740 AM EST   SUNSET   503 PM EST


-  INDICATES NEGATIVE NUMBERS.
R  INDICATES RECORD WAS SET OR TIED.
MM INDICATES DATA IS MISSING.
T  INDICATES TRACE AMOUNT.




$$
