000
CDUS41 KPBZ 230801
CLIMGW


CLIMATE REPORT
NATIONAL WEATHER SERVICE PITTSBURGH PA
301 AM EST MON JAN 23 2017


...................................

...THE MORGANTOWN WV CLIMATE SUMMARY FOR JANUARY 22 2017...

CLIMATE NORMAL PERIOD 1981 TO 2010
CLIMATE RECORD PERIOD 1948 TO 2017


WEATHER ITEM   OBSERVED TIME   RECORD YEAR NORMAL DEPARTURE LAST
                VALUE   (LST)  VALUE       VALUE  FROM      YEAR
                                                  NORMAL
..................................................................
TEMPERATURE (F)
 YESTERDAY
  MAXIMUM         60    335 PM  72    1999  39     21       25
  MINIMUM         47    456 AM  -5    1984  24     23       11
  AVERAGE         54                        31     23       18

PRECIPITATION (IN)
  YESTERDAY        T            MM      MM   0.09  -0.09     0.53
  MONTH TO DATE    2.91                      1.99   0.92     1.69
  SINCE JUN 1     32.32                     26.63   5.69    25.23
  SINCE JAN 1      2.91                      1.99   0.92     1.69

DEGREE DAYS
 HEATING
  YESTERDAY       11                        34    -23       47
  MONTH TO DATE  587                       745   -158      822
  SINCE DEC 1   1463                      1681   -218     1342
  SINCE JUL 1   2149                      2729   -580     2061

 COOLING
  YESTERDAY        0                         0      0        0
  MONTH TO DATE    0                         0      0        0
  SINCE DEC 1      0                         0      0        0
  SINCE JAN 1      0                         0      0        0
..................................................................


WIND (MPH)
  HIGHEST WIND SPEED    13   HIGHEST WIND DIRECTION     N (20)
  HIGHEST GUST SPEED    17   HIGHEST GUST DIRECTION     E (70)
  AVERAGE WIND SPEED     4.1


SKY COVER
  POSSIBLE SUNSHINE  MM
  AVERAGE SKY COVER 0.9


WEATHER CONDITIONS
 THE FOLLOWING WEATHER WAS RECORDED YESTERDAY.
  FOG


RELATIVE HUMIDITY (PERCENT)
 HIGHEST    93           400 AM
 LOWEST     62           400 PM
 AVERAGE    78

..........................................................


THE MORGANTOWN WV CLIMATE NORMALS FOR TODAY
                         NORMAL    RECORD    YEAR
 MAXIMUM TEMPERATURE (F)   39        73      1999
 MINIMUM TEMPERATURE (F)   24        -3      1977


SUNRISE AND SUNSET
JANUARY 23 2017.......SUNRISE   734 AM EST   SUNSET   529 PM EST
JANUARY 24 2017.......SUNRISE   734 AM EST   SUNSET   530 PM EST


-  INDICATES NEGATIVE NUMBERS.
R  INDICATES RECORD WAS SET OR TIED.
MM INDICATES DATA IS MISSING.
T  INDICATES TRACE AMOUNT.




$$
