000
CDUS41 KPBZ 231229
CLIMGW


CLIMATE REPORT
NATIONAL WEATHER SERVICE PITTSBURGH PA
829 AM EDT WED JUL 23 2014


...................................

...THE MORGANTOWN WV CLIMATE SUMMARY FOR JULY 23 2014...
VALID AS OF 0800 AM LOCAL TIME.

CLIMATE NORMAL PERIOD 1981 TO 2010
CLIMATE RECORD PERIOD 1948 TO 2014


WEATHER ITEM   OBSERVED TIME   RECORD YEAR NORMAL DEPARTURE LAST
                VALUE   (LST)  VALUE       VALUE  FROM      YEAR
                                                  NORMAL
..................................................................
TEMPERATURE (F)
 TODAY
  MINIMUM         69    350 AM  50    1954  63      6       65

PRECIPITATION (IN)
  TODAY            0.00         MM      MM   0.15  -0.15    MM
  MONTH TO DATE    3.43                      3.53  -0.10     5.49
  SINCE JUN 1      7.95                      7.64   0.31    10.27
  SINCE JAN 1     23.44                     24.83  -1.39    22.91

DEGREE DAYS
 HEATING
  TODAY            0

 COOLING
  TODAY            8
..................................................................





WEATHER CONDITIONS
 THE FOLLOWING WEATHER WAS RECORDED TODAY.
  FOG


RELATIVE HUMIDITY (PERCENT)
 HIGHEST    90          1200 AM

..........................................................


THE MORGANTOWN WV CLIMATE NORMALS FOR TOMORROW
                         NORMAL    RECORD    YEAR
 MAXIMUM TEMPERATURE (F)   83        94      2010
 MINIMUM TEMPERATURE (F)   63        49      1954


SUNRISE AND SUNSET
JULY 23 2014..........SUNRISE   611 AM EDT   SUNSET   841 PM EDT
JULY 24 2014..........SUNRISE   612 AM EDT   SUNSET   840 PM EDT


-  INDICATES NEGATIVE NUMBERS.
R  INDICATES RECORD WAS SET OR TIED.
MM INDICATES DATA IS MISSING.
T  INDICATES TRACE AMOUNT.




$$
