000
CDUS41 KPBZ 272213
CLIMGW


CLIMATE REPORT
NATIONAL WEATHER SERVICE PITTSBURGH PA
512 PM EST TUE JAN 27 2015


...................................

...THE MORGANTOWN WV CLIMATE SUMMARY FOR JANUARY 27 2015...
VALID TODAY AS OF 0500 PM LOCAL TIME.

CLIMATE NORMAL PERIOD 1981 TO 2010
CLIMATE RECORD PERIOD 1948 TO 2015


WEATHER ITEM   OBSERVED TIME   RECORD YEAR NORMAL DEPARTURE LAST
                VALUE   (LST)  VALUE       VALUE  FROM      YEAR
                                                  NORMAL
..................................................................
TEMPERATURE (F)
 TODAY
  MAXIMUM         24    115 AM  64    1999  39    -15       45
  MINIMUM         20   1012 AM  -1    2003  24     -4        4
  AVERAGE         22                        32    -10       25

PRECIPITATION (IN)
  TODAY            T            MM      MM   0.09  -0.09     0.07
  MONTH TO DATE    2.38                      2.44  -0.06     1.82
  SINCE JUN 1     28.61                     27.08   1.53    30.25
  SINCE JAN 1      2.38                      2.44  -0.06     1.82

DEGREE DAYS
 HEATING
  TODAY           43                        33     10       40
  MONTH TO DATE  963                       913     50      958
  SINCE DEC 1   1790                      1849    -59     1795
  SINCE JUL 1   2820                      2897    -77     2912

 COOLING
  TODAY            0                         0      0        0
  MONTH TO DATE    0                         0      0        0
  SINCE DEC 1      0                         0      0        1
  SINCE JAN 1      0                         0      0        0
..................................................................


WIND (MPH)
  RESULTANT WIND SPEED   5   RESULTANT WIND DIRECTION  NW (310)
  HIGHEST WIND SPEED    10   HIGHEST WIND DIRECTION     W (290)
  HIGHEST GUST SPEED    13   HIGHEST GUST DIRECTION    NW (300)
  AVERAGE WIND SPEED     6.1


SKY COVER
  POSSIBLE SUNSHINE  MM
  AVERAGE SKY COVER 1.0


WEATHER CONDITIONS
 THE FOLLOWING WEATHER WAS RECORDED TODAY.
  LIGHT SNOW
  HAZE


RELATIVE HUMIDITY (PERCENT)
 HIGHEST    84           300 AM
 LOWEST     68          1100 AM
 AVERAGE    76

..........................................................


THE MORGANTOWN WV CLIMATE NORMALS FOR TOMORROW
                         NORMAL    RECORD    YEAR
 MAXIMUM TEMPERATURE (F)   40        64      2002
 MINIMUM TEMPERATURE (F)   24        -9      2014


SUNRISE AND SUNSET
JANUARY 27 2015.......SUNRISE   732 AM EST   SUNSET   533 PM EST
JANUARY 28 2015.......SUNRISE   731 AM EST   SUNSET   535 PM EST


-  INDICATES NEGATIVE NUMBERS.
R  INDICATES RECORD WAS SET OR TIED.
MM INDICATES DATA IS MISSING.
T  INDICATES TRACE AMOUNT.




$$
