000
CDUS41 KPBZ 202213
CLIMGW


CLIMATE REPORT
NATIONAL WEATHER SERVICE PITTSBURGH PA
512 PM EST TUE FEB 20 2018


...................................

...THE MORGANTOWN WV CLIMATE SUMMARY FOR FEBRUARY 20 2018...
VALID TODAY AS OF 0500 PM LOCAL TIME.

CLIMATE NORMAL PERIOD 1981 TO 2010
CLIMATE RECORD PERIOD 1872 TO 2018


WEATHER ITEM   OBSERVED TIME   RECORD YEAR NORMAL DEPARTURE LAST
                VALUE   (LST)  VALUE       VALUE  FROM      YEAR
                                                  NORMAL
..................................................................
TEMPERATURE (F)
 TODAY
  MAXIMUM         78R   359 PM  70    1994  44     34       64
  MINIMUM         63    334 AM  -7    2015  26     37       48
  AVERAGE         71                        35     36       56

PRECIPITATION (IN)
  TODAY            0.00          1.35 1981   0.10  -0.10     0.00
  MONTH TO DATE    4.42                      1.82   2.60     1.75
  SINCE JUN 1     33.53                     29.27   4.26    35.21
  SINCE JAN 1      7.20                      4.63   2.57     5.80

DEGREE DAYS
 HEATING
  TODAY            0                        30    -30        9
  MONTH TO DATE  508                       632   -124      504
  SINCE DEC 1   2611                      2611      0     2223
  SINCE JUL 1   3506                      3659   -153     2909

 COOLING
  TODAY            6                         0      6        0
  MONTH TO DATE    6                         0      6        0
  SINCE DEC 1      6                         0      6        0
  SINCE JAN 1      6                         0      6        0
..................................................................


WIND (MPH)
  RESULTANT WIND SPEED   7   RESULTANT WIND DIRECTION  SW (210)
  HIGHEST WIND SPEED    18   HIGHEST WIND DIRECTION    SW (210)
  HIGHEST GUST SPEED    27   HIGHEST GUST DIRECTION    SW (230)
  AVERAGE WIND SPEED     7.9


SKY COVER
  POSSIBLE SUNSHINE  MM
  AVERAGE SKY COVER 0.3


WEATHER CONDITIONS
 THE FOLLOWING WEATHER WAS RECORDED TODAY.
  NO SIGNIFICANT WEATHER WAS OBSERVED.


RELATIVE HUMIDITY (PERCENT)
 HIGHEST    63          1200 AM
 LOWEST     36           500 PM
 AVERAGE    50

..........................................................


THE MORGANTOWN WV CLIMATE NORMALS FOR TOMORROW
                         NORMAL    RECORD    YEAR
 MAXIMUM TEMPERATURE (F)   44        75      1874
 MINIMUM TEMPERATURE (F)   26        -8      1968


SUNRISE AND SUNSET
FEBRUARY 20 2018......SUNRISE   705 AM EST   SUNSET   602 PM EST
FEBRUARY 21 2018......SUNRISE   704 AM EST   SUNSET   603 PM EST


-  INDICATES NEGATIVE NUMBERS.
R  INDICATES RECORD WAS SET OR TIED.
MM INDICATES DATA IS MISSING.
T  INDICATES TRACE AMOUNT.




$$
