000
CDUS41 KPBZ 261249
CLIMGW


CLIMATE REPORT
NATIONAL WEATHER SERVICE PITTSBURGH PA
849 AM EDT FRI MAY 26 2017


...................................

...THE MORGANTOWN WV CLIMATE SUMMARY FOR MAY 26 2017...
VALID AS OF 0800 AM LOCAL TIME.

CLIMATE NORMAL PERIOD 1981 TO 2010
CLIMATE RECORD PERIOD 1948 TO 2017


WEATHER ITEM   OBSERVED TIME   RECORD YEAR NORMAL DEPARTURE LAST
                VALUE   (LST)  VALUE       VALUE  FROM      YEAR
                                                  NORMAL
..................................................................
TEMPERATURE (F)
 TODAY
  MAXIMUM         61    338 AM  91    1991
  MINIMUM         56   1237 AM  31    1917  53      3       61

PRECIPITATION (IN)
  TODAY            0.15          2.11 1987   0.16  -0.01      T
  MONTH TO DATE    4.75                      3.84   0.91     5.20
  SINCE JUN 1     51.74                     41.06  10.68    39.57
  SINCE JAN 1     22.33                     16.42   5.91    16.03

DEGREE DAYS
 HEATING
  TODAY            6

 COOLING
  TODAY            0
..................................................................





WEATHER CONDITIONS
 THE FOLLOWING WEATHER WAS RECORDED TODAY.
  HEAVY RAIN
  RAIN
  LIGHT RAIN
  FOG


RELATIVE HUMIDITY (PERCENT)
 HIGHEST    87           500 AM

..........................................................


THE MORGANTOWN WV CLIMATE NORMALS FOR TOMORROW
                         NORMAL    RECORD    YEAR
 MAXIMUM TEMPERATURE (F)   75        91      2012
 MINIMUM TEMPERATURE (F)   53        30      1925


SUNRISE AND SUNSET
MAY 26 2017...........SUNRISE   557 AM EDT   SUNSET   837 PM EDT
MAY 27 2017...........SUNRISE   556 AM EDT   SUNSET   838 PM EDT


-  INDICATES NEGATIVE NUMBERS.
R  INDICATES RECORD WAS SET OR TIED.
MM INDICATES DATA IS MISSING.
T  INDICATES TRACE AMOUNT.




$$
