000
CDUS41 KPBZ 022121
CLIMGW


CLIMATE REPORT
NATIONAL WEATHER SERVICE PITTSBURGH PA
521 PM EDT MON MAY 2 2016


...................................

...THE MORGANTOWN WV CLIMATE SUMMARY FOR MAY 2 2016...
VALID TODAY AS OF 0500 PM LOCAL TIME.

CLIMATE NORMAL PERIOD 1981 TO 2010
CLIMATE RECORD PERIOD 1948 TO 2016


WEATHER ITEM   OBSERVED TIME   RECORD YEAR NORMAL DEPARTURE LAST
                VALUE   (LST)  VALUE       VALUE  FROM      YEAR
                                                  NORMAL
..................................................................
TEMPERATURE (F)
 TODAY
  MAXIMUM         78    315 PM  89    1954  69      9       73
  MINIMUM         56    201 AM  27    1963  46     10       41
  AVERAGE         67                        58      9       57

PRECIPITATION (IN)
  TODAY            0.09         MM      MM   0.13  -0.04     0.00
  MONTH TO DATE    0.90                      0.26   0.64     0.01
  SINCE JUN 1     35.27                     37.48  -2.21    42.27
  SINCE JAN 1     11.73                     12.84  -1.11    16.04

DEGREE DAYS
 HEATING
  TODAY            0                         8     -8        8
  MONTH TO DATE    0                        16    -16       16
  SINCE MAR 1    771                      1110   -339     1090
  SINCE JUL 1   3865                      4999  -1134     5214

 COOLING
  TODAY            2                         1      1        0
  MONTH TO DATE    3                         2      1        0
  SINCE MAR 1      9                        18     -9        8
  SINCE JAN 1      9                        18     -9        8
..................................................................


WIND (MPH)
  RESULTANT WIND SPEED   3   RESULTANT WIND DIRECTION   S (170)
  HIGHEST WIND SPEED    13   HIGHEST WIND DIRECTION     S (190)
  HIGHEST GUST SPEED    21   HIGHEST GUST DIRECTION    SW (210)
  AVERAGE WIND SPEED     5.7


SKY COVER
  POSSIBLE SUNSHINE  MM
  AVERAGE SKY COVER 0.7


WEATHER CONDITIONS
 THE FOLLOWING WEATHER WAS RECORDED TODAY.
  LIGHT RAIN
  FOG
  FOG W/VISIBILITY <= 1/4 MILE


RELATIVE HUMIDITY (PERCENT)
 HIGHEST    87           100 AM
 LOWEST     38           200 PM
 AVERAGE    63

..........................................................


THE MORGANTOWN WV CLIMATE NORMALS FOR TOMORROW
                         NORMAL    RECORD    YEAR
 MAXIMUM TEMPERATURE (F)   69        88      2012
                                             1965
 MINIMUM TEMPERATURE (F)   47        33      1986


SUNRISE AND SUNSET
MAY  2 2016...........SUNRISE   619 AM EDT   SUNSET   815 PM EDT
MAY  3 2016...........SUNRISE   617 AM EDT   SUNSET   816 PM EDT


-  INDICATES NEGATIVE NUMBERS.
R  INDICATES RECORD WAS SET OR TIED.
MM INDICATES DATA IS MISSING.
T  INDICATES TRACE AMOUNT.




$$
