000
CDUS41 KPBZ 222111
CLIMGW


CLIMATE REPORT
NATIONAL WEATHER SERVICE PITTSBURGH PA
511 PM EDT WED OCT 22 2014


...................................

...THE MORGANTOWN WV CLIMATE SUMMARY FOR OCTOBER 22 2014...
VALID TODAY AS OF 0500 PM LOCAL TIME.

CLIMATE NORMAL PERIOD 1981 TO 2010
CLIMATE RECORD PERIOD 1948 TO 2014


WEATHER ITEM   OBSERVED TIME   RECORD YEAR NORMAL DEPARTURE LAST
                VALUE   (LST)  VALUE       VALUE  FROM      YEAR
                                                  NORMAL
..................................................................
TEMPERATURE (F)
 TODAY
  MAXIMUM         52    328 PM  84    1979  63    -11       57
  MINIMUM         48    412 AM  27    1974  42      6       40
  AVERAGE         50                        52     -2       49

PRECIPITATION (IN)
  TODAY            0.12         MM      MM   0.09   0.03     0.19
  MONTH TO DATE    3.73                      1.96   1.77     1.38
  SINCE JUN 1     21.04                     17.45   3.59    19.93
  SINCE JAN 1     36.53                     34.64   1.89    32.57

DEGREE DAYS
 HEATING
  TODAY           15                        13      2       16
  MONTH TO DATE  176                       218    -42      136
  SINCE SEP 1    234                       304    -70      215
  SINCE JUL 1    240                       315    -75      224

 COOLING
  TODAY            0                         0      0        0
  MONTH TO DATE   13                        10      3       36
  SINCE SEP 1    143                       102     41      120
  SINCE JAN 1    976                       811    165      906
..................................................................


WIND (MPH)
  RESULTANT WIND SPEED   5   RESULTANT WIND DIRECTION   N (360)
  HIGHEST WIND SPEED    14   HIGHEST WIND DIRECTION     N (360)
  HIGHEST GUST SPEED    22   HIGHEST GUST DIRECTION    NW (320)
  AVERAGE WIND SPEED     6.9


SKY COVER
  POSSIBLE SUNSHINE  MM
  AVERAGE SKY COVER 0.9


WEATHER CONDITIONS
 THE FOLLOWING WEATHER WAS RECORDED TODAY.
  LIGHT RAIN
  FOG


RELATIVE HUMIDITY (PERCENT)
 HIGHEST    86           200 AM
 LOWEST     68           300 PM
 AVERAGE    77

..........................................................


THE MORGANTOWN WV CLIMATE NORMALS FOR TOMORROW
                         NORMAL    RECORD    YEAR
 MAXIMUM TEMPERATURE (F)   63        80      1991
 MINIMUM TEMPERATURE (F)   42        23      1969


SUNRISE AND SUNSET
OCTOBER 22 2014.......SUNRISE   737 AM EDT   SUNSET   631 PM EDT
OCTOBER 23 2014.......SUNRISE   738 AM EDT   SUNSET   629 PM EDT


-  INDICATES NEGATIVE NUMBERS.
R  INDICATES RECORD WAS SET OR TIED.
MM INDICATES DATA IS MISSING.
T  INDICATES TRACE AMOUNT.




$$
