000
CDUS41 KPBZ 012113
CLIMGW


CLIMATE REPORT
NATIONAL WEATHER SERVICE PITTSBURGH PA
513 PM EDT WED JUL 1 2015


...................................

...THE MORGANTOWN WV CLIMATE SUMMARY FOR JULY 1 2015...
VALID TODAY AS OF 0500 PM LOCAL TIME.

CLIMATE NORMAL PERIOD 1981 TO 2010
CLIMATE RECORD PERIOD 1948 TO 2015


WEATHER ITEM   OBSERVED TIME   RECORD YEAR NORMAL DEPARTURE LAST
                VALUE   (LST)  VALUE       VALUE  FROM      YEAR
                                                  NORMAL
..................................................................
TEMPERATURE (F)
 TODAY
  MAXIMUM         80    207 PM  97    1966  83     -3       89
  MINIMUM         61    135 AM  41    1988  62     -1       70
  AVERAGE         71                        73     -2       80

PRECIPITATION (IN)
  TODAY            0.00         MM      MM   0.15  -0.15     0.00
  MONTH TO DATE    0.00                      0.15  -0.15     0.00
  SINCE JUN 1      6.15                      4.26   1.89     4.52
  SINCE JAN 1     23.40                     21.45   1.95    20.01

DEGREE DAYS
 HEATING
  TODAY            0                         0      0        0
  MONTH TO DATE    0                         0      0        0
  SINCE JUN 1     13                        31    -18        2
  SINCE JUL 1      0                         0      0        0

 COOLING
  TODAY            6                         8     -2       15
  MONTH TO DATE    6                         8     -2       15
  SINCE JUN 1    228                       170     58      255
  SINCE JAN 1    412                       237    175      364
..................................................................


WIND (MPH)
  RESULTANT WIND SPEED   3   RESULTANT WIND DIRECTION   S (200)
  HIGHEST WIND SPEED    10   HIGHEST WIND DIRECTION     W (270)
  HIGHEST GUST SPEED    16   HIGHEST GUST DIRECTION     W (260)
  AVERAGE WIND SPEED     5.8


SKY COVER
  POSSIBLE SUNSHINE  MM
  AVERAGE SKY COVER 0.8


WEATHER CONDITIONS
 THE FOLLOWING WEATHER WAS RECORDED TODAY.
  HAZE


RELATIVE HUMIDITY (PERCENT)
 HIGHEST    84           500 AM
 LOWEST     45           300 PM
 AVERAGE    65

..........................................................


THE MORGANTOWN WV CLIMATE NORMALS FOR TOMORROW
                         NORMAL    RECORD    YEAR
 MAXIMUM TEMPERATURE (F)   83       101      1966
 MINIMUM TEMPERATURE (F)   62        45      1988


SUNRISE AND SUNSET
JULY  1 2015..........SUNRISE   556 AM EDT   SUNSET   851 PM EDT
JULY  2 2015..........SUNRISE   556 AM EDT   SUNSET   851 PM EDT


-  INDICATES NEGATIVE NUMBERS.
R  INDICATES RECORD WAS SET OR TIED.
MM INDICATES DATA IS MISSING.
T  INDICATES TRACE AMOUNT.




$$
