362
CDUS43 KFSD 260623
CLIMHE


CLIMATE REPORT
NATIONAL WEATHER SERVICE SIOUX FALLS SD
122 AM CDT SUN JUN 26 2016


...................................

...THE MITCHELL SD CLIMATE SUMMARY FOR JUNE 25 2016...

CLIMATE NORMAL PERIOD 1981 TO 2010
CLIMATE RECORD PERIOD 1893 TO 2016


WEATHER ITEM   OBSERVED TIME   RECORD YEAR NORMAL DEPARTURE LAST
                VALUE   (LST)  VALUE       VALUE  FROM      YEAR
                                                  NORMAL
..................................................................
TEMPERATURE (F)
 YESTERDAY
  MAXIMUM         85    647 PM 111    1936  84      1       81
  MINIMUM         65   1159 PM  39    1958  61      4       64
  AVERAGE         75                        73      2       73

PRECIPITATION (IN)
  YESTERDAY        0.00          1.60 1905   0.10  -0.10      T
  MONTH TO DATE    2.04                      3.65  -1.61     3.15
  SINCE JUN 1      2.04                      3.65  -1.61     3.15
  SINCE JAN 1     14.56                     10.38   4.18    10.24

SNOWFALL (IN)
  YESTERDAY        0.0           0.0    MM  MM     MM        0.0
  MONTH TO DATE    0.0                      MM     MM        0.0
  SINCE JUN 1      0.0                      MM     MM        0.0
  SINCE JUL 1     46.3                      MM     MM       22.6
  SNOW DEPTH       0

DEGREE DAYS
 HEATING
  YESTERDAY        0                         0      0        0
  MONTH TO DATE    4                        33    -29        3
  SINCE JUN 1      4                        33    -29        3
  SINCE JUL 1   6149                      7243  -1094     6876

 COOLING
  YESTERDAY       10                         8      2        8
  MONTH TO DATE  246                       125    121      155
  SINCE JUN 1    246                       125    121      155
  SINCE JAN 1    290                       165    125      186
..................................................................


WIND (MPH)
  HIGHEST WIND SPEED    24   HIGHEST WIND DIRECTION     W (290)
  HIGHEST GUST SPEED    30   HIGHEST GUST DIRECTION    NW (320)
  AVERAGE WIND SPEED    11.7


SKY COVER
  POSSIBLE SUNSHINE  MM
  AVERAGE SKY COVER 0.0


WEATHER CONDITIONS
 THE FOLLOWING WEATHER WAS RECORDED YESTERDAY.
  NO SIGNIFICANT WEATHER WAS OBSERVED.


RELATIVE HUMIDITY (PERCENT)
 HIGHEST    82           600 AM
 LOWEST     34           700 PM
 AVERAGE    58

..........................................................


THE MITCHELL SD CLIMATE NORMALS FOR TODAY
                         NORMAL    RECORD    YEAR
 MAXIMUM TEMPERATURE (F)   85       108      1933
                                             1931
 MINIMUM TEMPERATURE (F)   61        41      1926


SUNRISE AND SUNSET
JUNE 26 2016..........SUNRISE   552 AM CDT   SUNSET   918 PM CDT
JUNE 27 2016..........SUNRISE   552 AM CDT   SUNSET   918 PM CDT


-  INDICATES NEGATIVE NUMBERS.
R  INDICATES RECORD WAS SET OR TIED.
MM INDICATES DATA IS MISSING.
T  INDICATES TRACE AMOUNT.




$$
