000
CDUS43 KFSD 290702
CLIMHE


CLIMATE REPORT
NATIONAL WEATHER SERVICE SIOUX FALLS SD
202 AM CDT MON MAY 29 2017


...................................

...THE MITCHELL SD CLIMATE SUMMARY FOR MAY 28 2017...

CLIMATE NORMAL PERIOD 1981 TO 2010
CLIMATE RECORD PERIOD 1893 TO 2017


WEATHER ITEM   OBSERVED TIME   RECORD YEAR NORMAL DEPARTURE LAST
                VALUE   (LST)  VALUE       VALUE  FROM      YEAR
                                                  NORMAL
..................................................................
TEMPERATURE (F)
 YESTERDAY
  MAXIMUM         80    343 PM 107    1934  74      6       66
  MINIMUM         47    529 AM  28    1965  52     -5       60
  AVERAGE         64                        63      1       63

PRECIPITATION (IN)
  YESTERDAY        T             1.59 2016   0.15  -0.15     1.59
  MONTH TO DATE    2.35                      2.47  -0.12     4.43
  SINCE MAR 1      5.86                      5.71   0.15    11.16
  SINCE JAN 1      7.02                      6.27   0.75    12.39

SNOWFALL (IN)
  YESTERDAY        0.0           0.0    MM  MM     MM        0.0
  MONTH TO DATE    0.0                      MM     MM        0.0
  SINCE MAR 1      5.2                      MM     MM        3.9
  SINCE JUL 1     30.6                      MM     MM       46.3
  SNOW DEPTH       0

DEGREE DAYS
 HEATING
  YESTERDAY        1                         4     -3        2
  MONTH TO DATE  188                       199    -11      163
  SINCE MAR 1   1533                      1677   -144     1356
  SINCE JUL 1   6267                      7199   -932     6145

 COOLING
  YESTERDAY        0                         2     -2        0
  MONTH TO DATE   32                        30      2       29
  SINCE MAR 1     32                        32      0       33
  SINCE JAN 1     32                        32      0       33
..................................................................


WIND (MPH)
  HIGHEST WIND SPEED    30   HIGHEST WIND DIRECTION    NW (330)
  HIGHEST GUST SPEED    36   HIGHEST GUST DIRECTION    NW (330)
  AVERAGE WIND SPEED    13.1


SKY COVER
  POSSIBLE SUNSHINE  MM
  AVERAGE SKY COVER 0.1


WEATHER CONDITIONS
 THE FOLLOWING WEATHER WAS RECORDED YESTERDAY.
  NO SIGNIFICANT WEATHER WAS OBSERVED.


RELATIVE HUMIDITY (PERCENT)
 HIGHEST    86           600 AM
 LOWEST     19           200 PM
 AVERAGE    53

..........................................................


THE MITCHELL SD CLIMATE NORMALS FOR TODAY
                         NORMAL    RECORD    YEAR
 MAXIMUM TEMPERATURE (F)   74       105      1934
 MINIMUM TEMPERATURE (F)   52        28      1947


SUNRISE AND SUNSET
MAY 29 2017...........SUNRISE   555 AM CDT   SUNSET   905 PM CDT
MAY 30 2017...........SUNRISE   554 AM CDT   SUNSET   906 PM CDT


-  INDICATES NEGATIVE NUMBERS.
R  INDICATES RECORD WAS SET OR TIED.
MM INDICATES DATA IS MISSING.
T  INDICATES TRACE AMOUNT.




$$
