000
CDUS43 KTOP 190633
CLIMHK


CLIMATE REPORT
NATIONAL WEATHER SERVICE TOPEKA KS
1231 AM CST SUN FEB 19 2017


...................................

...THE MANHATTAN KS CLIMATE SUMMARY FOR FEBRUARY 18 2017...

CLIMATE NORMAL PERIOD 1981 TO 2010
CLIMATE RECORD PERIOD 9999 TO 9999


WEATHER ITEM   OBSERVED NORMAL DEPARTURE LAST
                VALUE   VALUE  FROM      YEAR
                               NORMAL
...............................................
TEMPERATURE (F)
 YESTERDAY
  MAXIMUM         74     46     28       78
  MINIMUM         32     21     11       44
  AVERAGE         53     34     19       61

PRECIPITATION (IN)
  YESTERDAY        0.00   0.05  -0.05     0.00
  MONTH TO DATE    0.02   0.66  -0.64     0.41
  SINCE DEC 1      2.34   2.33   0.01     4.06
  SINCE JAN 1      1.40   1.31   0.09     0.97

DEGREE DAYS
 HEATING
  YESTERDAY       12     31    -19        4
  MONTH TO DATE  430    599   -169      510
  SINCE DEC 1   2489   2790   -301     2332
  SINCE JUL 1   3099   3865   -766     3071

 COOLING
  YESTERDAY        0      0      0        0
  MONTH TO DATE    0      0      0        0
  SINCE DEC 1      0      0      0        0
  SINCE JAN 1      0      0      0        0
...............................................


WIND (MPH)
  HIGHEST WIND SPEED     9   HIGHEST WIND DIRECTION    NE (60)
  HIGHEST GUST SPEED    12   HIGHEST GUST DIRECTION    NE (60)
  AVERAGE WIND SPEED     1.8


SKY COVER
  AVERAGE SKY COVER 0.0


WEATHER CONDITIONS
 THE FOLLOWING WEATHER WAS RECORDED YESTERDAY.
  NO SIGNIFICANT WEATHER WAS OBSERVED.


RELATIVE HUMIDITY (PERCENT)
 HIGHEST    96
 LOWEST     33
 AVERAGE    65

..........................................................


THE MANHATTAN KS CLIMATE NORMALS FOR TODAY
                         NORMAL
 MAXIMUM TEMPERATURE (F)   46
 MINIMUM TEMPERATURE (F)   22


SUNRISE AND SUNSET
FEBRUARY 19 2017......SUNRISE   713 AM CST   SUNSET   609 PM CST
FEBRUARY 20 2017......SUNRISE   711 AM CST   SUNSET   610 PM CST


-  INDICATES NEGATIVE NUMBERS.
R  INDICATES RECORD WAS SET OR TIED.
MM INDICATES DATA IS MISSING.
T  INDICATES TRACE AMOUNT.

$$
