000
CDUS43 KTOP 250633
CLIMHK


CLIMATE REPORT
NATIONAL WEATHER SERVICE TOPEKA KS
132 AM CDT SUN JUN 25 2017


...................................

...THE MANHATTAN KS CLIMATE SUMMARY FOR JUNE 24 2017...

CLIMATE NORMAL PERIOD 1981 TO 2010
CLIMATE RECORD PERIOD 9999 TO 9999


WEATHER ITEM   OBSERVED NORMAL DEPARTURE LAST
                VALUE   VALUE  FROM      YEAR
                               NORMAL
...............................................
TEMPERATURE (F)
 YESTERDAY
  MAXIMUM         83     88     -5       88
  MINIMUM         50     65    -15       68
  AVERAGE         67     76     -9       78

PRECIPITATION (IN)
  YESTERDAY        T      0.16  -0.16     0.05
  MONTH TO DATE    0.40   4.24  -3.84     0.27
  SINCE JUN 1      0.40   4.24  -3.84     0.27
  SINCE JAN 1     14.26  15.44  -1.18    15.55

DEGREE DAYS
 HEATING
  YESTERDAY        0      0      0        0
  MONTH TO DATE    0      8     -8        0
  SINCE JUN 1      0      8     -8        0
  SINCE JUL 1   4169   5312  -1143     4115

 COOLING
  YESTERDAY        2     11     -9       13
  MONTH TO DATE  297    199     98      363
  SINCE JUN 1    297    199     98      363
  SINCE JAN 1    431    299    132      473
...............................................


WIND (MPH)
  HIGHEST WIND SPEED    13   HIGHEST WIND DIRECTION     W (270)
  HIGHEST GUST SPEED    17   HIGHEST GUST DIRECTION    SW (210)
  AVERAGE WIND SPEED     2.8


SKY COVER
  AVERAGE SKY COVER 0.2


WEATHER CONDITIONS
 THE FOLLOWING WEATHER WAS RECORDED YESTERDAY.
  LIGHT RAIN


RELATIVE HUMIDITY (PERCENT)
 HIGHEST    96
 LOWEST     22
 AVERAGE    59

..........................................................


THE MANHATTAN KS CLIMATE NORMALS FOR TODAY
                         NORMAL
 MAXIMUM TEMPERATURE (F)   88
 MINIMUM TEMPERATURE (F)   65


SUNRISE AND SUNSET
JUNE 25 2017..........SUNRISE   602 AM CDT   SUNSET   857 PM CDT
JUNE 26 2017..........SUNRISE   602 AM CDT   SUNSET   857 PM CDT


-  INDICATES NEGATIVE NUMBERS.
R  INDICATES RECORD WAS SET OR TIED.
MM INDICATES DATA IS MISSING.
T  INDICATES TRACE AMOUNT.




$$
