000
CDUS43 KTOP 120638
CLIMHK


CLIMATE REPORT
NATIONAL WEATHER SERVICE TOPEKA KS
1237 AM CST TUE DEC 12 2017


...................................

...THE MANHATTAN KS CLIMATE SUMMARY FOR DECEMBER 11 2017...

CLIMATE NORMAL PERIOD 1981 TO 2010
CLIMATE RECORD PERIOD 9999 TO 9999


WEATHER ITEM   OBSERVED NORMAL DEPARTURE LAST
                VALUE   VALUE  FROM      YEAR
                               NORMAL
...............................................
TEMPERATURE (F)
 YESTERDAY
  MAXIMUM         60     43     17       43
  MINIMUM         26     20      6       20
  AVERAGE         43     31     12       32

PRECIPITATION (IN)
  YESTERDAY        0.00   0.03  -0.03     0.00
  MONTH TO DATE    0.00   0.44  -0.44     0.65
  SINCE DEC 1      0.00   0.44  -0.44     0.65
  SINCE JAN 1     27.94  31.97  -4.03    34.17

DEGREE DAYS
 HEATING
  YESTERDAY       22     34    -12       33
  MONTH TO DATE  286    350    -64      374
  SINCE DEC 1    286    350    -64      374
  SINCE JUL 1   1168   1425   -257      984

 COOLING
  YESTERDAY        0      0      0        0
  MONTH TO DATE    0      0      0        0
  SINCE DEC 1      0      0      0        0
  SINCE JAN 1   1566   1362    204     1749
...............................................


WIND (MPH)
  HIGHEST WIND SPEED    20   HIGHEST WIND DIRECTION     N (340)
  HIGHEST GUST SPEED    33   HIGHEST GUST DIRECTION    NW (320)
  AVERAGE WIND SPEED     9.8


SKY COVER
  AVERAGE SKY COVER 0.3


WEATHER CONDITIONS
 THE FOLLOWING WEATHER WAS RECORDED YESTERDAY.
  NO SIGNIFICANT WEATHER WAS OBSERVED.


RELATIVE HUMIDITY (PERCENT)
 HIGHEST    62
 LOWEST     19
 AVERAGE    41

..........................................................


THE MANHATTAN KS CLIMATE NORMALS FOR TODAY
                         NORMAL
 MAXIMUM TEMPERATURE (F)   42
 MINIMUM TEMPERATURE (F)   20


SUNRISE AND SUNSET
DECEMBER 12 2017......SUNRISE   737 AM CST   SUNSET   504 PM CST
DECEMBER 13 2017......SUNRISE   738 AM CST   SUNSET   504 PM CST


-  INDICATES NEGATIVE NUMBERS.
R  INDICATES RECORD WAS SET OR TIED.
MM INDICATES DATA IS MISSING.
T  INDICATES TRACE AMOUNT.




$$
