000
CDUS43 KTOP 270637
CLIMHK


CLIMATE REPORT
NATIONAL WEATHER SERVICE TOPEKA KS
137 AM CDT FRI MAR 27 2015


...................................

...THE MANHATTAN KS CLIMATE SUMMARY FOR MARCH 26 2015...

CLIMATE NORMAL PERIOD 1981 TO 2010
CLIMATE RECORD PERIOD 9999 TO 9999


WEATHER ITEM   OBSERVED NORMAL DEPARTURE LAST
                VALUE   VALUE  FROM      YEAR
                               NORMAL
...............................................
TEMPERATURE (F)
 YESTERDAY
  MAXIMUM         56     61     -5       61
  MINIMUM         30     34     -4       30
  AVERAGE         43     47     -4       46

PRECIPITATION (IN)
  YESTERDAY        0.06   0.06   0.00     0.10
  MONTH TO DATE    0.26   1.88  -1.62     0.52
  SINCE MAR 1      0.26   1.88  -1.62     0.52
  SINCE JAN 1      1.72   3.60  -1.88     1.74

DEGREE DAYS
 HEATING
  YESTERDAY       22     18      4       19
  MONTH TO DATE  509    593    -84      678
  SINCE MAR 1    509    593    -84      678
  SINCE JUL 1   4703   4753    -50     5209

 COOLING
  YESTERDAY        0      0      0        0
  MONTH TO DATE    2      0      2        0
  SINCE MAR 1      2      0      2        0
  SINCE JAN 1      2      0      2        0
...............................................


WIND (MPH)
  HIGHEST WIND SPEED    21   HIGHEST WIND DIRECTION    NE (40)
  HIGHEST GUST SPEED    25   HIGHEST GUST DIRECTION    NE (40)
  AVERAGE WIND SPEED     6.0


SKY COVER
  AVERAGE SKY COVER 0.3


WEATHER CONDITIONS
 THE FOLLOWING WEATHER WAS RECORDED YESTERDAY.
  RAIN
  LIGHT RAIN
  FOG


RELATIVE HUMIDITY (PERCENT)
 HIGHEST    89
 LOWEST     32
 AVERAGE    61

..........................................................


THE MANHATTAN KS CLIMATE NORMALS FOR TODAY
                         NORMAL
 MAXIMUM TEMPERATURE (F)   61
 MINIMUM TEMPERATURE (F)   34


SUNRISE AND SUNSET
MARCH 27 2015.........SUNRISE   719 AM CDT   SUNSET   745 PM CDT
MARCH 28 2015.........SUNRISE   718 AM CDT   SUNSET   746 PM CDT


-  INDICATES NEGATIVE NUMBERS.
R  INDICATES RECORD WAS SET OR TIED.
MM INDICATES DATA IS MISSING.
T  INDICATES TRACE AMOUNT.




$$
