000
CDUS43 KTOP 210632
CLIMHK


CLIMATE REPORT
NATIONAL WEATHER SERVICE TOPEKA KS
131 AM CDT SAT OCT 21 2017


...................................

...THE MANHATTAN KS CLIMATE SUMMARY FOR OCTOBER 20 2017...

CLIMATE NORMAL PERIOD 1981 TO 2010
CLIMATE RECORD PERIOD 9999 TO 9999


WEATHER ITEM   OBSERVED NORMAL DEPARTURE LAST
                VALUE   VALUE  FROM      YEAR
                               NORMAL
...............................................
TEMPERATURE (F)
 YESTERDAY
  MAXIMUM         80     67     13       63
  MINIMUM         57     41     16       40
  AVERAGE         69     54     15       52

PRECIPITATION (IN)
  YESTERDAY        0.00   0.07  -0.07     0.08
  MONTH TO DATE    3.24   1.54   1.70     1.64
  SINCE SEP 1      4.11   4.71  -0.60     5.26
  SINCE JAN 1     27.67  29.25  -1.58    32.42

DEGREE DAYS
 HEATING
  YESTERDAY        0     12    -12       13
  MONTH TO DATE   87    176    -89       96
  SINCE SEP 1    106    243   -137      121
  SINCE JUL 1    106    246   -140      121

 COOLING
  YESTERDAY        4      0      4        0
  MONTH TO DATE   55     21     34       29
  SINCE SEP 1    309    175    134      272
  SINCE JAN 1   1564   1358    206     1728
...............................................


WIND (MPH)
  HIGHEST WIND SPEED    31   HIGHEST WIND DIRECTION     S (190)
  HIGHEST GUST SPEED    43   HIGHEST GUST DIRECTION     S (180)
  AVERAGE WIND SPEED    16.5


SKY COVER
  AVERAGE SKY COVER 0.1


WEATHER CONDITIONS
 THE FOLLOWING WEATHER WAS RECORDED YESTERDAY.
  NO SIGNIFICANT WEATHER WAS OBSERVED.


RELATIVE HUMIDITY (PERCENT)
 HIGHEST    80
 LOWEST     52
 AVERAGE    66

..........................................................


THE MANHATTAN KS CLIMATE NORMALS FOR TODAY
                         NORMAL
 MAXIMUM TEMPERATURE (F)   66
 MINIMUM TEMPERATURE (F)   40


SUNRISE AND SUNSET
OCTOBER 21 2017.......SUNRISE   743 AM CDT   SUNSET   639 PM CDT
OCTOBER 22 2017.......SUNRISE   744 AM CDT   SUNSET   638 PM CDT


-  INDICATES NEGATIVE NUMBERS.
R  INDICATES RECORD WAS SET OR TIED.
MM INDICATES DATA IS MISSING.
T  INDICATES TRACE AMOUNT.




$$
