000
CDUS43 KTOP 300633
CLIMHK


CLIMATE REPORT
NATIONAL WEATHER SERVICE TOPEKA KS
131 AM CDT THU OCT 30 2014


...................................

...THE MANHATTAN KS CLIMATE SUMMARY FOR OCTOBER 29 2014...

CLIMATE NORMAL PERIOD 1981 TO 2010
CLIMATE RECORD PERIOD 9999 TO 9999


WEATHER ITEM   OBSERVED NORMAL DEPARTURE LAST
                VALUE   VALUE  FROM      YEAR
                               NORMAL
...............................................
TEMPERATURE (F)
 YESTERDAY
  MAXIMUM         67     63      4       64
  MINIMUM         29     37     -8       53
  AVERAGE         48     50     -2       59

PRECIPITATION (IN)
  YESTERDAY        0.00   0.06  -0.06     0.09
  MONTH TO DATE    2.45   2.10   0.35     2.72
  SINCE SEP 1      3.72   5.27  -1.55     5.82
  SINCE JAN 1     20.62  29.81  -9.19    27.04

DEGREE DAYS
 HEATING
  YESTERDAY       17     15      2        6
  MONTH TO DATE  208    297    -89      309
  SINCE SEP 1    264    364   -100      326
  SINCE JUL 1    265    367   -102      329

 COOLING
  YESTERDAY        0      0      0        0
  MONTH TO DATE   28     21      7       33
  SINCE SEP 1    203    175     28      285
  SINCE JAN 1   1581   1358    223     1513
...............................................


WIND (MPH)
  HIGHEST WIND SPEED    14   HIGHEST WIND DIRECTION     S (160)
  HIGHEST GUST SPEED    19   HIGHEST GUST DIRECTION    SE (150)
  AVERAGE WIND SPEED     3.0


SKY COVER
  AVERAGE SKY COVER 0.0


WEATHER CONDITIONS
 THE FOLLOWING WEATHER WAS RECORDED YESTERDAY.
  NO SIGNIFICANT WEATHER WAS OBSERVED.


RELATIVE HUMIDITY (PERCENT)
 HIGHEST   100
 LOWEST     29
 AVERAGE    65

..........................................................


THE MANHATTAN KS CLIMATE NORMALS FOR TODAY
                         NORMAL
 MAXIMUM TEMPERATURE (F)   63
 MINIMUM TEMPERATURE (F)   37


SUNRISE AND SUNSET
OCTOBER 30 2014.......SUNRISE   752 AM CDT   SUNSET   628 PM CDT
OCTOBER 31 2014.......SUNRISE   753 AM CDT   SUNSET   627 PM CDT


-  INDICATES NEGATIVE NUMBERS.
R  INDICATES RECORD WAS SET OR TIED.
MM INDICATES DATA IS MISSING.
T  INDICATES TRACE AMOUNT.




$$
