000
CDUS46 KMFR 260836
CLIMHS


CLIMATE REPORT
NATIONAL WEATHER SERVICE MEDFORD, OR
1236 AM PST THU FEB 26 2015


...................................

...THE MT SHASTA CITY CA CLIMATE SUMMARY FOR FEBRUARY 25 2015...

CLIMATE NORMAL PERIOD 1981 TO 2010
CLIMATE RECORD PERIOD 1908 TO 2015


WEATHER ITEM   OBSERVED TIME   RECORD YEAR NORMAL DEPARTURE LAST
                VALUE   (LST)  VALUE       VALUE  FROM      YEAR
                                                  NORMAL
..................................................................
TEMPERATURE (F)
 YESTERDAY
  MAXIMUM         60    128 PM  71    1916  50     10       66
  MINIMUM         39    718 AM  11    1987  29     10       30
  AVERAGE         50                        40     10       48

PRECIPITATION (IN)
  YESTERDAY        0.00          3.11 2004   0.27  -0.27     0.00
  MONTH TO DATE   10.10                      6.42   3.68     3.36
  SINCE OCT 1     30.10                     28.69   1.41     4.68
  SINCE JAN 1     10.58                     13.48  -2.90     3.57

SNOWFALL (IN)
  YESTERDAY       MM                         0.7   MM       MM
  MONTH TO DATE   MM                        17.6   MM       MM
  SINCE JUL 1     MM                        70.9   MM        0.0
  SNOW DEPTH      MM

DEGREE DAYS
 HEATING
  YESTERDAY       15                        25    -10       17
  MONTH TO DATE  479                       674   -195      602
  SINCE DEC 1   1893                      2503   -610     2307
  SINCE JUL 1   2903                      3900   -997     3544

 COOLING
  YESTERDAY        0                         0      0        0
  MONTH TO DATE    0                         0      0        0
  SINCE DEC 1      0                         0      0        0
  SINCE JAN 1      0                         0      0        0
..................................................................


WIND (MPH)
  HIGHEST WIND SPEED    16   HIGHEST WIND DIRECTION    NW (300)
  HIGHEST GUST SPEED    29   HIGHEST GUST DIRECTION    NW (300)
  AVERAGE WIND SPEED     7.8


SKY COVER
  POSSIBLE SUNSHINE  MM
  AVERAGE SKY COVER 0.0


WEATHER CONDITIONS
 THE FOLLOWING WEATHER WAS RECORDED YESTERDAY.
  NO SIGNIFICANT WEATHER WAS OBSERVED.


RELATIVE HUMIDITY (PERCENT)
 HIGHEST    53          1100 PM
 LOWEST     19           100 PM

..........................................................


THE MT SHASTA CITY CA CLIMATE NORMALS FOR TODAY
                         NORMAL    RECORD    YEAR
 MAXIMUM TEMPERATURE (F)   51        77      1916
 MINIMUM TEMPERATURE (F)   29         6      1962


SUNRISE AND SUNSET
FEBRUARY 26 2015......SUNRISE   649 AM PST   SUNSET   556 PM PST
FEBRUARY 27 2015......SUNRISE   647 AM PST   SUNSET   558 PM PST


-  INDICATES NEGATIVE NUMBERS.
R  INDICATES RECORD WAS SET OR TIED.
MM INDICATES DATA IS MISSING.
T  INDICATES TRACE AMOUNT.




$$
