000
CDUS46 KMFR 180055
CLIMHS


CLIMATE REPORT
NATIONAL WEATHER SERVICE MEDFORD, OR
455 PM PST FRI NOV 17 2017


...................................

...THE MT SHASTA CITY CA CLIMATE SUMMARY FOR NOVEMBER 17 2017...
VALID TODAY AS OF 0400 PM LOCAL TIME.

CLIMATE NORMAL PERIOD 1981 TO 2010
CLIMATE RECORD PERIOD 1908 TO 2017


WEATHER ITEM   OBSERVED TIME   RECORD YEAR NORMAL DEPARTURE LAST
                VALUE   (LST)  VALUE       VALUE  FROM      YEAR
                                                  NORMAL
..................................................................
TEMPERATURE (F)
 TODAY
  MAXIMUM         44    237 PM  74    1949  50     -6       50
  MINIMUM         32    738 AM  14    1958  29      3       26
  AVERAGE         38                        40     -2       38

PRECIPITATION (IN)
  TODAY            0.00          1.88 1965   0.16  -0.16     0.00
  MONTH TO DATE    3.23                      2.64   0.59     0.64
  SINCE OCT 1      3.88                      4.92  -1.04    12.51
  SINCE JAN 1     42.87                     32.92   9.95    45.41

SNOWFALL (IN)
  TODAY           MM                         0.3   MM       MM
  MONTH TO DATE   MM                         2.8   MM       MM
  SINCE JUL 1     MM                         3.0   MM       MM
  SNOW DEPTH      MM

DEGREE DAYS
 HEATING
  TODAY           27                        25      2       27
  MONTH TO DATE  411                       384     27      268
  SINCE SEP 1    962                       973    -11      833
  SINCE JUL 1    962                      1048    -86      848

 COOLING
  TODAY            0                         0      0        0
  MONTH TO DATE    0                         0      0        0
  SINCE SEP 1    100                        28     72       35
  SINCE JAN 1    700                       288    412      513
..................................................................


WIND (MPH)
  HIGHEST WIND SPEED    10   HIGHEST WIND DIRECTION     W (290)
  HIGHEST GUST SPEED    16   HIGHEST GUST DIRECTION    NE (50)
  AVERAGE WIND SPEED     4.2


SKY COVER
  POSSIBLE SUNSHINE  MM
  AVERAGE SKY COVER 0.3


WEATHER CONDITIONS
 THE FOLLOWING WEATHER WAS RECORDED TODAY.
  NO SIGNIFICANT WEATHER WAS OBSERVED.


RELATIVE HUMIDITY (PERCENT)
 HIGHEST   100          1200 AM
 LOWEST     41           200 PM

..........................................................


THE MT SHASTA CITY CA CLIMATE NORMALS FOR TOMORROW
                         NORMAL    RECORD    YEAR
 MAXIMUM TEMPERATURE (F)   50        77      1914
 MINIMUM TEMPERATURE (F)   29        16      1928


SUNRISE AND SUNSET
NOVEMBER 17 2017......SUNRISE   700 AM PST   SUNSET   448 PM PST
NOVEMBER 18 2017......SUNRISE   701 AM PST   SUNSET   447 PM PST


-  INDICATES NEGATIVE NUMBERS.
R  INDICATES RECORD WAS SET OR TIED.
MM INDICATES DATA IS MISSING.
T  INDICATES TRACE AMOUNT.




$$
