000
CDUS46 KMFR 230839
CLIMHS


CLIMATE REPORT
NATIONAL WEATHER SERVICE MEDFORD, OR
1239 AM PST TUE JAN 23 2018


...................................

...THE MT SHASTA CITY CA CLIMATE SUMMARY FOR JANUARY 22 2018...

CLIMATE NORMAL PERIOD 1981 TO 2010
CLIMATE RECORD PERIOD 1908 TO 2018


WEATHER ITEM   OBSERVED TIME   RECORD YEAR NORMAL DEPARTURE LAST
                VALUE   (LST)  VALUE       VALUE  FROM      YEAR
                                                  NORMAL
..................................................................
TEMPERATURE (F)
 YESTERDAY
  MAXIMUM         41    259 PM  60    2005  46     -5       35
  MINIMUM         27   1139 PM   0    1962  27      0       27
  AVERAGE         34                        36     -2       31

PRECIPITATION (IN)
  YESTERDAY        0.02          2.66 1981   0.22  -0.20     1.67
  MONTH TO DATE    3.26                      5.14  -1.88    11.10
  SINCE OCT 1      9.09                     20.35 -11.26    32.26
  SINCE JAN 1      3.26                      5.14  -1.88    11.10

SNOWFALL (IN)
  YESTERDAY       MM                         0.5   MM       MM
  MONTH TO DATE   MM                        15.4   MM       MM
  SINCE JUL 1     MM                        48.1   MM       MM
  SNOW DEPTH      MM

DEGREE DAYS
 HEATING
  YESTERDAY       31                        29      2       34
  MONTH TO DATE  516                       648   -132      713
  SINCE DEC 1   1370                      1573   -203     1695
  SINCE JUL 1   2621                      2970   -349     2880

 COOLING
  YESTERDAY        0                         0      0        0
  MONTH TO DATE    0                         0      0        0
  SINCE DEC 1      0                         0      0        0
  SINCE JAN 1      0                         0      0        0
..................................................................


WIND (MPH)
  HIGHEST WIND SPEED    12   HIGHEST WIND DIRECTION     E (90)
  HIGHEST GUST SPEED    18   HIGHEST GUST DIRECTION     E (90)
  AVERAGE WIND SPEED     0.7


SKY COVER
  POSSIBLE SUNSHINE  MM
  AVERAGE SKY COVER 0.8


WEATHER CONDITIONS
 THE FOLLOWING WEATHER WAS RECORDED YESTERDAY.
  LIGHT SNOW
  FOG


RELATIVE HUMIDITY (PERCENT)
 HIGHEST   100           700 AM
 LOWEST     79           200 PM

..........................................................


THE MT SHASTA CITY CA CLIMATE NORMALS FOR TODAY
                         NORMAL    RECORD    YEAR
 MAXIMUM TEMPERATURE (F)   46        62      1968
 MINIMUM TEMPERATURE (F)   27         2      1915


SUNRISE AND SUNSET
JANUARY 23 2018.......SUNRISE   728 AM PST   SUNSET   515 PM PST
JANUARY 24 2018.......SUNRISE   727 AM PST   SUNSET   516 PM PST


-  INDICATES NEGATIVE NUMBERS.
R  INDICATES RECORD WAS SET OR TIED.
MM INDICATES DATA IS MISSING.
T  INDICATES TRACE AMOUNT.




$$
