000
CDUS46 KMFR 270851
CLIMHS


CLIMATE REPORT
NATIONAL WEATHER SERVICE MEDFORD, OR
1250 AM PST THU NOV 27 2014


...................................

...THE MT SHASTA CITY CA CLIMATE SUMMARY FOR NOVEMBER 26 2014...

CLIMATE NORMAL PERIOD 1981 TO 2010
CLIMATE RECORD PERIOD 1908 TO 2014


WEATHER ITEM   OBSERVED TIME   RECORD YEAR NORMAL DEPARTURE LAST
                VALUE   (LST)  VALUE       VALUE  FROM      YEAR
                                                  NORMAL
..................................................................
TEMPERATURE (F)
 YESTERDAY
  MAXIMUM         64    101 PM  68    1915  47     17       57
  MINIMUM         32    631 AM  12    1993  28      4       28
  AVERAGE         48                        38     10       43

PRECIPITATION (IN)
  YESTERDAY        0.00          1.60 1926   0.20  -0.20     0.00
  MONTH TO DATE    1.48                      4.26  -2.78     0.22
  SINCE SEP 1      8.87                      7.21   1.66     2.58
  SINCE JAN 1     21.15                     34.54 -13.39     9.76

SNOWFALL (IN)
  YESTERDAY       MM                         0.4   MM       MM
  MONTH TO DATE   MM                         6.0   MM       MM
  SINCE JUL 1     MM                         6.2   MM        0.0
  SNOW DEPTH      MM

DEGREE DAYS
 HEATING
  YESTERDAY       17                        27    -10       22
  MONTH TO DATE  524                       621    -97      522
  SINCE SEP 1    926                      1210   -284     1149
  SINCE JUL 1    931                      1285   -354     1161

 COOLING
  YESTERDAY        0                         0      0        0
  MONTH TO DATE    0                         0      0        0
  SINCE SEP 1     49                        28     21       47
  SINCE JAN 1    547                       288    259      474
..................................................................


WIND (MPH)
  HIGHEST WIND SPEED     7   HIGHEST WIND DIRECTION    SE (140)
  HIGHEST GUST SPEED    18   HIGHEST GUST DIRECTION    SE (130)
  AVERAGE WIND SPEED     1.0


SKY COVER
  POSSIBLE SUNSHINE  MM
  AVERAGE SKY COVER 0.0


WEATHER CONDITIONS
 THE FOLLOWING WEATHER WAS RECORDED YESTERDAY.
  FOG


RELATIVE HUMIDITY (PERCENT)
 HIGHEST    92           600 AM
 LOWEST     43           100 PM

..........................................................


THE MT SHASTA CITY CA CLIMATE NORMALS FOR TODAY
                         NORMAL    RECORD    YEAR
 MAXIMUM TEMPERATURE (F)   47        65      1914
 MINIMUM TEMPERATURE (F)   28        12      1976


SUNRISE AND SUNSET
NOVEMBER 27 2014......SUNRISE   711 AM PST   SUNSET   442 PM PST
NOVEMBER 28 2014......SUNRISE   713 AM PST   SUNSET   442 PM PST


-  INDICATES NEGATIVE NUMBERS.
R  INDICATES RECORD WAS SET OR TIED.
MM INDICATES DATA IS MISSING.
T  INDICATES TRACE AMOUNT.




$$
