000
CDUS46 KMFR 290836
CLIMHS


CLIMATE REPORT
NATIONAL WEATHER SERVICE MEDFORD, OR
1235 AM PST THU JAN 29 2015


...................................

...THE MT SHASTA CITY CA CLIMATE SUMMARY FOR JANUARY 28 2015...

CLIMATE NORMAL PERIOD 1981 TO 2010
CLIMATE RECORD PERIOD 1908 TO 2015


WEATHER ITEM   OBSERVED TIME   RECORD YEAR NORMAL DEPARTURE LAST
                VALUE   (LST)  VALUE       VALUE  FROM      YEAR
                                                  NORMAL
..................................................................
TEMPERATURE (F)
 YESTERDAY
  MAXIMUM         60    136 PM  65    1931  46     14       57
  MINIMUM         30    727 AM   6    2002  27      3       41
  AVERAGE         45                        37      8       49

PRECIPITATION (IN)
  YESTERDAY        0.00          1.28 1947   0.21  -0.21      T
  MONTH TO DATE    0.48                      6.43  -5.95     0.15
  SINCE OCT 1     20.00                     21.64  -1.64     1.26
  SINCE JAN 1      0.48                      6.43  -5.95     0.15

SNOWFALL (IN)
  YESTERDAY       MM                         0.6   MM       MM
  MONTH TO DATE   MM                        18.8   MM        0.0
  SINCE JUL 1     MM                        51.5   MM        0.0
  SNOW DEPTH      MM

DEGREE DAYS
 HEATING
  YESTERDAY       20                        28     -8       16
  MONTH TO DATE  623                       820   -197      690
  SINCE DEC 1   1356                      1745   -389     1628
  SINCE JUL 1   2366                      3142   -776     2865

 COOLING
  YESTERDAY        0                         0      0        0
  MONTH TO DATE    0                         0      0        0
  SINCE DEC 1      0                         0      0        0
  SINCE JAN 1      0                         0      0        0
..................................................................


WIND (MPH)
  HIGHEST WIND SPEED     9   HIGHEST WIND DIRECTION    NW (300)
  HIGHEST GUST SPEED    14   HIGHEST GUST DIRECTION     W (290)
  AVERAGE WIND SPEED     1.6


SKY COVER
  POSSIBLE SUNSHINE  MM
  AVERAGE SKY COVER 0.2


WEATHER CONDITIONS
 THE FOLLOWING WEATHER WAS RECORDED YESTERDAY.
  FOG
  HAZE


RELATIVE HUMIDITY (PERCENT)
 HIGHEST    92           600 AM
 LOWEST     43           100 PM

..........................................................


THE MT SHASTA CITY CA CLIMATE NORMALS FOR TODAY
                         NORMAL    RECORD    YEAR
 MAXIMUM TEMPERATURE (F)   46        65      1931
 MINIMUM TEMPERATURE (F)   27         0      1979


SUNRISE AND SUNSET
JANUARY 29 2015.......SUNRISE   723 AM PST   SUNSET   522 PM PST
JANUARY 30 2015.......SUNRISE   723 AM PST   SUNSET   523 PM PST


-  INDICATES NEGATIVE NUMBERS.
R  INDICATES RECORD WAS SET OR TIED.
MM INDICATES DATA IS MISSING.
T  INDICATES TRACE AMOUNT.




$$
