023
CDUS46 KMFR 070843
CLIMHS


CLIMATE REPORT
NATIONAL WEATHER SERVICE MEDFORD, OR
1243 AM PST SUN FEB 7 2016


...................................

...THE MT SHASTA CITY CA CLIMATE SUMMARY FOR FEBRUARY 6 2016...

CLIMATE NORMAL PERIOD 1981 TO 2010
CLIMATE RECORD PERIOD 1908 TO 2016


WEATHER ITEM   OBSERVED TIME   RECORD YEAR NORMAL DEPARTURE LAST
                VALUE   (LST)  VALUE       VALUE  FROM      YEAR
                                                  NORMAL
..................................................................
TEMPERATURE (F)
 YESTERDAY
  MAXIMUM         59    232 PM  65    1954  47     12       47
  MINIMUM         31    745 AM  -3    1989  27      4       39
  AVERAGE         45                        37      8       43

PRECIPITATION (IN)
  YESTERDAY        0.00          4.87 2015   0.25  -0.25     4.87
  MONTH TO DATE    0.13                      1.46  -1.33     6.37
  SINCE OCT 1     22.62                     23.73  -1.11    26.37
  SINCE JAN 1     13.13                      8.52   4.61     6.85

SNOWFALL (IN)
  YESTERDAY       MM                         0.7   MM       MM
  MONTH TO DATE   MM                         4.1   MM       MM
  SINCE JUL 1     MM                        57.4   MM       MM
  SNOW DEPTH      MM

DEGREE DAYS
 HEATING
  YESTERDAY       20                        28     -8       22
  MONTH TO DATE  167                       168     -1      114
  SINCE DEC 1   1939                      1997    -58     1528
  SINCE JUL 1   3071                      3394   -323     2538

 COOLING
  YESTERDAY        0                         0      0        0
  MONTH TO DATE    0                         0      0        0
  SINCE DEC 1      0                         0      0        0
  SINCE JAN 1      0                         0      0        0
..................................................................


WIND (MPH)
  HIGHEST WIND SPEED     6   HIGHEST WIND DIRECTION    NW (310)
  HIGHEST GUST SPEED    11   HIGHEST GUST DIRECTION    SW (210)
  AVERAGE WIND SPEED     1.2


SKY COVER
  POSSIBLE SUNSHINE  MM
  AVERAGE SKY COVER 0.2


WEATHER CONDITIONS
 THE FOLLOWING WEATHER WAS RECORDED YESTERDAY.
  HAZE


RELATIVE HUMIDITY (PERCENT)
 HIGHEST    89          1100 PM
 LOWEST     38          1200 PM

..........................................................


THE MT SHASTA CITY CA CLIMATE NORMALS FOR TODAY
                         NORMAL    RECORD    YEAR
 MAXIMUM TEMPERATURE (F)   47        65      1970
 MINIMUM TEMPERATURE (F)   27        -1      1989


SUNRISE AND SUNSET
FEBRUARY  7 2016......SUNRISE   714 AM PST   SUNSET   533 PM PST
FEBRUARY  8 2016......SUNRISE   713 AM PST   SUNSET   534 PM PST


-  INDICATES NEGATIVE NUMBERS.
R  INDICATES RECORD WAS SET OR TIED.
MM INDICATES DATA IS MISSING.
T  INDICATES TRACE AMOUNT.




$$
