739
CDUS46 KMFR 300933
CLIMHS


CLIMATE REPORT
NATIONAL WEATHER SERVICE MEDFORD, OR
233 AM PDT THU MAR 30 2017


...................................

...THE MT SHASTA CITY CA CLIMATE SUMMARY FOR MARCH 29 2017...

CLIMATE NORMAL PERIOD 1981 TO 2010
CLIMATE RECORD PERIOD 1908 TO 2017


WEATHER ITEM   OBSERVED TIME   RECORD YEAR NORMAL DEPARTURE LAST
                VALUE   (LST)  VALUE       VALUE  FROM      YEAR
                                                  NORMAL
..................................................................
TEMPERATURE (F)
 YESTERDAY
  MAXIMUM         60    237 PM  78    1966  57      3       55
  MINIMUM         37    319 AM  17    1929  31      6       33
  AVERAGE         49                        44      5       44

PRECIPITATION (IN)
  YESTERDAY        0.17          2.84 1974   0.13   0.04      T
  MONTH TO DATE    6.01                      5.70   0.31    11.21
  SINCE OCT 1     49.32                     35.20  14.12    36.73
  SINCE JAN 1     28.16                     19.99   8.17    27.24

SNOWFALL (IN)
  YESTERDAY       MM                         0.4   MM       MM
  MONTH TO DATE   MM                        12.6   MM       MM
  SINCE JUL 1     MM                        85.5   MM       MM
  SNOW DEPTH      MM

DEGREE DAYS
 HEATING
  YESTERDAY       16                        21     -5       21
  MONTH TO DATE  586                       663    -77      599
  SINCE MAR 1    586                       663    -77      599
  SINCE JUL 1   4483                      4638   -155     4114

 COOLING
  YESTERDAY        0                         0      0        0
  MONTH TO DATE    0                         0      0        0
  SINCE MAR 1      0                         0      0        0
  SINCE JAN 1      0                         0      0        0
..................................................................


WIND (MPH)
  HIGHEST WIND SPEED    10   HIGHEST WIND DIRECTION     E (100)
  HIGHEST GUST SPEED    17   HIGHEST GUST DIRECTION     E (90)
  AVERAGE WIND SPEED     1.6


SKY COVER
  POSSIBLE SUNSHINE  MM
  AVERAGE SKY COVER 0.6


WEATHER CONDITIONS
 THE FOLLOWING WEATHER WAS RECORDED YESTERDAY.
  HEAVY RAIN
  RAIN
  LIGHT RAIN
  FOG


RELATIVE HUMIDITY (PERCENT)
 HIGHEST    93           700 PM
 LOWEST     57           300 PM

..........................................................


THE MT SHASTA CITY CA CLIMATE NORMALS FOR TODAY
                         NORMAL    RECORD    YEAR
 MAXIMUM TEMPERATURE (F)   57        77      2003
 MINIMUM TEMPERATURE (F)   31        17      1938


SUNRISE AND SUNSET
MARCH 30 2017.........SUNRISE   655 AM PDT   SUNSET   733 PM PDT
MARCH 31 2017.........SUNRISE   653 AM PDT   SUNSET   734 PM PDT


-  INDICATES NEGATIVE NUMBERS.
R  INDICATES RECORD WAS SET OR TIED.
MM INDICATES DATA IS MISSING.
T  INDICATES TRACE AMOUNT.




$$
