000
CDUS46 KMFR 040041
CLIMHS


CLIMATE REPORT
NATIONAL WEATHER SERVICE MEDFORD, OR
540 PM PDT FRI JUL 3 2015


...................................

...THE MT SHASTA CITY CA CLIMATE SUMMARY FOR JULY 3 2015...
VALID TODAY AS OF 0500 PM LOCAL TIME.

CLIMATE NORMAL PERIOD 1981 TO 2010
CLIMATE RECORD PERIOD 1908 TO 2015


WEATHER ITEM   OBSERVED TIME   RECORD YEAR NORMAL DEPARTURE LAST
                VALUE   (LST)  VALUE       VALUE  FROM      YEAR
                                                  NORMAL
..................................................................
TEMPERATURE (F)
 TODAY
  MAXIMUM         84    948 AM  99    1991  83      1       94
  MINIMUM         60    428 AM  36    1990  49     11       55
  AVERAGE         72                        66      6       75

PRECIPITATION (IN)
  TODAY            0.00          0.60 1920   0.02  -0.02     0.00
  MONTH TO DATE    0.00                      0.06  -0.06     0.00
  SINCE OCT 1     34.90                     41.87  -6.97    12.94
  SINCE JAN 1     15.38                     26.66 -11.28    11.83

SNOWFALL (IN)
  TODAY           MM                         0.0   MM       MM
  MONTH TO DATE   MM                         0.0   MM       MM
  SINCE JUL 1     MM                         0.0   MM       MM
  SNOW DEPTH      MM

DEGREE DAYS
 HEATING
  TODAY            0                         2     -2        0
  MONTH TO DATE    0                         6     -6        0
  SINCE JUN 1     21                       148   -127       56
  SINCE JUL 1      0                         6     -6        0

 COOLING
  TODAY            7                         3      4       10
  MONTH TO DATE   38                         9     29       31
  SINCE JUN 1    213                        46    167       89
  SINCE JAN 1    218                        54    164       98
..................................................................


WIND (MPH)
  HIGHEST WIND SPEED     6   HIGHEST WIND DIRECTION     E (100)
  HIGHEST GUST SPEED     9   HIGHEST GUST DIRECTION     E (90)
  AVERAGE WIND SPEED     0.4


SKY COVER
  POSSIBLE SUNSHINE  MM
  AVERAGE SKY COVER 0.0


WEATHER CONDITIONS
 THE FOLLOWING WEATHER WAS RECORDED TODAY.
  NO SIGNIFICANT WEATHER WAS OBSERVED.


RELATIVE HUMIDITY (PERCENT)
 HIGHEST    68           800 AM
 LOWEST     36          1200 AM

..........................................................


THE MT SHASTA CITY CA CLIMATE NORMALS FOR TOMORROW
                         NORMAL    RECORD    YEAR
 MAXIMUM TEMPERATURE (F)   83        97      2007
                                             1984
 MINIMUM TEMPERATURE (F)   49        31      1947


SUNRISE AND SUNSET
JULY  3 2015..........SUNRISE   541 AM PDT   SUNSET   846 PM PDT
JULY  4 2015..........SUNRISE   541 AM PDT   SUNSET   846 PM PDT


-  INDICATES NEGATIVE NUMBERS.
R  INDICATES RECORD WAS SET OR TIED.
MM INDICATES DATA IS MISSING.
T  INDICATES TRACE AMOUNT.




$$
