000
CDUS46 KMFR 270837
CLIMHS


CLIMATE REPORT
NATIONAL WEATHER SERVICE MEDFORD, OR
137 AM PDT THU JUL 27 2017


...................................

...THE MT SHASTA CITY CA CLIMATE SUMMARY FOR JULY 26 2017...

CLIMATE NORMAL PERIOD 1981 TO 2010
CLIMATE RECORD PERIOD 1908 TO 2017


WEATHER ITEM   OBSERVED TIME   RECORD YEAR NORMAL DEPARTURE LAST
                VALUE   (LST)  VALUE       VALUE  FROM      YEAR
                                                  NORMAL
..................................................................
TEMPERATURE (F)
 YESTERDAY
  MAXIMUM         90    214 PM  99    1931  88      2       96
  MINIMUM         51    511 AM  41    1955  50      1       57
  AVERAGE         71                        69      2       77

PRECIPITATION (IN)
  YESTERDAY        0.00          0.75 1986   0.01  -0.01     0.00
  MONTH TO DATE    0.00                      0.34  -0.34      T
  SINCE OCT 1     59.73                     42.15  17.58    42.31
  SINCE JAN 1     38.57                     26.94  11.63    32.82

SNOWFALL (IN)
  YESTERDAY       MM                         0.0   MM       MM
  MONTH TO DATE   MM                         0.0   MM       MM
  SINCE JUL 1     MM                         0.0   MM       MM
  SNOW DEPTH      MM

DEGREE DAYS
 HEATING
  YESTERDAY        0                         1     -1        0
  MONTH TO DATE    0                        32    -32       15
  SINCE JUN 1    105                       174    -69      102
  SINCE JUL 1      0                        32    -32       15

 COOLING
  YESTERDAY        6                         5      1       12
  MONTH TO DATE  185                       102     83      106
  SINCE JUN 1    291                       139    152      213
  SINCE JAN 1    305                       147    158      221
..................................................................


WIND (MPH)
  HIGHEST WIND SPEED     6   HIGHEST WIND DIRECTION    SE (130)
  HIGHEST GUST SPEED    12   HIGHEST GUST DIRECTION     W (270)
  AVERAGE WIND SPEED     0.9


SKY COVER
  POSSIBLE SUNSHINE  MM
  AVERAGE SKY COVER 0.0


WEATHER CONDITIONS
 THE FOLLOWING WEATHER WAS RECORDED YESTERDAY.
  NO SIGNIFICANT WEATHER WAS OBSERVED.


RELATIVE HUMIDITY (PERCENT)
 HIGHEST    77           500 AM
 LOWEST     18           400 PM

..........................................................


THE MT SHASTA CITY CA CLIMATE NORMALS FOR TODAY
                         NORMAL    RECORD    YEAR
 MAXIMUM TEMPERATURE (F)   88        99      2016
                                             1931
 MINIMUM TEMPERATURE (F)   50        39      1987


SUNRISE AND SUNSET
JULY 27 2017..........SUNRISE   600 AM PDT   SUNSET   831 PM PDT
JULY 28 2017..........SUNRISE   601 AM PDT   SUNSET   830 PM PDT


-  INDICATES NEGATIVE NUMBERS.
R  INDICATES RECORD WAS SET OR TIED.
MM INDICATES DATA IS MISSING.
T  INDICATES TRACE AMOUNT.




$$
