000
CDUS46 KMFR 280036
CLIMHS


CLIMATE REPORT
NATIONAL WEATHER SERVICE MEDFORD, OR
536 PM PDT SAT MAY 27 2017


...................................

...THE MT SHASTA CITY CA CLIMATE SUMMARY FOR MAY 27 2017...
VALID TODAY AS OF 0500 PM LOCAL TIME.

CLIMATE NORMAL PERIOD 1981 TO 2010
CLIMATE RECORD PERIOD 1908 TO 2017


WEATHER ITEM   OBSERVED TIME   RECORD YEAR NORMAL DEPARTURE LAST
                VALUE   (LST)  VALUE       VALUE  FROM      YEAR
                                                  NORMAL
..................................................................
TEMPERATURE (F)
 TODAY
  MAXIMUM         83    155 PM  90    1983  72     11       72
  MINIMUM         40    453 AM  19    1927  42     -2       44
  AVERAGE         62                        57      5       58

PRECIPITATION (IN)
  TODAY            0.00          2.29 1990   0.07  -0.07     0.00
  MONTH TO DATE    0.17                      1.94  -1.77     1.28
  SINCE OCT 1     58.11                     40.33  17.78    39.91
  SINCE JAN 1     36.95                     25.12  11.83    30.42

SNOWFALL (IN)
  TODAY           MM                         0.0   MM       MM
  MONTH TO DATE   MM                         0.3   MM       MM
  SINCE JUL 1     MM                        91.8   MM       MM
  SNOW DEPTH      MM

DEGREE DAYS
 HEATING
  TODAY            3                         8     -5        7
  MONTH TO DATE  228                       304    -76      215
  SINCE MAR 1   1408                      1544   -136     1205
  SINCE JUL 1   5305                      5519   -214     4720

 COOLING
  TODAY            0                         0      0        0
  MONTH TO DATE   10                         0     10        4
  SINCE MAR 1     10                         0     10        4
  SINCE JAN 1     10                         0     10        4
..................................................................


WIND (MPH)
  HIGHEST WIND SPEED     6   HIGHEST WIND DIRECTION     W (250)
  HIGHEST GUST SPEED    12   HIGHEST GUST DIRECTION    SW (220)
  AVERAGE WIND SPEED     0.6


SKY COVER
  POSSIBLE SUNSHINE  MM
  AVERAGE SKY COVER 0.0


WEATHER CONDITIONS
 THE FOLLOWING WEATHER WAS RECORDED TODAY.
  NO SIGNIFICANT WEATHER WAS OBSERVED.


RELATIVE HUMIDITY (PERCENT)
 HIGHEST    89           100 AM
 LOWEST     18           200 PM

..........................................................


THE MT SHASTA CITY CA CLIMATE NORMALS FOR TOMORROW
                         NORMAL    RECORD    YEAR
 MAXIMUM TEMPERATURE (F)   72        94      1984
 MINIMUM TEMPERATURE (F)   42        27      1909
                                             1977


SUNRISE AND SUNSET
MAY 27 2017...........SUNRISE   541 AM PDT   SUNSET   833 PM PDT
MAY 28 2017...........SUNRISE   540 AM PDT   SUNSET   833 PM PDT


-  INDICATES NEGATIVE NUMBERS.
R  INDICATES RECORD WAS SET OR TIED.
MM INDICATES DATA IS MISSING.
T  INDICATES TRACE AMOUNT.




$$
