000
CDUS46 KMFR 290837
CLIMHS


CLIMATE REPORT
NATIONAL WEATHER SERVICE MEDFORD, OR
137 AM PDT WED JUL 29 2015


...................................

...THE MT SHASTA CITY CA CLIMATE SUMMARY FOR JULY 28 2015...

CLIMATE NORMAL PERIOD 1981 TO 2010
CLIMATE RECORD PERIOD 1908 TO 2015


WEATHER ITEM   OBSERVED TIME   RECORD YEAR NORMAL DEPARTURE LAST
                VALUE   (LST)  VALUE       VALUE  FROM      YEAR
                                                  NORMAL
..................................................................
TEMPERATURE (F)
 YESTERDAY
  MAXIMUM         87    331 PM  98    2014  88     -1       98
                                      2009
                                      1968
  MINIMUM         49    532 AM  38    1965  50     -1       53
  AVERAGE         68                        69     -1       76

PRECIPITATION (IN)
  YESTERDAY        0.00          0.43 1947   0.01  -0.01     0.00
  MONTH TO DATE    1.50                      0.36   1.14     0.24
  SINCE OCT 1     36.40                     42.17  -5.77    13.18
  SINCE JAN 1     16.88                     26.96 -10.08    12.07

SNOWFALL (IN)
  YESTERDAY       MM                         0.0   MM       MM
  MONTH TO DATE   MM                         0.0   MM       MM
  SINCE JUL 1     MM                         0.0   MM       MM
  SNOW DEPTH      MM

DEGREE DAYS
 HEATING
  YESTERDAY        0                         1     -1        0
  MONTH TO DATE    5                        34    -29        1
  SINCE JUN 1     26                       176   -150       57
  SINCE JUL 1      5                        34    -29        1

 COOLING
  YESTERDAY        3                         5     -2       11
  MONTH TO DATE  146                       112     34      257
  SINCE JUN 1    321                       149    172      315
  SINCE JAN 1    326                       157    169      324
..................................................................


WIND (MPH)
  HIGHEST WIND SPEED     8   HIGHEST WIND DIRECTION     W (290)
  HIGHEST GUST SPEED    15   HIGHEST GUST DIRECTION     W (290)
  AVERAGE WIND SPEED     3.8


SKY COVER
  POSSIBLE SUNSHINE  MM
  AVERAGE SKY COVER 0.0


WEATHER CONDITIONS
 THE FOLLOWING WEATHER WAS RECORDED YESTERDAY.
  NO SIGNIFICANT WEATHER WAS OBSERVED.


RELATIVE HUMIDITY (PERCENT)
 HIGHEST    71           500 AM
 LOWEST     20           500 PM

..........................................................


THE MT SHASTA CITY CA CLIMATE NORMALS FOR TODAY
                         NORMAL    RECORD    YEAR
 MAXIMUM TEMPERATURE (F)   88        99      2014
                                             2009
 MINIMUM TEMPERATURE (F)   50        36      1919


SUNRISE AND SUNSET
JULY 29 2015..........SUNRISE   601 AM PDT   SUNSET   829 PM PDT
JULY 30 2015..........SUNRISE   602 AM PDT   SUNSET   828 PM PDT


-  INDICATES NEGATIVE NUMBERS.
R  INDICATES RECORD WAS SET OR TIED.
MM INDICATES DATA IS MISSING.
T  INDICATES TRACE AMOUNT.




$$
