000
CDUS46 KMFR 190837
CLIMHS


CLIMATE REPORT
NATIONAL WEATHER SERVICE MEDFORD, OR
137 AM PDT TUE SEP 19 2017


...................................

...THE MT SHASTA CITY CA CLIMATE SUMMARY FOR SEPTEMBER 18 2017...

CLIMATE NORMAL PERIOD 1981 TO 2010
CLIMATE RECORD PERIOD 1908 TO 2017


WEATHER ITEM   OBSERVED TIME   RECORD YEAR NORMAL DEPARTURE LAST
                VALUE   (LST)  VALUE       VALUE  FROM      YEAR
                                                  NORMAL
..................................................................
TEMPERATURE (F)
 YESTERDAY
  MAXIMUM         69    106 PM  93    1951  78     -9       87
  MINIMUM         44   1159 PM  28    1926  43      1       52
  AVERAGE         57                        60     -3       70

PRECIPITATION (IN)
  YESTERDAY        0.00          1.23 1959   0.02  -0.02     0.00
  MONTH TO DATE    0.28                      0.35  -0.07     0.00
  SINCE OCT 1     60.15                     42.89  17.26    42.31
  SINCE JAN 1     38.99                     27.68  11.31    32.82

SNOWFALL (IN)
  YESTERDAY       MM                         0.0   MM       MM
  MONTH TO DATE   MM                         0.0   MM       MM
  SINCE JUL 1     MM                         0.0   MM       MM
  SNOW DEPTH      MM

DEGREE DAYS
 HEATING
  YESTERDAY        8                         6      2        0
  MONTH TO DATE   31                        76    -45       49
  SINCE SEP 1     31                        76    -45       49
  SINCE JUL 1     31                       151   -120       64

 COOLING
  YESTERDAY        0                         1     -1        5
  MONTH TO DATE  100                        19     81       17
  SINCE SEP 1    100                        19     81       17
  SINCE JAN 1    700                       279    421      495
..................................................................


WIND (MPH)
  HIGHEST WIND SPEED    12   HIGHEST WIND DIRECTION     N (20)
  HIGHEST GUST SPEED    20   HIGHEST GUST DIRECTION     N (10)
  AVERAGE WIND SPEED     2.5


SKY COVER
  POSSIBLE SUNSHINE  MM
  AVERAGE SKY COVER 0.3


WEATHER CONDITIONS
 THE FOLLOWING WEATHER WAS RECORDED YESTERDAY.
  NO SIGNIFICANT WEATHER WAS OBSERVED.


RELATIVE HUMIDITY (PERCENT)
 HIGHEST    93           700 AM
 LOWEST     37           300 PM

..........................................................


THE MT SHASTA CITY CA CLIMATE NORMALS FOR TODAY
                         NORMAL    RECORD    YEAR
 MAXIMUM TEMPERATURE (F)   77        93      1974
 MINIMUM TEMPERATURE (F)   42        26      1965


SUNRISE AND SUNSET
SEPTEMBER 19 2017.....SUNRISE   654 AM PDT   SUNSET   711 PM PDT
SEPTEMBER 20 2017.....SUNRISE   655 AM PDT   SUNSET   709 PM PDT


-  INDICATES NEGATIVE NUMBERS.
R  INDICATES RECORD WAS SET OR TIED.
MM INDICATES DATA IS MISSING.
T  INDICATES TRACE AMOUNT.




$$
