000
CDUS42 KMFL 032137
CLIMIA


CLIMATE REPORT
NATIONAL WEATHER SERVICE MIAMI, FL
436 PM EST TUE MAR 3 2015


...................................

...THE MIAMI CLIMATE SUMMARY FOR MARCH 3 2015...
VALID TODAY AS OF 0400 PM LOCAL TIME.

CLIMATE NORMAL PERIOD 1981 TO 2010
CLIMATE RECORD PERIOD 1895 TO 2015


WEATHER ITEM   OBSERVED TIME   RECORD YEAR NORMAL DEPARTURE LAST
                VALUE   (LST)  VALUE       VALUE  FROM      YEAR
                                                  NORMAL
..................................................................
TEMPERATURE (F)
 TODAY
  MAXIMUM         83    126 PM  90    2007  79      4       82
  MINIMUM         70    340 AM  32    1980  64      6       65
  AVERAGE         77                        72      5       74

PRECIPITATION (IN)
  TODAY            0.00          1.41 1978   0.08  -0.08     0.00
  MONTH TO DATE    T                         0.24  -0.24     0.00
  SINCE NOV 1      7.74                      9.42  -1.68    13.47
  SINCE JAN 1      3.76                      4.11  -0.35     3.07

SNOWFALL (IN)
  TODAY            0.0
  MONTH TO DATE    0.0
  SINCE MAR 1      0.0
  SINCE JUL 1      0.0
  SNOW DEPTH       0

DEGREE DAYS
 HEATING
  TODAY            0                         1     -1        0
  MONTH TO DATE    0                         3     -3        0
  SINCE MAR 1      0                         3     -3        0
  SINCE JUL 1     76                       119    -43       61

 COOLING
  TODAY           12                         7      5        9
  MONTH TO DATE   37                        21     16       22
  SINCE MAR 1     37                        21     16       22
  SINCE JAN 1    376                       343     33      443
..................................................................


WIND (MPH)
  HIGHEST WIND SPEED    21   HIGHEST WIND DIRECTION     E (100)
  HIGHEST GUST SPEED    25   HIGHEST GUST DIRECTION     E (90)
  AVERAGE WIND SPEED    10.3


SKY COVER
  AVERAGE SKY COVER 0.4


WEATHER CONDITIONS
 THE FOLLOWING WEATHER WAS RECORDED TODAY.
  NO SIGNIFICANT WEATHER WAS OBSERVED.


RELATIVE HUMIDITY (PERCENT)
 HIGHEST    84
 LOWEST     54
 AVERAGE    69

..........................................................


THE MIAMI CLIMATE NORMALS FOR TOMORROW
                         NORMAL    RECORD    YEAR
 MAXIMUM TEMPERATURE (F)   79        90      2003
 MINIMUM TEMPERATURE (F)   64        39      1927


SUNRISE AND SUNSET
MARCH  3 2015.........SUNRISE   643 AM EST   SUNSET   624 PM EST
MARCH  4 2015.........SUNRISE   642 AM EST   SUNSET   624 PM EST


-  INDICATES NEGATIVE NUMBERS.
R  INDICATES RECORD WAS SET OR TIED.
MM INDICATES DATA IS MISSING.
T  INDICATES TRACE AMOUNT.




$$
