000
CDUS42 KMFL 110824
CLIMIA


CLIMATE REPORT
NATIONAL WEATHER SERVICE MIAMI, FL
424 AM EDT FRI JUL 11 2014


...................................

...THE MIAMI CLIMATE SUMMARY FOR JULY 10 2014...

CLIMATE NORMAL PERIOD 1981 TO 2010
CLIMATE RECORD PERIOD 1839 TO 2014


WEATHER ITEM   OBSERVED TIME   RECORD YEAR NORMAL DEPARTURE LAST
                VALUE   (LST)  VALUE       VALUE  FROM      YEAR
                                                  NORMAL
..................................................................
TEMPERATURE (F)
 YESTERDAY
  MAXIMUM         90    129 PM  94    2010  91     -1       88
  MINIMUM         76    517 AM  67    1917  77     -1       73
  AVERAGE         83                        84     -1       81

PRECIPITATION (IN)
  YESTERDAY        0.04          3.12 1954   0.22  -0.18     0.18
  MONTH TO DATE    2.17                      2.45  -0.28     1.79
  SINCE JUN 1     21.79                     12.12   9.67     7.97
  SINCE JAN 1     31.94                     27.47   4.47    27.34

SNOWFALL (IN)
  YESTERDAY        0.0
  MONTH TO DATE    0.0
  SINCE JUN 1      0.0
  SINCE JUL 1      0.0
  SNOW DEPTH       0

DEGREE DAYS
 HEATING
  YESTERDAY        0                         0      0
  MONTH TO DATE    0                         0      0
  SINCE JUN 1      0                         0      0
  SINCE JUL 1      0                         0      0

 COOLING
  YESTERDAY       18                        19     -1
  MONTH TO DATE  187                       189     -2
  SINCE JUN 1    689                       721    -32
  SINCE JAN 1   2263                      2077    186
..................................................................


WIND (MPH)
  HIGHEST WIND SPEED    17   HIGHEST WIND DIRECTION     E (80)
  HIGHEST GUST SPEED    22   HIGHEST GUST DIRECTION     S (160)
  AVERAGE WIND SPEED     4.1


SKY COVER
  POSSIBLE SUNSHINE  29 PERCENT
  AVERAGE SKY COVER 0.6


WEATHER CONDITIONS
 THE FOLLOWING WEATHER WAS RECORDED YESTERDAY.
  THUNDERSTORM
  LIGHT RAIN


RELATIVE HUMIDITY (PERCENT)
 HIGHEST    94
 LOWEST     69
 AVERAGE    82

..........................................................


THE MIAMI CLIMATE NORMALS FOR TODAY
                         NORMAL    RECORD    YEAR
 MAXIMUM TEMPERATURE (F)   91        95      2010
                                             1981
 MINIMUM TEMPERATURE (F)   77        69      1922


SUNRISE AND SUNSET
JULY 11 2014..........SUNRISE   637 AM EDT   SUNSET   816 PM EDT
JULY 12 2014..........SUNRISE   638 AM EDT   SUNSET   816 PM EDT


-  INDICATES NEGATIVE NUMBERS.
R  INDICATES RECORD WAS SET OR TIED.
MM INDICATES DATA IS MISSING.
T  INDICATES TRACE AMOUNT.




$$
