000
CDUS42 KMFL 050823
CLIMIA


CLIMATE REPORT
NATIONAL WEATHER SERVICE MIAMI, FL
423 AM EDT SAT SEP 5 2015


...................................

...THE MIAMI CLIMATE SUMMARY FOR SEPTEMBER 4 2015...

CLIMATE NORMAL PERIOD 1981 TO 2010
CLIMATE RECORD PERIOD 1895 TO 2015


WEATHER ITEM   OBSERVED TIME   RECORD YEAR NORMAL DEPARTURE LAST
                VALUE   (LST)  VALUE       VALUE  FROM      YEAR
                                                  NORMAL
..................................................................
TEMPERATURE (F)
 YESTERDAY
  MAXIMUM         94   1256 PM  95    2010  90      4       87
  MINIMUM         76    455 PM  69    1939  77     -1       77
                                      1902
  AVERAGE         85                        83      2       82

PRECIPITATION (IN)
  YESTERDAY        0.37          3.30 1937   0.33   0.04     0.23
  MONTH TO DATE    1.56                      1.31   0.25     1.11
  SINCE JUN 1     20.09                     26.36  -6.27    40.09
  SINCE JAN 1     31.59                     41.71 -10.12    50.24

SNOWFALL (IN)
  YESTERDAY        0.0
  MONTH TO DATE    0.0
  SINCE SEP 1      0.0
  SINCE JUL 1      0.0
  SNOW DEPTH       0

DEGREE DAYS
 HEATING
  YESTERDAY        0                         0      0        0
  MONTH TO DATE    0                         0      0        0
  SINCE SEP 1      0                         0      0        0
  SINCE JUL 1      0                         0      0        0

 COOLING
  YESTERDAY       20                        18      2       17
  MONTH TO DATE   82                        74      8       74
  SINCE SEP 1     82                        74      8       74
  SINCE JAN 1   3560                      3149    411     3369
..................................................................


WIND (MPH)
  HIGHEST WIND SPEED    16   HIGHEST WIND DIRECTION    SW (220)
  HIGHEST GUST SPEED    20   HIGHEST GUST DIRECTION    NE (30)
  AVERAGE WIND SPEED     4.1


SKY COVER
  POSSIBLE SUNSHINE  54 PERCENT
  AVERAGE SKY COVER 0.6


WEATHER CONDITIONS
 THE FOLLOWING WEATHER WAS RECORDED YESTERDAY.
  THUNDERSTORM
  LIGHT RAIN
  FOG
  HAZE


RELATIVE HUMIDITY (PERCENT)
 HIGHEST    94
 LOWEST     52
 AVERAGE    73

..........................................................


THE MIAMI CLIMATE NORMALS FOR TODAY
                         NORMAL    RECORD    YEAR
 MAXIMUM TEMPERATURE (F)   90        93      1996
                                             1988
                                             1987
 MINIMUM TEMPERATURE (F)   77        70      1937
                                             1909


SUNRISE AND SUNSET
SEPTEMBER  5 2015.....SUNRISE   703 AM EDT   SUNSET   736 PM EDT
SEPTEMBER  6 2015.....SUNRISE   703 AM EDT   SUNSET   735 PM EDT


-  INDICATES NEGATIVE NUMBERS.
R  INDICATES RECORD WAS SET OR TIED.
MM INDICATES DATA IS MISSING.
T  INDICATES TRACE AMOUNT.




$$
