000
CDUS42 KMFL 290821
CLIMIA


CLIMATE REPORT
NATIONAL WEATHER SERVICE MIAMI, FL
420 AM EDT THU JUN 29 2017


...................................

...THE MIAMI CLIMATE SUMMARY FOR JUNE 28 2017...

CLIMATE NORMAL PERIOD 1981 TO 2010
CLIMATE RECORD PERIOD 1895 TO 2017


WEATHER ITEM   OBSERVED TIME   RECORD YEAR NORMAL DEPARTURE LAST
                VALUE   (LST)  VALUE       VALUE  FROM      YEAR
                                                  NORMAL
..................................................................
TEMPERATURE (F)
 YESTERDAY
  MAXIMUM         92   1215 PM  93    2012  90      2       88
                                      2004
                                      1991
  MINIMUM         76    104 PM  67    1938  77     -1       76
  AVERAGE         84                        83      1       82

PRECIPITATION (IN)
  YESTERDAY        0.69          2.54 1961   0.32   0.37     0.46
  MONTH TO DATE   14.24                      9.02   5.22     7.26
  SINCE JUN 1     14.24                      9.02   5.22     7.26
  SINCE JAN 1     27.72                     24.37   3.35    27.65

SNOWFALL (IN)
  YESTERDAY        0.0
  MONTH TO DATE    0.0
  SINCE JUN 1      0.0
  SINCE JUL 1      0.0
  SNOW DEPTH       0

DEGREE DAYS
 HEATING
  YESTERDAY        0                         0      0        0
  MONTH TO DATE    0                         0      0        0
  SINCE JUN 1      0                         0      0        0
  SINCE JUL 1     17                       128   -111       67

 COOLING
  YESTERDAY       19                        18      1       17
  MONTH TO DATE  529                       495     34      524
  SINCE JUN 1    529                       495     34      524
  SINCE JAN 1   2233                      1851    382     1986
..................................................................


WIND (MPH)
  HIGHEST WIND SPEED    17   HIGHEST WIND DIRECTION     E (80)
  HIGHEST GUST SPEED    26   HIGHEST GUST DIRECTION     E (80)
  AVERAGE WIND SPEED     5.4


SKY COVER
  POSSIBLE SUNSHINE  36 PERCENT
  AVERAGE SKY COVER 0.7


WEATHER CONDITIONS
 THE FOLLOWING WEATHER WAS RECORDED YESTERDAY.
  THUNDERSTORM
  HEAVY RAIN
  LIGHT RAIN


RELATIVE HUMIDITY (PERCENT)
 HIGHEST    85
 LOWEST     59
 AVERAGE    72

..........................................................


THE MIAMI CLIMATE NORMALS FOR TODAY
                         NORMAL    RECORD    YEAR
 MAXIMUM TEMPERATURE (F)   90        94      1993
                                             1988
 MINIMUM TEMPERATURE (F)   77        68      1938
                                             1908


SUNRISE AND SUNSET
JUNE 29 2017..........SUNRISE   633 AM EDT   SUNSET   817 PM EDT
JUNE 30 2017..........SUNRISE   633 AM EDT   SUNSET   817 PM EDT


-  INDICATES NEGATIVE NUMBERS.
R  INDICATES RECORD WAS SET OR TIED.
MM INDICATES DATA IS MISSING.
T  INDICATES TRACE AMOUNT.




$$
