000
CDUS42 KMFL 300843
CLIMIA


CLIMATE REPORT
NATIONAL WEATHER SERVICE MIAMI, FL
431 AM EDT MON MAY 30 2016


...................................

...THE MIAMI CLIMATE SUMMARY FOR MAY 29 2016...

CLIMATE NORMAL PERIOD 1981 TO 2010
CLIMATE RECORD PERIOD 1895 TO 2016


WEATHER ITEM   OBSERVED TIME   RECORD YEAR NORMAL DEPARTURE LAST
                VALUE   (LST)  VALUE       VALUE  FROM      YEAR
                                                  NORMAL
..................................................................
TEMPERATURE (F)
 YESTERDAY
  MAXIMUM         90    210 PM  94    1951  88      2       87
  MINIMUM         75    537 AM  58    1937  75      0       73
  AVERAGE         83                        82      1       80

PRECIPITATION (IN)
  YESTERDAY        0.00          3.93 1970   0.25  -0.25     0.00
  MONTH TO DATE    8.27                      4.83   3.44     1.62
  SINCE NOV 1     37.76                     20.15  17.61    14.71
  SINCE JAN 1     20.39                     14.84   5.55    10.73

SNOWFALL (IN)
  YESTERDAY        0.0
  MONTH TO DATE    0.0
  SINCE MAR 1      0.0
  SINCE JUL 1      0.0
  SNOW DEPTH       0

DEGREE DAYS
 HEATING
  YESTERDAY        0                         0      0        0
  MONTH TO DATE    0                         0      0        0
  SINCE MAR 1      0                        12    -12        0
  SINCE JUL 1     67                       128    -61       76

 COOLING
  YESTERDAY       18                        17      1       15
  MONTH TO DATE  443                       429     14      465
  SINCE MAR 1   1174                      1000    174     1305
  SINCE JAN 1   1431                      1322    109     1644
..................................................................


WIND (MPH)
  HIGHEST WIND SPEED    17   HIGHEST WIND DIRECTION     E (110)
  HIGHEST GUST SPEED    24   HIGHEST GUST DIRECTION     E (110)
  AVERAGE WIND SPEED     5.2


SKY COVER
  POSSIBLE SUNSHINE  80 PERCENT
  AVERAGE SKY COVER 0.5


WEATHER CONDITIONS
 THE FOLLOWING WEATHER WAS RECORDED YESTERDAY.
  NO SIGNIFICANT WEATHER WAS OBSERVED.


RELATIVE HUMIDITY (PERCENT)
 HIGHEST    87
 LOWEST     44
 AVERAGE    66

..........................................................


THE MIAMI CLIMATE NORMALS FOR TODAY
                         NORMAL    RECORD    YEAR
 MAXIMUM TEMPERATURE (F)   89        93      2012
                                             1996
 MINIMUM TEMPERATURE (F)   75        60      1937


SUNRISE AND SUNSET
MAY 30 2016...........SUNRISE   630 AM EDT   SUNSET   808 PM EDT
MAY 31 2016...........SUNRISE   630 AM EDT   SUNSET   808 PM EDT


-  INDICATES NEGATIVE NUMBERS.
R  INDICATES RECORD WAS SET OR TIED.
MM INDICATES DATA IS MISSING.
T  INDICATES TRACE AMOUNT.




$$
