000
CDUS42 KMFL 220923
CLIMIA


CLIMATE REPORT
NATIONAL WEATHER SERVICE MIAMI, FL
422 AM EST WED FEB 22 2017


...................................

...THE MIAMI CLIMATE SUMMARY FOR FEBRUARY 21 2017...

CLIMATE NORMAL PERIOD 1981 TO 2010
CLIMATE RECORD PERIOD 1895 TO 2017


WEATHER ITEM   OBSERVED TIME   RECORD YEAR NORMAL DEPARTURE LAST
                VALUE   (LST)  VALUE       VALUE  FROM      YEAR
                                                  NORMAL
..................................................................
TEMPERATURE (F)
 YESTERDAY
  MAXIMUM         76    303 PM  86    1989  79     -3       79
  MINIMUM         63    305 AM  41    1977  63      0       64
                                      1901
  AVERAGE         70                        71     -1       72

PRECIPITATION (IN)
  YESTERDAY        T             2.51 1922   0.07  -0.07     0.00
  MONTH TO DATE    T                         1.67  -1.67     2.14
  SINCE NOV 1      6.67                      8.60  -1.93    27.08
  SINCE JAN 1      3.40                      3.29   0.11     9.71

SNOWFALL (IN)
  YESTERDAY        0.0
  MONTH TO DATE    0.0
  SINCE DEC 1      0.0
  SINCE JUL 1      0.0
  SNOW DEPTH       0

DEGREE DAYS
 HEATING
  YESTERDAY        0                         1     -1        0
  MONTH TO DATE    0                        21    -21       22
  SINCE DEC 1     14                       108    -94       62
  SINCE JUL 1     14                       111    -97       62

 COOLING
  YESTERDAY        5                         7     -2        7
  MONTH TO DATE  161                       122     39       95
  SINCE DEC 1    790                       476    314      604
  SINCE JAN 1    419                       273    146      216
..................................................................


WIND (MPH)
  HIGHEST WIND SPEED    18   HIGHEST WIND DIRECTION     E (100)
  HIGHEST GUST SPEED    23   HIGHEST GUST DIRECTION     E (80)
  AVERAGE WIND SPEED     8.2


SKY COVER
  POSSIBLE SUNSHINE  20 PERCENT
  AVERAGE SKY COVER 0.8


WEATHER CONDITIONS
 THE FOLLOWING WEATHER WAS RECORDED YESTERDAY.
  LIGHT RAIN


RELATIVE HUMIDITY (PERCENT)
 HIGHEST    84
 LOWEST     54
 AVERAGE    69

..........................................................


THE MIAMI CLIMATE NORMALS FOR TODAY
                         NORMAL    RECORD    YEAR
 MAXIMUM TEMPERATURE (F)   79        87      1987
                                             1974
 MINIMUM TEMPERATURE (F)   63        40      1901


SUNRISE AND SUNSET
FEBRUARY 22 2017......SUNRISE   650 AM EST   SUNSET   619 PM EST
FEBRUARY 23 2017......SUNRISE   650 AM EST   SUNSET   620 PM EST


-  INDICATES NEGATIVE NUMBERS.
R  INDICATES RECORD WAS SET OR TIED.
MM INDICATES DATA IS MISSING.
T  INDICATES TRACE AMOUNT.




$$
