000
CDUS42 KMFL 270827
CLIMIA


CLIMATE REPORT
NATIONAL WEATHER SERVICE MIAMI, FL
426 AM EDT WED JUL 27 2016


...................................

...THE MIAMI CLIMATE SUMMARY FOR JULY 26 2016...

CLIMATE NORMAL PERIOD 1981 TO 2010
CLIMATE RECORD PERIOD 1895 TO 2016


WEATHER ITEM   OBSERVED TIME   RECORD YEAR NORMAL DEPARTURE LAST
                VALUE   (LST)  VALUE       VALUE  FROM      YEAR
                                                  NORMAL
..................................................................
TEMPERATURE (F)
 YESTERDAY
  MAXIMUM         91    247 PM  97    1983  91      0       85
  MINIMUM         77   1010 PM  70    1946  78     -1       76
  AVERAGE         84                        84      0       81

PRECIPITATION (IN)
  YESTERDAY        0.14          1.99 1995   0.19  -0.05     0.19
  MONTH TO DATE    3.93                      5.48  -1.55     3.86
  SINCE JUN 1     12.65                     15.15  -2.50     7.46
  SINCE JAN 1     33.04                     30.50   2.54    18.96

SNOWFALL (IN)
  YESTERDAY        0.0
  MONTH TO DATE    0.0
  SINCE JUN 1      0.0
  SINCE JUL 1      0.0
  SNOW DEPTH       0

DEGREE DAYS
 HEATING
  YESTERDAY        0                         0      0        0
  MONTH TO DATE    0                         0      0        0
  SINCE JUN 1      0                         0      0        0
  SINCE JUL 1      0                         0      0        0

 COOLING
  YESTERDAY       19                        19      0       16
  MONTH TO DATE  518                       493     25      513
  SINCE JUN 1   1079                      1025     54     1078
  SINCE JAN 1   2541                      2381    160     2755
..................................................................


WIND (MPH)
  HIGHEST WIND SPEED    22   HIGHEST WIND DIRECTION     E (110)
  HIGHEST GUST SPEED    26   HIGHEST GUST DIRECTION    SE (120)
  AVERAGE WIND SPEED     9.5


SKY COVER
  POSSIBLE SUNSHINE  95 PERCENT
  AVERAGE SKY COVER 0.5


WEATHER CONDITIONS
 THE FOLLOWING WEATHER WAS RECORDED YESTERDAY.
  HEAVY RAIN
  LIGHT RAIN


RELATIVE HUMIDITY (PERCENT)
 HIGHEST    85
 LOWEST     56
 AVERAGE    71

..........................................................


THE MIAMI CLIMATE NORMALS FOR TODAY
                         NORMAL    RECORD    YEAR
 MAXIMUM TEMPERATURE (F)   91        95      1993
                                             1990
 MINIMUM TEMPERATURE (F)   78        71      1946
                                             1940
                                             1937


SUNRISE AND SUNSET
JULY 27 2016..........SUNRISE   645 AM EDT   SUNSET   810 PM EDT
JULY 28 2016..........SUNRISE   646 AM EDT   SUNSET   809 PM EDT


-  INDICATES NEGATIVE NUMBERS.
R  INDICATES RECORD WAS SET OR TIED.
MM INDICATES DATA IS MISSING.
T  INDICATES TRACE AMOUNT.




$$
