000
CDUS42 KMFL 282016
CLIMIA


CLIMATE REPORT
NATIONAL WEATHER SERVICE MIAMI, FL
416 PM EDT TUE MAR 28 2017


...................................

...THE MIAMI CLIMATE SUMMARY FOR MARCH 28 2017...
VALID TODAY AS OF 0400 PM LOCAL TIME.

CLIMATE NORMAL PERIOD 1981 TO 2010
CLIMATE RECORD PERIOD 1895 TO 2017


WEATHER ITEM   OBSERVED TIME   RECORD YEAR NORMAL DEPARTURE LAST
                VALUE   (LST)  VALUE       VALUE  FROM      YEAR
                                                  NORMAL
..................................................................
TEMPERATURE (F)
 TODAY
  MAXIMUM         83    259 PM  91    2016  81      2       91
  MINIMUM         67    751 AM  52    1955  66      1       74
                                      1897
  AVERAGE         75                        74      1       83

PRECIPITATION (IN)
  TODAY            0.00          2.52 1940   0.11  -0.11     0.00
  MONTH TO DATE    3.92                      2.66   1.26     0.24
  SINCE NOV 1     11.90                     11.84   0.06    28.03
  SINCE JAN 1      8.63                      6.53   2.10    10.66

SNOWFALL (IN)
  TODAY            0.0
  MONTH TO DATE    0.0
  SINCE MAR 1      0.0
  SINCE JUL 1      0.0
  SNOW DEPTH       0

DEGREE DAYS
 HEATING
  TODAY            0                         0      0        0
  MONTH TO DATE    3                         8     -5        0
  SINCE MAR 1      3                         8     -5        0
  SINCE JUL 1     17                       124   -107       67

 COOLING
  TODAY           10                         9      1       18
  MONTH TO DATE  229                       220      9      324
  SINCE MAR 1    229                       220      9      324
  SINCE JAN 1    723                       542    181      581
..................................................................


WIND (MPH)
  HIGHEST WIND SPEED    12   HIGHEST WIND DIRECTION    SE (140)
  HIGHEST GUST SPEED    19   HIGHEST GUST DIRECTION    SE (120)
  AVERAGE WIND SPEED     2.8


SKY COVER
  AVERAGE SKY COVER 0.4


WEATHER CONDITIONS
 THE FOLLOWING WEATHER WAS RECORDED TODAY.
  NO SIGNIFICANT WEATHER WAS OBSERVED.


RELATIVE HUMIDITY (PERCENT)
 HIGHEST    87
 LOWEST     51
 AVERAGE    69

..........................................................


THE MIAMI CLIMATE NORMALS FOR TOMORROW
                         NORMAL    RECORD    YEAR
 MAXIMUM TEMPERATURE (F)   81        90      1974
 MINIMUM TEMPERATURE (F)   66        52      1955
                                             1937


SUNRISE AND SUNSET
MARCH 28 2017.........SUNRISE   716 AM EDT   SUNSET   736 PM EDT
MARCH 29 2017.........SUNRISE   715 AM EDT   SUNSET   737 PM EDT


-  INDICATES NEGATIVE NUMBERS.
R  INDICATES RECORD WAS SET OR TIED.
MM INDICATES DATA IS MISSING.
T  INDICATES TRACE AMOUNT.




$$
