000
CDUS43 KIND 270540
CLIMIE


CLIMATE REPORT
NATIONAL WEATHER SERVICE INDIANAPOLIS IN
137 AM EDT SAT MAY 27 2017


...................................

...THE MUNCIE IN CLIMATE SUMMARY FOR MAY 26 2017...

CLIMATE NORMAL PERIOD 1981 TO 2010
CLIMATE RECORD PERIOD 9999 TO 9999


WEATHER ITEM   OBSERVED TIME   NORMAL DEPARTURE LAST
                VALUE   (LST)  VALUE  FROM      YEAR
                                      NORMAL
......................................................
TEMPERATURE (F)
 YESTERDAY
  MAXIMUM         78    510 PM  75      3       81
  MINIMUM         55    606 AM  55      0       68
  AVERAGE         67            65      2       75

PRECIPITATION (IN)
  YESTERDAY        0.60          0.15   0.45      T
  MONTH TO DATE    3.52          3.62  -0.10     2.64
  SINCE MAR 1     13.82         10.24   3.58    10.90
  SINCE JAN 1     19.53         14.78   4.75    14.01

DEGREE DAYS
 HEATING
  YESTERDAY        0             3     -3        0
  MONTH TO DATE  154           153      1      166
  SINCE MAR 1   1073          1362   -289     1046
  SINCE JUL 1   4361          5745  -1384     4637

 COOLING
  YESTERDAY        2             3     -1       10
  MONTH TO DATE   57            49      8       36
  SINCE MAR 1     91            64     27       46
  SINCE JAN 1     91            64     27       46
......................................................


WIND (MPH)
  HIGHEST WIND SPEED    24   HIGHEST WIND DIRECTION    SE (150)
  HIGHEST GUST SPEED    31   HIGHEST GUST DIRECTION    SE (150)
  AVERAGE WIND SPEED     6.8


SKY COVER
  AVERAGE SKY COVER 0.2


WEATHER CONDITIONS
 THE FOLLOWING WEATHER WAS RECORDED YESTERDAY.
  THUNDERSTORM
  HEAVY RAIN
  RAIN
  LIGHT RAIN
  FOG


RELATIVE HUMIDITY (PERCENT)
 HIGHEST    93           100 AM
 LOWEST     50           500 PM
 AVERAGE    72

..........................................................


THE MUNCIE IN CLIMATE NORMALS FOR TODAY
                         NORMAL
 MAXIMUM TEMPERATURE (F)   75
 MINIMUM TEMPERATURE (F)   55


SUNRISE AND SUNSET
MAY 27 2017...........SUNRISE   616 AM EDT   SUNSET   901 PM EDT
MAY 28 2017...........SUNRISE   616 AM EDT   SUNSET   902 PM EDT


-  INDICATES NEGATIVE NUMBERS.
R  INDICATES RECORD WAS SET OR TIED.
MM INDICATES DATA IS MISSING.
T  INDICATES TRACE AMOUNT.




$$
