000
CDUS43 KIND 300544
CLIMIE


CLIMATE REPORT
NATIONAL WEATHER SERVICE INDIANAPOLIS IN
143 AM EDT THU JUL 30 2015


...................................

...THE MUNCIE IN CLIMATE SUMMARY FOR JULY 29 2015...

CLIMATE NORMAL PERIOD 1981 TO 2010
CLIMATE RECORD PERIOD 9999 TO 9999


WEATHER ITEM   OBSERVED TIME   NORMAL DEPARTURE LAST
                VALUE   (LST)  VALUE  FROM      YEAR
                                      NORMAL
......................................................
TEMPERATURE (F)
 YESTERDAY
  MAXIMUM         89    138 PM  84      5       74
  MINIMUM         71   1159 PM  64      7       47
  AVERAGE         80            74      6       61

PRECIPITATION (IN)
  YESTERDAY        0.05          0.12  -0.07     0.01
  MONTH TO DATE    6.84          4.13   2.71     2.13
  SINCE JUN 1     14.53          8.79   5.74     7.59
  SINCE JAN 1     29.33         24.36   4.97    22.36

DEGREE DAYS
 HEATING
  YESTERDAY        0             0      0        4
  MONTH TO DATE    0             0      0       18
  SINCE JUN 1     28            24      4       26
  SINCE JUL 1      0             0      0       18

 COOLING
  YESTERDAY       15             9      6        0
  MONTH TO DATE  238           279    -41      145
  SINCE JUN 1    458           495    -37      390
  SINCE JAN 1    602           578     24      505
......................................................


WIND (MPH)
  HIGHEST WIND SPEED    16   HIGHEST WIND DIRECTION    NW (320)
  HIGHEST GUST SPEED    19   HIGHEST GUST DIRECTION     W (270)
  AVERAGE WIND SPEED     6.3


SKY COVER
  AVERAGE SKY COVER 0.2


WEATHER CONDITIONS
 THE FOLLOWING WEATHER WAS RECORDED YESTERDAY.
  LIGHT RAIN
  FOG


RELATIVE HUMIDITY (PERCENT)
 HIGHEST    93          1200 AM
 LOWEST     63           200 PM
 AVERAGE    78

..........................................................


THE MUNCIE IN CLIMATE NORMALS FOR TODAY
                         NORMAL
 MAXIMUM TEMPERATURE (F)   84
 MINIMUM TEMPERATURE (F)   64


SUNRISE AND SUNSET
JULY 30 2015..........SUNRISE   637 AM EDT   SUNSET   858 PM EDT
JULY 31 2015..........SUNRISE   638 AM EDT   SUNSET   857 PM EDT


-  INDICATES NEGATIVE NUMBERS.
R  INDICATES RECORD WAS SET OR TIED.
MM INDICATES DATA IS MISSING.
T  INDICATES TRACE AMOUNT.




$$
