067
CDUS43 KIND 240534
CLIMIE


CLIMATE REPORT
NATIONAL WEATHER SERVICE INDIANAPOLIS IN
133 AM EDT TUE MAY 24 2016


...................................

...THE MUNCIE IN CLIMATE SUMMARY FOR MAY 23 2016...

CLIMATE NORMAL PERIOD 1981 TO 2010
CLIMATE RECORD PERIOD 9999 TO 9999


WEATHER ITEM   OBSERVED TIME   NORMAL DEPARTURE LAST
                VALUE   (LST)  VALUE  FROM      YEAR
                                      NORMAL
......................................................
TEMPERATURE (F)
 YESTERDAY
  MAXIMUM         79    535 PM  74      5       80
  MINIMUM         46    558 AM  54     -8       48
  AVERAGE         63            64     -1       64

PRECIPITATION (IN)
  YESTERDAY        0.00          0.15  -0.15     0.00
  MONTH TO DATE    2.64          3.16  -0.52     2.73
  SINCE MAR 1     10.90          9.78   1.12     9.89
  SINCE JAN 1     14.01         14.32  -0.31    12.83

DEGREE DAYS
 HEATING
  YESTERDAY        2             4     -2        1
  MONTH TO DATE  166           143     23       85
  SINCE MAR 1   1046          1352   -306     1320
  SINCE JUL 1   4637          5735  -1098     6185

 COOLING
  YESTERDAY        0             3     -3        0
  MONTH TO DATE   10            40    -30       80
  SINCE MAR 1     20            55    -35       83
  SINCE JAN 1     20            55    -35       83
......................................................


WIND (MPH)
  HIGHEST WIND SPEED    12   HIGHEST WIND DIRECTION     E (80)
  HIGHEST GUST SPEED    16   HIGHEST GUST DIRECTION    SE (120)
  AVERAGE WIND SPEED     3.2


SKY COVER
  AVERAGE SKY COVER 0.0


WEATHER CONDITIONS
 THE FOLLOWING WEATHER WAS RECORDED YESTERDAY.
  FOG
  HAZE


RELATIVE HUMIDITY (PERCENT)
 HIGHEST    93           600 AM
 LOWEST     18           300 PM
 AVERAGE    56

..........................................................


THE MUNCIE IN CLIMATE NORMALS FOR TODAY
                         NORMAL
 MAXIMUM TEMPERATURE (F)   74
 MINIMUM TEMPERATURE (F)   54


SUNRISE AND SUNSET
MAY 24 2016...........SUNRISE   618 AM EDT   SUNSET   859 PM EDT
MAY 25 2016...........SUNRISE   618 AM EDT   SUNSET   900 PM EDT


-  INDICATES NEGATIVE NUMBERS.
R  INDICATES RECORD WAS SET OR TIED.
MM INDICATES DATA IS MISSING.
T  INDICATES TRACE AMOUNT.




$$
