000
CDUS43 KIND 280532
CLIMIE


CLIMATE REPORT
NATIONAL WEATHER SERVICE INDIANAPOLIS IN
1231 AM EST SUN DEC 28 2014


...................................

...THE MUNCIE IN CLIMATE SUMMARY FOR DECEMBER 27 2014...

CLIMATE NORMAL PERIOD 1981 TO 2010
CLIMATE RECORD PERIOD 9999 TO 9999


WEATHER ITEM   OBSERVED TIME   NORMAL DEPARTURE LAST
                VALUE   (LST)  VALUE  FROM      YEAR
                                      NORMAL
......................................................
TEMPERATURE (F)
 YESTERDAY
  MAXIMUM         48    141 AM  35     13       44
  MINIMUM         34   1159 PM  21     13       30
  AVERAGE         41            28     13       37

PRECIPITATION (IN)
  YESTERDAY        0.19          0.09   0.10     0.00
  MONTH TO DATE    1.83          2.54  -0.71     4.66
  SINCE DEC 1      1.83          2.54  -0.71     4.66
  SINCE JAN 1     39.12         39.78  -0.66    39.08

DEGREE DAYS
 HEATING
  YESTERDAY       24            37    -13       28
  MONTH TO DATE  796           914   -118      954
  SINCE DEC 1    796           914   -118      954
  SINCE JUL 1   2149          2049    100     2205

 COOLING
  YESTERDAY        0             0      0        0
  MONTH TO DATE    0             0      0        0
  SINCE DEC 1      0             0      0        0
  SINCE JAN 1    831           956   -125      973
......................................................


WIND (MPH)
  HIGHEST WIND SPEED    20   HIGHEST WIND DIRECTION    NW (310)
  HIGHEST GUST SPEED    28   HIGHEST GUST DIRECTION    SW (220)
  AVERAGE WIND SPEED    11.4


SKY COVER
  AVERAGE SKY COVER 1.0


WEATHER CONDITIONS
 THE FOLLOWING WEATHER WAS RECORDED YESTERDAY.
  LIGHT RAIN
  FOG


RELATIVE HUMIDITY (PERCENT)
 HIGHEST   100           700 PM
 LOWEST     65           500 AM
 AVERAGE    83

..........................................................


THE MUNCIE IN CLIMATE NORMALS FOR TODAY
                         NORMAL
 MAXIMUM TEMPERATURE (F)   35
 MINIMUM TEMPERATURE (F)   21


SUNRISE AND SUNSET
DECEMBER 28 2014......SUNRISE   803 AM EST   SUNSET   523 PM EST
DECEMBER 29 2014......SUNRISE   804 AM EST   SUNSET   524 PM EST


-  INDICATES NEGATIVE NUMBERS.
R  INDICATES RECORD WAS SET OR TIED.
MM INDICATES DATA IS MISSING.
T  INDICATES TRACE AMOUNT.




$$
