000
CDUS43 KIND 240533
CLIMIE


CLIMATE REPORT
NATIONAL WEATHER SERVICE INDIANAPOLIS IN
132 AM EDT FRI MAR 24 2017


...................................

...THE MUNCIE IN CLIMATE SUMMARY FOR MARCH 23 2017...

CLIMATE NORMAL PERIOD 1981 TO 2010
CLIMATE RECORD PERIOD 9999 TO 9999


WEATHER ITEM   OBSERVED TIME   NORMAL DEPARTURE LAST
                VALUE   (LST)  VALUE  FROM      YEAR
                                      NORMAL
......................................................
TEMPERATURE (F)
 YESTERDAY
  MAXIMUM         54   1159 PM  52      2       65
  MINIMUM         26    651 AM  33     -7       53
  AVERAGE         40            42     -2       59

PRECIPITATION (IN)
  YESTERDAY        T             0.11  -0.11     0.00
  MONTH TO DATE    2.73          2.10   0.63     2.90
  SINCE MAR 1      2.73          2.10   0.63     2.90
  SINCE JAN 1      8.44          6.64   1.80     6.01

DEGREE DAYS
 HEATING
  YESTERDAY       25            23      2        6
  MONTH TO DATE  621           619      2      377
  SINCE MAR 1    621           619      2      377
  SINCE JUL 1   3909          5002  -1093     3968

 COOLING
  YESTERDAY        0             0      0        0
  MONTH TO DATE    0             0      0        0
  SINCE MAR 1      0             0      0        0
  SINCE JAN 1      0             0      0        0
......................................................


WIND (MPH)
  HIGHEST WIND SPEED    16   HIGHEST WIND DIRECTION     S (180)
  HIGHEST GUST SPEED    22   HIGHEST GUST DIRECTION     S (180)
  AVERAGE WIND SPEED    10.2


SKY COVER
  AVERAGE SKY COVER 0.4


WEATHER CONDITIONS
 THE FOLLOWING WEATHER WAS RECORDED YESTERDAY.
  LIGHT RAIN


RELATIVE HUMIDITY (PERCENT)
 HIGHEST    75           100 AM
 LOWEST     28           400 PM
 AVERAGE    52

..........................................................


THE MUNCIE IN CLIMATE NORMALS FOR TODAY
                         NORMAL
 MAXIMUM TEMPERATURE (F)   52
 MINIMUM TEMPERATURE (F)   33


SUNRISE AND SUNSET
MARCH 24 2017.........SUNRISE   738 AM EDT   SUNSET   758 PM EDT
MARCH 25 2017.........SUNRISE   736 AM EDT   SUNSET   759 PM EDT


-  INDICATES NEGATIVE NUMBERS.
R  INDICATES RECORD WAS SET OR TIED.
MM INDICATES DATA IS MISSING.
T  INDICATES TRACE AMOUNT.




$$
