000
CDUS43 KIND 260535
CLIMIE


CLIMATE REPORT
NATIONAL WEATHER SERVICE INDIANAPOLIS IN
1234 AM EST SUN FEB 26 2017


...................................

...THE MUNCIE IN CLIMATE SUMMARY FOR FEBRUARY 25 2017...

CLIMATE NORMAL PERIOD 1981 TO 2010
CLIMATE RECORD PERIOD 9999 TO 9999


WEATHER ITEM   OBSERVED TIME   NORMAL DEPARTURE LAST
                VALUE   (LST)  VALUE  FROM      YEAR
                                      NORMAL
......................................................
TEMPERATURE (F)
 YESTERDAY
  MAXIMUM         45    139 AM  41      4       35
  MINIMUM         27   1157 PM  24      3       31
  AVERAGE         36            32      4       33

PRECIPITATION (IN)
  YESTERDAY        T             0.09  -0.09     0.01
  MONTH TO DATE    0.81          2.06  -1.25     1.72
  SINCE DEC 1      6.73          7.17  -0.44     8.07
  SINCE JAN 1      5.54          4.29   1.25     2.99

DEGREE DAYS
 HEATING
  YESTERDAY       29            32     -3       32
  MONTH TO DATE  548           893   -345      800
  SINCE DEC 1   2525          3151   -626     2549
  SINCE JUL 1   3227          4286  -1059     3508

 COOLING
  YESTERDAY        0             0      0        0
  MONTH TO DATE    0             0      0        0
  SINCE DEC 1      0             0      0        1
  SINCE JAN 1      0             0      0        0
......................................................


WIND (MPH)
  HIGHEST WIND SPEED    29   HIGHEST WIND DIRECTION     W (270)
  HIGHEST GUST SPEED    39   HIGHEST GUST DIRECTION     W (270)
  AVERAGE WIND SPEED    16.2


SKY COVER
  AVERAGE SKY COVER 0.9


WEATHER CONDITIONS
 THE FOLLOWING WEATHER WAS RECORDED YESTERDAY.
  SNOW
  LIGHT SNOW
  FOG
  HAZE


RELATIVE HUMIDITY (PERCENT)
 HIGHEST    82           700 AM
 LOWEST     58           700 PM
 AVERAGE    70

..........................................................


THE MUNCIE IN CLIMATE NORMALS FOR TODAY
                         NORMAL
 MAXIMUM TEMPERATURE (F)   41
 MINIMUM TEMPERATURE (F)   24


SUNRISE AND SUNSET
FEBRUARY 26 2017......SUNRISE   719 AM EST   SUNSET   630 PM EST
FEBRUARY 27 2017......SUNRISE   718 AM EST   SUNSET   631 PM EST


-  INDICATES NEGATIVE NUMBERS.
R  INDICATES RECORD WAS SET OR TIED.
MM INDICATES DATA IS MISSING.
T  INDICATES TRACE AMOUNT.




$$
