000
CDUS43 KIND 220531
CLIMIE


CLIMATE REPORT
NATIONAL WEATHER SERVICE INDIANAPOLIS IN
131 AM EDT FRI MAY 22 2015


...................................

...THE MUNCIE IN CLIMATE SUMMARY FOR MAY 21 2015...

CLIMATE NORMAL PERIOD 1981 TO 2010
CLIMATE RECORD PERIOD 9999 TO 9999


WEATHER ITEM   OBSERVED TIME   NORMAL DEPARTURE LAST
                VALUE   (LST)  VALUE  FROM      YEAR
                                      NORMAL
......................................................
TEMPERATURE (F)
 YESTERDAY
  MAXIMUM         62    559 PM  74    -12       84
  MINIMUM         47    630 AM  53     -6       67
  AVERAGE         55            63     -8       76

PRECIPITATION (IN)
  YESTERDAY        0.00          0.14  -0.14      T
  MONTH TO DATE    2.73          2.86  -0.13     3.35
  SINCE MAR 1      9.89          9.48   0.41    11.02
  SINCE JAN 1     12.83         14.02  -1.19    13.98

DEGREE DAYS
 HEATING
  YESTERDAY       10             4      6        0
  MONTH TO DATE   81           135    -54      146
  SINCE MAR 1   1316          1344    -28     1495
  SINCE JUL 1   6181          5727    454     6405

 COOLING
  YESTERDAY        0             3     -3       11
  MONTH TO DATE   80            34     46       53
  SINCE MAR 1     83            49     34       59
  SINCE JAN 1     83            49     34       59
......................................................


WIND (MPH)
  HIGHEST WIND SPEED    16   HIGHEST WIND DIRECTION     W (270)
  HIGHEST GUST SPEED    20   HIGHEST GUST DIRECTION    NW (300)
  AVERAGE WIND SPEED     8.3


SKY COVER
  AVERAGE SKY COVER 0.7


WEATHER CONDITIONS
 THE FOLLOWING WEATHER WAS RECORDED YESTERDAY.
  FOG
  HAZE


RELATIVE HUMIDITY (PERCENT)
 HIGHEST    93          1200 AM
 LOWEST     42           500 PM
 AVERAGE    68

..........................................................


THE MUNCIE IN CLIMATE NORMALS FOR TODAY
                         NORMAL
 MAXIMUM TEMPERATURE (F)   74
 MINIMUM TEMPERATURE (F)   54


SUNRISE AND SUNSET
MAY 22 2015...........SUNRISE   620 AM EDT   SUNSET   857 PM EDT
MAY 23 2015...........SUNRISE   619 AM EDT   SUNSET   858 PM EDT


-  INDICATES NEGATIVE NUMBERS.
R  INDICATES RECORD WAS SET OR TIED.
MM INDICATES DATA IS MISSING.
T  INDICATES TRACE AMOUNT.




$$
