000
CDUS43 KIND 090535
CLIMIE


CLIMATE REPORT
NATIONAL WEATHER SERVICE INDIANAPOLIS IN
1234 AM EST TUE FEB 9 2016


...................................

...THE MUNCIE IN CLIMATE SUMMARY FOR FEBRUARY 8 2016...

CLIMATE NORMAL PERIOD 1981 TO 2010
CLIMATE RECORD PERIOD 9999 TO 9999


WEATHER ITEM   OBSERVED TIME   NORMAL DEPARTURE LAST
                VALUE   (LST)  VALUE  FROM      YEAR
                                      NORMAL
......................................................
TEMPERATURE (F)
 YESTERDAY
  MAXIMUM         41   1238 AM  36      5       56
  MINIMUM         25   1159 PM  20      5       37
  AVERAGE         33            28      5       47

PRECIPITATION (IN)
  YESTERDAY        T             0.08  -0.08      T
  MONTH TO DATE    0.37          0.64  -0.27     0.50
  SINCE DEC 1      6.72          5.75   0.97     4.26
  SINCE JAN 1      1.64          2.87  -1.23     2.43

DEGREE DAYS
 HEATING
  YESTERDAY       32            37     -5       18
  MONTH TO DATE  221           301    -80      298
  SINCE DEC 1   1970          2559   -589     2508
  SINCE JUL 1   2929          3694   -765     3861

 COOLING
  YESTERDAY        0             0      0        0
  MONTH TO DATE    0             0      0        0
  SINCE DEC 1      1             0      1        0
  SINCE JAN 1      0             0      0        0
......................................................


WIND (MPH)
  HIGHEST WIND SPEED    22   HIGHEST WIND DIRECTION     W (290)
  HIGHEST GUST SPEED    26   HIGHEST GUST DIRECTION     W (290)
  AVERAGE WIND SPEED     9.6


SKY COVER
  AVERAGE SKY COVER 0.9


WEATHER CONDITIONS
 THE FOLLOWING WEATHER WAS RECORDED YESTERDAY.
  LIGHT SNOW
  FOG
  HAZE


RELATIVE HUMIDITY (PERCENT)
 HIGHEST    85           500 PM
 LOWEST     64           300 PM
 AVERAGE    75

..........................................................


THE MUNCIE IN CLIMATE NORMALS FOR TODAY
                         NORMAL
 MAXIMUM TEMPERATURE (F)   36
 MINIMUM TEMPERATURE (F)   20


SUNRISE AND SUNSET
FEBRUARY  9 2016......SUNRISE   743 AM EST   SUNSET   609 PM EST
FEBRUARY 10 2016......SUNRISE   741 AM EST   SUNSET   611 PM EST


-  INDICATES NEGATIVE NUMBERS.
R  INDICATES RECORD WAS SET OR TIED.
MM INDICATES DATA IS MISSING.
T  INDICATES TRACE AMOUNT.




$$
