000
CDUS43 KMKX 250648
CLIMKE


CLIMATE REPORT
NATIONAL WEATHER SERVICE IN MILWAUKEE
148 AM CDT TUE APR 25 2017


...................................

...THE MILWAUKEE WI CLIMATE SUMMARY FOR APRIL 24 2017...

CLIMATE NORMAL PERIOD 1981 TO 2010
CLIMATE RECORD PERIOD 1871 TO 2017


WEATHER ITEM   OBSERVED TIME   RECORD YEAR NORMAL DEPARTURE LAST
                VALUE   (LST)  VALUE       VALUE  FROM      YEAR
                                                  NORMAL
..................................................................
TEMPERATURE (F)
 YESTERDAY
  MAXIMUM         66    135 PM  87    1990  57      9       61
  MINIMUM         39    517 AM  27    1971  40     -1       37
  AVERAGE         53                        49      4       49

PRECIPITATION (IN)
  YESTERDAY        0.00          3.01 1976   0.10  -0.10     0.00
  MONTH TO DATE    3.87                      2.87   1.00     1.20
  SINCE MAR 1      7.59                      5.14   2.45     4.54
  SINCE JAN 1     11.60                      8.55   3.05     5.85

SNOWFALL (IN)
  YESTERDAY        0.0           0.6  1980   0.0    0.0      0.0
  MONTH TO DATE    0.0                       1.9   -1.9      3.4
  SINCE MAR 1     13.6                       8.9    4.7     10.0
  SINCE JUL 1     37.6                      46.7   -9.1     39.1
  SNOW DEPTH       0

DEGREE DAYS
 HEATING
  YESTERDAY       12                        17     -5       16
  MONTH TO DATE  334                       496   -162      523
  SINCE MAR 1   1221                      1425   -204     1287
  SINCE JUL 1   5220                      6405  -1185     5506

 COOLING
  YESTERDAY        0                         0      0        0
  MONTH TO DATE    2                         0      2        0
  SINCE MAR 1      2                         0      2        0
  SINCE JAN 1      2                         0      2        0
..................................................................


WIND (MPH)
  HIGHEST WIND SPEED    16   HIGHEST WIND DIRECTION    SE (150)
  HIGHEST GUST SPEED    20   HIGHEST GUST DIRECTION    SE (140)
  AVERAGE WIND SPEED     6.0


SKY COVER
  POSSIBLE SUNSHINE  MM
  AVERAGE SKY COVER 0.5


WEATHER CONDITIONS
 THE FOLLOWING WEATHER WAS RECORDED YESTERDAY.
  HAZE


RELATIVE HUMIDITY (PERCENT)
 HIGHEST    86           600 AM
 LOWEST     31           200 PM
 AVERAGE    59

..........................................................


THE MILWAUKEE WI CLIMATE NORMALS FOR TODAY
                         NORMAL    RECORD    YEAR
 MAXIMUM TEMPERATURE (F)   57        87      1990
 MINIMUM TEMPERATURE (F)   40        27      1887


SUNRISE AND SUNSET
APRIL 25 2017.........SUNRISE   554 AM CDT   SUNSET   746 PM CDT
APRIL 26 2017.........SUNRISE   552 AM CDT   SUNSET   747 PM CDT


-  INDICATES NEGATIVE NUMBERS.
R  INDICATES RECORD WAS SET OR TIED.
MM INDICATES DATA IS MISSING.
T  INDICATES TRACE AMOUNT.




$$
