000
CDUS43 KMKX 010659
CLIMKE


CLIMATE REPORT
NATIONAL WEATHER SERVICE IN MILWAUKEE
1258 AM CST WED MAR 1 2017


...................................

...THE MILWAUKEE WI CLIMATE SUMMARY FOR FEBRUARY 28 2017...

CLIMATE NORMAL PERIOD 1981 TO 2010
CLIMATE RECORD PERIOD 1871 TO 2017


WEATHER ITEM   OBSERVED TIME   RECORD YEAR NORMAL DEPARTURE LAST
                VALUE   (LST)  VALUE       VALUE  FROM      YEAR
                                                  NORMAL
..................................................................
TEMPERATURE (F)
 YESTERDAY
  MAXIMUM         57    402 PM  61    2016  37     20       61
  MINIMUM         41   1033 PM -12    1884  23     18       34
  AVERAGE         49                        30     19       48

PRECIPITATION (IN)
  YESTERDAY        0.37          1.18 1987   0.06   0.31     0.01
  MONTH TO DATE    1.85                      1.65   0.20     0.62
  SINCE DEC 1      5.94                      5.45   0.49     5.13
  SINCE JAN 1      4.01                      3.41   0.60     1.31

SNOWFALL (IN)
  YESTERDAY        0.0           7.0  1890   0.3   -0.3       T
  MONTH TO DATE    1.1                       9.8   -8.7      7.7
  SINCE DEC 1     24.0                      35.1  -11.1     22.2
  SINCE JUL 1     24.0                      37.8  -13.8     29.1
  SNOW DEPTH       0

DEGREE DAYS
 HEATING
  YESTERDAY       16                        35    -19       17
  MONTH TO DATE  819                      1094   -275     1014
  SINCE DEC 1   3169                      3615   -446     3151
  SINCE JUL 1   3999                      4980   -981     4190

 COOLING
  YESTERDAY        0                         0      0        0
  MONTH TO DATE    0                         0      0        0
  SINCE DEC 1      0                         0      0        0
  SINCE JAN 1      0                         0      0        0
..................................................................


WIND (MPH)
  HIGHEST WIND SPEED    22   HIGHEST WIND DIRECTION     N (350)
  HIGHEST GUST SPEED    26   HIGHEST GUST DIRECTION     N (360)
  AVERAGE WIND SPEED     7.8


SKY COVER
  POSSIBLE SUNSHINE  MM
  AVERAGE SKY COVER 1.0


WEATHER CONDITIONS
 THE FOLLOWING WEATHER WAS RECORDED YESTERDAY.
  RAIN
  LIGHT RAIN
  FOG
  HAZE


RELATIVE HUMIDITY (PERCENT)
 HIGHEST    93           900 AM
 LOWEST     70          1200 AM
 AVERAGE    82

..........................................................


THE MILWAUKEE WI CLIMATE NORMALS FOR TODAY
                         NORMAL    RECORD    YEAR
 MAXIMUM TEMPERATURE (F)   37        64      1992
 MINIMUM TEMPERATURE (F)   23       -10      1962


SUNRISE AND SUNSET
MARCH  1 2017.........SUNRISE   627 AM CST   SUNSET   541 PM CST
MARCH  2 2017.........SUNRISE   625 AM CST   SUNSET   543 PM CST


-  INDICATES NEGATIVE NUMBERS.
R  INDICATES RECORD WAS SET OR TIED.
MM INDICATES DATA IS MISSING.
T  INDICATES TRACE AMOUNT.




$$
