000
CDUS43 KMKX 300647
CLIMKE


CLIMATE REPORT
NATIONAL WEATHER SERVICE IN MILWAUKEE
1246 AM CST FRI JAN 30 2015


...................................

...THE MILWAUKEE WI CLIMATE SUMMARY FOR JANUARY 29 2015...

CLIMATE NORMAL PERIOD 1981 TO 2010
CLIMATE RECORD PERIOD 1871 TO 2015


WEATHER ITEM   OBSERVED TIME   RECORD YEAR NORMAL DEPARTURE LAST
                VALUE   (LST)  VALUE       VALUE  FROM      YEAR
                                                  NORMAL
..................................................................
TEMPERATURE (F)
 YESTERDAY
  MAXIMUM         35    715 PM  60    2013  29      6       22
  MINIMUM         25   1159 PM -23    1966  16      9       -2
  AVERAGE         30                        22      8       10

PRECIPITATION (IN)
  YESTERDAY        T             1.67 2013   0.06  -0.06     0.00
  MONTH TO DATE    0.78                      1.65  -0.87     1.10
  SINCE DEC 1      1.81                      3.69  -1.88     2.89
  SINCE JAN 1      0.78                      1.65  -0.87     1.10

SNOWFALL (IN)
  YESTERDAY        T             9.6  1947   0.5   -0.5      0.0
  MONTH TO DATE   12.1                      13.8   -1.7     19.3
  SINCE DEC 1     12.6                      24.4  -11.8     38.6
  SINCE JUL 1     17.4                      27.1   -9.7     40.6
  SNOW DEPTH       T

DEGREE DAYS
 HEATING
  YESTERDAY       35                        43     -8       55
  MONTH TO DATE 1232                      1242    -10     1482
  SINCE DEC 1   2268                      2437   -169     2840
  SINCE JUL 1   3839                      3802     37     4215

 COOLING
  YESTERDAY        0                         0      0        0
  MONTH TO DATE    0                         0      0        0
  SINCE DEC 1      0                         0      0        0
  SINCE JAN 1      0                         0      0        0
..................................................................


WIND (MPH)
  HIGHEST WIND SPEED    23   HIGHEST WIND DIRECTION    NW (330)
  HIGHEST GUST SPEED    30   HIGHEST GUST DIRECTION     N (360)
  AVERAGE WIND SPEED    12.7


SKY COVER
  POSSIBLE SUNSHINE  MM
  AVERAGE SKY COVER 0.9


WEATHER CONDITIONS
 THE FOLLOWING WEATHER WAS RECORDED YESTERDAY.
  LIGHT RAIN
  SNOW
  LIGHT SNOW
  SLEET
  HAZE


RELATIVE HUMIDITY (PERCENT)
 HIGHEST    75           400 AM
 LOWEST     47           700 PM
 AVERAGE    61

..........................................................


THE MILWAUKEE WI CLIMATE NORMALS FOR TODAY
                         NORMAL    RECORD    YEAR
 MAXIMUM TEMPERATURE (F)   29        53      1988
 MINIMUM TEMPERATURE (F)   16       -24      1951


SUNRISE AND SUNSET
JANUARY 30 2015.......SUNRISE   709 AM CST   SUNSET   501 PM CST
JANUARY 31 2015.......SUNRISE   708 AM CST   SUNSET   503 PM CST


-  INDICATES NEGATIVE NUMBERS.
R  INDICATES RECORD WAS SET OR TIED.
MM INDICATES DATA IS MISSING.
T  INDICATES TRACE AMOUNT.




$$
