000
CDUS43 KMKX 230650
CLIMKE


CLIMATE REPORT
NATIONAL WEATHER SERVICE IN MILWAUKEE
1249 AM CST TUE JAN 23 2018


...................................

...THE MILWAUKEE WI CLIMATE SUMMARY FOR JANUARY 22 2018...

CLIMATE NORMAL PERIOD 1981 TO 2010
CLIMATE RECORD PERIOD 1871 TO 2018


WEATHER ITEM   OBSERVED TIME   RECORD YEAR NORMAL DEPARTURE LAST
                VALUE   (LST)  VALUE       VALUE  FROM      YEAR
                                                  NORMAL
..................................................................
TEMPERATURE (F)
 YESTERDAY
  MAXIMUM         41    404 PM  53    1964  29     12       46
  MINIMUM         35   1159 PM -22    1885  15     20       38
                                      1883
  AVERAGE         38                        22     16       42

PRECIPITATION (IN)
  YESTERDAY        0.94          1.13 1887   0.05   0.89     0.00
  MONTH TO DATE    1.33                      1.28   0.05     1.73
  SINCE DEC 1      1.79                      3.32  -1.53     3.66
  SINCE JAN 1      1.33                      1.28   0.05     1.73

SNOWFALL (IN)
  YESTERDAY        T             9.0  2005   0.5   -0.5      0.0
  MONTH TO DATE    8.1                      10.7   -2.6      1.0
  SINCE DEC 1     12.7                      21.3   -8.6     19.8
  SINCE JUL 1     12.9                      24.0  -11.1     19.8
  SNOW DEPTH       0

DEGREE DAYS
 HEATING
  YESTERDAY       27                        43    -16       23
  MONTH TO DATE  941                       941      0      841
  SINCE DEC 1   2147                      2136     11     2048
  SINCE JUL 1   3252                      3501   -249     2878

 COOLING
  YESTERDAY        0                         0      0        0
  MONTH TO DATE    0                         0      0        0
  SINCE DEC 1      0                         0      0        0
  SINCE JAN 1      0                         0      0        0
..................................................................


WIND (MPH)
  HIGHEST WIND SPEED    21   HIGHEST WIND DIRECTION     N (10)
  HIGHEST GUST SPEED    28   HIGHEST GUST DIRECTION     N (20)
  AVERAGE WIND SPEED     8.8


SKY COVER
  POSSIBLE SUNSHINE  MM
  AVERAGE SKY COVER 1.0


WEATHER CONDITIONS
 THE FOLLOWING WEATHER WAS RECORDED YESTERDAY.
  THUNDERSTORM
  RAIN
  LIGHT RAIN
  HAIL
  LIGHT SNOW
  FOG
  FOG W/VISIBILITY <= 1/4 MILE


RELATIVE HUMIDITY (PERCENT)
 HIGHEST   100           100 AM
 LOWEST     92           500 PM
 AVERAGE    96

..........................................................


THE MILWAUKEE WI CLIMATE NORMALS FOR TODAY
                         NORMAL    RECORD    YEAR
 MAXIMUM TEMPERATURE (F)   29        52      1909
 MINIMUM TEMPERATURE (F)   15       -23      1883


SUNRISE AND SUNSET
JANUARY 23 2018.......SUNRISE   715 AM CST   SUNSET   453 PM CST
JANUARY 24 2018.......SUNRISE   714 AM CST   SUNSET   454 PM CST


-  INDICATES NEGATIVE NUMBERS.
R  INDICATES RECORD WAS SET OR TIED.
MM INDICATES DATA IS MISSING.
T  INDICATES TRACE AMOUNT.




$$
