000
CDUS43 KMKX 230730
CLIMKE


CLIMATE REPORT
NATIONAL WEATHER SERVICE IN MILWAUKEE
122 AM CST SUN NOV 23 2014


...................................

...THE MILWAUKEE WI CLIMATE SUMMARY FOR NOVEMBER 22 2014...

CLIMATE NORMAL PERIOD 1981 TO 2010
CLIMATE RECORD PERIOD 1871 TO 2014


WEATHER ITEM   OBSERVED TIME   RECORD YEAR NORMAL DEPARTURE LAST
                VALUE   (LST)  VALUE       VALUE  FROM      YEAR
                                                  NORMAL
..................................................................
TEMPERATURE (F)
 YESTERDAY
  MAXIMUM         48   1123 PM  66    1913  43      5       42
  MINIMUM         33    501 AM   1    1880  29      4       28
  AVERAGE         41                        36      5       35

PRECIPITATION (IN)
  YESTERDAY        0.10          1.06 1874   0.10   0.00     0.03
  MONTH TO DATE    0.70                      2.01  -1.31     2.95
  SINCE SEP 1      4.65                      7.84  -3.19     8.08
  SINCE JAN 1     29.94                     32.02  -2.08    38.21

SNOWFALL (IN)
  YESTERDAY        0.0           8.8  1989   0.1    0.0        T
  MONTH TO DATE    2.1                       1.1    0.0      1.2
  SINCE SEP 1      2.2                       1.4    0.8      1.2
  SINCE JUL 1      2.2                       1.4    0.8      1.2
  SNOW DEPTH       0

DEGREE DAYS
 HEATING
  YESTERDAY       24                        29     -5       30
  MONTH TO DATE  696                       530    166      514
  SINCE SEP 1   1272                      1089    183     1032
  SINCE JUL 1   1298                      1115    183     1054

 COOLING
  YESTERDAY        0                         0      0        0
  MONTH TO DATE    0                         0      0        0
  SINCE SEP 1     63                        76    -13      111
  SINCE JAN 1    464                       641   -177      688
..................................................................


WIND (MPH)
  HIGHEST WIND SPEED    21   HIGHEST WIND DIRECTION    SW (220)
  HIGHEST GUST SPEED    29   HIGHEST GUST DIRECTION    SW (230)
  AVERAGE WIND SPEED    11.4


SKY COVER
  POSSIBLE SUNSHINE  MM
  AVERAGE SKY COVER 0.9


WEATHER CONDITIONS
 THE FOLLOWING WEATHER WAS RECORDED YESTERDAY.
  LIGHT RAIN
  FREEZING RAIN
  LT FREEZING RAIN
  FOG


RELATIVE HUMIDITY (PERCENT)
 HIGHEST   100           900 PM
 LOWEST     38          1200 AM
 AVERAGE    69

..........................................................


THE MILWAUKEE WI CLIMATE NORMALS FOR TODAY
                         NORMAL    RECORD    YEAR
 MAXIMUM TEMPERATURE (F)   42        65      1931
 MINIMUM TEMPERATURE (F)   29        -4      1950


SUNRISE AND SUNSET
NOVEMBER 23 2014......SUNRISE   654 AM CST   SUNSET   422 PM CST
NOVEMBER 24 2014......SUNRISE   655 AM CST   SUNSET   421 PM CST


-  INDICATES NEGATIVE NUMBERS.
R  INDICATES RECORD WAS SET OR TIED.
MM INDICATES DATA IS MISSING.
T  INDICATES TRACE AMOUNT.




$$
