000
CDUS43 KMKX 300704
CLIMKE


CLIMATE REPORT
NATIONAL WEATHER SERVICE IN MILWAUKEE
203 AM CDT SAT AUG 30 2014


...................................

...THE MILWAUKEE WI CLIMATE SUMMARY FOR AUGUST 29 2014...

CLIMATE NORMAL PERIOD 1981 TO 2010
CLIMATE RECORD PERIOD 1871 TO 2014


WEATHER ITEM   OBSERVED TIME   RECORD YEAR NORMAL DEPARTURE LAST
                VALUE   (LST)  VALUE       VALUE  FROM      YEAR
                                                  NORMAL
..................................................................
TEMPERATURE (F)
 YESTERDAY
  MAXIMUM         82    123 PM  96    1973  77      5       84
  MINIMUM         68   1231 AM  44    1982  61      7       67
                                      1965
  AVERAGE         75                        69      6       76

PRECIPITATION (IN)
  YESTERDAY        0.13          2.71 1876   0.12   0.01     0.00
  MONTH TO DATE    5.14                      3.73   1.41     3.27
  SINCE JUN 1     13.79                     11.30   2.49    10.62
  SINCE JAN 1     24.74                     23.94   0.80    30.13

SNOWFALL (IN)
  YESTERDAY        0.0           0.0    MM   0.0    0.0      0.0
  MONTH TO DATE    0.0                       0.0    0.0      0.0
  SINCE JUN 1      0.0                       0.0    0.0      0.0
  SINCE JUL 1      0.0                       0.0    0.0      0.0
  SNOW DEPTH       0

DEGREE DAYS
 HEATING
  YESTERDAY        0                         1     -1        0
  MONTH TO DATE    5                         8     -3        8
  SINCE JUN 1    100                       103     -3      109
  SINCE JUL 1     26                        19      7       22

 COOLING
  YESTERDAY       10                         5      5       11
  MONTH TO DATE  151                       184    -33      176
  SINCE JUN 1    368                       526   -158      516
  SINCE JAN 1    386                       556   -170      555
..................................................................


WIND (MPH)
  HIGHEST WIND SPEED    18   HIGHEST WIND DIRECTION     S (180)
  HIGHEST GUST SPEED    24   HIGHEST GUST DIRECTION     S (160)
  AVERAGE WIND SPEED    11.1


SKY COVER
  POSSIBLE SUNSHINE  MM
  AVERAGE SKY COVER 0.6


WEATHER CONDITIONS
 THE FOLLOWING WEATHER WAS RECORDED YESTERDAY.
  THUNDERSTORM
  LIGHT RAIN
  FOG


RELATIVE HUMIDITY (PERCENT)
 HIGHEST    90           300 AM
 LOWEST     74           200 PM
 AVERAGE    82

..........................................................


THE MILWAUKEE WI CLIMATE NORMALS FOR TODAY
                         NORMAL    RECORD    YEAR
 MAXIMUM TEMPERATURE (F)   77        96      1958
 MINIMUM TEMPERATURE (F)   61        42      1915


SUNRISE AND SUNSET
AUGUST 30 2014........SUNRISE   614 AM CDT   SUNSET   730 PM CDT
AUGUST 31 2014........SUNRISE   615 AM CDT   SUNSET   728 PM CDT


-  INDICATES NEGATIVE NUMBERS.
R  INDICATES RECORD WAS SET OR TIED.
MM INDICATES DATA IS MISSING.
T  INDICATES TRACE AMOUNT.




$$
