000
CDUS44 KMEG 202246
CLIMKL


CLIMATE REPORT
NATIONAL WEATHER SERVICE MEMPHIS TN
445 PM CST MON FEB 20 2017


...................................

...THE JACKSON CLIMATE SUMMARY FOR FEBRUARY 20 2017...
VALID TODAY AS OF 0400 PM LOCAL TIME.

CLIMATE NORMAL PERIOD 1981 TO 2010
CLIMATE RECORD PERIOD 1948 TO 2017


WEATHER ITEM   OBSERVED TIME   RECORD YEAR NORMAL DEPARTURE LAST
                VALUE   (LST)  VALUE       VALUE  FROM      YEAR
                                                  NORMAL
..................................................................
TEMPERATURE (F)
 TODAY
  MAXIMUM         77    136 PM  80    1986  54     23       69
  MINIMUM         46    406 AM   8    1958  33     13       61
  AVERAGE         62                        44     18       65

PRECIPITATION (IN)
  TODAY            0.00          2.35 1961   0.14  -0.14     0.00
  MONTH TO DATE    1.39                      2.99  -1.60     2.37
  SINCE DEC 1     11.49                     12.41  -0.92     9.56
  SINCE JAN 1      4.31                      7.06  -2.75     4.41

DEGREE DAYS
 HEATING
  TODAY            3                        21    -18        0
  MONTH TO DATE  299                       475   -176      452
  SINCE DEC 1   1589                      2057   -468     1742
  SINCE JUL 1   1973                      2724   -751     2217

 COOLING
  TODAY            0                         0      0        0
  MONTH TO DATE    2                         0      2        0
  SINCE DEC 1      4                         1      3        9
  SINCE JAN 1      2                         0      2        0
..................................................................


WIND (MPH)
  HIGHEST WIND SPEED    15   HIGHEST WIND DIRECTION     S (200)
  HIGHEST GUST SPEED    20   HIGHEST GUST DIRECTION     S (200)
  AVERAGE WIND SPEED     3.9


SKY COVER
  POSSIBLE SUNSHINE  MM
  AVERAGE SKY COVER 0.0


WEATHER CONDITIONS
 THE FOLLOWING WEATHER WAS RECORDED TODAY.
  NO SIGNIFICANT WEATHER WAS OBSERVED.


RELATIVE HUMIDITY (PERCENT)
 HIGHEST   100          1200 AM
 LOWEST     43          1200 PM
 AVERAGE    72

..........................................................


THE JACKSON CLIMATE NORMALS FOR TOMORROW
                         NORMAL    RECORD    YEAR
 MAXIMUM TEMPERATURE (F)   55        76      1996
 MINIMUM TEMPERATURE (F)   33        10      1963


SUNRISE AND SUNSET
FEBRUARY 20 2017......SUNRISE   636 AM CST   SUNSET   543 PM CST
FEBRUARY 21 2017......SUNRISE   635 AM CST   SUNSET   544 PM CST


-  INDICATES NEGATIVE NUMBERS.
R  INDICATES RECORD WAS SET OR TIED.
MM INDICATES DATA IS MISSING.
T  INDICATES TRACE AMOUNT.




$$
