000
CDUS44 KMEG 210637
CLIMKL


CLIMATE REPORT
NATIONAL WEATHER SERVICE MEMPHIS TN
136 AM CDT TUE OCT 21 2014


...................................

...THE JACKSON CLIMATE SUMMARY FOR OCTOBER 20 2014...

CLIMATE NORMAL PERIOD 1981 TO 2010
CLIMATE RECORD PERIOD 1948 TO 2014


WEATHER ITEM   OBSERVED TIME   RECORD YEAR NORMAL DEPARTURE LAST
                VALUE   (LST)  VALUE       VALUE  FROM      YEAR
                                                  NORMAL
..................................................................
TEMPERATURE (F)
 YESTERDAY
  MAXIMUM         71    315 PM  89    1953  72     -1       65
  MINIMUM         42    351 AM  32    1999  47     -5       33
                                      1989
  AVERAGE         57                        59     -2       49

PRECIPITATION (IN)
  YESTERDAY        T             1.64 1985   0.12  -0.12     0.00
  MONTH TO DATE    3.45                      2.41   1.04     2.02
  SINCE SEP 1      8.28                      5.79   2.49     4.88
  SINCE JAN 1     51.94                     41.66  10.28    49.97

SNOWFALL (IN)
  YESTERDAY        0.0           0.0  2002   0.0    0.0      0.0
                                      2001
  MONTH TO DATE    0.0                       0.0    0.0      0.0
  SINCE SEP 1      0.0                       0.0    0.0      0.0
  SINCE JUL 1      0.0                       0.0    0.0      0.0
  SNOW DEPTH       0

DEGREE DAYS
 HEATING
  YESTERDAY        8                         7      1       16
  MONTH TO DATE   74                        95    -21       77
  SINCE SEP 1     84                       121    -37       85
  SINCE JUL 1     84                       121    -37       85

 COOLING
  YESTERDAY        0                         1     -1        0
  MONTH TO DATE   63                        38     25       68
  SINCE SEP 1    278                       258     20      305
  SINCE JAN 1   1595                      1681    -86     1589
..................................................................


WIND (MPH)
  HIGHEST WIND SPEED    12   HIGHEST WIND DIRECTION     W (250)
  HIGHEST GUST SPEED    15   HIGHEST GUST DIRECTION     W (250)
  AVERAGE WIND SPEED     3.9


SKY COVER
  POSSIBLE SUNSHINE  MM
  AVERAGE SKY COVER 0.2


WEATHER CONDITIONS
 THE FOLLOWING WEATHER WAS RECORDED YESTERDAY.
  LIGHT RAIN
  FOG


RELATIVE HUMIDITY (PERCENT)
 HIGHEST    93          1100 PM
 LOWEST     47           100 PM
 AVERAGE    70

..........................................................


THE JACKSON CLIMATE NORMALS FOR TODAY
                         NORMAL    RECORD    YEAR
 MAXIMUM TEMPERATURE (F)   72        89      1963
                                             1953
 MINIMUM TEMPERATURE (F)   46        28      1952


SUNRISE AND SUNSET
OCTOBER 21 2014.......SUNRISE   707 AM CDT   SUNSET   613 PM CDT
OCTOBER 22 2014.......SUNRISE   708 AM CDT   SUNSET   611 PM CDT


-  INDICATES NEGATIVE NUMBERS.
R  INDICATES RECORD WAS SET OR TIED.
MM INDICATES DATA IS MISSING.
T  INDICATES TRACE AMOUNT.




$$
