000
CDUS44 KMEG 262155
CLIMKL


CLIMATE REPORT
NATIONAL WEATHER SERVICE MEMPHIS TN
454 PM CDT TUE MAY 26 2015


...................................

...THE JACKSON CLIMATE SUMMARY FOR MAY 26 2015...
VALID TODAY AS OF 0400 PM LOCAL TIME.

CLIMATE NORMAL PERIOD 1981 TO 2010
CLIMATE RECORD PERIOD 1948 TO 2015


WEATHER ITEM   OBSERVED TIME   RECORD YEAR NORMAL DEPARTURE LAST
                VALUE   (LST)  VALUE       VALUE  FROM      YEAR
                                                  NORMAL
..................................................................
TEMPERATURE (F)
 TODAY
  MAXIMUM         83    316 PM  94    1978  82      1       88
  MINIMUM         70    356 AM  46    1988  60     10       64
                                      1979
                                      1961
  AVERAGE         77                        71      6       76

PRECIPITATION (IN)
  TODAY            T             2.90 2006   0.18  -0.18     0.00
  MONTH TO DATE    3.25                      4.77  -1.52     3.18
  SINCE MAR 1     13.25                     14.38  -1.13    13.21
  SINCE JAN 1     19.14                     22.62  -3.48    21.37

SNOWFALL (IN)
  TODAY            0.0

DEGREE DAYS
 HEATING
  TODAY            0                         1     -1        0
  MONTH TO DATE   39                        45     -6       59
  SINCE MAR 1    664                       687    -23      851
  SINCE JUL 1   3837                      3571    266     4147

 COOLING
  TODAY           12                         7      5       11
  MONTH TO DATE  135                       120     15      162
  SINCE MAR 1    196                       178     18      199
  SINCE JAN 1    196                       179     17      199
..................................................................


WIND (MPH)
  HIGHEST WIND SPEED    16   HIGHEST WIND DIRECTION    SW (240)
  HIGHEST GUST SPEED    24   HIGHEST GUST DIRECTION     S (170)
  AVERAGE WIND SPEED    10.2


SKY COVER
  POSSIBLE SUNSHINE  MM
  AVERAGE SKY COVER 0.6


WEATHER CONDITIONS
 THE FOLLOWING WEATHER WAS RECORDED TODAY.
  HAZE


RELATIVE HUMIDITY (PERCENT)
 HIGHEST    84          1200 AM
 LOWEST     54           100 PM
 AVERAGE    69

..........................................................


THE JACKSON CLIMATE NORMALS FOR TOMORROW
                         NORMAL    RECORD    YEAR
 MAXIMUM TEMPERATURE (F)   83        96      1964
 MINIMUM TEMPERATURE (F)   60        39      1961


SUNRISE AND SUNSET
MAY 26 2015...........SUNRISE   544 AM CDT   SUNSET   802 PM CDT
MAY 27 2015...........SUNRISE   543 AM CDT   SUNSET   802 PM CDT


-  INDICATES NEGATIVE NUMBERS.
R  INDICATES RECORD WAS SET OR TIED.
MM INDICATES DATA IS MISSING.
T  INDICATES TRACE AMOUNT.




$$
