000
CDUS44 KMEG 180734
CLIMKL


CLIMATE REPORT
NATIONAL WEATHER SERVICE MEMPHIS TN
133 AM CST THU JAN 18 2018


...................................

...THE JACKSON CLIMATE SUMMARY FOR JANUARY 17 2018...

CLIMATE NORMAL PERIOD 1981 TO 2010
CLIMATE RECORD PERIOD 1948 TO 2018


WEATHER ITEM   OBSERVED TIME   RECORD YEAR NORMAL DEPARTURE LAST
                VALUE   (LST)  VALUE       VALUE  FROM      YEAR
                                                  NORMAL
..................................................................
TEMPERATURE (F)
 YESTERDAY
  MAXIMUM         17    435 PM  72    2012  48    -31       68
  MINIMUM          2    203 AM  -6    1982  28    -26       46
  AVERAGE         10                        38    -28       57

PRECIPITATION (IN)
  YESTERDAY        T             1.62 1990   0.13  -0.13     0.50
  MONTH TO DATE    2.43                      2.17   0.26     1.95
  SINCE DEC 1      9.04                      7.52   1.52     9.13
  SINCE JAN 1      2.43                      2.17   0.26     1.95

DEGREE DAYS
 HEATING
  YESTERDAY       55                        27     28        8
  MONTH TO DATE  610                       459    151      351
  SINCE DEC 1   1370                      1210    160     1063
  SINCE JUL 1   1971                      1877     94     1447

 COOLING
  YESTERDAY        0                         0      0        0
  MONTH TO DATE    0                         0      0        0
  SINCE DEC 1      0                         1     -1        2
  SINCE JAN 1      0                         0      0        0
..................................................................


WIND (MPH)
  HIGHEST WIND SPEED    13   HIGHEST WIND DIRECTION     N (350)
  HIGHEST GUST SPEED    17   HIGHEST GUST DIRECTION     N (350)
  AVERAGE WIND SPEED     4.8


SKY COVER
  POSSIBLE SUNSHINE  MM
  AVERAGE SKY COVER 0.4


WEATHER CONDITIONS
 THE FOLLOWING WEATHER WAS RECORDED YESTERDAY.
  HAZE


RELATIVE HUMIDITY (PERCENT)
 HIGHEST    91          1000 PM
 LOWEST     67           100 PM
 AVERAGE    79

..........................................................


THE JACKSON CLIMATE NORMALS FOR TODAY
                         NORMAL    RECORD    YEAR
 MAXIMUM TEMPERATURE (F)   48        70      1951
                                             1949
 MINIMUM TEMPERATURE (F)   28         5      1977


SUNRISE AND SUNSET
JANUARY 18 2018.......SUNRISE   704 AM CST   SUNSET   509 PM CST
JANUARY 19 2018.......SUNRISE   703 AM CST   SUNSET   510 PM CST


-  INDICATES NEGATIVE NUMBERS.
R  INDICATES RECORD WAS SET OR TIED.
MM INDICATES DATA IS MISSING.
T  INDICATES TRACE AMOUNT.




$$
