000
CDUS44 KMEG 040736
CLIMKL


CLIMATE REPORT
NATIONAL WEATHER SERVICE MEMPHIS TN
135 AM CST SUN DEC 4 2016


...................................

...THE JACKSON CLIMATE SUMMARY FOR DECEMBER 3 2016...

CLIMATE NORMAL PERIOD 1981 TO 2010
CLIMATE RECORD PERIOD 1948 TO 2016


WEATHER ITEM   OBSERVED TIME   RECORD YEAR NORMAL DEPARTURE LAST
                VALUE   (LST)  VALUE       VALUE  FROM      YEAR
                                                  NORMAL
..................................................................
TEMPERATURE (F)
 YESTERDAY
  MAXIMUM         47    101 PM  76    2012  54     -7       49
  MINIMUM         40   1159 PM  17    1979  34      6       28
  AVERAGE         44                        44      0       39

PRECIPITATION (IN)
  YESTERDAY        0.20          4.48 1978   0.18   0.02     0.00
  MONTH TO DATE    0.20                      0.55  -0.35     0.29
  SINCE DEC 1      0.20                      0.55  -0.35     0.29
  SINCE JAN 1     39.75                     48.47  -8.72    43.36

SNOWFALL (IN)
  YESTERDAY       MM             0.0  2001   0.0   MM        0.0
  MONTH TO DATE    0.0                       0.0    0.0      0.0
  SINCE DEC 1      0.0                       0.0    0.0      0.0
  SINCE JUL 1      0.0                       0.1   -0.1      0.0
  SNOW DEPTH       0

DEGREE DAYS
 HEATING
  YESTERDAY       21                        21      0       26
  MONTH TO DATE   65                        63      2       66
  SINCE DEC 1     65                        63      2       66
  SINCE JUL 1    449                       730   -281      541

 COOLING
  YESTERDAY        0                         0      0        0
  MONTH TO DATE    0                         0      0        0
  SINCE DEC 1      0                         0      0        0
  SINCE JAN 1   2092                      1697    395     1855
..................................................................


WIND (MPH)
  HIGHEST WIND SPEED    10   HIGHEST WIND DIRECTION     E (90)
  HIGHEST GUST SPEED    14   HIGHEST GUST DIRECTION     E (80)
  AVERAGE WIND SPEED     5.3


SKY COVER
  POSSIBLE SUNSHINE  MM
  AVERAGE SKY COVER 0.7


WEATHER CONDITIONS
 THE FOLLOWING WEATHER WAS RECORDED YESTERDAY.
  RAIN
  LIGHT RAIN


RELATIVE HUMIDITY (PERCENT)
 HIGHEST    70          1200 AM
 LOWEST     60          1100 AM
 AVERAGE    65

..........................................................


THE JACKSON CLIMATE NORMALS FOR TODAY
                         NORMAL    RECORD    YEAR
 MAXIMUM TEMPERATURE (F)   54        77      1998
 MINIMUM TEMPERATURE (F)   33        17      2006


SUNRISE AND SUNSET
DECEMBER  4 2016......SUNRISE   650 AM CST   SUNSET   442 PM CST
DECEMBER  5 2016......SUNRISE   651 AM CST   SUNSET   442 PM CST


-  INDICATES NEGATIVE NUMBERS.
R  INDICATES RECORD WAS SET OR TIED.
MM INDICATES DATA IS MISSING.
T  INDICATES TRACE AMOUNT.




$$
