000
CDUS44 KMEG 200635
CLIMKL


CLIMATE REPORT
NATIONAL WEATHER SERVICE MEMPHIS TN
134 AM CDT SUN AUG 20 2017


...................................

...THE JACKSON CLIMATE SUMMARY FOR AUGUST 19 2017...

CLIMATE NORMAL PERIOD 1981 TO 2010
CLIMATE RECORD PERIOD 1948 TO 2017


WEATHER ITEM   OBSERVED TIME   RECORD YEAR NORMAL DEPARTURE LAST
                VALUE   (LST)  VALUE       VALUE  FROM      YEAR
                                                  NORMAL
..................................................................
TEMPERATURE (F)
 YESTERDAY
  MAXIMUM         92    409 PM 103    1962  90      2       85
  MINIMUM         66    520 AM  60    1989  67     -1       72
  AVERAGE         79                        79      0       79

PRECIPITATION (IN)
  YESTERDAY        0.00          2.99 1997   0.10  -0.10     1.30
  MONTH TO DATE    2.53                      2.00   0.53     3.25
  SINCE JUN 1      8.05                     11.33  -3.28     8.09
  SINCE JAN 1     30.70                     34.87  -4.17    33.33

DEGREE DAYS
 HEATING
  YESTERDAY        0                         0      0        0
  MONTH TO DATE    0                         0      0        0
  SINCE JUN 1      0                         2     -2        0
  SINCE JUL 1      0                         0      0        0

 COOLING
  YESTERDAY       14                        14      0       14
  MONTH TO DATE  238                       266    -28      311
  SINCE JUN 1   1085                      1054     31     1265
  SINCE JAN 1   1353                      1269     84     1449
..................................................................


WIND (MPH)
  HIGHEST WIND SPEED    12   HIGHEST WIND DIRECTION    NW (330)
  HIGHEST GUST SPEED    15   HIGHEST GUST DIRECTION    NW (330)
  AVERAGE WIND SPEED     3.6


SKY COVER
  POSSIBLE SUNSHINE  MM
  AVERAGE SKY COVER 0.0


WEATHER CONDITIONS
 THE FOLLOWING WEATHER WAS RECORDED YESTERDAY.
  FOG


RELATIVE HUMIDITY (PERCENT)
 HIGHEST   100           200 AM
 LOWEST     56          1100 AM
 AVERAGE    78

..........................................................


THE JACKSON CLIMATE NORMALS FOR TODAY
                         NORMAL    RECORD    YEAR
 MAXIMUM TEMPERATURE (F)   90       100      1983
                                             1962
 MINIMUM TEMPERATURE (F)   67        56      1953


SUNRISE AND SUNSET
AUGUST 20 2017........SUNRISE   619 AM CDT   SUNSET   738 PM CDT
AUGUST 21 2017........SUNRISE   620 AM CDT   SUNSET   737 PM CDT


-  INDICATES NEGATIVE NUMBERS.
R  INDICATES RECORD WAS SET OR TIED.
MM INDICATES DATA IS MISSING.
T  INDICATES TRACE AMOUNT.




$$
