000
CDUS44 KMEG 070732
CLIMKL


CLIMATE REPORT
NATIONAL WEATHER SERVICE MEMPHIS TN
131 AM CST SUN FEB 7 2016


...................................

...THE JACKSON CLIMATE SUMMARY FOR FEBRUARY 6 2016...

CLIMATE NORMAL PERIOD 1981 TO 2010
CLIMATE RECORD PERIOD 1948 TO 2016


WEATHER ITEM   OBSERVED TIME   RECORD YEAR NORMAL DEPARTURE LAST
                VALUE   (LST)  VALUE       VALUE  FROM      YEAR
                                                  NORMAL
..................................................................
TEMPERATURE (F)
 YESTERDAY
  MAXIMUM         54    329 PM  71    1963  51      3       52
  MINIMUM         24    642 AM   8    1978  30     -6       16
  AVERAGE         39                        40     -1       34

PRECIPITATION (IN)
  YESTERDAY        0.00          0.87 1958   0.15  -0.15     0.00
  MONTH TO DATE    1.42                      0.90   0.52     0.72
  SINCE DEC 1      8.61                     10.32  -1.71     4.54
  SINCE JAN 1      3.46                      4.97  -1.51     1.46

SNOWFALL (IN)
  YESTERDAY        0.0           4.8  2003   0.1   -0.1      0.0
  MONTH TO DATE    0.0                       0.5   -0.5      0.0
  SINCE DEC 1      1.5                       3.0   -1.5       T
  SINCE JUL 1      1.5                       3.1   -1.6      0.1
  SNOW DEPTH       0

DEGREE DAYS
 HEATING
  YESTERDAY       26                        25      1       31
  MONTH TO DATE  117                       152    -35      177
  SINCE DEC 1   1407                      1734   -327     1669
  SINCE JUL 1   1882                      2401   -519     2461

 COOLING
  YESTERDAY        0                         0      0        0
  MONTH TO DATE    0                         0      0        0
  SINCE DEC 1      9                         1      8        0
  SINCE JAN 1      0                         0      0        0
..................................................................


WIND (MPH)
  HIGHEST WIND SPEED     7   HIGHEST WIND DIRECTION     S (180)
  HIGHEST GUST SPEED     9   HIGHEST GUST DIRECTION     E (70)
  AVERAGE WIND SPEED     2.0


SKY COVER
  POSSIBLE SUNSHINE  MM
  AVERAGE SKY COVER 0.0


WEATHER CONDITIONS
 THE FOLLOWING WEATHER WAS RECORDED YESTERDAY.
  NO SIGNIFICANT WEATHER WAS OBSERVED.


RELATIVE HUMIDITY (PERCENT)
 HIGHEST    92           300 AM
 LOWEST     26           200 PM
 AVERAGE    59

..........................................................


THE JACKSON CLIMATE NORMALS FOR TODAY
                         NORMAL    RECORD    YEAR
 MAXIMUM TEMPERATURE (F)   51        71      2001
 MINIMUM TEMPERATURE (F)   30        10      1979


SUNRISE AND SUNSET
FEBRUARY  7 2016......SUNRISE   651 AM CST   SUNSET   529 PM CST
FEBRUARY  8 2016......SUNRISE   650 AM CST   SUNSET   530 PM CST


-  INDICATES NEGATIVE NUMBERS.
R  INDICATES RECORD WAS SET OR TIED.
MM INDICATES DATA IS MISSING.
T  INDICATES TRACE AMOUNT.




$$
