000
CDUS44 KMEG 290632
CLIMKL


CLIMATE REPORT
NATIONAL WEATHER SERVICE MEMPHIS TN
132 AM CDT SUN MAR 29 2015


...................................

...THE JACKSON CLIMATE SUMMARY FOR MARCH 28 2015...

CLIMATE NORMAL PERIOD 1981 TO 2010
CLIMATE RECORD PERIOD 1948 TO 2015


WEATHER ITEM   OBSERVED TIME   RECORD YEAR NORMAL DEPARTURE LAST
                VALUE   (LST)  VALUE       VALUE  FROM      YEAR
                                                  NORMAL
..................................................................
TEMPERATURE (F)
 YESTERDAY
  MAXIMUM         46    430 PM  84    1989  67    -21       72
  MINIMUM         25    554 AM  24    1955  42    -17       57
  AVERAGE         36                        54    -18       65

PRECIPITATION (IN)
  YESTERDAY        T             1.72 1975   0.16  -0.16     0.53
  MONTH TO DATE    4.65                      4.24   0.41     5.11
  SINCE MAR 1      4.65                      4.24   0.41     5.11
  SINCE JAN 1     10.54                     12.48  -1.94    13.27

SNOWFALL (IN)
  YESTERDAY        T   R         0.0    MM   0.1   -0.1      0.0
  MONTH TO DATE    4.4                       0.4    4.0      0.8
  SINCE MAR 1      4.4                       0.4    4.0      0.8
  SINCE JUL 1      5.9                       4.6    1.3      1.3
  SNOW DEPTH       0

DEGREE DAYS
 HEATING
  YESTERDAY       29                        11     18        0
  MONTH TO DATE  445                       413     32      547
  SINCE MAR 1    445                       413     32      547
  SINCE JUL 1   3618                      3297    321     3843

 COOLING
  YESTERDAY        0                         1     -1        0
  MONTH TO DATE    2                         4     -2        0
  SINCE MAR 1      2                         4     -2        0
  SINCE JAN 1      2                         5     -3        0
..................................................................


WIND (MPH)
  HIGHEST WIND SPEED    10   HIGHEST WIND DIRECTION     N (350)
  HIGHEST GUST SPEED    15   HIGHEST GUST DIRECTION     N (10)
  AVERAGE WIND SPEED     2.2


SKY COVER
  POSSIBLE SUNSHINE  MM
  AVERAGE SKY COVER 0.4


WEATHER CONDITIONS
 THE FOLLOWING WEATHER WAS RECORDED YESTERDAY.
  NO SIGNIFICANT WEATHER WAS OBSERVED.


RELATIVE HUMIDITY (PERCENT)
 HIGHEST    88           600 AM
 LOWEST     37           200 PM
 AVERAGE    63

..........................................................


THE JACKSON CLIMATE NORMALS FOR TODAY
                         NORMAL    RECORD    YEAR
 MAXIMUM TEMPERATURE (F)   67        86      1963
 MINIMUM TEMPERATURE (F)   43        25      1955


SUNRISE AND SUNSET
MARCH 29 2015.........SUNRISE   647 AM CDT   SUNSET   715 PM CDT
MARCH 30 2015.........SUNRISE   645 AM CDT   SUNSET   715 PM CDT


-  INDICATES NEGATIVE NUMBERS.
R  INDICATES RECORD WAS SET OR TIED.
MM INDICATES DATA IS MISSING.
T  INDICATES TRACE AMOUNT.




$$
