236
CDUS44 KMEG 180624
CLIMKL


CLIMATE REPORT
NATIONAL WEATHER SERVICE MEMPHIS TN
1223 AM CST SAT NOV 18 2017


...................................

...THE JACKSON CLIMATE SUMMARY FOR NOVEMBER 17 2017...

CLIMATE NORMAL PERIOD 1981 TO 2010
CLIMATE RECORD PERIOD 1948 TO 2017


WEATHER ITEM   OBSERVED TIME   RECORD YEAR NORMAL DEPARTURE LAST
                VALUE   (LST)  VALUE       VALUE  FROM      YEAR
                                                  NORMAL
..................................................................
TEMPERATURE (F)
 YESTERDAY
  MAXIMUM         69    334 PM  83    2016  61      8       83
  MINIMUM         38    625 AM  17    1997  38      0       44
                                      1959
  AVERAGE         54                        50      4       64

PRECIPITATION (IN)
  YESTERDAY        0.00          2.47 2015   0.17  -0.17     0.00
  MONTH TO DATE    1.98                      2.54  -0.56     0.22
  SINCE SEP 1      7.11                      9.69  -2.58     3.08
  SINCE JAN 1     42.14                     45.56  -3.42    36.95

DEGREE DAYS
 HEATING
  YESTERDAY       11                        16     -5        1
  MONTH TO DATE  173                       216    -43      124
  SINCE SEP 1    364                       430    -66      173
  SINCE JUL 1    364                       430    -66      173

 COOLING
  YESTERDAY        0                         0      0        0
  MONTH TO DATE   21                         2     19       18
  SINCE SEP 1    332                       270     62      463
  SINCE JAN 1   1812                      1693    119     2092
..................................................................


WIND (MPH)
  HIGHEST WIND SPEED    20   HIGHEST WIND DIRECTION     S (180)
  HIGHEST GUST SPEED    28   HIGHEST GUST DIRECTION     S (200)
  AVERAGE WIND SPEED     7.4


SKY COVER
  POSSIBLE SUNSHINE  MM
  AVERAGE SKY COVER 0.3


WEATHER CONDITIONS
 THE FOLLOWING WEATHER WAS RECORDED YESTERDAY.
  NO SIGNIFICANT WEATHER WAS OBSERVED.


RELATIVE HUMIDITY (PERCENT)
 HIGHEST    92           300 AM
 LOWEST     48          1200 PM
 AVERAGE    70

..........................................................


THE JACKSON CLIMATE NORMALS FOR TODAY
                         NORMAL    RECORD    YEAR
 MAXIMUM TEMPERATURE (F)   60        80      2016
 MINIMUM TEMPERATURE (F)   38        16      2014
                                             1959


SUNRISE AND SUNSET
NOVEMBER 18 2017......SUNRISE   635 AM CST   SUNSET   447 PM CST
NOVEMBER 19 2017......SUNRISE   636 AM CST   SUNSET   446 PM CST


-  INDICATES NEGATIVE NUMBERS.
R  INDICATES RECORD WAS SET OR TIED.
MM INDICATES DATA IS MISSING.
T  INDICATES TRACE AMOUNT.




$$
