000
CDUS44 KMEG 290733
CLIMKL


CLIMATE REPORT
NATIONAL WEATHER SERVICE MEMPHIS TN
133 AM CST THU JAN 29 2015


...................................

...THE JACKSON CLIMATE SUMMARY FOR JANUARY 28 2015...

CLIMATE NORMAL PERIOD 1981 TO 2010
CLIMATE RECORD PERIOD 1948 TO 2015


WEATHER ITEM   OBSERVED TIME   RECORD YEAR NORMAL DEPARTURE LAST
                VALUE   (LST)  VALUE       VALUE  FROM      YEAR
                                                  NORMAL
..................................................................
TEMPERATURE (F)
 YESTERDAY
  MAXIMUM         57    352 PM  73    1975  49      8       22
  MINIMUM         27    401 AM   1    1963  29     -2        4
  AVERAGE         42                        39      3       13

PRECIPITATION (IN)
  YESTERDAY        0.00          1.50 1957   0.14  -0.14      T
  MONTH TO DATE    0.74                      3.63  -2.89     3.01
  SINCE DEC 1      3.82                      8.98  -5.16     7.81
  SINCE JAN 1      0.74                      3.63  -2.89     3.01

SNOWFALL (IN)
  YESTERDAY        0.0           4.0  2000   0.0    0.0       T
  MONTH TO DATE    T                         2.0   -2.0       T
  SINCE DEC 1      T                         2.2   -2.2       T
  SINCE JUL 1      0.1                       2.3   -2.2       T
  SNOW DEPTH       0

DEGREE DAYS
 HEATING
  YESTERDAY       23                        26     -3       52
  MONTH TO DATE  771                       754     17      889
  SINCE DEC 1   1426                      1505    -79     1656
  SINCE JUL 1   2218                      2172     46     2446

 COOLING
  YESTERDAY        0                         0      0        0
  MONTH TO DATE    0                         0      0        0
  SINCE DEC 1      0                         1     -1        8
  SINCE JAN 1      0                         0      0        0
..................................................................


WIND (MPH)
  HIGHEST WIND SPEED    21   HIGHEST WIND DIRECTION     S (190)
  HIGHEST GUST SPEED    27   HIGHEST GUST DIRECTION     S (190)
  AVERAGE WIND SPEED     6.5


SKY COVER
  POSSIBLE SUNSHINE  MM
  AVERAGE SKY COVER 0.0


WEATHER CONDITIONS
 THE FOLLOWING WEATHER WAS RECORDED YESTERDAY.
  NO SIGNIFICANT WEATHER WAS OBSERVED.


RELATIVE HUMIDITY (PERCENT)
 HIGHEST    92           400 AM
 LOWEST     32           300 PM
 AVERAGE    62

..........................................................


THE JACKSON CLIMATE NORMALS FOR TODAY
                         NORMAL    RECORD    YEAR
 MAXIMUM TEMPERATURE (F)   49        73      1975
 MINIMUM TEMPERATURE (F)   29        -3      1966


SUNRISE AND SUNSET
JANUARY 29 2015.......SUNRISE   658 AM CST   SUNSET   520 PM CST
JANUARY 30 2015.......SUNRISE   657 AM CST   SUNSET   521 PM CST


-  INDICATES NEGATIVE NUMBERS.
R  INDICATES RECORD WAS SET OR TIED.
MM INDICATES DATA IS MISSING.
T  INDICATES TRACE AMOUNT.




$$
