000
CDUS44 KMEG 282255
CLIMKL


CLIMATE REPORT
NATIONAL WEATHER SERVICE MEMPHIS TN
454 PM CST SAT FEB 28 2015


...................................

...THE JACKSON CLIMATE SUMMARY FOR FEBRUARY 28 2015...
VALID TODAY AS OF 0400 PM LOCAL TIME.

CLIMATE NORMAL PERIOD 1981 TO 2010
CLIMATE RECORD PERIOD 1948 TO 2015


WEATHER ITEM   OBSERVED TIME   RECORD YEAR NORMAL DEPARTURE LAST
                VALUE   (LST)  VALUE       VALUE  FROM      YEAR
                                                  NORMAL
..................................................................
TEMPERATURE (F)
 TODAY
  MAXIMUM         47    429 PM  75    1980  57    -10       55
                                      1976
  MINIMUM         27    745 AM  17    2002  35     -8       23
  AVERAGE         37                        46     -9       39

PRECIPITATION (IN)
  TODAY            0.00          1.46 1987   0.14  -0.14     0.02
  MONTH TO DATE    5.15                      4.17   0.98     5.15
  SINCE DEC 1      8.97                     13.59  -4.62    12.96
  SINCE JAN 1      5.89                      8.24  -2.35     8.16

SNOWFALL (IN)
  TODAY            0.0

DEGREE DAYS
 HEATING
  TODAY           28                        19      9       26
  MONTH TO DATE  889                       635    254      744
  SINCE DEC 1   2381                      2217    164     2506
  SINCE JUL 1   3173                      2884    289     3296

 COOLING
  TODAY            0                         0      0        0
  MONTH TO DATE    0                         1     -1        0
  SINCE DEC 1      0                         2     -2        8
  SINCE JAN 1      0                         1     -1        0
..................................................................


WIND (MPH)
  HIGHEST WIND SPEED    13   HIGHEST WIND DIRECTION     E (90)
  HIGHEST GUST SPEED    16   HIGHEST GUST DIRECTION     E (90)
  AVERAGE WIND SPEED     7.3


SKY COVER
  POSSIBLE SUNSHINE  MM
  AVERAGE SKY COVER 0.8


WEATHER CONDITIONS
 THE FOLLOWING WEATHER WAS RECORDED TODAY.
  NO SIGNIFICANT WEATHER WAS OBSERVED.


RELATIVE HUMIDITY (PERCENT)
 HIGHEST    55           400 AM
 LOWEST     31           200 PM
 AVERAGE    43

..........................................................


THE JACKSON CLIMATE NORMALS FOR TOMORROW
                         NORMAL    RECORD    YEAR
 MAXIMUM TEMPERATURE (F)   57        79      2006
                                             1997
 MINIMUM TEMPERATURE (F)   36        16      1986


SUNRISE AND SUNSET
FEBRUARY 28 2015......SUNRISE   627 AM CST   SUNSET   550 PM CST
MARCH  1 2015.........SUNRISE   626 AM CST   SUNSET   551 PM CST


-  INDICATES NEGATIVE NUMBERS.
R  INDICATES RECORD WAS SET OR TIED.
MM INDICATES DATA IS MISSING.
T  INDICATES TRACE AMOUNT.




$$
