000
CDUS42 KMLB 260627
CLIMLB


CLIMATE REPORT
NATIONAL WEATHER SERVICE MELBOURNE FL
226 AM EDT TUE MAY 26 2015


...................................

...THE MELBOURNE CLIMATE SUMMARY FOR MAY 25 2015...

CLIMATE NORMAL PERIOD 1981 TO 2010
CLIMATE RECORD PERIOD 1939 TO 2015


WEATHER ITEM   OBSERVED TIME   RECORD YEAR NORMAL DEPARTURE LAST
                VALUE   (LST)  VALUE       VALUE  FROM      YEAR
                                                  NORMAL
..................................................................
TEMPERATURE (F)
 YESTERDAY
  MAXIMUM         88   1245 PM  95    2000  87      1       89
  MINIMUM         79    601 AM  58    1992  69     10       72
  AVERAGE         84                        78      6       81

PRECIPITATION (IN)
  YESTERDAY        0.00          2.01 2001   0.15  -0.15     0.00
  MONTH TO DATE    1.38                      2.37  -0.99     3.46
  SINCE MAR 1      5.55                      7.78  -2.23     9.05
  SINCE JAN 1     11.66                     12.58  -0.92    16.11

SNOWFALL (IN)
  YESTERDAY        0.0
  MONTH TO DATE    0.0
  SINCE JUL 1      0.0

DEGREE DAYS
 HEATING
  YESTERDAY        0                         0      0        0
  MONTH TO DATE    0                         0      0        0
  SINCE MAR 1     14                        87    -73       52
  SINCE JUL 1    424                       576   -152      358

 COOLING
  YESTERDAY       19                        13      6       16
  MONTH TO DATE  311                       270     41      298
  SINCE MAR 1    922                       547    375      641
  SINCE JAN 1   1020                       645    375      809
..................................................................


WIND (MPH)
  HIGHEST WIND SPEED    21   HIGHEST WIND DIRECTION     E (90)
  HIGHEST GUST SPEED    26   HIGHEST GUST DIRECTION    SE (120)
  AVERAGE WIND SPEED    14.1


SKY COVER
  AVERAGE SKY COVER 0.5


WEATHER CONDITIONS
 THE FOLLOWING WEATHER WAS RECORDED YESTERDAY.
  NO SIGNIFICANT WEATHER WAS OBSERVED.


RELATIVE HUMIDITY (PERCENT)
 HIGHEST    79           300 AM
 LOWEST     61          1100 AM
 AVERAGE    70

..........................................................


THE MELBOURNE CLIMATE NORMALS FOR TODAY
                         NORMAL    RECORD    YEAR
 MAXIMUM TEMPERATURE (F)   87        95      1962
 MINIMUM TEMPERATURE (F)   69        54      1979


SUNRISE AND SUNSET
MAY 26 2015...........SUNRISE   628 AM EDT   SUNSET   812 PM EDT
MAY 27 2015...........SUNRISE   628 AM EDT   SUNSET   812 PM EDT


-  INDICATES NEGATIVE NUMBERS.
R  INDICATES RECORD WAS SET OR TIED.
MM INDICATES DATA IS MISSING.
T  INDICATES TRACE AMOUNT.




$$
