000
CDUS42 KMLB 070630
CLIMLB


CLIMATE REPORT
NATIONAL WEATHER SERVICE MELBOURNE FL
128 AM EST WED DEC 7 2016


...................................

...THE MELBOURNE CLIMATE SUMMARY FOR DECEMBER 6 2016...

CLIMATE NORMAL PERIOD 1981 TO 2010
CLIMATE RECORD PERIOD 1939 TO 2016


WEATHER ITEM   OBSERVED TIME   RECORD YEAR NORMAL DEPARTURE LAST
                VALUE   (LST)  VALUE       VALUE  FROM      YEAR
                                                  NORMAL
..................................................................
TEMPERATURE (F)
 YESTERDAY
  MAXIMUM         85    135 PM  90    1942  75     10       80
  MINIMUM         69   1159 PM  34    1968  55     14       68
  AVERAGE         77                        65     12       74

PRECIPITATION (IN)
  YESTERDAY        0.14          0.63 1976   0.09   0.05     0.00
  MONTH TO DATE    0.14                      0.52  -0.38     2.86
  SINCE DEC 1      0.14                      0.52  -0.38     2.86
  SINCE JAN 1     59.46                     49.95   9.51    52.36

SNOWFALL (IN)
  YESTERDAY        0.0
  MONTH TO DATE    0.0
  SINCE JUL 1      0.0

DEGREE DAYS
 HEATING
  YESTERDAY        0                         3     -3        0
  MONTH TO DATE    0                        18    -18        0
  SINCE DEC 1      0                        18    -18        0
  SINCE JUL 1     19                        60    -41        5

 COOLING
  YESTERDAY       12                         3      9        9
  MONTH TO DATE   47                        18     29       52
  SINCE DEC 1     47                        18     29       52
  SINCE JAN 1   3775                      3213    562     3959
..................................................................


WIND (MPH)
  HIGHEST WIND SPEED    25   HIGHEST WIND DIRECTION     W (290)
  HIGHEST GUST SPEED    31   HIGHEST GUST DIRECTION     W (290)
  AVERAGE WIND SPEED    12.3


SKY COVER
  AVERAGE SKY COVER 0.6


WEATHER CONDITIONS
 THE FOLLOWING WEATHER WAS RECORDED YESTERDAY.
  THUNDERSTORM
  RAIN
  LIGHT RAIN
  FOG


RELATIVE HUMIDITY (PERCENT)
 HIGHEST   100           600 PM
 LOWEST     74          1200 PM
 AVERAGE    87

..........................................................


THE MELBOURNE CLIMATE NORMALS FOR TODAY
                         NORMAL    RECORD    YEAR
 MAXIMUM TEMPERATURE (F)   75        93      1983
 MINIMUM TEMPERATURE (F)   55        27      1937


SUNRISE AND SUNSET
DECEMBER  7 2016......SUNRISE   702 AM EST   SUNSET   527 PM EST
DECEMBER  8 2016......SUNRISE   702 AM EST   SUNSET   527 PM EST


-  INDICATES NEGATIVE NUMBERS.
R  INDICATES RECORD WAS SET OR TIED.
MM INDICATES DATA IS MISSING.
T  INDICATES TRACE AMOUNT.




$$
