539
CDUS42 KMLB 240637
CLIMLB


CLIMATE REPORT
NATIONAL WEATHER SERVICE MELBOURNE FL
237 AM EDT WED MAY 24 2017


...................................

...THE MELBOURNE CLIMATE SUMMARY FOR MAY 23 2017...

CLIMATE NORMAL PERIOD 1981 TO 2010
CLIMATE RECORD PERIOD 1939 TO 2017


WEATHER ITEM   OBSERVED TIME   RECORD YEAR NORMAL DEPARTURE LAST
                VALUE   (LST)  VALUE       VALUE  FROM      YEAR
                                                  NORMAL
..................................................................
TEMPERATURE (F)
 YESTERDAY
  MAXIMUM         95R   418 PM  95    1961  87      8       83
  MINIMUM         76    620 AM  57    1994  69      7       68
  AVERAGE         86                        78      8       76

PRECIPITATION (IN)
  YESTERDAY        T             5.00 1984   0.13  -0.13     0.00
  MONTH TO DATE    1.88                      2.08  -0.20     6.99
  SINCE MAR 1      2.52                      7.49  -4.97    11.41
  SINCE JAN 1      7.41                     12.29  -4.88    21.27

SNOWFALL (IN)
  YESTERDAY        0.0
  MONTH TO DATE    0.0
  SINCE JUL 1      0.0

DEGREE DAYS
 HEATING
  YESTERDAY        0                         0      0        0
  MONTH TO DATE    0                         0      0        0
  SINCE MAR 1     42                        87    -45       20
  SINCE JUL 1    220                       576   -356      341

 COOLING
  YESTERDAY       21                        13      8       11
  MONTH TO DATE  320                       244     76      257
  SINCE MAR 1    844                       521    323      727
  SINCE JAN 1   1022                       619    403      817
..................................................................


WIND (MPH)
  HIGHEST WIND SPEED    21   HIGHEST WIND DIRECTION     S (160)
  HIGHEST GUST SPEED    28   HIGHEST GUST DIRECTION    SE (150)
  AVERAGE WIND SPEED    11.0


SKY COVER
  AVERAGE SKY COVER 0.4


WEATHER CONDITIONS
 THE FOLLOWING WEATHER WAS RECORDED YESTERDAY.
  THUNDERSTORM
  LIGHT RAIN


RELATIVE HUMIDITY (PERCENT)
 HIGHEST    94           400 AM
 LOWEST     44           100 PM
 AVERAGE    69

..........................................................


THE MELBOURNE CLIMATE NORMALS FOR TODAY
                         NORMAL    RECORD    YEAR
 MAXIMUM TEMPERATURE (F)   87        95      2000
 MINIMUM TEMPERATURE (F)   69        57      1994


SUNRISE AND SUNSET
MAY 24 2017...........SUNRISE   628 AM EDT   SUNSET   811 PM EDT
MAY 25 2017...........SUNRISE   628 AM EDT   SUNSET   811 PM EDT


-  INDICATES NEGATIVE NUMBERS.
R  INDICATES RECORD WAS SET OR TIED.
MM INDICATES DATA IS MISSING.
T  INDICATES TRACE AMOUNT.




$$
