000
CDUS42 KMLB 092137
CLIMLB


CLIMATE REPORT
NATIONAL WEATHER SERVICE MELBOURNE FL
436 PM EST TUE FEB 9 2016


...................................

...THE MELBOURNE CLIMATE SUMMARY FOR FEBRUARY 9 2016...
VALID TODAY AS OF 0400 PM LOCAL TIME.

CLIMATE NORMAL PERIOD 1981 TO 2010
CLIMATE RECORD PERIOD 1939 TO 2016


WEATHER ITEM   OBSERVED TIME   RECORD YEAR NORMAL DEPARTURE LAST
                VALUE   (LST)  VALUE       VALUE  FROM      YEAR
                                                  NORMAL
..................................................................
TEMPERATURE (F)
 TODAY
  MAXIMUM         61    328 PM  86    1982  73    -12       72
  MINIMUM         49    737 AM  30    1995  51     -2       54
  AVERAGE         55                        62     -7       63

PRECIPITATION (IN)
  TODAY            0.02          2.02 1967   0.08  -0.06     1.04
  MONTH TO DATE    1.31                      0.78   0.53     2.27
  SINCE DEC 1     12.83                      5.62   7.21     6.37
  SINCE JAN 1      9.14                      3.05   6.09     4.75

SNOWFALL (IN)
  TODAY            0.0
  MONTH TO DATE    0.0
  SINCE JUL 1      0.0

DEGREE DAYS
 HEATING
  TODAY           10                         5      5        2
  MONTH TO DATE   48                        45      3       33
  SINCE DEC 1    226                       372   -146      236
  SINCE JUL 1    231                       414   -183      301

 COOLING
  TODAY            0                         2     -2        0
  MONTH TO DATE   33                        18     15        3
  SINCE DEC 1    353                       138    215      201
  SINCE JAN 1     69                        62      7       70
..................................................................


WIND (MPH)
  HIGHEST WIND SPEED    26   HIGHEST WIND DIRECTION     W (270)
  HIGHEST GUST SPEED    35   HIGHEST GUST DIRECTION     W (270)
  AVERAGE WIND SPEED    16.8


SKY COVER
  AVERAGE SKY COVER 0.5


WEATHER CONDITIONS
 THE FOLLOWING WEATHER WAS RECORDED TODAY.
  LIGHT RAIN
  FOG


RELATIVE HUMIDITY (PERCENT)
 HIGHEST    80          1200 AM
 LOWEST     38          1000 AM
 AVERAGE    59

..........................................................


THE MELBOURNE CLIMATE NORMALS FOR TOMORROW
                         NORMAL    RECORD    YEAR
 MAXIMUM TEMPERATURE (F)   73        86      1986
                                             1959
 MINIMUM TEMPERATURE (F)   51        33      1971
                                             1970


SUNRISE AND SUNSET
FEBRUARY  9 2016......SUNRISE   705 AM EST   SUNSET   609 PM EST
FEBRUARY 10 2016......SUNRISE   704 AM EST   SUNSET   609 PM EST


-  INDICATES NEGATIVE NUMBERS.
R  INDICATES RECORD WAS SET OR TIED.
MM INDICATES DATA IS MISSING.
T  INDICATES TRACE AMOUNT.




$$
