000
CDUS42 KMLB 220633
CLIMLB


CLIMATE REPORT
NATIONAL WEATHER SERVICE MELBOURNE FL
130 AM EST MON DEC 22 2014


...................................

...THE MELBOURNE CLIMATE SUMMARY FOR DECEMBER 21 2014...

CLIMATE NORMAL PERIOD 1981 TO 2010
CLIMATE RECORD PERIOD 1939 TO 2014


WEATHER ITEM   OBSERVED TIME   RECORD YEAR NORMAL DEPARTURE LAST
                VALUE   (LST)  VALUE       VALUE  FROM      YEAR
                                                  NORMAL
..................................................................
TEMPERATURE (F)
 YESTERDAY
  MAXIMUM         80   1224 PM  85    1951  72      8       81
  MINIMUM         60    451 AM  28    2000  52      8       69
  AVERAGE         70                        62      8       75

PRECIPITATION (IN)
  YESTERDAY        T             1.97 1994   0.09  -0.09     0.00
  MONTH TO DATE    1.02                      1.80  -0.78     1.44
  SINCE DEC 1      1.02                      1.80  -0.78     1.44
  SINCE JAN 1     56.28                     51.23   5.05    42.12

SNOWFALL (IN)
  YESTERDAY        0.0
  MONTH TO DATE    0.0
  SINCE JUL 1      0.0

DEGREE DAYS
 HEATING
  YESTERDAY        0                         5     -5        0
  MONTH TO DATE   77                        81     -4       25
  SINCE DEC 1     77                        81     -4       25
  SINCE JUL 1    142                       123     19       39

 COOLING
  YESTERDAY        5                         2      3       10
  MONTH TO DATE   60                        55      5       96
  SINCE DEC 1     60                        55      5       96
  SINCE JAN 1   3503                      3250    253     3693
..................................................................


WIND (MPH)
  HIGHEST WIND SPEED    14   HIGHEST WIND DIRECTION    SE (140)
  HIGHEST GUST SPEED    17   HIGHEST GUST DIRECTION    SE (150)
  AVERAGE WIND SPEED     5.5


SKY COVER
  AVERAGE SKY COVER 0.4


WEATHER CONDITIONS
 THE FOLLOWING WEATHER WAS RECORDED YESTERDAY.
  LIGHT RAIN


RELATIVE HUMIDITY (PERCENT)
 HIGHEST    93           400 AM
 LOWEST     62          1200 PM
 AVERAGE    78

..........................................................


THE MELBOURNE CLIMATE NORMALS FOR TODAY
                         NORMAL    RECORD    YEAR
 MAXIMUM TEMPERATURE (F)   72        84      2013
                                             1967
 MINIMUM TEMPERATURE (F)   52        30      1960


SUNRISE AND SUNSET
DECEMBER 22 2014......SUNRISE   710 AM EST   SUNSET   532 PM EST
DECEMBER 23 2014......SUNRISE   711 AM EST   SUNSET   533 PM EST


-  INDICATES NEGATIVE NUMBERS.
R  INDICATES RECORD WAS SET OR TIED.
MM INDICATES DATA IS MISSING.
T  INDICATES TRACE AMOUNT.




$$
