000
CDUS42 KMLB 250648
CLIMLB


CLIMATE REPORT
NATIONAL WEATHER SERVICE MELBOURNE FL
147 AM EST SAT FEB 25 2017


...................................

...THE MELBOURNE CLIMATE SUMMARY FOR FEBRUARY 24 2017...

CLIMATE NORMAL PERIOD 1981 TO 2010
CLIMATE RECORD PERIOD 1939 TO 2017


WEATHER ITEM   OBSERVED TIME   RECORD YEAR NORMAL DEPARTURE LAST
                VALUE   (LST)  VALUE       VALUE  FROM      YEAR
                                                  NORMAL
..................................................................
TEMPERATURE (F)
 YESTERDAY
  MAXIMUM         80    314 PM  92    1962  75      5       79
  MINIMUM         65    445 AM  29    1989  53     12       61
  AVERAGE         73                        64      9       70

PRECIPITATION (IN)
  YESTERDAY        0.00          1.20 1960   0.09  -0.09     0.02
  MONTH TO DATE    3.43                      2.13   1.30     2.03
  SINCE DEC 1      5.21                      6.97  -1.76    13.55
  SINCE JAN 1      4.89                      4.40   0.49     9.86

SNOWFALL (IN)
  YESTERDAY        0.0
  MONTH TO DATE    0.0
  SINCE JUL 1      0.0

DEGREE DAYS
 HEATING
  YESTERDAY        0                         4     -4        0
  MONTH TO DATE   30                       108    -78      103
  SINCE DEC 1    159                       435   -276      281
  SINCE JUL 1    178                       477   -299      286

 COOLING
  YESTERDAY        8                         2      6        5
  MONTH TO DATE   71                        48     23       54
  SINCE DEC 1    325                       168    157      374
  SINCE JAN 1    149                        92     57       90
..................................................................


WIND (MPH)
  HIGHEST WIND SPEED    17   HIGHEST WIND DIRECTION    NE (30)
  HIGHEST GUST SPEED    23   HIGHEST GUST DIRECTION     N (20)
  AVERAGE WIND SPEED     9.3


SKY COVER
  AVERAGE SKY COVER 0.4


WEATHER CONDITIONS
 THE FOLLOWING WEATHER WAS RECORDED YESTERDAY.
  FOG


RELATIVE HUMIDITY (PERCENT)
 HIGHEST   100           200 AM
 LOWEST     62           400 PM
 AVERAGE    81

..........................................................


THE MELBOURNE CLIMATE NORMALS FOR TODAY
                         NORMAL    RECORD    YEAR
 MAXIMUM TEMPERATURE (F)   75        87      2013
 MINIMUM TEMPERATURE (F)   53        32      1989


SUNRISE AND SUNSET
FEBRUARY 25 2017......SUNRISE   651 AM EST   SUNSET   620 PM EST
FEBRUARY 26 2017......SUNRISE   650 AM EST   SUNSET   621 PM EST


-  INDICATES NEGATIVE NUMBERS.
R  INDICATES RECORD WAS SET OR TIED.
MM INDICATES DATA IS MISSING.
T  INDICATES TRACE AMOUNT.




$$
