000
CDUS42 KMLB 050631
CLIMLB


CLIMATE REPORT
NATIONAL WEATHER SERVICE MELBOURNE FL
229 AM EDT WED AUG 5 2015


...................................

...THE MELBOURNE CLIMATE SUMMARY FOR AUGUST 4 2015...

CLIMATE NORMAL PERIOD 1981 TO 2010
CLIMATE RECORD PERIOD 1939 TO 2015


WEATHER ITEM   OBSERVED TIME   RECORD YEAR NORMAL DEPARTURE LAST
                VALUE   (LST)  VALUE       VALUE  FROM      YEAR
                                                  NORMAL
..................................................................
TEMPERATURE (F)
 YESTERDAY
  MAXIMUM         93    159 PM  96    1962  91      2       87
                                      1950
  MINIMUM         74    454 AM  68    1992  73      1       77
  AVERAGE         84                        82      2       82

PRECIPITATION (IN)
  YESTERDAY        0.00          2.56 2001   0.23  -0.23     0.02
  MONTH TO DATE    0.28                      0.94  -0.66     0.12
  SINCE JUN 1     17.19                     13.61   3.58    17.38
  SINCE JAN 1     30.04                     27.11   2.93    33.60

SNOWFALL (IN)
  YESTERDAY        0.0
  MONTH TO DATE    0.0
  SINCE JUL 1      0.0

DEGREE DAYS
 HEATING
  YESTERDAY        0                         0      0        0
  MONTH TO DATE    0                         0      0        0
  SINCE JUN 1      0                         0      0        0
  SINCE JUL 1      0                         0      0        0

 COOLING
  YESTERDAY       19                        17      2       17
  MONTH TO DATE   67                        68     -1       75
  SINCE JUN 1   1078                      1046     32     1086
  SINCE JAN 1   2190                      1772    418     1979
..................................................................


WIND (MPH)
  HIGHEST WIND SPEED    16   HIGHEST WIND DIRECTION     E (110)
  HIGHEST GUST SPEED    18   HIGHEST GUST DIRECTION     E (110)
  AVERAGE WIND SPEED     7.1


SKY COVER
  AVERAGE SKY COVER 0.2


WEATHER CONDITIONS
 THE FOLLOWING WEATHER WAS RECORDED YESTERDAY.
  NO SIGNIFICANT WEATHER WAS OBSERVED.


RELATIVE HUMIDITY (PERCENT)
 HIGHEST    94           600 AM
 LOWEST     41           200 PM
 AVERAGE    68

..........................................................


THE MELBOURNE CLIMATE NORMALS FOR TODAY
                         NORMAL    RECORD    YEAR
 MAXIMUM TEMPERATURE (F)   91        97      1964
 MINIMUM TEMPERATURE (F)   73        69      1980
                                             1976
                                             1974


SUNRISE AND SUNSET
AUGUST  5 2015........SUNRISE   647 AM EDT   SUNSET   810 PM EDT
AUGUST  6 2015........SUNRISE   648 AM EDT   SUNSET   809 PM EDT


-  INDICATES NEGATIVE NUMBERS.
R  INDICATES RECORD WAS SET OR TIED.
MM INDICATES DATA IS MISSING.
T  INDICATES TRACE AMOUNT.




$$
