000
CDUS43 KDVN 232119
CLIMLI


CLIMATE REPORT
NATIONAL WEATHER SERVICE QUAD CITIES IA IL
419 PM CDT FRI JUN 23 2017


...................................

...THE MOLINE IL CLIMATE SUMMARY FOR JUNE 23 2017...
VALID TODAY AS OF 0400 PM LOCAL TIME.

CLIMATE NORMAL PERIOD 1981 TO 2010
CLIMATE RECORD PERIOD 1872 TO 2017


WEATHER ITEM   OBSERVED TIME   RECORD YEAR NORMAL DEPARTURE LAST
                VALUE   (LST)  VALUE       VALUE  FROM      YEAR
                                                  NORMAL
..................................................................
TEMPERATURE (F)
 TODAY
  MAXIMUM         84    206 PM  97    1931  84      0       85
  MINIMUM         69    654 AM  47    1972  63      6       67
  AVERAGE         77                        74      3       76

PRECIPITATION (IN)
  TODAY            0.57          4.36 1892   0.15   0.42     0.00
  MONTH TO DATE    2.35                      3.40  -1.05     3.49
  SINCE JUN 1      2.35                      3.40  -1.05     3.49
  SINCE JAN 1     16.70                     17.26  -0.56    13.49

SNOWFALL (IN)
  TODAY            0.0          MM      MM   0.0    0.0      0.0
  MONTH TO DATE    0.0                       0.0    0.0      0.0
  SINCE JUN 1      0.0                       0.0    0.0      0.0
  SINCE JUL 1     22.4                      31.6   -9.2     24.1
  SNOW DEPTH       0

DEGREE DAYS
 HEATING
  TODAY            0                         0      0        0
  MONTH TO DATE    0                        17    -17        1
  SINCE JUN 1      0                        17    -17        1
  SINCE JUL 1   5028                      6201  -1173     5164

 COOLING
  TODAY           12                         9      3       11
  MONTH TO DATE  244                       148     96      240
  SINCE JUN 1    244                       148     96      240
  SINCE JAN 1    305                       224     81      342
..................................................................


WIND (MPH)
  HIGHEST WIND SPEED    26   HIGHEST WIND DIRECTION    NW (300)
  HIGHEST GUST SPEED    32   HIGHEST GUST DIRECTION    NW (310)
  AVERAGE WIND SPEED    10.3


SKY COVER
  POSSIBLE SUNSHINE  MM
  AVERAGE SKY COVER 0.4


WEATHER CONDITIONS
 THE FOLLOWING WEATHER WAS RECORDED TODAY.
  THUNDERSTORM
  HEAVY RAIN
  RAIN
  LIGHT RAIN
  FOG


RELATIVE HUMIDITY (PERCENT)
 HIGHEST    87          1200 AM
 LOWEST     34           200 PM
 AVERAGE    61

..........................................................


THE MOLINE IL CLIMATE NORMALS FOR TOMORROW
                         NORMAL    RECORD    YEAR
 MAXIMUM TEMPERATURE (F)   85       100      1937
                                             1931
 MINIMUM TEMPERATURE (F)   63        47      1972


SUNRISE AND SUNSET
JUNE 23 2017..........SUNRISE   529 AM CDT   SUNSET   840 PM CDT
JUNE 24 2017..........SUNRISE   529 AM CDT   SUNSET   840 PM CDT


-  INDICATES NEGATIVE NUMBERS.
R  INDICATES RECORD WAS SET OR TIED.
MM INDICATES DATA IS MISSING.
T  INDICATES TRACE AMOUNT.




$$
