000
CDUS43 KDVN 040913
CLIMLI


CLIMATE REPORT
NATIONAL WEATHER SERVICE QUAD CITIES IA IL
413 AM CDT TUE AUG 4 2015


...................................

...THE MOLINE IL CLIMATE SUMMARY FOR AUGUST 3 2015...

CLIMATE NORMAL PERIOD 1981 TO 2010
CLIMATE RECORD PERIOD 1872 TO 2015


WEATHER ITEM   OBSERVED TIME   RECORD YEAR NORMAL DEPARTURE LAST
                VALUE   (LST)  VALUE       VALUE  FROM      YEAR
                                                  NORMAL
..................................................................
TEMPERATURE (F)
 YESTERDAY
  MAXIMUM         83    333 PM 103    1930  85     -2       85
  MINIMUM         61   1147 PM  48    1950  65     -4       60
  AVERAGE         72                        75     -3       73

PRECIPITATION (IN)
  YESTERDAY        0.00          3.17 1965   0.14  -0.14     0.00
  MONTH TO DATE    0.18                      0.41  -0.23     0.31
  SINCE JUN 1     15.87                      9.19   6.68    13.00
  SINCE JAN 1     24.81                     23.05   1.76    24.56

SNOWFALL (IN)
  YESTERDAY        0.0          MM      MM   0.0    0.0      0.0
  MONTH TO DATE    T                         0.0    0.0      0.0
  SINCE JUN 1      T                         0.0    0.0      0.0
  SINCE JUL 1      T                         0.0    0.0      0.0
  SNOW DEPTH       0

DEGREE DAYS
 HEATING
  YESTERDAY        0                         0      0        0
  MONTH TO DATE    0                         0      0        0
  SINCE JUN 1     11                        21    -10        8
  SINCE JUL 1      4                         2      2        4

 COOLING
  YESTERDAY        7                        10     -3        8
  MONTH TO DATE   30                        30      0       22
  SINCE JUN 1    523                       568    -45      421
  SINCE JAN 1    604                       644    -40      526
..................................................................


WIND (MPH)
  HIGHEST WIND SPEED    15   HIGHEST WIND DIRECTION     W (280)
  HIGHEST GUST SPEED    18   HIGHEST GUST DIRECTION    NW (300)
  AVERAGE WIND SPEED     6.9


SKY COVER
  POSSIBLE SUNSHINE  MM
  AVERAGE SKY COVER 0.1


WEATHER CONDITIONS
 THE FOLLOWING WEATHER WAS RECORDED YESTERDAY.
  NO SIGNIFICANT WEATHER WAS OBSERVED.


RELATIVE HUMIDITY (PERCENT)
 HIGHEST    84          1100 PM
 LOWEST     34           200 PM
 AVERAGE    59

..........................................................


THE MOLINE IL CLIMATE NORMALS FOR TODAY
                         NORMAL    RECORD    YEAR
 MAXIMUM TEMPERATURE (F)   85       100      1947
 MINIMUM TEMPERATURE (F)   65        46      1978


SUNRISE AND SUNSET
AUGUST  4 2015........SUNRISE   600 AM CDT   SUNSET   816 PM CDT
AUGUST  5 2015........SUNRISE   601 AM CDT   SUNSET   815 PM CDT


-  INDICATES NEGATIVE NUMBERS.
R  INDICATES RECORD WAS SET OR TIED.
MM INDICATES DATA IS MISSING.
T  INDICATES TRACE AMOUNT.




$$
