000
CDUS43 KDVN 241002
CLIMLI


CLIMATE REPORT
NATIONAL WEATHER SERVICE QUAD CITIES IA IL
401 AM CST WED JAN 24 2018


...................................

...THE MOLINE IL CLIMATE SUMMARY FOR JANUARY 23 2018...

CLIMATE NORMAL PERIOD 1981 TO 2010
CLIMATE RECORD PERIOD 1872 TO 2018


WEATHER ITEM   OBSERVED TIME   RECORD YEAR NORMAL DEPARTURE LAST
                VALUE   (LST)  VALUE       VALUE  FROM      YEAR
                                                  NORMAL
..................................................................
TEMPERATURE (F)
 YESTERDAY
  MAXIMUM         36    347 AM  66    1909  31      5       41
  MINIMUM         26   1159 PM -21    1936  14     12       35
  AVERAGE         31                        22      9       38

PRECIPITATION (IN)
  YESTERDAY        0.01          1.01 1938   0.04  -0.03     0.00
  MONTH TO DATE    0.41                      1.12  -0.71     1.40
  SINCE DEC 1      0.93                      3.30  -2.37     3.02
  SINCE JAN 1      0.41                      1.12  -0.71     1.40

SNOWFALL (IN)
  YESTERDAY        0.0          MM      MM   0.3   -0.3      0.0
  MONTH TO DATE    2.2                       7.0   -4.8       T
  SINCE DEC 1     11.8                      16.3   -4.5     13.8
  SINCE JUL 1     11.8                      17.5   -5.7     13.8
  SNOW DEPTH       0

DEGREE DAYS
 HEATING
  YESTERDAY       34                        43     -9       27
  MONTH TO DATE 1052                       978     74      853
  SINCE DEC 1   2218                      2168     50     2029
  SINCE JUL 1   3291                      3399   -108     2810

 COOLING
  YESTERDAY        0                         0      0        0
  MONTH TO DATE    0                         0      0        0
  SINCE DEC 1      0                         0      0        0
  SINCE JAN 1      0                         0      0        0
..................................................................


WIND (MPH)
  HIGHEST WIND SPEED    26   HIGHEST WIND DIRECTION    NW (320)
  HIGHEST GUST SPEED    33   HIGHEST GUST DIRECTION    NW (310)
  AVERAGE WIND SPEED    13.7


SKY COVER
  POSSIBLE SUNSHINE  MM
  AVERAGE SKY COVER 1.0


WEATHER CONDITIONS
 THE FOLLOWING WEATHER WAS RECORDED YESTERDAY.
  FOG


RELATIVE HUMIDITY (PERCENT)
 HIGHEST    92           200 AM
 LOWEST     66          1000 AM
 AVERAGE    79

..........................................................


THE MOLINE IL CLIMATE NORMALS FOR TODAY
                         NORMAL    RECORD    YEAR
 MAXIMUM TEMPERATURE (F)   31        65      1950
 MINIMUM TEMPERATURE (F)   14       -16      1884


SUNRISE AND SUNSET
JANUARY 24 2018.......SUNRISE   721 AM CST   SUNSET   508 PM CST
JANUARY 25 2018.......SUNRISE   720 AM CST   SUNSET   509 PM CST


-  INDICATES NEGATIVE NUMBERS.
R  INDICATES RECORD WAS SET OR TIED.
MM INDICATES DATA IS MISSING.
T  INDICATES TRACE AMOUNT.




$$
