000
CDUS43 KDVN 260915
CLIMLI


CLIMATE REPORT
NATIONAL WEATHER SERVICE QUAD CITIES IA IL
414 AM CDT FRI AUG 26 2016


...................................

...THE MOLINE IL CLIMATE SUMMARY FOR AUGUST 25 2016...

CLIMATE NORMAL PERIOD 1981 TO 2010
CLIMATE RECORD PERIOD 1872 TO 2016


WEATHER ITEM   OBSERVED TIME   RECORD YEAR NORMAL DEPARTURE LAST
                VALUE   (LST)  VALUE       VALUE  FROM      YEAR
                                                  NORMAL
..................................................................
TEMPERATURE (F)
 YESTERDAY
  MAXIMUM         81    249 PM  97    2003  83     -2       75
                                      1936
  MINIMUM         64   1159 PM  43    1958  62      2       54
  AVERAGE         73                        73      0       65

PRECIPITATION (IN)
  YESTERDAY        0.04          3.38 1987   0.14  -0.10     0.00
  MONTH TO DATE    6.59                      3.68   2.91     3.76
  SINCE JUN 1     17.94                     12.46   5.48    19.45
  SINCE JAN 1     27.94                     26.32   1.62    28.39

SNOWFALL (IN)
  YESTERDAY        0.0          MM      MM   0.0    0.0      0.0
  MONTH TO DATE    0.0                       0.0    0.0       T
  SINCE JUN 1      0.0                       0.0    0.0       T
  SINCE JUL 1      0.0                       0.0    0.0       T
  SNOW DEPTH       0

DEGREE DAYS
 HEATING
  YESTERDAY        0                         0      0        0
  MONTH TO DATE    0                         0      0        2
  SINCE JUN 1      2                        21    -19       13
  SINCE JUL 1      1                         2     -1        6

 COOLING
  YESTERDAY        8                         8      0        0
  MONTH TO DATE  260                       227     33      194
  SINCE JUN 1    906                       765    141      687
  SINCE JAN 1   1008                       841    167      768
..................................................................


WIND (MPH)
  HIGHEST WIND SPEED    13   HIGHEST WIND DIRECTION    NW (310)
  HIGHEST GUST SPEED    15   HIGHEST GUST DIRECTION    NW (300)
  AVERAGE WIND SPEED     4.3


SKY COVER
  POSSIBLE SUNSHINE  MM
  AVERAGE SKY COVER 0.5


WEATHER CONDITIONS
 THE FOLLOWING WEATHER WAS RECORDED YESTERDAY.
  LIGHT RAIN
  FOG


RELATIVE HUMIDITY (PERCENT)
 HIGHEST    93          1200 AM
 LOWEST     56           600 PM
 AVERAGE    75

..........................................................


THE MOLINE IL CLIMATE NORMALS FOR TODAY
                         NORMAL    RECORD    YEAR
 MAXIMUM TEMPERATURE (F)   83        97      2003
 MINIMUM TEMPERATURE (F)   62        45      1934


SUNRISE AND SUNSET
AUGUST 26 2016........SUNRISE   623 AM CDT   SUNSET   744 PM CDT
AUGUST 27 2016........SUNRISE   624 AM CDT   SUNSET   742 PM CDT


-  INDICATES NEGATIVE NUMBERS.
R  INDICATES RECORD WAS SET OR TIED.
MM INDICATES DATA IS MISSING.
T  INDICATES TRACE AMOUNT.




$$
