000
CDUS43 KDVN 242124
CLIMLI


CLIMATE REPORT
NATIONAL WEATHER SERVICE QUAD CITIES IA IL
422 PM CDT SUN SEP 24 2017


...................................

...THE MOLINE IL CLIMATE SUMMARY FOR SEPTEMBER 24 2017...
VALID TODAY AS OF 0400 PM LOCAL TIME.

CLIMATE NORMAL PERIOD 1981 TO 2010
CLIMATE RECORD PERIOD 1872 TO 2017


WEATHER ITEM   OBSERVED TIME   RECORD YEAR NORMAL DEPARTURE LAST
                VALUE   (LST)  VALUE       VALUE  FROM      YEAR
                                                  NORMAL
..................................................................
TEMPERATURE (F)
 TODAY
  MAXIMUM         91R   247 PM  91    2007  74     17       82
  MINIMUM         66    605 AM  30    2012  50     16       67
                                      1989
                                      1942
  AVERAGE         79                        62     17       75

PRECIPITATION (IN)
  TODAY            0.00          1.41 1986   0.09  -0.09     0.00
  MONTH TO DATE    2.28                      2.53  -0.25     1.21
  SINCE SEP 1      2.28                      2.53  -0.25     1.21
  SINCE JAN 1     28.40                     29.69  -1.29    30.63

SNOWFALL (IN)
  TODAY            0.0          MM      MM   0.0    0.0      0.0
  MONTH TO DATE    0.0                       0.0    0.0      0.0
  SINCE SEP 1      0.0                       0.0    0.0      0.0
  SINCE JUL 1      0.0                       0.0    0.0      0.0
  SNOW DEPTH       0

DEGREE DAYS
 HEATING
  TODAY            0                         5     -5        0
  MONTH TO DATE   27                        58    -31        1
  SINCE SEP 1     27                        58    -31        1
  SINCE JUL 1     28                        66    -38        2

 COOLING
  TODAY           14                         2     12       10
  MONTH TO DATE  128                        97     31      180
  SINCE SEP 1    128                        97     31      180
  SINCE JAN 1    939                       980    -41     1253
..................................................................


WIND (MPH)
  HIGHEST WIND SPEED    13   HIGHEST WIND DIRECTION    SW (210)
  HIGHEST GUST SPEED    17   HIGHEST GUST DIRECTION     S (190)
  AVERAGE WIND SPEED     5.5


SKY COVER
  POSSIBLE SUNSHINE  MM
  AVERAGE SKY COVER 0.1


WEATHER CONDITIONS
 THE FOLLOWING WEATHER WAS RECORDED TODAY.
  NO SIGNIFICANT WEATHER WAS OBSERVED.


RELATIVE HUMIDITY (PERCENT)
 HIGHEST    81           500 AM
 LOWEST     38           200 PM
 AVERAGE    60

..........................................................


THE MOLINE IL CLIMATE NORMALS FOR TOMORROW
                         NORMAL    RECORD    YEAR
 MAXIMUM TEMPERATURE (F)   73        91      1920
 MINIMUM TEMPERATURE (F)   50        30      1942


SUNRISE AND SUNSET
SEPTEMBER 24 2017.....SUNRISE   652 AM CDT   SUNSET   655 PM CDT
SEPTEMBER 25 2017.....SUNRISE   653 AM CDT   SUNSET   654 PM CDT


-  INDICATES NEGATIVE NUMBERS.
R  INDICATES RECORD WAS SET OR TIED.
MM INDICATES DATA IS MISSING.
T  INDICATES TRACE AMOUNT.




$$
