000
CDUS43 KDVN 290919
CLIMLI


CLIMATE REPORT
NATIONAL WEATHER SERVICE QUAD CITIES IA IL
418 AM CDT SAT APR 29 2017


...................................

...THE MOLINE IL CLIMATE SUMMARY FOR APRIL 28 2017...

CLIMATE NORMAL PERIOD 1981 TO 2010
CLIMATE RECORD PERIOD 1872 TO 2017


WEATHER ITEM   OBSERVED TIME   RECORD YEAR NORMAL DEPARTURE LAST
                VALUE   (LST)  VALUE       VALUE  FROM      YEAR
                                                  NORMAL
..................................................................
TEMPERATURE (F)
 YESTERDAY
  MAXIMUM         50    832 PM  89    1970  67    -17       57
  MINIMUM         37    537 AM  29    1992  45     -8       46
  AVERAGE         44                        56    -12       52

PRECIPITATION (IN)
  YESTERDAY        0.13          0.75 2014   0.13   0.00     0.01
  MONTH TO DATE    4.21                      3.32   0.89     1.78
  SINCE MAR 1      7.70                      6.18   1.52     4.69
  SINCE JAN 1     10.11                      9.27   0.84     6.02

SNOWFALL (IN)
  YESTERDAY        0.0          MM      MM   0.0    0.0      0.0
  MONTH TO DATE    0.0                       0.9   -0.9       T
  SINCE MAR 1      5.9                       4.9    1.0      2.9
  SINCE JUL 1     22.4                      31.6   -9.2     24.1
  SNOW DEPTH       0

DEGREE DAYS
 HEATING
  YESTERDAY       21                        10     11       13
  MONTH TO DATE  280                       403   -123      385
  SINCE MAR 1   1026                      1207   -181      984
  SINCE JUL 1   4829                      6005  -1176     4973

 COOLING
  YESTERDAY        0                         1     -1        0
  MONTH TO DATE   14                        12      2        8
  SINCE MAR 1     14                        13      1       11
  SINCE JAN 1     14                        13      1       11
..................................................................


WIND (MPH)
  HIGHEST WIND SPEED    16   HIGHEST WIND DIRECTION    NE (30)
  HIGHEST GUST SPEED    22   HIGHEST GUST DIRECTION    NE (50)
  AVERAGE WIND SPEED     6.8


SKY COVER
  POSSIBLE SUNSHINE  MM
  AVERAGE SKY COVER 0.7


WEATHER CONDITIONS
 THE FOLLOWING WEATHER WAS RECORDED YESTERDAY.
  LIGHT RAIN
  FOG


RELATIVE HUMIDITY (PERCENT)
 HIGHEST    93           800 PM
 LOWEST     65           700 AM
 AVERAGE    79

..........................................................


THE MOLINE IL CLIMATE NORMALS FOR TODAY
                         NORMAL    RECORD    YEAR
 MAXIMUM TEMPERATURE (F)   67        91      1970
                                             1952
 MINIMUM TEMPERATURE (F)   45        27      1977


SUNRISE AND SUNSET
APRIL 29 2017.........SUNRISE   601 AM CDT   SUNSET   758 PM CDT
APRIL 30 2017.........SUNRISE   600 AM CDT   SUNSET   759 PM CDT


-  INDICATES NEGATIVE NUMBERS.
R  INDICATES RECORD WAS SET OR TIED.
MM INDICATES DATA IS MISSING.
T  INDICATES TRACE AMOUNT.




$$
