000
CDUS43 KDVN 242121
CLIMLI


CLIMATE REPORT
NATIONAL WEATHER SERVICE QUAD CITIES IA IL
421 PM CDT TUE MAY 24 2016


...................................

...THE MOLINE IL CLIMATE SUMMARY FOR MAY 24 2016...
VALID TODAY AS OF 0400 PM LOCAL TIME.

CLIMATE NORMAL PERIOD 1981 TO 2010
CLIMATE RECORD PERIOD 1872 TO 2016


WEATHER ITEM   OBSERVED TIME   RECORD YEAR NORMAL DEPARTURE LAST
                VALUE   (LST)  VALUE       VALUE  FROM      YEAR
                                                  NORMAL
..................................................................
TEMPERATURE (F)
 TODAY
  MAXIMUM         88    239 PM  95    2010  76     12       77
  MINIMUM         59    210 AM  36    1925  53      6       59
  AVERAGE         74                        64     10       68

PRECIPITATION (IN)
  TODAY            0.00          2.11 1874   0.15  -0.15     0.56
  MONTH TO DATE    2.49                      3.31  -0.82     2.77
  SINCE MAR 1      7.84                      9.76  -1.92     5.14
  SINCE JAN 1      9.17                     12.85  -3.68     8.07

SNOWFALL (IN)
  TODAY            0.0          MM      MM   0.0    0.0      0.0
  MONTH TO DATE    0.0                       0.0    0.0      0.0
  SINCE MAR 1      2.9                       4.9   -2.0      0.1
  SINCE JUL 1     24.1                      31.6   -7.5     39.1
  SNOW DEPTH       0

DEGREE DAYS
 HEATING
  TODAY            0                         3     -3        0
  MONTH TO DATE  158                       142     16      108
  SINCE MAR 1   1174                      1367   -193     1321
  SINCE JUL 1   5163                      6165  -1002     6579

 COOLING
  TODAY            9                         3      6        3
  MONTH TO DATE   21                        40    -19       49
  SINCE MAR 1     32                        54    -22       49
  SINCE JAN 1     32                        54    -22       49
..................................................................


WIND (MPH)
  HIGHEST WIND SPEED    17   HIGHEST WIND DIRECTION     S (190)
  HIGHEST GUST SPEED    26   HIGHEST GUST DIRECTION    SW (210)
  AVERAGE WIND SPEED     5.8


SKY COVER
  POSSIBLE SUNSHINE  MM
  AVERAGE SKY COVER 0.0


WEATHER CONDITIONS
 THE FOLLOWING WEATHER WAS RECORDED TODAY.
  NO SIGNIFICANT WEATHER WAS OBSERVED.


RELATIVE HUMIDITY (PERCENT)
 HIGHEST    67           400 AM
 LOWEST     36           200 PM
 AVERAGE    52

..........................................................


THE MOLINE IL CLIMATE NORMALS FOR TOMORROW
                         NORMAL    RECORD    YEAR
 MAXIMUM TEMPERATURE (F)   76        94      1967
 MINIMUM TEMPERATURE (F)   54        35      1979


SUNRISE AND SUNSET
MAY 24 2016...........SUNRISE   535 AM CDT   SUNSET   823 PM CDT
MAY 25 2016...........SUNRISE   534 AM CDT   SUNSET   824 PM CDT


-  INDICATES NEGATIVE NUMBERS.
R  INDICATES RECORD WAS SET OR TIED.
MM INDICATES DATA IS MISSING.
T  INDICATES TRACE AMOUNT.




$$
