000
CDUS43 KDVN 270909
CLIMLI


CLIMATE REPORT
NATIONAL WEATHER SERVICE QUAD CITIES IA IL
409 AM CDT WED AUG 27 2014


...................................

...THE MOLINE IL CLIMATE SUMMARY FOR AUGUST 26 2014...

CLIMATE NORMAL PERIOD 1981 TO 2010
CLIMATE RECORD PERIOD 1872 TO 2014


WEATHER ITEM   OBSERVED TIME   RECORD YEAR NORMAL DEPARTURE LAST
                VALUE   (LST)  VALUE       VALUE  FROM      YEAR
                                                  NORMAL
..................................................................
TEMPERATURE (F)
 YESTERDAY
  MAXIMUM         85    432 PM  97    2003  83      2       92
  MINIMUM         68   1134 PM  45    1934  62      6       66
  AVERAGE         77                        72      5       79

PRECIPITATION (IN)
  YESTERDAY        0.06          3.05 1987   0.14  -0.08     0.00
  MONTH TO DATE    2.00                      3.82  -1.82     0.76
  SINCE JUN 1     14.69                     12.60   2.09     9.46
  SINCE JAN 1     26.25                     26.46  -0.21    32.61

SNOWFALL (IN)
  YESTERDAY        0.0          MM      MM   0.0    0.0      0.0
  MONTH TO DATE    0.0                       0.0    0.0      0.0
  SINCE JUN 1      0.0                       0.0    0.0      0.0
  SINCE JUL 1      0.0                       0.0    0.0      0.0
  SNOW DEPTH       0

DEGREE DAYS
 HEATING
  YESTERDAY        0                         0      0        0
  MONTH TO DATE    1                         0      1        4
  SINCE JUN 1      9                        21    -12       38
  SINCE JUL 1      5                         2      3       11

 COOLING
  YESTERDAY       12                         8      4       14
  MONTH TO DATE  219                       235    -16      174
  SINCE JUN 1    618                       773   -155      635
  SINCE JAN 1    723                       849   -126      725
..................................................................


WIND (MPH)
  HIGHEST WIND SPEED    25   HIGHEST WIND DIRECTION    NW (320)
  HIGHEST GUST SPEED    36   HIGHEST GUST DIRECTION    NW (310)
  AVERAGE WIND SPEED     4.6


SKY COVER
  POSSIBLE SUNSHINE  MM
  AVERAGE SKY COVER 0.1


WEATHER CONDITIONS
 THE FOLLOWING WEATHER WAS RECORDED YESTERDAY.
  THUNDERSTORM
  LIGHT RAIN
  FOG
  HAZE


RELATIVE HUMIDITY (PERCENT)
 HIGHEST    93           600 AM
 LOWEST     48           300 PM
 AVERAGE    71

..........................................................


THE MOLINE IL CLIMATE NORMALS FOR TODAY
                         NORMAL    RECORD    YEAR
 MAXIMUM TEMPERATURE (F)   83        97      1976
 MINIMUM TEMPERATURE (F)   62        46      1915


SUNRISE AND SUNSET
AUGUST 27 2014........SUNRISE   623 AM CDT   SUNSET   743 PM CDT
AUGUST 28 2014........SUNRISE   624 AM CDT   SUNSET   741 PM CDT


-  INDICATES NEGATIVE NUMBERS.
R  INDICATES RECORD WAS SET OR TIED.
MM INDICATES DATA IS MISSING.
T  INDICATES TRACE AMOUNT.




$$
