000
CDUS43 KDVN 181015
CLIMLI


CLIMATE REPORT
NATIONAL WEATHER SERVICE QUAD CITIES IA IL
415 AM CST SAT NOV 18 2017


...................................

...THE MOLINE IL CLIMATE SUMMARY FOR NOVEMBER 17 2017...

CLIMATE NORMAL PERIOD 1981 TO 2010
CLIMATE RECORD PERIOD 1872 TO 2017


WEATHER ITEM   OBSERVED TIME   RECORD YEAR NORMAL DEPARTURE LAST
                VALUE   (LST)  VALUE       VALUE  FROM      YEAR
                                                  NORMAL
..................................................................
TEMPERATURE (F)
 YESTERDAY
  MAXIMUM         52   1115 PM  76    2016  48      4       76
  MINIMUM         32   1230 AM  -1    1959  30      2       52
  AVERAGE         42                        39      3       64

PRECIPITATION (IN)
  YESTERDAY        0.02          2.13 2015   0.09  -0.07     0.00
  MONTH TO DATE    0.68                      1.48  -0.80     0.79
  SINCE SEP 1      9.18                      7.54   1.64     4.68
  SINCE JAN 1     35.30                     34.70   0.60    34.10

SNOWFALL (IN)
  YESTERDAY        0.0          MM      MM   0.0    0.0      0.0
  MONTH TO DATE    T                         0.2   -0.2      0.0
  SINCE SEP 1      T                         0.2   -0.2      0.0
  SINCE JUL 1      T                         0.2   -0.2      0.0
  SNOW DEPTH       0

DEGREE DAYS
 HEATING
  YESTERDAY       23                        26     -3        1
  MONTH TO DATE  444                       365     79      204
  SINCE SEP 1    756                       839    -83      453
  SINCE JUL 1    757                       847    -90      454

 COOLING
  YESTERDAY        0                         0      0        0
  MONTH TO DATE    0                         0      0        3
  SINCE SEP 1    182                       120     62      241
  SINCE JAN 1    993                      1003    -10     1314
..................................................................


WIND (MPH)
  HIGHEST WIND SPEED    20   HIGHEST WIND DIRECTION    SE (150)
  HIGHEST GUST SPEED    28   HIGHEST GUST DIRECTION    SE (140)
  AVERAGE WIND SPEED     9.0


SKY COVER
  POSSIBLE SUNSHINE  MM
  AVERAGE SKY COVER 1.0


WEATHER CONDITIONS
 THE FOLLOWING WEATHER WAS RECORDED YESTERDAY.
  LIGHT RAIN
  FOG
  HAZE


RELATIVE HUMIDITY (PERCENT)
 HIGHEST    86           800 PM
 LOWEST     75           600 AM
 AVERAGE    81

..........................................................


THE MOLINE IL CLIMATE NORMALS FOR TODAY
                         NORMAL    RECORD    YEAR
 MAXIMUM TEMPERATURE (F)   48        74      1999
 MINIMUM TEMPERATURE (F)   30         7      1891


SUNRISE AND SUNSET
NOVEMBER 18 2017......SUNRISE   655 AM CST   SUNSET   440 PM CST
NOVEMBER 19 2017......SUNRISE   656 AM CST   SUNSET   439 PM CST


-  INDICATES NEGATIVE NUMBERS.
R  INDICATES RECORD WAS SET OR TIED.
MM INDICATES DATA IS MISSING.
T  INDICATES TRACE AMOUNT.




$$
