000
CDUS43 KDVN 262136
CLIMLI


CLIMATE REPORT
NATIONAL WEATHER SERVICE QUAD CITIES IA IL
435 PM CDT THU MAR 26 2015


...................................

...THE MOLINE IL CLIMATE SUMMARY FOR MARCH 26 2015...
VALID TODAY AS OF 0400 PM LOCAL TIME.

CLIMATE NORMAL PERIOD 1981 TO 2010
CLIMATE RECORD PERIOD 1872 TO 2015


WEATHER ITEM   OBSERVED TIME   RECORD YEAR NORMAL DEPARTURE LAST
                VALUE   (LST)  VALUE       VALUE  FROM      YEAR
                                                  NORMAL
..................................................................
TEMPERATURE (F)
 TODAY
  MAXIMUM         47    259 PM  84    1991  54     -7       45
  MINIMUM         30    631 AM   9    1955  33     -3       10
  AVERAGE         39                        43     -4       28

PRECIPITATION (IN)
  TODAY            0.00          1.35 1916   0.10  -0.10     0.00
  MONTH TO DATE    0.83                      2.37  -1.54     0.71
  SINCE MAR 1      0.83                      2.37  -1.54     0.71
  SINCE JAN 1      3.76                      5.46  -1.70     4.73

SNOWFALL (IN)
  TODAY            0.0          MM      MM   0.1   -0.1      0.0
  MONTH TO DATE    0.1                       3.6   -3.5     10.3
  SINCE MAR 1      0.1                       3.6   -3.5     10.3
  SINCE JUL 1     39.1                      30.3    8.8     65.1
  SNOW DEPTH       0

DEGREE DAYS
 HEATING
  TODAY           26                        22      4       37
  MONTH TO DATE  726                       703     23      929
  SINCE MAR 1    726                       703     23      929
  SINCE JUL 1   5984                      5501    483     6599

 COOLING
  TODAY            0                         0      0        0
  MONTH TO DATE    0                         0      0        0
  SINCE MAR 1      0                         0      0        0
  SINCE JAN 1      0                         0      0        0
..................................................................


WIND (MPH)
  HIGHEST WIND SPEED    25   HIGHEST WIND DIRECTION    NW (310)
  HIGHEST GUST SPEED    34   HIGHEST GUST DIRECTION    NW (330)
  AVERAGE WIND SPEED    11.8


SKY COVER
  POSSIBLE SUNSHINE  MM
  AVERAGE SKY COVER 0.2


WEATHER CONDITIONS
 THE FOLLOWING WEATHER WAS RECORDED TODAY.
  NO SIGNIFICANT WEATHER WAS OBSERVED.


RELATIVE HUMIDITY (PERCENT)
 HIGHEST    78           400 AM
 LOWEST     37           300 PM
 AVERAGE    58

..........................................................


THE MOLINE IL CLIMATE NORMALS FOR TOMORROW
                         NORMAL    RECORD    YEAR
 MAXIMUM TEMPERATURE (F)   54        83      1945
 MINIMUM TEMPERATURE (F)   34        13      1964


SUNRISE AND SUNSET
MARCH 26 2015.........SUNRISE   656 AM CDT   SUNSET   721 PM CDT
MARCH 27 2015.........SUNRISE   654 AM CDT   SUNSET   722 PM CDT


-  INDICATES NEGATIVE NUMBERS.
R  INDICATES RECORD WAS SET OR TIED.
MM INDICATES DATA IS MISSING.
T  INDICATES TRACE AMOUNT.




$$
