000
CDUS45 KBYZ 030948
CLIMLS


CLIMATE REPORT
NATIONAL WEATHER SERVICE BILLINGS MT
347 AM MDT WED JUN 3 2015


...................................

...THE MILES CITY MT CLIMATE SUMMARY FOR JUNE 2 2015...

CLIMATE NORMAL PERIOD 1981 TO 2010
CLIMATE RECORD PERIOD 1937 TO 2015


WEATHER ITEM   OBSERVED TIME   RECORD YEAR NORMAL DEPARTURE LAST
                VALUE   (LST)  VALUE       VALUE  FROM      YEAR
                                                  NORMAL
..................................................................
TEMPERATURE (F)
 YESTERDAY
  MAXIMUM         68    139 PM  96    1986  74     -6       73
  MINIMUM         54   1159 PM  32    1951  49      5       47
  AVERAGE         61                        61      0       60

PRECIPITATION (IN)
  YESTERDAY        0.11          1.77 1943   0.10   0.01     0.00
  MONTH TO DATE    0.55                      0.19   0.36     0.04
  SINCE OCT 1      4.28                      6.49  -2.21     7.11
  SINCE JAN 1      3.27                      4.89  -1.62     5.43

DEGREE DAYS
 HEATING
  YESTERDAY        4                         5     -1        5
  MONTH TO DATE    4                        11     -7       11
  SINCE JUN 1      4                        11     -7       11
  SINCE JUL 1   6989                      7560   -571     8018

 COOLING
  YESTERDAY        0                         2     -2        0
  MONTH TO DATE    9                         3      6        0
  SINCE JUN 1      9                         3      6        0
  SINCE JAN 1     10                        23    -13       34
..................................................................


WIND (MPH)
  HIGHEST WIND SPEED    22   HIGHEST WIND DIRECTION    NW (330)
  HIGHEST GUST SPEED    26   HIGHEST GUST DIRECTION    NW (330)
  AVERAGE WIND SPEED    11.6


SKY COVER
  POSSIBLE SUNSHINE  MM
  AVERAGE SKY COVER 0.8


WEATHER CONDITIONS
 THE FOLLOWING WEATHER WAS RECORDED YESTERDAY.
  THUNDERSTORM
  HEAVY RAIN
  RAIN
  LIGHT RAIN
  FOG


RELATIVE HUMIDITY (PERCENT)
 HIGHEST   100           400 AM
 LOWEST     67           300 PM
 AVERAGE    84

..........................................................


THE MILES CITY MT CLIMATE NORMALS FOR TODAY
                         NORMAL    RECORD    YEAR
 MAXIMUM TEMPERATURE (F)   74        95      1988
 MINIMUM TEMPERATURE (F)   49        32      1943


SUNRISE AND SUNSET
JUNE  3 2015..........SUNRISE   514 AM MDT   SUNSET   850 PM MDT
JUNE  4 2015..........SUNRISE   513 AM MDT   SUNSET   851 PM MDT


-  INDICATES NEGATIVE NUMBERS.
R  INDICATES RECORD WAS SET OR TIED.
MM INDICATES DATA IS MISSING.
T  INDICATES TRACE AMOUNT.





&&

THIS IS AN AUTOMATED...UNATTENDED WEATHER STATION AND MAY
UNDERESTIMATE WINTER PRECIPITATION.

$$
