000
CDUS45 KBYZ 300934
CLIMLS


CLIMATE REPORT
NATIONAL WEATHER SERVICE BILLINGS MT
331 AM MDT THU JUL 30 2015


...................................

...THE MILES CITY MT CLIMATE SUMMARY FOR JULY 29 2015...

CLIMATE NORMAL PERIOD 1981 TO 2010
CLIMATE RECORD PERIOD 1937 TO 2015


WEATHER ITEM   OBSERVED TIME   RECORD YEAR NORMAL DEPARTURE LAST
                VALUE   (LST)  VALUE       VALUE  FROM      YEAR
                                                  NORMAL
..................................................................
TEMPERATURE (F)
 YESTERDAY
  MAXIMUM         85    351 PM 106    1995  90     -5       90
  MINIMUM         51    521 AM  48    1971  61    -10       64
  AVERAGE         68                        76     -8       77

PRECIPITATION (IN)
  YESTERDAY        0.00          2.22 1985   0.05  -0.05      T
  MONTH TO DATE    0.90                      1.55  -0.65     0.09
  SINCE OCT 1      7.31                     10.36  -3.05    11.45
  SINCE JAN 1      6.30                      8.76  -2.46     9.77

DEGREE DAYS
 HEATING
  YESTERDAY        0                         0      0        0
  MONTH TO DATE    0                        10    -10        1
  SINCE JUN 1     25                        99    -74       95
  SINCE JUL 1      0                        10    -10        1

 COOLING
  YESTERDAY        3                        11     -8       12
  MONTH TO DATE  275                       269      6      263
  SINCE JUN 1    437                       376     61      300
  SINCE JAN 1    438                       396     42      334
..................................................................


WIND (MPH)
  HIGHEST WIND SPEED    23   HIGHEST WIND DIRECTION     W (270)
  HIGHEST GUST SPEED    29   HIGHEST GUST DIRECTION     W (280)
  AVERAGE WIND SPEED     9.6


SKY COVER
  POSSIBLE SUNSHINE  MM
  AVERAGE SKY COVER 0.1


WEATHER CONDITIONS
 THE FOLLOWING WEATHER WAS RECORDED YESTERDAY.
  NO SIGNIFICANT WEATHER WAS OBSERVED.


RELATIVE HUMIDITY (PERCENT)
 HIGHEST    71           400 AM
 LOWEST     20           500 PM
 AVERAGE    46

..........................................................


THE MILES CITY MT CLIMATE NORMALS FOR TODAY
                         NORMAL    RECORD    YEAR
 MAXIMUM TEMPERATURE (F)   90       106      2000
 MINIMUM TEMPERATURE (F)   61        46      2009


SUNRISE AND SUNSET
JULY 30 2015..........SUNRISE   542 AM MDT   SUNSET   837 PM MDT
JULY 31 2015..........SUNRISE   543 AM MDT   SUNSET   836 PM MDT


-  INDICATES NEGATIVE NUMBERS.
R  INDICATES RECORD WAS SET OR TIED.
MM INDICATES DATA IS MISSING.
T  INDICATES TRACE AMOUNT.





&&

THIS IS AN AUTOMATED...UNATTENDED WEATHER STATION AND MAY
UNDERESTIMATE WINTER PRECIPITATION.

$$
