000
CDUS45 KBYZ 262326
CLIMLS


CLIMATE REPORT
NATIONAL WEATHER SERVICE BILLINGS MT
423 PM MST MON JAN 26 2015


...................................

...THE MILES CITY MT CLIMATE SUMMARY FOR JANUARY 26 2015...
VALID TODAY AS OF 0400 PM LOCAL TIME.

CLIMATE NORMAL PERIOD 1981 TO 2010
CLIMATE RECORD PERIOD 1937 TO 2015


WEATHER ITEM   OBSERVED TIME   RECORD YEAR NORMAL DEPARTURE LAST
                VALUE   (LST)  VALUE       VALUE  FROM      YEAR
                                                  NORMAL
..................................................................
TEMPERATURE (F)
 TODAY
  MAXIMUM         58R   233 PM  54    2006  31     27       41
  MINIMUM         32    630 AM -33    1957  10     22        3
  AVERAGE         45                        20     25       22

PRECIPITATION (IN)
  TODAY            0.00          0.29        0.01  -0.01     0.01
  MONTH TO DATE    0.21                      0.28  -0.07     0.03
  SINCE OCT 1      1.22                      1.88  -0.66     1.71
  SINCE JAN 1      0.21                      0.28  -0.07     0.03

DEGREE DAYS
 HEATING
  TODAY           20                        45    -25       43
  MONTH TO DATE 1178                      1189    -11     1045
  SINCE DEC 1   2379                      2574   -195     2656
  SINCE JUL 1   4209                      4373   -164     4363

 COOLING
  TODAY            0                         0      0        0
  MONTH TO DATE    0                         0      0        0
  SINCE DEC 1      0                         0      0        0
  SINCE JAN 1      0                         0      0        0
..................................................................


WIND (MPH)
  HIGHEST WIND SPEED    12   HIGHEST WIND DIRECTION     W (270)
  HIGHEST GUST SPEED    14   HIGHEST GUST DIRECTION     W (270)
  AVERAGE WIND SPEED     5.9


SKY COVER
  POSSIBLE SUNSHINE  MM
  AVERAGE SKY COVER 0.0


WEATHER CONDITIONS
 THE FOLLOWING WEATHER WAS RECORDED TODAY.
  NO SIGNIFICANT WEATHER WAS OBSERVED.


RELATIVE HUMIDITY (PERCENT)
 HIGHEST    82           800 AM
 LOWEST     43           200 PM
 AVERAGE    63

..........................................................


THE MILES CITY MT CLIMATE NORMALS FOR TOMORROW
                         NORMAL    RECORD    YEAR
 MAXIMUM TEMPERATURE (F)   31        55      1992
 MINIMUM TEMPERATURE (F)   10       -27      1972


SUNRISE AND SUNSET
JANUARY 26 2015.......SUNRISE   734 AM MST   SUNSET   459 PM MST
JANUARY 27 2015.......SUNRISE   733 AM MST   SUNSET   500 PM MST


-  INDICATES NEGATIVE NUMBERS.
R  INDICATES RECORD WAS SET OR TIED.
MM INDICATES DATA IS MISSING.
T  INDICATES TRACE AMOUNT.





&&

THIS IS AN AUTOMATED...UNATTENDED WEATHER STATION AND MAY
UNDERESTIMATE WINTER PRECIPITATION.

$$
