000
CDUS45 KBYZ 310931
CLIMLS


CLIMATE REPORT
NATIONAL WEATHER SERVICE BILLINGS MT
331 AM MDT SUN AUG 31 2014


...................................

...THE MILES CITY MT CLIMATE SUMMARY FOR AUGUST 30 2014...

CLIMATE NORMAL PERIOD 1981 TO 2010
CLIMATE RECORD PERIOD 1937 TO 2014


WEATHER ITEM   OBSERVED TIME   RECORD YEAR NORMAL DEPARTURE LAST
                VALUE   (LST)  VALUE       VALUE  FROM      YEAR
                                                  NORMAL
..................................................................
TEMPERATURE (F)
 YESTERDAY
  MAXIMUM         73   1152 AM 105    1948  83    -10       96
  MINIMUM         59    103 AM  40    1992  54      5       60
  AVERAGE         66                        68     -2       78

PRECIPITATION (IN)
  YESTERDAY        0.04          1.40 1971   0.02   0.02      T
  MONTH TO DATE    2.21                      0.88   1.33     1.72
  SINCE OCT 1     13.66                     11.33   2.33    15.37
  SINCE JAN 1     11.98                      9.73   2.25    13.84

SNOWFALL (IN)
  YESTERDAY       MM
  MONTH TO DATE   MM
  SINCE JUN 1     MM
  SINCE JUL 1     MM
  SNOW DEPTH      MM

DEGREE DAYS
 HEATING
  YESTERDAY        0                         2     -2        0
  MONTH TO DATE   33                        17     16        0
  SINCE JUN 1    128                       118     10       59
  SINCE JUL 1     34                        29      5        0

 COOLING
  YESTERDAY        1                         5     -4       13
  MONTH TO DATE  238                       253    -15      305
  SINCE JUN 1    559                       648    -89      717
  SINCE JAN 1    593                       668    -75      730
..................................................................


WIND (MPH)
  HIGHEST WIND SPEED    20   HIGHEST WIND DIRECTION    SE (140)
  HIGHEST GUST SPEED    28   HIGHEST GUST DIRECTION    SE (150)
  AVERAGE WIND SPEED     9.0


SKY COVER
  POSSIBLE SUNSHINE  MM
  AVERAGE SKY COVER 0.3


WEATHER CONDITIONS
 THE FOLLOWING WEATHER WAS RECORDED YESTERDAY.
  THUNDERSTORM
  LIGHT RAIN
  HAZE


RELATIVE HUMIDITY (PERCENT)
 HIGHEST    90          1000 PM
 LOWEST     53           900 AM
 AVERAGE    72

..........................................................


THE MILES CITY MT CLIMATE NORMALS FOR TODAY
                         NORMAL    RECORD    YEAR
 MAXIMUM TEMPERATURE (F)   82       101      1983
 MINIMUM TEMPERATURE (F)   53        42      1994


SUNRISE AND SUNSET
AUGUST 31 2014........SUNRISE   622 AM MDT   SUNSET   744 PM MDT
SEPTEMBER  1 2014.....SUNRISE   624 AM MDT   SUNSET   742 PM MDT


-  INDICATES NEGATIVE NUMBERS.
R  INDICATES RECORD WAS SET OR TIED.
MM INDICATES DATA IS MISSING.
T  INDICATES TRACE AMOUNT.





&&

THIS IS AN AUTOMATED...UNATTENDED WEATHER STATION AND MAY
UNDERESTIMATE WINTER PRECIPITATION.

$$
