525
CDUS45 KBYZ 300935
CLIMLS


CLIMATE REPORT
NATIONAL WEATHER SERVICE BILLINGS MT
334 AM MDT THU MAR 30 2017


...................................

...THE MILES CITY MT CLIMATE SUMMARY FOR MARCH 29 2017...

CLIMATE NORMAL PERIOD 1981 TO 2010
CLIMATE RECORD PERIOD 1937 TO 2017


WEATHER ITEM   OBSERVED TIME   RECORD YEAR NORMAL DEPARTURE LAST
                VALUE   (LST)  VALUE       VALUE  FROM      YEAR
                                                  NORMAL
..................................................................
TEMPERATURE (F)
 YESTERDAY
  MAXIMUM         59    513 PM  83    1943  52      7       50
  MINIMUM         33    430 AM  -5    1954  28      5       38
  AVERAGE         46                        40      6       44

PRECIPITATION (IN)
  YESTERDAY        0.00          0.56 1938   0.03  -0.03      T
  MONTH TO DATE    0.51                      0.54  -0.03     0.21
  SINCE OCT 1      2.06                      2.69  -0.63     2.28
  SINCE JAN 1      0.97                      1.09  -0.12     1.02

DEGREE DAYS
 HEATING
  YESTERDAY       19                        25     -6       21
  MONTH TO DATE  770                       892   -122      637
  SINCE MAR 1    770                       892   -122      637
  SINCE JUL 1   6322                      6626   -304     5330

 COOLING
  YESTERDAY        0                         0      0        0
  MONTH TO DATE    0                         0      0        0
  SINCE MAR 1      0                         0      0        0
  SINCE JAN 1      0                         0      0        0
..................................................................


WIND (MPH)
  HIGHEST WIND SPEED    16   HIGHEST WIND DIRECTION    SW (240)
  HIGHEST GUST SPEED    22   HIGHEST GUST DIRECTION     W (260)
  AVERAGE WIND SPEED     7.2


SKY COVER
  POSSIBLE SUNSHINE  MM
  AVERAGE SKY COVER 0.1


WEATHER CONDITIONS
 THE FOLLOWING WEATHER WAS RECORDED YESTERDAY.
  NO SIGNIFICANT WEATHER WAS OBSERVED.


RELATIVE HUMIDITY (PERCENT)
 HIGHEST    96           400 AM
 LOWEST     30           300 PM
 AVERAGE    63

..........................................................


THE MILES CITY MT CLIMATE NORMALS FOR TODAY
                         NORMAL    RECORD    YEAR
 MAXIMUM TEMPERATURE (F)   52        79      1986
 MINIMUM TEMPERATURE (F)   28         2      1989


SUNRISE AND SUNSET
MARCH 30 2017.........SUNRISE   646 AM MDT   SUNSET   730 PM MDT
MARCH 31 2017.........SUNRISE   644 AM MDT   SUNSET   732 PM MDT


-  INDICATES NEGATIVE NUMBERS.
R  INDICATES RECORD WAS SET OR TIED.
MM INDICATES DATA IS MISSING.
T  INDICATES TRACE AMOUNT.





&&

THIS IS AN AUTOMATED...UNATTENDED WEATHER STATION AND MAY
UNDERESTIMATE WINTER PRECIPITATION.

$$
