000
CDUS45 KBYZ 282222
CLIMLS


CLIMATE REPORT
NATIONAL WEATHER SERVICE BILLINGS MT
421 PM MDT WED SEP 28 2016


...................................

...THE MILES CITY MT CLIMATE SUMMARY FOR SEPTEMBER 28 2016...
VALID TODAY AS OF 0400 PM LOCAL TIME.

CLIMATE NORMAL PERIOD 1981 TO 2010
CLIMATE RECORD PERIOD 1937 TO 2016


WEATHER ITEM   OBSERVED TIME   RECORD YEAR NORMAL DEPARTURE LAST
                VALUE   (LST)  VALUE       VALUE  FROM      YEAR
                                                  NORMAL
..................................................................
TEMPERATURE (F)
 TODAY
  MAXIMUM         73    259 PM  95    2001  68      5       70
  MINIMUM         50    626 AM  26    1984  41      9       47
  AVERAGE         62                        54      8       59

PRECIPITATION (IN)
  TODAY            0.00          0.18 1983   0.04  -0.04      T
  MONTH TO DATE    2.80                      1.01   1.79     0.18
  SINCE OCT 1     14.72                     12.37   2.35     8.25
  SINCE JAN 1     13.46                     10.77   2.69     7.24

DEGREE DAYS
 HEATING
  TODAY            3                        11     -8        6
  MONTH TO DATE  147                       178    -31       52
  SINCE SEP 1    147                       178    -31       52
  SINCE JUL 1    161                       212    -51       93

 COOLING
  TODAY            0                         0      0        0
  MONTH TO DATE   48                        56     -8       91
  SINCE SEP 1     48                        56     -8       91
  SINCE JAN 1    859                       728    131      830
..................................................................


WIND (MPH)
  HIGHEST WIND SPEED    16   HIGHEST WIND DIRECTION    NW (310)
  HIGHEST GUST SPEED    21   HIGHEST GUST DIRECTION    NW (320)
  AVERAGE WIND SPEED     5.9


SKY COVER
  POSSIBLE SUNSHINE  MM
  AVERAGE SKY COVER 0.0


WEATHER CONDITIONS
 THE FOLLOWING WEATHER WAS RECORDED TODAY.
  NO SIGNIFICANT WEATHER WAS OBSERVED.


RELATIVE HUMIDITY (PERCENT)
 HIGHEST    86           600 AM
 LOWEST     46           300 PM
 AVERAGE    66

..........................................................


THE MILES CITY MT CLIMATE NORMALS FOR TOMORROW
                         NORMAL    RECORD    YEAR
 MAXIMUM TEMPERATURE (F)   67        94      1989
 MINIMUM TEMPERATURE (F)   40        26      1939


SUNRISE AND SUNSET
SEPTEMBER 28 2016.....SUNRISE   659 AM MDT   SUNSET   648 PM MDT
SEPTEMBER 29 2016.....SUNRISE   700 AM MDT   SUNSET   646 PM MDT


-  INDICATES NEGATIVE NUMBERS.
R  INDICATES RECORD WAS SET OR TIED.
MM INDICATES DATA IS MISSING.
T  INDICATES TRACE AMOUNT.





&&

THIS IS AN AUTOMATED...UNATTENDED WEATHER STATION AND MAY
UNDERESTIMATE WINTER PRECIPITATION.

$$
