000
CDUS41 KCAR 160530
CLIMLT


CLIMATE REPORT
NATIONAL WEATHER SERVICE CARIBOU, ME
1230 AM EST MON JAN 16 2017


...................................

...THE MILLINOCKET ME CLIMATE SUMMARY FOR JANUARY 15 2017...

CLIMATE NORMAL PERIOD 1981 TO 2010
CLIMATE RECORD PERIOD 1903 TO 2017


WEATHER ITEM   OBSERVED TIME   RECORD YEAR NORMAL DEPARTURE LAST
                VALUE   (LST)  VALUE       VALUE  FROM      YEAR
                                                  NORMAL
..................................................................
TEMPERATURE (F)
 YESTERDAY
  MAXIMUM         18    156 PM  50    1932  23     -5       23
  MINIMUM          6   1159 PM -32    1905   4      2       -4
  AVERAGE         12                        13     -1       10

PRECIPITATION (IN)
  YESTERDAY        T             1.76 1936   0.07  -0.07     0.00
  MONTH TO DATE    1.34                      1.62  -0.28     1.94
  SINCE DEC 1      4.65                      5.15  -0.50     6.34
  SINCE JAN 1      1.34                      1.62  -0.28     1.94

SNOWFALL (IN)
  YESTERDAY       MM            MM      MM  MM     MM       MM
  MONTH TO DATE   MM                        MM     MM       MM
  SINCE DEC 1     MM                        MM     MM       MM
  SINCE JUL 1     MM                        MM     MM       MM
  SNOW DEPTH      MM

DEGREE DAYS
 HEATING
  YESTERDAY       53                        52      1       55
  MONTH TO DATE  667                       754    -87      634
  SINCE DEC 1   2069                      2076     -7     1593
  SINCE JUL 1   3619                      3919   -300     3134

 COOLING
  YESTERDAY        0                         0      0        0
  MONTH TO DATE    0                         0      0        0
  SINCE DEC 1      0                         0      0        0
  SINCE JAN 1      0                         0      0        0
..................................................................


WIND (MPH)
  HIGHEST WIND SPEED    17   HIGHEST WIND DIRECTION    NW (310)
  HIGHEST GUST SPEED    28   HIGHEST GUST DIRECTION     W (280)
  AVERAGE WIND SPEED     5.8


SKY COVER
  POSSIBLE SUNSHINE  MM
  AVERAGE SKY COVER 0.4


WEATHER CONDITIONS
 THE FOLLOWING WEATHER WAS RECORDED YESTERDAY.
  LIGHT SNOW


RELATIVE HUMIDITY (PERCENT)
 HIGHEST    80           700 AM
 LOWEST     43          1100 AM
 AVERAGE    62

..........................................................


THE MILLINOCKET ME CLIMATE NORMALS FOR TODAY
                         NORMAL    RECORD    YEAR
 MAXIMUM TEMPERATURE (F)   23        54      1995
 MINIMUM TEMPERATURE (F)    4       -26      2009


SUNRISE AND SUNSET
JANUARY 16 2017.......SUNRISE   711 AM EST   SUNSET   419 PM EST
JANUARY 17 2017.......SUNRISE   710 AM EST   SUNSET   420 PM EST


-  INDICATES NEGATIVE NUMBERS.
R  INDICATES RECORD WAS SET OR TIED.
MM INDICATES DATA IS MISSING.
T  INDICATES TRACE AMOUNT.




$$
