000
CDUS41 KCAR 300526
CLIMLT


CLIMATE REPORT
NATIONAL WEATHER SERVICE CARIBOU, ME
126 AM EDT THU MAR 30 2017


...................................

...THE MILLINOCKET ME CLIMATE SUMMARY FOR MARCH 29 2017...

CLIMATE NORMAL PERIOD 1981 TO 2010
CLIMATE RECORD PERIOD 1903 TO 2017


WEATHER ITEM   OBSERVED TIME   RECORD YEAR NORMAL DEPARTURE LAST
                VALUE   (LST)  VALUE       VALUE  FROM      YEAR
                                                  NORMAL
..................................................................
TEMPERATURE (F)
 YESTERDAY
  MAXIMUM         39    325 PM  73    1945  42     -3       39
  MINIMUM         32    715 AM -12    1923  23      9       30
  AVERAGE         36                        32      4       35

PRECIPITATION (IN)
  YESTERDAY        T             1.70 2010   0.12  -0.12     0.19
  MONTH TO DATE    1.58                      2.81  -1.23     3.22
  SINCE MAR 1      1.58                      2.81  -1.23     3.22
  SINCE JAN 1      6.77                      7.92  -1.15     8.53

SNOWFALL (IN)
  YESTERDAY       MM            MM      MM  MM     MM       MM
  MONTH TO DATE   MM                        MM     MM       MM
  SINCE MAR 1     MM                        MM     MM       MM
  SINCE JUL 1     MM                        MM     MM       MM
  SNOW DEPTH      MM

DEGREE DAYS
 HEATING
  YESTERDAY       29                        32     -3       30
  MONTH TO DATE 1236                      1082    154     1049
  SINCE MAR 1   1236                      1082    154     1049
  SINCE JUL 1   6731                      7134   -403     6013

 COOLING
  YESTERDAY        0                         0      0        0
  MONTH TO DATE    0                         0      0        0
  SINCE MAR 1      0                         0      0        0
  SINCE JAN 1      0                         0      0        0
..................................................................


WIND (MPH)
  HIGHEST WIND SPEED    16   HIGHEST WIND DIRECTION     N (350)
  HIGHEST GUST SPEED    24   HIGHEST GUST DIRECTION    NW (330)
  AVERAGE WIND SPEED     7.1


SKY COVER
  POSSIBLE SUNSHINE  MM
  AVERAGE SKY COVER 1.0


WEATHER CONDITIONS
 THE FOLLOWING WEATHER WAS RECORDED YESTERDAY.
  LIGHT SNOW
  FOG
  HAZE


RELATIVE HUMIDITY (PERCENT)
 HIGHEST   100          1200 AM
 LOWEST     69          1000 PM
 AVERAGE    85

..........................................................


THE MILLINOCKET ME CLIMATE NORMALS FOR TODAY
                         NORMAL    RECORD    YEAR
 MAXIMUM TEMPERATURE (F)   43        70      1945
 MINIMUM TEMPERATURE (F)   23        -4      1923


SUNRISE AND SUNSET
MARCH 30 2017.........SUNRISE   618 AM EDT   SUNSET   701 PM EDT
MARCH 31 2017.........SUNRISE   616 AM EDT   SUNSET   702 PM EDT


-  INDICATES NEGATIVE NUMBERS.
R  INDICATES RECORD WAS SET OR TIED.
MM INDICATES DATA IS MISSING.
T  INDICATES TRACE AMOUNT.




$$
