000
CDUS41 KCAR 202026
CLIMLT


CLIMATE REPORT
NATIONAL WEATHER SERVICE CARIBOU, ME
426 PM EDT SUN APR 20 2014


...................................

...THE MILLINOCKET ME CLIMATE SUMMARY FOR APRIL 20 2014...
VALID TODAY AS OF 0400 PM LOCAL TIME.

CLIMATE NORMAL PERIOD 1981 TO 2010
CLIMATE RECORD PERIOD 1903 TO 2014


WEATHER ITEM   OBSERVED TIME   RECORD YEAR NORMAL DEPARTURE LAST
                VALUE   (LST)  VALUE       VALUE  FROM      YEAR
                                                  NORMAL
..................................................................
TEMPERATURE (F)
 TODAY
  MAXIMUM         54    259 PM  85    1927  54      0       59
  MINIMUM         28    434 AM  18    1974  33     -5       37
  AVERAGE         41                        43     -2       48

PRECIPITATION (IN)
  TODAY            0.00          1.08 1950   0.11  -0.11     0.37
  MONTH TO DATE    1.88                      2.47  -0.59     1.32
  SINCE MAR 1      4.48                      5.53  -1.05     2.82
  SINCE JAN 1      9.67                     10.64  -0.97     6.25

SNOWFALL (IN)
  TODAY           MM            MM      MM  MM     MM       MM
  MONTH TO DATE    0.0                      MM     MM       MM
  SINCE MAR 1      0.0                      MM     MM       MM
  SINCE JUL 1      0.0                      MM     MM       MM
  SNOW DEPTH      MM

DEGREE DAYS
 HEATING
  TODAY           24                        22      2       17
  MONTH TO DATE  522                       530     -8      533
  SINCE MAR 1   1900                      1677    223     1540
  SINCE JUL 1   7938                      7729    209     7091

 COOLING
  TODAY            0                         0      0        0
  MONTH TO DATE    0                         0      0        0
  SINCE MAR 1      0                         0      0        0
  SINCE JAN 1      0                         0      0        0
..................................................................


WIND (MPH)
  HIGHEST WIND SPEED     9   HIGHEST WIND DIRECTION    NW (320)
  HIGHEST GUST SPEED    12   HIGHEST GUST DIRECTION    NW (320)
  AVERAGE WIND SPEED     4.3


SKY COVER
  POSSIBLE SUNSHINE  MM
  AVERAGE SKY COVER 0.0


WEATHER CONDITIONS
 THE FOLLOWING WEATHER WAS RECORDED TODAY.
  NO SIGNIFICANT WEATHER WAS OBSERVED.


RELATIVE HUMIDITY (PERCENT)
 HIGHEST    69           300 AM
 LOWEST     18           300 PM
 AVERAGE    44

..........................................................


THE MILLINOCKET ME CLIMATE NORMALS FOR TOMORROW
                         NORMAL    RECORD    YEAR
 MAXIMUM TEMPERATURE (F)   54        78      1931
 MINIMUM TEMPERATURE (F)   34        15      1908


SUNRISE AND SUNSET
APRIL 20 2014.........SUNRISE   540 AM EDT   SUNSET   728 PM EDT
APRIL 21 2014.........SUNRISE   539 AM EDT   SUNSET   729 PM EDT


-  INDICATES NEGATIVE NUMBERS.
R  INDICATES RECORD WAS SET OR TIED.
MM INDICATES DATA IS MISSING.
T  INDICATES TRACE AMOUNT.




$$
