000
CDUS41 KCAR 280546
CLIMLT


CLIMATE REPORT
NATIONAL WEATHER SERVICE CARIBOU, ME
145 AM EDT THU AUG 28 2014


...................................

...THE MILLINOCKET ME CLIMATE SUMMARY FOR AUGUST 27 2014...

CLIMATE NORMAL PERIOD 1981 TO 2010
CLIMATE RECORD PERIOD 1903 TO 2014


WEATHER ITEM   OBSERVED TIME   RECORD YEAR NORMAL DEPARTURE LAST
                VALUE   (LST)  VALUE       VALUE  FROM      YEAR
                                                  NORMAL
..................................................................
TEMPERATURE (F)
 YESTERDAY
  MAXIMUM         85    249 PM  91    1993  75     10       84
  MINIMUM         65    516 AM  38    1931  53     12       64
  AVERAGE         75                        64     11       74

PRECIPITATION (IN)
  YESTERDAY        T             0.88 1926   0.14  -0.14      T
  MONTH TO DATE    2.26                      3.45  -1.19     3.94
  SINCE JUN 1     11.24                     11.37  -0.13    13.24
  SINCE JAN 1     25.14                     26.44  -1.30    24.40

SNOWFALL (IN)
  YESTERDAY       MM            MM      MM  MM     MM       MM
  MONTH TO DATE   MM                        MM     MM       MM
  SINCE JUN 1     MM                        MM     MM       MM
  SINCE JUL 1     MM                        MM     MM       MM
  SNOW DEPTH      MM

DEGREE DAYS
 HEATING
  YESTERDAY        0                         3     -3        0
  MONTH TO DATE   13                        41    -28       26
  SINCE JUN 1     98                       181    -83      137
  SINCE JUL 1     22                        65    -43       36

 COOLING
  YESTERDAY       10                         2      8        9
  MONTH TO DATE   89                        71     18       57
  SINCE JUN 1    321                       237     84      331
  SINCE JAN 1    323                       243     80      339
..................................................................


WIND (MPH)
  HIGHEST WIND SPEED    16   HIGHEST WIND DIRECTION    NW (310)
  HIGHEST GUST SPEED    22   HIGHEST GUST DIRECTION    NW (300)
  AVERAGE WIND SPEED     5.1


SKY COVER
  POSSIBLE SUNSHINE  MM
  AVERAGE SKY COVER 0.1


WEATHER CONDITIONS
 THE FOLLOWING WEATHER WAS RECORDED YESTERDAY.
  FOG


RELATIVE HUMIDITY (PERCENT)
 HIGHEST    93           500 AM
 LOWEST     40           200 PM
 AVERAGE    67

..........................................................


THE MILLINOCKET ME CLIMATE NORMALS FOR TODAY
                         NORMAL    RECORD    YEAR
 MAXIMUM TEMPERATURE (F)   75        94      1952
 MINIMUM TEMPERATURE (F)   53        32      1915


SUNRISE AND SUNSET
AUGUST 28 2014........SUNRISE   551 AM EDT   SUNSET   720 PM EDT
AUGUST 29 2014........SUNRISE   552 AM EDT   SUNSET   718 PM EDT


-  INDICATES NEGATIVE NUMBERS.
R  INDICATES RECORD WAS SET OR TIED.
MM INDICATES DATA IS MISSING.
T  INDICATES TRACE AMOUNT.




$$
