000
CDUS41 KCAR 310527
CLIMLT


CLIMATE REPORT
NATIONAL WEATHER SERVICE CARIBOU, ME
126 AM EDT THU JUL 31 2014


...................................

...THE MILLINOCKET ME CLIMATE SUMMARY FOR JULY 30 2014...

CLIMATE NORMAL PERIOD 1981 TO 2010
CLIMATE RECORD PERIOD 1903 TO 2014


WEATHER ITEM   OBSERVED TIME   RECORD YEAR NORMAL DEPARTURE LAST
                VALUE   (LST)  VALUE       VALUE  FROM      YEAR
                                                  NORMAL
..................................................................
TEMPERATURE (F)
 YESTERDAY
  MAXIMUM         77    314 PM  93    1959  78     -1       78
  MINIMUM         50    411 AM  40    1952  57     -7       60
  AVERAGE         64                        68     -4       69

PRECIPITATION (IN)
  YESTERDAY        0.00          1.62 1957   0.12  -0.12     0.01
  MONTH TO DATE    4.34                      3.73   0.61     3.59
  SINCE JUN 1      8.91                      7.80   1.11     9.30
  SINCE JAN 1     22.81                     22.87  -0.06    20.46

SNOWFALL (IN)
  YESTERDAY       MM            MM      MM  MM     MM       MM
  MONTH TO DATE   MM                        MM     MM       MM
  SINCE JUN 1     MM                        MM     MM       MM
  SINCE JUL 1     MM                        MM     MM       MM
  SNOW DEPTH      MM

DEGREE DAYS
 HEATING
  YESTERDAY        1                         1      0        0
  MONTH TO DATE    9                        30    -21       10
  SINCE JUN 1     85                       146    -61      111
  SINCE JUL 1      9                        30    -21       10

 COOLING
  YESTERDAY        0                         3     -3        4
  MONTH TO DATE  171                       116     55      209
  SINCE JUN 1    229                       165     64      270
  SINCE JAN 1    231                       171     60      278
..................................................................


WIND (MPH)
  HIGHEST WIND SPEED     9   HIGHEST WIND DIRECTION    SE (130)
  HIGHEST GUST SPEED    14   HIGHEST GUST DIRECTION    SE (130)
  AVERAGE WIND SPEED     1.7


SKY COVER
  POSSIBLE SUNSHINE  MM
  AVERAGE SKY COVER 0.6


WEATHER CONDITIONS
 THE FOLLOWING WEATHER WAS RECORDED YESTERDAY.
  FOG


RELATIVE HUMIDITY (PERCENT)
 HIGHEST    96           200 AM
 LOWEST     54           300 PM
 AVERAGE    75

..........................................................


THE MILLINOCKET ME CLIMATE NORMALS FOR TODAY
                         NORMAL    RECORD    YEAR
 MAXIMUM TEMPERATURE (F)   78        96      1908
 MINIMUM TEMPERATURE (F)   57        41      1932


SUNRISE AND SUNSET
JULY 31 2014..........SUNRISE   517 AM EDT   SUNSET   805 PM EDT
AUGUST  1 2014........SUNRISE   518 AM EDT   SUNSET   803 PM EDT


-  INDICATES NEGATIVE NUMBERS.
R  INDICATES RECORD WAS SET OR TIED.
MM INDICATES DATA IS MISSING.
T  INDICATES TRACE AMOUNT.




$$
