000
CDUS44 KSHV 020748
CLIMLU


CLIMATE REPORT
NATIONAL WEATHER SERVICE SHREVEPORT, LA
240 AM CDT TUE JUN 2 2015


...................................

...THE MONROE CLIMATE SUMMARY FOR JUNE 1 2015...

CLIMATE NORMAL PERIOD 1981 TO 2010
CLIMATE RECORD PERIOD 1930 TO 2015


WEATHER ITEM   OBSERVED TIME   RECORD YEAR NORMAL DEPARTURE LAST
                VALUE   (LST)  VALUE       VALUE  FROM      YEAR
                                                  NORMAL
..................................................................
TEMPERATURE (F)
 YESTERDAY
  MAXIMUM         84    300 PM 103    1998  89     -5       86
  MINIMUM         67   1159 PM  51    1984  67      0       71
  AVERAGE         76                        78     -2       79

PRECIPITATION (IN)
  YESTERDAY        0.00          1.36 1971   0.15  -0.15     0.08
  MONTH TO DATE    0.00                      0.15  -0.15     0.08
  SINCE DEC 1     30.96                     29.49   1.47    28.25
  SINCE JAN 1     26.48                     24.20   2.28    24.99

SNOWFALL (IN)
  YESTERDAY        0.0
  MONTH TO DATE    0.0
  SINCE JUN 1      0.0
  SINCE JUL 1      3.9
  SNOW DEPTH       0

DEGREE DAYS
 HEATING
  YESTERDAY        0                         0      0        0
  MONTH TO DATE    0                         0      0        0
  SINCE JUN 1      0                         0      0        0
  SINCE JUL 1   2515                      2230    285     2839

 COOLING
  YESTERDAY       11                        13     -2       14
  MONTH TO DATE   11                        13     -2       14
  SINCE JUN 1     11                        13     -2       14
  SINCE JAN 1    433                       448    -15      344
..................................................................


WIND (MPH)
  HIGHEST WIND SPEED    14   HIGHEST WIND DIRECTION     N (20)
  HIGHEST GUST SPEED    16   HIGHEST GUST DIRECTION    NE (30)
  AVERAGE WIND SPEED     5.6


SKY COVER
  POSSIBLE SUNSHINE  MM
  AVERAGE SKY COVER 0.5


WEATHER CONDITIONS
 THE FOLLOWING WEATHER WAS RECORDED YESTERDAY.
  FOG


RELATIVE HUMIDITY (PERCENT)
 HIGHEST   100          1200 AM
 LOWEST     58          1200 PM
 AVERAGE    79

..........................................................


THE MONROE CLIMATE NORMALS FOR TODAY
                         NORMAL    RECORD    YEAR
 MAXIMUM TEMPERATURE (F)   89       101      2011
 MINIMUM TEMPERATURE (F)   67        54      1993


SUNRISE AND SUNSET
JUNE  2 2015..........SUNRISE   601 AM CDT   SUNSET   811 PM CDT
JUNE  3 2015..........SUNRISE   601 AM CDT   SUNSET   812 PM CDT


-  INDICATES NEGATIVE NUMBERS.
R  INDICATES RECORD WAS SET OR TIED.
MM INDICATES DATA IS MISSING.
T  INDICATES TRACE AMOUNT.




$$
