000
CDUS44 KSHV 232136
CLIMLU


CLIMATE REPORT
NATIONAL WEATHER SERVICE SHREVEPORT, LA
435 PM CDT TUE SEP 23 2014


...................................

...THE MONROE CLIMATE SUMMARY FOR SEPTEMBER 23 2014...
VALID TODAY AS OF 0400 PM LOCAL TIME.

CLIMATE NORMAL PERIOD 1981 TO 2010
CLIMATE RECORD PERIOD 1930 TO 2014


WEATHER ITEM   OBSERVED TIME   RECORD YEAR NORMAL DEPARTURE LAST
                VALUE   (LST)  VALUE       VALUE  FROM      YEAR
                                                  NORMAL
..................................................................
TEMPERATURE (F)
 TODAY
  MAXIMUM         84    259 PM 101    1931  87     -3       89
  MINIMUM         55    605 AM  43    1982  62     -7       55
  AVERAGE         70                        74     -4       72

PRECIPITATION (IN)
  TODAY            0.00          0.47 1955   0.11  -0.11     0.00
  MONTH TO DATE    1.25                      2.72  -1.47     2.05
  SINCE DEC 1     43.74                     43.49   0.25    39.06
  SINCE JAN 1     40.48                     38.20   2.28    34.33

DEGREE DAYS
 HEATING
  TODAY            0                         0      0        0
  MONTH TO DATE    0                         0      0        0
  SINCE SEP 1      0                         0      0        0
  SINCE JUL 1      0                         0      0        0

 COOLING
  TODAY            5                        10     -5        7
  MONTH TO DATE  322                       301     21      375
  SINCE SEP 1    322                       301     21      375
  SINCE JAN 1   2073                      2308   -235     2220
..................................................................


WIND (MPH)
  HIGHEST WIND SPEED    14   HIGHEST WIND DIRECTION     N (20)
  HIGHEST GUST SPEED    18   HIGHEST GUST DIRECTION    NE (30)
  AVERAGE WIND SPEED     6.5


SKY COVER
  POSSIBLE SUNSHINE  MM
  AVERAGE SKY COVER 0.0


WEATHER CONDITIONS
 THE FOLLOWING WEATHER WAS RECORDED TODAY.
  NO SIGNIFICANT WEATHER WAS OBSERVED.


RELATIVE HUMIDITY (PERCENT)
 HIGHEST    86           500 AM
 LOWEST     27           300 PM
 AVERAGE    57

..........................................................


THE MONROE CLIMATE NORMALS FOR TOMORROW
                         NORMAL    RECORD    YEAR
 MAXIMUM TEMPERATURE (F)   87       101      1931
 MINIMUM TEMPERATURE (F)   61        46      1990


SUNRISE AND SUNSET
SEPTEMBER 23 2014.....SUNRISE   657 AM CDT   SUNSET   703 PM CDT
SEPTEMBER 24 2014.....SUNRISE   658 AM CDT   SUNSET   702 PM CDT


-  INDICATES NEGATIVE NUMBERS.
R  INDICATES RECORD WAS SET OR TIED.
MM INDICATES DATA IS MISSING.
T  INDICATES TRACE AMOUNT.




$$
