000
CDUS44 KSHV 302133
CLIMLU


CLIMATE REPORT
NATIONAL WEATHER SERVICE SHREVEPORT, LA
431 PM CDT WED JUL 30 2014


...................................

...THE MONROE CLIMATE SUMMARY FOR JULY 30 2014...
VALID TODAY AS OF 0400 PM LOCAL TIME.

CLIMATE NORMAL PERIOD 1981 TO 2010
CLIMATE RECORD PERIOD 1930 TO 2014


WEATHER ITEM   OBSERVED TIME   RECORD YEAR NORMAL DEPARTURE LAST
                VALUE   (LST)  VALUE       VALUE  FROM      YEAR
                                                  NORMAL
..................................................................
TEMPERATURE (F)
 TODAY
  MAXIMUM         89    257 PM 106    1930  95     -6       95
  MINIMUM         62R   601 AM  65    1971  72    -10       73
  AVERAGE         76                        83     -7       84

PRECIPITATION (IN)
  TODAY            0.00          1.27 1977   0.10  -0.10     0.00
  MONTH TO DATE    2.18                      3.47  -1.29     1.77
  SINCE DEC 1     35.28                     37.49  -2.21    36.96
  SINCE JAN 1     32.02                     32.20  -0.18    32.23

DEGREE DAYS
 HEATING
  TODAY            0                         0      0        0
  MONTH TO DATE    0                         0      0        0
  SINCE JUN 1      0                         0      0        0
  SINCE JUL 1      0                         0      0        0

 COOLING
  TODAY           11                        18     -7       19
  MONTH TO DATE  440                       540   -100      477
  SINCE JUN 1    916                      1006    -90      921
  SINCE JAN 1   1246                      1441   -195     1271
..................................................................


WIND (MPH)
  HIGHEST WIND SPEED     9   HIGHEST WIND DIRECTION    NE (40)
  HIGHEST GUST SPEED    12   HIGHEST GUST DIRECTION     N (360)
  AVERAGE WIND SPEED     2.4


SKY COVER
  POSSIBLE SUNSHINE  MM
  AVERAGE SKY COVER 0.0


WEATHER CONDITIONS
 THE FOLLOWING WEATHER WAS RECORDED TODAY.
  NO SIGNIFICANT WEATHER WAS OBSERVED.


RELATIVE HUMIDITY (PERCENT)
 HIGHEST    93           400 AM
 LOWEST     39           300 PM
 AVERAGE    66

..........................................................


THE MONROE CLIMATE NORMALS FOR TOMORROW
                         NORMAL    RECORD    YEAR
 MAXIMUM TEMPERATURE (F)   95       104      1930
 MINIMUM TEMPERATURE (F)   72        61      1971


SUNRISE AND SUNSET
JULY 30 2014..........SUNRISE   621 AM CDT   SUNSET   808 PM CDT
JULY 31 2014..........SUNRISE   622 AM CDT   SUNSET   807 PM CDT


-  INDICATES NEGATIVE NUMBERS.
R  INDICATES RECORD WAS SET OR TIED.
MM INDICATES DATA IS MISSING.
T  INDICATES TRACE AMOUNT.




$$
