000
CDUS44 KSHV 030802
CLIMLU


CLIMATE REPORT
NATIONAL WEATHER SERVICE SHREVEPORT, LA
256 AM CDT FRI JUL 3 2015


...................................

...THE MONROE CLIMATE SUMMARY FOR JULY 2 2015...

CLIMATE NORMAL PERIOD 1981 TO 2010
CLIMATE RECORD PERIOD 1930 TO 2015


WEATHER ITEM   OBSERVED TIME   RECORD YEAR NORMAL DEPARTURE LAST
                VALUE   (LST)  VALUE       VALUE  FROM      YEAR
                                                  NORMAL
..................................................................
TEMPERATURE (F)
 YESTERDAY
  MAXIMUM         90    407 PM 102    2011  94     -4       94
                                      1931
  MINIMUM         73    558 AM  62    2008  72      1       72
  AVERAGE         82                        83     -1       83

PRECIPITATION (IN)
  YESTERDAY        0.00          4.36 1936   0.14  -0.14     0.09
  MONTH TO DATE    0.00                      0.28  -0.28     0.09
  SINCE DEC 1     34.44                     34.30   0.14    33.19
  SINCE JAN 1     29.96                     29.01   0.95    29.93

SNOWFALL (IN)
  YESTERDAY        0.0
  MONTH TO DATE    0.0
  SINCE JUN 1      0.0
  SINCE JUL 1      0.0
  SNOW DEPTH       0

DEGREE DAYS
 HEATING
  YESTERDAY        0                         0      0        0
  MONTH TO DATE    0                         0      0        0
  SINCE JUN 1      0                         0      0        0
  SINCE JUL 1      0                         0      0        0

 COOLING
  YESTERDAY       17                        18     -1       18
  MONTH TO DATE   34                        36     -2       37
  SINCE JUN 1    510                       502      8      513
  SINCE JAN 1    932                       937     -5      843
..................................................................


WIND (MPH)
  HIGHEST WIND SPEED    21   HIGHEST WIND DIRECTION    SW (240)
  HIGHEST GUST SPEED    26   HIGHEST GUST DIRECTION    SW (240)
  AVERAGE WIND SPEED    10.1


SKY COVER
  POSSIBLE SUNSHINE  MM
  AVERAGE SKY COVER 0.0


WEATHER CONDITIONS
 THE FOLLOWING WEATHER WAS RECORDED YESTERDAY.
  NO SIGNIFICANT WEATHER WAS OBSERVED.


RELATIVE HUMIDITY (PERCENT)
 HIGHEST    93           200 AM
 LOWEST     59           300 PM
 AVERAGE    76

..........................................................


THE MONROE CLIMATE NORMALS FOR TODAY
                         NORMAL    RECORD    YEAR
 MAXIMUM TEMPERATURE (F)   94       103      1933
 MINIMUM TEMPERATURE (F)   72        63      2013


SUNRISE AND SUNSET
JULY  3 2015..........SUNRISE   605 AM CDT   SUNSET   819 PM CDT
JULY  4 2015..........SUNRISE   606 AM CDT   SUNSET   819 PM CDT


-  INDICATES NEGATIVE NUMBERS.
R  INDICATES RECORD WAS SET OR TIED.
MM INDICATES DATA IS MISSING.
T  INDICATES TRACE AMOUNT.




$$
