274
CDUS44 KSHV 192234
CLIMLU


CLIMATE REPORT
NATIONAL WEATHER SERVICE SHREVEPORT, LA
433 PM CST SUN NOV 19 2017


...................................

...THE MONROE CLIMATE SUMMARY FOR NOVEMBER 19 2017...
VALID TODAY AS OF 0400 PM LOCAL TIME.

CLIMATE NORMAL PERIOD 1981 TO 2010
CLIMATE RECORD PERIOD 1930 TO 2017


WEATHER ITEM   OBSERVED TIME   RECORD YEAR NORMAL DEPARTURE LAST
                VALUE   (LST)  VALUE       VALUE  FROM      YEAR
                                                  NORMAL
..................................................................
TEMPERATURE (F)
 TODAY
  MAXIMUM         61    307 PM  85    1988  67     -6       61
                                      1930
  MINIMUM         39    714 AM  21    1911  43     -4       35
                                      1903
  AVERAGE         50                        55     -5       48

PRECIPITATION (IN)
  TODAY            0.00          2.24 1982   0.16  -0.16     0.00
  MONTH TO DATE    1.53                      2.94  -1.41     0.25
  SINCE DEC 1     55.23                     52.12   3.11    67.61
  SINCE JAN 1     50.40                     46.83   3.57    61.22

SNOWFALL (IN)
  TODAY            0.0
  MONTH TO DATE    0.0
  SINCE SEP 1      0.0
  SINCE JUL 1      0.0
  SNOW DEPTH       0

DEGREE DAYS
 HEATING
  TODAY           15                        10      5       17
  MONTH TO DATE   86                       148    -62       71
  SINCE SEP 1    166                       238    -72       87
  SINCE JUL 1    166                       238    -72       87

 COOLING
  TODAY            0                         1     -1        0
  MONTH TO DATE   68                        21     47       26
  SINCE SEP 1    597                       498     99      678
  SINCE JAN 1   2624                      2505    119     2732
..................................................................


WIND (MPH)
  HIGHEST WIND SPEED    18   HIGHEST WIND DIRECTION     N (350)
  HIGHEST GUST SPEED    23   HIGHEST GUST DIRECTION     N (350)
  AVERAGE WIND SPEED     9.6


SKY COVER
  POSSIBLE SUNSHINE  MM
  AVERAGE SKY COVER 0.0


WEATHER CONDITIONS
 THE FOLLOWING WEATHER WAS RECORDED TODAY.
  NO SIGNIFICANT WEATHER WAS OBSERVED.


RELATIVE HUMIDITY (PERCENT)
 HIGHEST    85           500 AM
 LOWEST     27           300 PM
 AVERAGE    56

..........................................................


THE MONROE CLIMATE NORMALS FOR TOMORROW
                         NORMAL    RECORD    YEAR
 MAXIMUM TEMPERATURE (F)   67        83      2011
                                             1933
 MINIMUM TEMPERATURE (F)   43        24      1937
                                             1914


SUNRISE AND SUNSET
NOVEMBER 19 2017......SUNRISE   642 AM CST   SUNSET   505 PM CST
NOVEMBER 20 2017......SUNRISE   643 AM CST   SUNSET   505 PM CST


-  INDICATES NEGATIVE NUMBERS.
R  INDICATES RECORD WAS SET OR TIED.
MM INDICATES DATA IS MISSING.
T  INDICATES TRACE AMOUNT.




$$
