000
CDUS44 KSHV 260844
CLIMLU


CLIMATE REPORT
NATIONAL WEATHER SERVICE SHREVEPORT, LA
243 AM CST MON JAN 26 2015


...................................

...THE MONROE CLIMATE SUMMARY FOR JANUARY 25 2015...

CLIMATE NORMAL PERIOD 1981 TO 2010
CLIMATE RECORD PERIOD 1930 TO 2015


WEATHER ITEM   OBSERVED TIME   RECORD YEAR NORMAL DEPARTURE LAST
                VALUE   (LST)  VALUE       VALUE  FROM      YEAR
                                                  NORMAL
..................................................................
TEMPERATURE (F)
 YESTERDAY
  MAXIMUM         66    222 PM  81    1950  58      8       62
  MINIMUM         37    645 AM  13    1963  36      1       21
  AVERAGE         52                        47      5       42

PRECIPITATION (IN)
  YESTERDAY        0.00          1.62 1976   0.16  -0.16     0.00
  MONTH TO DATE    4.91                      3.98   0.93     0.85
  SINCE DEC 1      9.39                      9.27   0.12     4.11
  SINCE JAN 1      4.91                      3.98   0.93     0.85

SNOWFALL (IN)
  YESTERDAY        0.0
  MONTH TO DATE    T
  SINCE DEC 1      T
  SINCE JUL 1      T
  SNOW DEPTH       0

DEGREE DAYS
 HEATING
  YESTERDAY       13                        18     -5       23
  MONTH TO DATE  565                       472     93      569
  SINCE DEC 1   1028                      1002     26     1147
  SINCE JUL 1   1502                      1374    128     1627

 COOLING
  YESTERDAY        0                         0      0        0
  MONTH TO DATE    0                         0      0        0
  SINCE DEC 1      1                         7     -6       11
  SINCE JAN 1      0                         0      0        0
..................................................................


WIND (MPH)
  HIGHEST WIND SPEED    26   HIGHEST WIND DIRECTION     W (280)
  HIGHEST GUST SPEED    34   HIGHEST GUST DIRECTION     W (290)
  AVERAGE WIND SPEED    11.4


SKY COVER
  POSSIBLE SUNSHINE  MM
  AVERAGE SKY COVER 0.1


WEATHER CONDITIONS
 THE FOLLOWING WEATHER WAS RECORDED YESTERDAY.
  NO SIGNIFICANT WEATHER WAS OBSERVED.


RELATIVE HUMIDITY (PERCENT)
 HIGHEST    92           400 AM
 LOWEST     34           400 PM
 AVERAGE    63

..........................................................


THE MONROE CLIMATE NORMALS FOR TODAY
                         NORMAL    RECORD    YEAR
 MAXIMUM TEMPERATURE (F)   58        78      1950
 MINIMUM TEMPERATURE (F)   36        21      1985


SUNRISE AND SUNSET
JANUARY 26 2015.......SUNRISE   706 AM CST   SUNSET   535 PM CST
JANUARY 27 2015.......SUNRISE   706 AM CST   SUNSET   536 PM CST


-  INDICATES NEGATIVE NUMBERS.
R  INDICATES RECORD WAS SET OR TIED.
MM INDICATES DATA IS MISSING.
T  INDICATES TRACE AMOUNT.




$$
