000
CDUS44 KSHV 200803
CLIMLU


CLIMATE REPORT
NATIONAL WEATHER SERVICE SHREVEPORT, LA
258 AM CDT WED AUG 20 2014


...................................

...THE MONROE CLIMATE SUMMARY FOR AUGUST 19 2014...

CLIMATE NORMAL PERIOD 1981 TO 2010
CLIMATE RECORD PERIOD 1930 TO 2014


WEATHER ITEM   OBSERVED TIME   RECORD YEAR NORMAL DEPARTURE LAST
                VALUE   (LST)  VALUE       VALUE  FROM      YEAR
                                                  NORMAL
..................................................................
TEMPERATURE (F)
 YESTERDAY
  MAXIMUM         93    356 PM 106    2011  94     -1       93
  MINIMUM         75   1159 PM  65    2013  71      4       65
                                      2004
                                      1963
  AVERAGE         84                        83      1       79

PRECIPITATION (IN)
  YESTERDAY        0.00          2.05 2004   0.11  -0.11     0.00
  MONTH TO DATE    4.07                      1.86   2.21     0.02
  SINCE DEC 1     39.39                     39.45  -0.06    36.98
  SINCE JAN 1     36.13                     34.16   1.97    32.25

SNOWFALL (IN)
  YESTERDAY        0.0
  MONTH TO DATE    0.0
  SINCE JUN 1      0.0
  SINCE JUL 1      0.0
  SNOW DEPTH       0

DEGREE DAYS
 HEATING
  YESTERDAY        0                         0      0        0
  MONTH TO DATE    0                         0      0        0
  SINCE JUN 1      0                         0      0        0
  SINCE JUL 1      0                         0      0        0

 COOLING
  YESTERDAY       19                        18      1       14
  MONTH TO DATE  292                       342    -50      344
  SINCE JUN 1   1218                      1367   -149     1285
  SINCE JAN 1   1548                      1802   -254     1635
..................................................................


WIND (MPH)
  HIGHEST WIND SPEED    15   HIGHEST WIND DIRECTION    SW (230)
  HIGHEST GUST SPEED    18   HIGHEST GUST DIRECTION    SW (230)
  AVERAGE WIND SPEED     6.6


SKY COVER
  POSSIBLE SUNSHINE  MM
  AVERAGE SKY COVER 0.1


WEATHER CONDITIONS
 THE FOLLOWING WEATHER WAS RECORDED YESTERDAY.
  NO SIGNIFICANT WEATHER WAS OBSERVED.


RELATIVE HUMIDITY (PERCENT)
 HIGHEST    87           200 AM
 LOWEST     52          1200 PM
 AVERAGE    70

..........................................................


THE MONROE CLIMATE NORMALS FOR TODAY
                         NORMAL    RECORD    YEAR
 MAXIMUM TEMPERATURE (F)   94       105      2011
 MINIMUM TEMPERATURE (F)   71        62      1976


SUNRISE AND SUNSET
AUGUST 20 2014........SUNRISE   635 AM CDT   SUNSET   747 PM CDT
AUGUST 21 2014........SUNRISE   636 AM CDT   SUNSET   746 PM CDT


-  INDICATES NEGATIVE NUMBERS.
R  INDICATES RECORD WAS SET OR TIED.
MM INDICATES DATA IS MISSING.
T  INDICATES TRACE AMOUNT.




$$
