000
CDUS44 KSHV 070838
CLIMLU


CLIMATE REPORT
NATIONAL WEATHER SERVICE SHREVEPORT, LA
237 AM CST SUN FEB 7 2016


...................................

...THE MONROE CLIMATE SUMMARY FOR FEBRUARY 6 2016...

CLIMATE NORMAL PERIOD 1981 TO 2010
CLIMATE RECORD PERIOD 1930 TO 2016


WEATHER ITEM   OBSERVED TIME   RECORD YEAR NORMAL DEPARTURE LAST
                VALUE   (LST)  VALUE       VALUE  FROM      YEAR
                                                  NORMAL
..................................................................
TEMPERATURE (F)
 YESTERDAY
  MAXIMUM         57    400 PM  81    1963  60     -3       58
  MINIMUM         34   1159 PM  22    1978  38     -4       24
  AVERAGE         46                        49     -3       41

PRECIPITATION (IN)
  YESTERDAY        0.00          1.46 1972   0.15  -0.15     0.00
  MONTH TO DATE    0.22                      0.95  -0.73     0.39
  SINCE DEC 1     11.33                     11.25   0.08     9.78
  SINCE JAN 1      4.94                      5.96  -1.02     5.30

SNOWFALL (IN)
  YESTERDAY        0.0
  MONTH TO DATE    0.0
  SINCE DEC 1      T
  SINCE JUL 1      T
  SNOW DEPTH       0

DEGREE DAYS
 HEATING
  YESTERDAY       19                        17      2       24
  MONTH TO DATE   82                       102    -20      133
  SINCE DEC 1    978                      1211   -233     1236
  SINCE JUL 1   1166                      1583   -417     1710

 COOLING
  YESTERDAY        0                         0      0        0
  MONTH TO DATE    1                         0      1        0
  SINCE DEC 1     57                        11     46        1
  SINCE JAN 1      4                         4      0        0
..................................................................


WIND (MPH)
  HIGHEST WIND SPEED    15   HIGHEST WIND DIRECTION     N (350)
  HIGHEST GUST SPEED    19   HIGHEST GUST DIRECTION     N (360)
  AVERAGE WIND SPEED     1.5


SKY COVER
  POSSIBLE SUNSHINE  MM
  AVERAGE SKY COVER 0.0


WEATHER CONDITIONS
 THE FOLLOWING WEATHER WAS RECORDED YESTERDAY.
  NO SIGNIFICANT WEATHER WAS OBSERVED.


RELATIVE HUMIDITY (PERCENT)
 HIGHEST    89           500 AM
 LOWEST     30           100 PM
 AVERAGE    60

..........................................................


THE MONROE CLIMATE NORMALS FOR TODAY
                         NORMAL    RECORD    YEAR
 MAXIMUM TEMPERATURE (F)   60        82      1999
 MINIMUM TEMPERATURE (F)   38        20      1988


SUNRISE AND SUNSET
FEBRUARY  7 2016......SUNRISE   658 AM CST   SUNSET   546 PM CST
FEBRUARY  8 2016......SUNRISE   658 AM CST   SUNSET   547 PM CST


-  INDICATES NEGATIVE NUMBERS.
R  INDICATES RECORD WAS SET OR TIED.
MM INDICATES DATA IS MISSING.
T  INDICATES TRACE AMOUNT.




$$
