201
CDUS46 KPQR 231144
CLIMMV


CLIMATE REPORT
NATIONAL WEATHER SERVICE PORTLAND OREGON
443 AM PDT SAT SEP 23 2017


...................................

...THE MCMINNVILLE OR CLIMATE SUMMARY FOR SEPTEMBER 22 2017...

CLIMATE NORMAL PERIOD 1981 TO 2010
CLIMATE RECORD PERIOD 1894 TO 2017


WEATHER ITEM   OBSERVED TIME   RECORD YEAR NORMAL DEPARTURE LAST
                VALUE   (LST)  VALUE       VALUE  FROM      YEAR
                                                  NORMAL
..................................................................
TEMPERATURE (F)
 YESTERDAY
  MAXIMUM         70    239 PM  96    1989  74     -4       70
  MINIMUM         43    442 AM  32    1961  46     -3       44
  AVERAGE         57                        60     -3       57

PRECIPITATION (IN)
  YESTERDAY        0.00          0.83 1901   0.06  -0.06     0.00
  MONTH TO DATE    1.78                      0.88   0.90     0.41
  SINCE OCT 1     55.29                     39.24  16.05    50.28
  SINCE JAN 1     31.48                     23.21   8.27    25.21

DEGREE DAYS
 HEATING
  YESTERDAY        8                         5      3        8
  MONTH TO DATE   62                        75    -13       79
  SINCE JUL 1     71                       160    -89      115

 COOLING
  YESTERDAY        0                         1     -1        0
  MONTH TO DATE   97                        30     67        8
  SINCE JAN 1    493                       214    279      357
..................................................................


WIND (MPH)
  HIGHEST WIND SPEED    14   HIGHEST WIND DIRECTION     W (250)
  HIGHEST GUST SPEED    16   HIGHEST GUST DIRECTION     W (250)
  AVERAGE WIND SPEED     2.9


SKY COVER
  POSSIBLE SUNSHINE  MM
  AVERAGE SKY COVER 0.3


WEATHER CONDITIONS
 THE FOLLOWING WEATHER WAS RECORDED YESTERDAY.
  FOG


RELATIVE HUMIDITY (PERCENT)
 HIGHEST   100           200 AM
 LOWEST     47           200 PM
 AVERAGE    74

..........................................................


THE MCMINNVILLE OR CLIMATE NORMALS FOR TODAY
                         NORMAL    RECORD    YEAR
 MAXIMUM TEMPERATURE (F)   74        93      1989
 MINIMUM TEMPERATURE (F)   46        29      1908


SUNRISE AND SUNSET
SEPTEMBER 23 2017.....SUNRISE   601 AM PST   SUNSET   607 PM PST
SEPTEMBER 24 2017.....SUNRISE   602 AM PST   SUNSET   605 PM PST


-  INDICATES NEGATIVE NUMBERS.
R  INDICATES RECORD WAS SET OR TIED.
MM INDICATES DATA IS MISSING.
T  INDICATES TRACE AMOUNT.




$$
