000
CDUS46 KPQR 250221
CLIMMV


CLIMATE REPORT
NATIONAL WEATHER SERVICE PORTLAND OREGON
721 PM PDT MON JUL 24 2017


...................................

...THE MCMINNVILLE OR CLIMATE SUMMARY FOR JULY 24 2017...
VALID TODAY AS OF 0700 PM LOCAL TIME.

CLIMATE NORMAL PERIOD 1981 TO 2010
CLIMATE RECORD PERIOD 1894 TO 2017


WEATHER ITEM   OBSERVED TIME   RECORD YEAR NORMAL DEPARTURE LAST
                VALUE   (LST)  VALUE       VALUE  FROM      YEAR
                                                  NORMAL
..................................................................
TEMPERATURE (F)
 TODAY
  MAXIMUM         91    405 PM 110    1924  83      8       89
  MINIMUM         52    455 AM  35    1960  52      0       50
  AVERAGE         72                        67      5       70

PRECIPITATION (IN)
  TODAY            0.00                      0.01  -0.01     0.00
  MONTH TO DATE    0.01                      0.44  -0.43     0.35
  SINCE OCT 1     53.32                     37.72  15.60    49.54
  SINCE JAN 1     29.51                     21.69   7.82    24.47

DEGREE DAYS
 HEATING
  TODAY            0                                         0
  MONTH TO DATE    5                                        17
  SINCE JUN 1    105                                       118
  SINCE JUL 1      5                                        17

 COOLING
  TODAY            7                                         5
  MONTH TO DATE   75                                        38
  SINCE JUN 1    131                                       110
  SINCE JAN 1    155                                       129
..................................................................


WIND (MPH)
  HIGHEST WIND SPEED    18   HIGHEST WIND DIRECTION    NE (30)
  HIGHEST GUST SPEED    22   HIGHEST GUST DIRECTION     N (10)
  AVERAGE WIND SPEED     7.5


SKY COVER
  POSSIBLE SUNSHINE  MM
  AVERAGE SKY COVER 0.0


WEATHER CONDITIONS
 THE FOLLOWING WEATHER WAS RECORDED TODAY.
  NO SIGNIFICANT WEATHER WAS OBSERVED.


RELATIVE HUMIDITY (PERCENT)
 HIGHEST    89           500 AM
 LOWEST     26           400 PM
 AVERAGE    58

..........................................................


THE MCMINNVILLE OR CLIMATE NORMALS FOR TOMORROW
                         NORMAL    RECORD    YEAR
 MAXIMUM TEMPERATURE (F)   83       107      1928
 MINIMUM TEMPERATURE (F)   52        40      1930


SUNRISE AND SUNSET
JULY 24 2017..........SUNRISE   449 AM PST   SUNSET   749 PM PST
JULY 25 2017..........SUNRISE   450 AM PST   SUNSET   747 PM PST


-  INDICATES NEGATIVE NUMBERS.
R  INDICATES RECORD WAS SET OR TIED.
MM INDICATES DATA IS MISSING.
T  INDICATES TRACE AMOUNT.




$$
