000
CDUS46 KPQR 171141
CLIMMV


CLIMATE REPORT
NATIONAL WEATHER SERVICE PORTLAND OREGON
340 AM PST SAT FEB 17 2018


...................................

...THE MCMINNVILLE OR CLIMATE SUMMARY FOR FEBRUARY 16 2018...

CLIMATE NORMAL PERIOD 1981 TO 2010
CLIMATE RECORD PERIOD 1894 TO 2018


WEATHER ITEM   OBSERVED TIME   RECORD YEAR NORMAL DEPARTURE LAST
                VALUE   (LST)  VALUE       VALUE  FROM      YEAR
                                                  NORMAL
..................................................................
TEMPERATURE (F)
 YESTERDAY
  MAXIMUM         52    438 PM  66    1902  51      1       56
  MINIMUM         42    703 AM  15    1956  35      7       44
  AVERAGE         47                        43      4       50

PRECIPITATION (IN)
  YESTERDAY        0.12          1.58 2017   0.12   0.00     1.58
  MONTH TO DATE    0.48                      2.75  -2.27     9.25
  SINCE OCT 1     22.29                     24.88  -2.59    36.74
  SINCE JAN 1      6.75                      8.85  -2.10    12.93

DEGREE DAYS
 HEATING
  YESTERDAY       18                        22     -4       15
  MONTH TO DATE  310                       366    -56      348
  SINCE JUL 1   2638                      3121   -483     3028

 COOLING
  YESTERDAY        0                         0      0        0
  MONTH TO DATE    0                         0      0        0
  SINCE JAN 1      0                         0      0        0
..................................................................


WIND (MPH)
  HIGHEST WIND SPEED    17   HIGHEST WIND DIRECTION     S (200)
  HIGHEST GUST SPEED    20   HIGHEST GUST DIRECTION     S (190)
  AVERAGE WIND SPEED     9.4


SKY COVER
  POSSIBLE SUNSHINE  MM
  AVERAGE SKY COVER 1.0


WEATHER CONDITIONS
 THE FOLLOWING WEATHER WAS RECORDED YESTERDAY.
  LIGHT RAIN
  FOG


RELATIVE HUMIDITY (PERCENT)
 HIGHEST   100          1000 PM
 LOWEST     77           300 PM
 AVERAGE    89

..........................................................


THE MCMINNVILLE OR CLIMATE NORMALS FOR TODAY
                         NORMAL    RECORD    YEAR
 MAXIMUM TEMPERATURE (F)   51        66      2015
 MINIMUM TEMPERATURE (F)   35        23      1920


SUNRISE AND SUNSET
FEBRUARY 17 2018......SUNRISE   710 AM PST   SUNSET   543 PM PST
FEBRUARY 18 2018......SUNRISE   709 AM PST   SUNSET   545 PM PST


-  INDICATES NEGATIVE NUMBERS.
R  INDICATES RECORD WAS SET OR TIED.
MM INDICATES DATA IS MISSING.
T  INDICATES TRACE AMOUNT.




$$
