000
CDUS46 KPQR 021142
CLIMMV


CLIMATE REPORT
NATIONAL WEATHER SERVICE PORTLAND OREGON
441 AM PDT SUN AUG 2 2015


...................................

...THE MCMINNVILLE OR CLIMATE SUMMARY FOR AUGUST 1 2015...

CLIMATE NORMAL PERIOD 1981 TO 2010
CLIMATE RECORD PERIOD 1894 TO 2015


WEATHER ITEM   OBSERVED TIME   RECORD YEAR NORMAL DEPARTURE LAST
                VALUE   (LST)  VALUE       VALUE  FROM      YEAR
                                                  NORMAL
..................................................................
TEMPERATURE (F)
 YESTERDAY
  MAXIMUM        103R   351 PM 100    1965  84     19       96
  MINIMUM         51    517 AM  37    1957  52     -1       63
  AVERAGE         77                        68      9       80

PRECIPITATION (IN)
  YESTERDAY        0.00          0.78 1896   0.01  -0.01      T
  MONTH TO DATE    0.00                      0.01  -0.01      T
  SINCE OCT 1     32.44                     37.79  -5.35    27.46
  SINCE JAN 1     16.20                     21.76  -5.56    22.50

DEGREE DAYS
 HEATING
  YESTERDAY        0                         1     -1        0
  MONTH TO DATE    0                         1     -1        0
  SINCE JUL 1      5                        45    -40        4

 COOLING
  YESTERDAY       12                         3      9       15
  MONTH TO DATE   12                         3      9       15
  SINCE JAN 1    358                       103    255      255
..................................................................


WIND (MPH)
  HIGHEST WIND SPEED    26   HIGHEST WIND DIRECTION    SW (230)
  HIGHEST GUST SPEED    MM   HIGHEST GUST DIRECTION    MM
  AVERAGE WIND SPEED     4.7


SKY COVER
  POSSIBLE SUNSHINE  MM
  AVERAGE SKY COVER 0.0


WEATHER CONDITIONS
 THE FOLLOWING WEATHER WAS RECORDED YESTERDAY.
  HAZE


RELATIVE HUMIDITY (PERCENT)
 HIGHEST    83           500 AM
 LOWEST     12           200 PM
 AVERAGE    48

..........................................................


THE MCMINNVILLE OR CLIMATE NORMALS FOR TODAY
                         NORMAL    RECORD    YEAR
 MAXIMUM TEMPERATURE (F)   84       102      1931
 MINIMUM TEMPERATURE (F)   52        39      1957


SUNRISE AND SUNSET
AUGUST  2 2015........SUNRISE   458 AM PST   SUNSET   739 PM PST
AUGUST  3 2015........SUNRISE   459 AM PST   SUNSET   737 PM PST


-  INDICATES NEGATIVE NUMBERS.
R  INDICATES RECORD WAS SET OR TIED.
MM INDICATES DATA IS MISSING.
T  INDICATES TRACE AMOUNT.




$$
