952
CDUS46 KPQR 251142
CLIMMV


CLIMATE REPORT
NATIONAL WEATHER SERVICE PORTLAND OREGON
341 AM PST SAT NOV 25 2017


...................................

...THE MCMINNVILLE OR CLIMATE SUMMARY FOR NOVEMBER 24 2017...

CLIMATE NORMAL PERIOD 1981 TO 2010
CLIMATE RECORD PERIOD 1894 TO 2017


WEATHER ITEM   OBSERVED TIME   RECORD YEAR NORMAL DEPARTURE LAST
                VALUE   (LST)  VALUE       VALUE  FROM      YEAR
                                                  NORMAL
..................................................................
TEMPERATURE (F)
 YESTERDAY
  MAXIMUM         56    302 PM  67    1936  50      6       51
  MINIMUM         36   1159 PM  16    1985  37     -1       47
  AVERAGE         46                        43      3       49

PRECIPITATION (IN)
  YESTERDAY        0.02          3.01 2016   0.24  -0.22     3.01
  MONTH TO DATE    7.05                      5.10   1.95     7.19
  SINCE OCT 1     11.18                      8.25   2.93    17.31
  SINCE JAN 1     42.92                     31.96  10.96    42.58

DEGREE DAYS
 HEATING
  YESTERDAY       19                        22     -3       16
  MONTH TO DATE  400                       464    -64      328
  SINCE JUL 1    842                      1087   -245      787

 COOLING
  YESTERDAY        0                         0      0        0
  MONTH TO DATE    0                         0      0        0
  SINCE JAN 1    507                       215    292      363
..................................................................


WIND (MPH)
  HIGHEST WIND SPEED    16   HIGHEST WIND DIRECTION    SW (210)
  HIGHEST GUST SPEED    19   HIGHEST GUST DIRECTION    SW (210)
  AVERAGE WIND SPEED     4.1


SKY COVER
  POSSIBLE SUNSHINE  MM
  AVERAGE SKY COVER 0.6


WEATHER CONDITIONS
 THE FOLLOWING WEATHER WAS RECORDED YESTERDAY.
  RAIN
  LIGHT RAIN
  FOG
  FOG W/VISIBILITY <= 1/4 MILE


RELATIVE HUMIDITY (PERCENT)
 HIGHEST   100           600 AM
 LOWEST     66           200 PM
 AVERAGE    83

..........................................................


THE MCMINNVILLE OR CLIMATE NORMALS FOR TODAY
                         NORMAL    RECORD    YEAR
 MAXIMUM TEMPERATURE (F)   49        67      1943
 MINIMUM TEMPERATURE (F)   37        15      1985


SUNRISE AND SUNSET
NOVEMBER 25 2017......SUNRISE   724 AM PST   SUNSET   435 PM PST
NOVEMBER 26 2017......SUNRISE   726 AM PST   SUNSET   434 PM PST


-  INDICATES NEGATIVE NUMBERS.
R  INDICATES RECORD WAS SET OR TIED.
MM INDICATES DATA IS MISSING.
T  INDICATES TRACE AMOUNT.




$$
