000
CDUS46 KPQR 101313
CLIMMV


CLIMATE REPORT
NATIONAL WEATHER SERVICE PORTLAND OREGON
513 AM PST SAT DEC 10 2016


...................................

...THE MCMINNVILLE OR CLIMATE SUMMARY FOR DECEMBER 9 2016...

CLIMATE NORMAL PERIOD 1981 TO 2010
CLIMATE RECORD PERIOD 1894 TO 2016


WEATHER ITEM   OBSERVED TIME   RECORD YEAR NORMAL DEPARTURE LAST
                VALUE   (LST)  VALUE       VALUE  FROM      YEAR
                                                  NORMAL
..................................................................
TEMPERATURE (F)
 YESTERDAY
  MAXIMUM         36   1059 PM  62    2014  46    -10       57
  MINIMUM         32    112 AM  -5    1972  35     -3       45
  AVERAGE         34                        40     -6       51

PRECIPITATION (IN)
  YESTERDAY        0.71          1.90 1987   0.19   0.52     0.49
  MONTH TO DATE    2.04                      1.73   0.31     6.66
  SINCE OCT 1     20.35                     11.67   8.68    16.38
  SINCE JAN 1     45.62                     35.38  10.24    34.48

DEGREE DAYS
 HEATING
  YESTERDAY       31                        25      6       14
  MONTH TO DATE  244                       216     28      148
  SINCE JUL 1   1146                      1438   -292     1114

 COOLING
  YESTERDAY        0                         0      0        0
  MONTH TO DATE    0                         0      0        0
  SINCE JAN 1    363                       215    148      530
..................................................................


WIND (MPH)
  HIGHEST WIND SPEED    10   HIGHEST WIND DIRECTION    NW (320)
  HIGHEST GUST SPEED    14   HIGHEST GUST DIRECTION    NW (310)
  AVERAGE WIND SPEED     1.5


SKY COVER
  POSSIBLE SUNSHINE  MM
  AVERAGE SKY COVER 1.0


WEATHER CONDITIONS
 THE FOLLOWING WEATHER WAS RECORDED YESTERDAY.
  RAIN
  LIGHT RAIN
  FOG
  FOG W/VISIBILITY <= 1/4 MILE


RELATIVE HUMIDITY (PERCENT)
 HIGHEST   100           200 PM
 LOWEST     89           200 AM
 AVERAGE    95

..........................................................


THE MCMINNVILLE OR CLIMATE NORMALS FOR TODAY
                         NORMAL    RECORD    YEAR
 MAXIMUM TEMPERATURE (F)   46        63      2014
 MINIMUM TEMPERATURE (F)   34        -5      1972


SUNRISE AND SUNSET
DECEMBER 10 2016......SUNRISE   741 AM PST   SUNSET   430 PM PST
DECEMBER 11 2016......SUNRISE   742 AM PST   SUNSET   430 PM PST


-  INDICATES NEGATIVE NUMBERS.
R  INDICATES RECORD WAS SET OR TIED.
MM INDICATES DATA IS MISSING.
T  INDICATES TRACE AMOUNT.




$$
