000
CDUS46 KMFR 202326
CLIMMV


CLIMATE REPORT
NATIONAL WEATHER SERVICE PORTLAND OREGON
425 PM PDT SUN APR 20 2014


...................................

...THE MCMINNVILLE OR CLIMATE SUMMARY FOR APRIL 20 2014...
VALID TODAY AS OF 0400 PM LOCAL TIME.

CLIMATE NORMAL PERIOD 1981 TO 2010
CLIMATE RECORD PERIOD 1894 TO 2014


WEATHER ITEM   OBSERVED TIME   RECORD YEAR NORMAL DEPARTURE LAST
                VALUE   (LST)  VALUE       VALUE  FROM      YEAR
                                                  NORMAL
..................................................................
TEMPERATURE (F)
 TODAY
  MAXIMUM         MM        MM  90    1906  62     MM       61
  MINIMUM         MM        MM  27    1952  40     MM       42
  AVERAGE         MM                        51     MM       52

PRECIPITATION (IN)
  TODAY            0.00          0.68 1980   0.10  -0.10     0.00
  MONTH TO DATE    1.28                      2.12  -0.84     1.69
  SINCE OCT 1     21.85                     32.72 -10.87    27.43
  SINCE JAN 1     16.89                     16.69   0.20     6.29

DEGREE DAYS
 HEATING
  TODAY           MM                        14     MM       13
  MONTH TO DATE  244                       313    -69      299
  SINCE JUL 1   4175                      4264    -89     3915

 COOLING
  TODAY           MM                         0     MM        0
  MONTH TO DATE    0                         0      0        0
  SINCE JAN 1      0                         0      0        0
..................................................................


WIND (MPH)
  HIGHEST WIND SPEED     5   HIGHEST WIND DIRECTION     W (260)
  HIGHEST GUST SPEED    MM   HIGHEST GUST DIRECTION    MM
  AVERAGE WIND SPEED     1.8


SKY COVER
  POSSIBLE SUNSHINE  MM
  AVERAGE SKY COVER 0.5


WEATHER CONDITIONS
 THE FOLLOWING WEATHER WAS RECORDED TODAY.
  FOG


RELATIVE HUMIDITY (PERCENT)
 HIGHEST   100          1200 AM
 LOWEST     52           300 PM
 AVERAGE    76

..........................................................


THE MCMINNVILLE OR CLIMATE NORMALS FOR TOMORROW
                         NORMAL    RECORD    YEAR
 MAXIMUM TEMPERATURE (F)   62        81      1956
 MINIMUM TEMPERATURE (F)   40        27      1970


SUNRISE AND SUNSET
APRIL 20 2014.........SUNRISE   519 AM PST   SUNSET   705 PM PST
APRIL 21 2014.........SUNRISE   517 AM PST   SUNSET   706 PM PST


-  INDICATES NEGATIVE NUMBERS.
R  INDICATES RECORD WAS SET OR TIED.
MM INDICATES DATA IS MISSING.
T  INDICATES TRACE AMOUNT.




$$
