000
CDUS46 KPQR 271146
CLIMMV


CLIMATE REPORT
NATIONAL WEATHER SERVICE PORTLAND OREGON
346 AM PST FRI FEB 27 2015


...................................

...THE MCMINNVILLE OR CLIMATE SUMMARY FOR FEBRUARY 26 2015...

CLIMATE NORMAL PERIOD 1981 TO 2010
CLIMATE RECORD PERIOD 1894 TO 2015


WEATHER ITEM   OBSERVED TIME   RECORD YEAR NORMAL DEPARTURE LAST
                VALUE   (LST)  VALUE       VALUE  FROM      YEAR
                                                  NORMAL
..................................................................
TEMPERATURE (F)
 YESTERDAY
  MAXIMUM         54    513 PM  69    1968  53      1       53
  MINIMUM         47    707 AM  14    1962  35     12       40
  AVERAGE         51                        44      7       47

PRECIPITATION (IN)
  YESTERDAY        0.04          1.83 1999   0.16  -0.12     0.00
  MONTH TO DATE    4.94                      4.10   0.84     5.43
  SINCE OCT 1     24.49                     26.23  -1.74    13.08
  SINCE JAN 1      8.25                     10.20  -1.95     8.12

DEGREE DAYS
 HEATING
  YESTERDAY       14                        21     -7       18
  MONTH TO DATE  412                       583   -171      619
  SINCE JUL 1   2445                      3338   -893     3390

 COOLING
  YESTERDAY        0                         0      0        0
  MONTH TO DATE    0                         0      0        0
  SINCE JAN 1      0                         0      0        0
..................................................................


WIND (MPH)
  HIGHEST WIND SPEED    14   HIGHEST WIND DIRECTION    SW (210)
  HIGHEST GUST SPEED    17   HIGHEST GUST DIRECTION    SW (220)
  AVERAGE WIND SPEED     6.4


SKY COVER
  POSSIBLE SUNSHINE  MM
  AVERAGE SKY COVER 0.9


WEATHER CONDITIONS
 THE FOLLOWING WEATHER WAS RECORDED YESTERDAY.
  LIGHT RAIN
  FOG
  HAZE


RELATIVE HUMIDITY (PERCENT)
 HIGHEST    93           600 AM
 LOWEST     83          1000 AM
 AVERAGE    88

..........................................................


THE MCMINNVILLE OR CLIMATE NORMALS FOR TODAY
                         NORMAL    RECORD    YEAR
 MAXIMUM TEMPERATURE (F)   53        70      1968
 MINIMUM TEMPERATURE (F)   35        16      1962


SUNRISE AND SUNSET
FEBRUARY 27 2015......SUNRISE   654 AM PST   SUNSET   557 PM PST
FEBRUARY 28 2015......SUNRISE   653 AM PST   SUNSET   558 PM PST


-  INDICATES NEGATIVE NUMBERS.
R  INDICATES RECORD WAS SET OR TIED.
MM INDICATES DATA IS MISSING.
T  INDICATES TRACE AMOUNT.




$$
