000
CDUS44 KMOB 030636
CLIMOB


CLIMATE REPORT
NATIONAL WEATHER SERVICE MOBILE AL
125 AM CDT TUE MAY 3 2016


...................................

...THE MOBILE CLIMATE SUMMARY FOR MAY 2 2016...

CLIMATE NORMAL PERIOD 1981 TO 2010
CLIMATE RECORD PERIOD 1842 TO 2016


WEATHER ITEM   OBSERVED TIME   RECORD YEAR NORMAL DEPARTURE LAST
                VALUE   (LST)  VALUE       VALUE  FROM      YEAR
                                                  NORMAL
..................................................................
TEMPERATURE (F)
 YESTERDAY
  MAXIMUM         83   1200 PM  90    1955  81      2       80
  MINIMUM         66   1158 PM  47    2015  60      6       47
  AVERAGE         75                        71      4       64

PRECIPITATION (IN)
  YESTERDAY        0.05          6.80 2012   0.15  -0.10     0.00
  MONTH TO DATE    0.10                      0.30  -0.20     0.00
  SINCE MAR 1     16.15                     11.23   4.92    17.86
  SINCE JAN 1     25.60                     22.00   3.60    23.91

DEGREE DAYS
 COOLING
  YESTERDAY       10                         6      4        0
  MONTH TO DATE   19                        12      7        2
  SINCE MAR 1    191                       155     36      277
  SINCE JAN 1    205                       171     34      281
..................................................................


WIND (MPH)
  HIGHEST WIND SPEED    16   HIGHEST WIND DIRECTION     S (180)
  HIGHEST GUST SPEED    21   HIGHEST GUST DIRECTION     S (180)
  AVERAGE WIND SPEED     4.8


SKY COVER
  POSSIBLE SUNSHINE  MM
  AVERAGE SKY COVER 0.5


WEATHER CONDITIONS
 THE FOLLOWING WEATHER WAS RECORDED YESTERDAY.
  THUNDERSTORM
  LIGHT RAIN
  FOG
  HAZE


RELATIVE HUMIDITY (PERCENT)
 HIGHEST   100           100 AM
 LOWEST     74          1000 AM
 AVERAGE    87

..........................................................


THE MOBILE CLIMATE NORMALS FOR TODAY
                         NORMAL    RECORD    YEAR
 MAXIMUM TEMPERATURE (F)   82        90      1952
 MINIMUM TEMPERATURE (F)   60        47      2004


SUNRISE AND SUNSET
MAY  3 2016...........SUNRISE   607 AM CDT   SUNSET   733 PM CDT
MAY  4 2016...........SUNRISE   606 AM CDT   SUNSET   734 PM CDT


-  INDICATES NEGATIVE NUMBERS.
R  INDICATES RECORD WAS SET OR TIED.
MM INDICATES DATA IS MISSING.
T  INDICATES TRACE AMOUNT.




$$
