000
CDUS44 KMOB 280645
CLIMOB


CLIMATE REPORT
NATIONAL WEATHER SERVICE MOBILE AL
145 AM CDT FRI JUL 28 2017


...................................

...THE MOBILE CLIMATE SUMMARY FOR JULY 27 2017...

CLIMATE NORMAL PERIOD 1981 TO 2010
CLIMATE RECORD PERIOD 1842 TO 2017


WEATHER ITEM   OBSERVED TIME   RECORD YEAR NORMAL DEPARTURE LAST
                VALUE   (LST)  VALUE       VALUE  FROM      YEAR
                                                  NORMAL
..................................................................
TEMPERATURE (F)
 YESTERDAY
  MAXIMUM         94   1221 PM  99    1968  91      3       90
                                      1875
  MINIMUM         74    448 AM  67    1911  73      1       74
  AVERAGE         84                        82      2       82

PRECIPITATION (IN)
  YESTERDAY        0.78          2.63 1897   0.23   0.55     0.01
  MONTH TO DATE    3.03                      6.29  -3.26     6.36
  SINCE MAR 1     37.17                     28.47   8.70    32.54
  SINCE JAN 1     49.38                     39.24  10.14    41.99

DEGREE DAYS
 COOLING
  YESTERDAY       19                        17      2       17
  MONTH TO DATE  473                       457     16      490
  SINCE JUN 1    892                       901     -9      970
  SINCE JAN 1   1493                      1346    147     1429
..................................................................


WIND (MPH)
  HIGHEST WIND SPEED    26   HIGHEST WIND DIRECTION     N (20)
  HIGHEST GUST SPEED    36   HIGHEST GUST DIRECTION    NE (30)
  AVERAGE WIND SPEED     3.4


SKY COVER
  POSSIBLE SUNSHINE  MM
  AVERAGE SKY COVER 0.3


WEATHER CONDITIONS
 THE FOLLOWING WEATHER WAS RECORDED YESTERDAY.
  THUNDERSTORM
  HEAVY RAIN
  RAIN
  LIGHT RAIN


RELATIVE HUMIDITY (PERCENT)
 HIGHEST    94          1200 AM
 LOWEST     52          1200 PM
 AVERAGE    73

..........................................................


THE MOBILE CLIMATE NORMALS FOR TODAY
                         NORMAL    RECORD    YEAR
 MAXIMUM TEMPERATURE (F)   91       100      1968
 MINIMUM TEMPERATURE (F)   73        67      1994


SUNRISE AND SUNSET
JULY 28 2017..........SUNRISE   608 AM CDT   SUNSET   750 PM CDT
JULY 29 2017..........SUNRISE   609 AM CDT   SUNSET   749 PM CDT


-  INDICATES NEGATIVE NUMBERS.
R  INDICATES RECORD WAS SET OR TIED.
MM INDICATES DATA IS MISSING.
T  INDICATES TRACE AMOUNT.




$$
