000
CDUS44 KMOB 250645
CLIMOB


CLIMATE REPORT
NATIONAL WEATHER SERVICE MOBILE AL
145 AM CDT WED MAY 25 2016


...................................

...THE MOBILE CLIMATE SUMMARY FOR MAY 24 2016...

CLIMATE NORMAL PERIOD 1981 TO 2010
CLIMATE RECORD PERIOD 1842 TO 2016


WEATHER ITEM   OBSERVED TIME   RECORD YEAR NORMAL DEPARTURE LAST
                VALUE   (LST)  VALUE       VALUE  FROM      YEAR
                                                  NORMAL
..................................................................
TEMPERATURE (F)
 YESTERDAY
  MAXIMUM         86    124 PM  97    2005  86      0       86
                                      1878
  MINIMUM         59    508 AM  52    1951  66     -7       73
                                      1883
  AVERAGE         73                        76     -3       80

PRECIPITATION (IN)
  YESTERDAY        0.00          1.88 1976   0.17  -0.17     0.44
  MONTH TO DATE    2.48                      3.92  -1.44     6.71
  SINCE MAR 1     18.53                     14.85   3.68    24.57
  SINCE JAN 1     27.98                     25.62   2.36    30.62

DEGREE DAYS
 COOLING
  YESTERDAY        8                        11     -3       15
  MONTH TO DATE  185                       203    -18      237
  SINCE MAR 1    357                       346     11      512
  SINCE JAN 1    371                       362      9      516
..................................................................


WIND (MPH)
  HIGHEST WIND SPEED    15   HIGHEST WIND DIRECTION    SE (150)
  HIGHEST GUST SPEED    19   HIGHEST GUST DIRECTION    SE (150)
  AVERAGE WIND SPEED     4.5


SKY COVER
  POSSIBLE SUNSHINE  MM
  AVERAGE SKY COVER 0.1


WEATHER CONDITIONS
 THE FOLLOWING WEATHER WAS RECORDED YESTERDAY.
  NO SIGNIFICANT WEATHER WAS OBSERVED.


RELATIVE HUMIDITY (PERCENT)
 HIGHEST   100           100 AM
 LOWEST     37           400 PM
 AVERAGE    69

..........................................................


THE MOBILE CLIMATE NORMALS FOR TODAY
                         NORMAL    RECORD    YEAR
 MAXIMUM TEMPERATURE (F)   86        97      1962
 MINIMUM TEMPERATURE (F)   66        53      1979


SUNRISE AND SUNSET
MAY 25 2016...........SUNRISE   553 AM CDT   SUNSET   747 PM CDT
MAY 26 2016...........SUNRISE   552 AM CDT   SUNSET   748 PM CDT


-  INDICATES NEGATIVE NUMBERS.
R  INDICATES RECORD WAS SET OR TIED.
MM INDICATES DATA IS MISSING.
T  INDICATES TRACE AMOUNT.




$$
