000
CDUS44 KMOB 290645
CLIMOB


CLIMATE REPORT
NATIONAL WEATHER SERVICE MOBILE AL
145 AM CDT SAT AUG 29 2015


...................................

...THE MOBILE CLIMATE SUMMARY FOR AUGUST 28 2015...

CLIMATE NORMAL PERIOD 1981 TO 2010
CLIMATE RECORD PERIOD 1842 TO 2015


WEATHER ITEM   OBSERVED TIME   RECORD YEAR NORMAL DEPARTURE LAST
                VALUE   (LST)  VALUE       VALUE  FROM      YEAR
                                                  NORMAL
..................................................................
TEMPERATURE (F)
 YESTERDAY
  MAXIMUM         90    247 PM  97    2000  90      0       90
                                      1954
                                      1909
  MINIMUM         66R   328 AM  66    2013  72     -6       72
                                      1992
                                      1952
  AVERAGE         78                        81     -3       81

PRECIPITATION (IN)
  YESTERDAY        0.00          4.15 2012   0.18  -0.18     1.03
  MONTH TO DATE    3.21                      6.42  -3.21     2.81
  SINCE MAR 1     41.02                     35.85   5.17    50.26
  SINCE JAN 1     47.07                     46.62   0.45    57.38

DEGREE DAYS
 COOLING
  YESTERDAY       13                        16     -3       16
  MONTH TO DATE  468                       471     -3      484
  SINCE JUN 1   1524                      1437     87     1357
  SINCE JAN 1   2124                      1882    242     1695
..................................................................


WIND (MPH)
  HIGHEST WIND SPEED    15   HIGHEST WIND DIRECTION    SE (140)
  HIGHEST GUST SPEED    17   HIGHEST GUST DIRECTION    SE (130)
  AVERAGE WIND SPEED     3.9


SKY COVER
  POSSIBLE SUNSHINE  MM
  AVERAGE SKY COVER 0.2


WEATHER CONDITIONS
 THE FOLLOWING WEATHER WAS RECORDED YESTERDAY.
  NO SIGNIFICANT WEATHER WAS OBSERVED.


RELATIVE HUMIDITY (PERCENT)
 HIGHEST    97          1100 PM
 LOWEST     44           100 PM
 AVERAGE    71

..........................................................


THE MOBILE CLIMATE NORMALS FOR TODAY
                         NORMAL    RECORD    YEAR
 MAXIMUM TEMPERATURE (F)   90       105      2000
 MINIMUM TEMPERATURE (F)   72        61      1992


SUNRISE AND SUNSET
AUGUST 29 2015........SUNRISE   628 AM CDT   SUNSET   720 PM CDT
AUGUST 30 2015........SUNRISE   628 AM CDT   SUNSET   719 PM CDT


-  INDICATES NEGATIVE NUMBERS.
R  INDICATES RECORD WAS SET OR TIED.
MM INDICATES DATA IS MISSING.
T  INDICATES TRACE AMOUNT.




$$
