000
CDUS44 KMOB 220645
CLIMOB


CLIMATE REPORT
NATIONAL WEATHER SERVICE MOBILE AL
145 AM CDT TUE JUL 22 2014


...................................

...THE MOBILE CLIMATE SUMMARY FOR JULY 21 2014...

CLIMATE NORMAL PERIOD 1981 TO 2010
CLIMATE RECORD PERIOD 1842 TO 2014


WEATHER ITEM   OBSERVED TIME   RECORD YEAR NORMAL DEPARTURE LAST
                VALUE   (LST)  VALUE       VALUE  FROM      YEAR
                                                  NORMAL
..................................................................
TEMPERATURE (F)
 YESTERDAY
  MAXIMUM         89    403 PM  98    1942  91     -2       88
                                      1907
  MINIMUM         72    704 AM  67    1939  73     -1       73
  AVERAGE         81                        82     -1       81

PRECIPITATION (IN)
  YESTERDAY        0.00          4.68 1946   0.23  -0.23     0.33
  MONTH TO DATE    5.16                      4.89   0.27     7.75
  SINCE MAR 1     44.69                     27.07  17.62    26.22
  SINCE JAN 1     51.81                     37.84  13.97    40.40

DEGREE DAYS
 COOLING
  YESTERDAY       16                        17     -1       16
  MONTH TO DATE  315                       355    -40      314
  SINCE JUN 1    725                       799    -74      800
  SINCE JAN 1   1063                      1244   -181     1164
..................................................................


WIND (MPH)
  HIGHEST WIND SPEED    10   HIGHEST WIND DIRECTION     W (280)
  HIGHEST GUST SPEED    15   HIGHEST GUST DIRECTION     W (280)
  AVERAGE WIND SPEED     3.0


SKY COVER
  POSSIBLE SUNSHINE  MM
  AVERAGE SKY COVER 0.8


WEATHER CONDITIONS
 THE FOLLOWING WEATHER WAS RECORDED YESTERDAY.
  THUNDERSTORM
  FOG
  HAZE


RELATIVE HUMIDITY (PERCENT)
 HIGHEST   100          1200 AM
 LOWEST     50           100 PM
 AVERAGE    75

..........................................................


THE MOBILE CLIMATE NORMALS FOR TODAY
                         NORMAL    RECORD    YEAR
 MAXIMUM TEMPERATURE (F)   91        98      1907
 MINIMUM TEMPERATURE (F)   73        67      1956
                                             1950
                                             1947


SUNRISE AND SUNSET
JULY 22 2014..........SUNRISE   605 AM CDT   SUNSET   754 PM CDT
JULY 23 2014..........SUNRISE   605 AM CDT   SUNSET   753 PM CDT


-  INDICATES NEGATIVE NUMBERS.
R  INDICATES RECORD WAS SET OR TIED.
MM INDICATES DATA IS MISSING.
T  INDICATES TRACE AMOUNT.




$$
