000
CDUS46 KSTO 230843
CLIMOD


CLIMATE REPORT
NATIONAL WEATHER SERVICE SACRAMENTO, CA
1243 AM PST THU NOV 23 2017


...................................

...THE MODESTO CA CLIMATE SUMMARY FOR NOVEMBER 22 2017...

CLIMATE NORMAL PERIOD 1981 TO 2010
CLIMATE RECORD PERIOD 1931 TO 2017


WEATHER ITEM   OBSERVED TIME   RECORD YEAR NORMAL DEPARTURE LAST
                VALUE   (LST)  VALUE       VALUE  FROM      YEAR
                                                  NORMAL
..................................................................
TEMPERATURE (F)
 YESTERDAY
  MAXIMUM         73R   312 PM  73    1933  63     10       63
  MINIMUM         48    522 AM  29    1931  43      5       42
  AVERAGE         61

PRECIPITATION (IN)
  YESTERDAY        0.00          0.70 1965   0.05  -0.05     0.00
  MONTH TO DATE    0.60                      0.95  -0.35     0.43
  SINCE OCT 1      0.72                      1.63  -0.91     2.48
  SINCE JAN 1     12.62                     10.66   1.96    13.68

SNOWFALL (IN)
  YESTERDAY        0.0           0.0  2002
                                      2001
  MONTH TO DATE    0.0
  SINCE SEP 1      0.0
  SINCE JUL 1      0.0
  SNOW DEPTH       0

DEGREE DAYS
 HEATING
  YESTERDAY        4                        12     -8       12
  MONTH TO DATE  159                       190    -31       79
  SINCE SEP 1    206                       253    -47      103
  SINCE JUL 1    206                       253    -47      103

 COOLING
  YESTERDAY        0                         0      0        0
  MONTH TO DATE    0                         0      0        7
  SINCE SEP 1    383                       360     23      365
  SINCE JAN 1   2118                      1696    422     1982
..................................................................


WIND (MPH)
  RESULTANT WIND SPEED   1   RESULTANT WIND DIRECTION  NW (310)
  HIGHEST WIND SPEED     7   HIGHEST WIND DIRECTION    NW (310)
  HIGHEST GUST SPEED     8   HIGHEST GUST DIRECTION    NW (320)


SKY COVER
  POSSIBLE SUNSHINE  MM
  AVERAGE SKY COVER 0.3


WEATHER CONDITIONS
 THE FOLLOWING WEATHER WAS RECORDED YESTERDAY.
  FOG
  FOG W/VISIBILITY <= 1/4 MILE
  HAZE


RELATIVE HUMIDITY (PERCENT)
 HIGHEST   100           400 AM
 LOWEST     49           200 PM
 AVERAGE    75

..........................................................


THE MODESTO CA CLIMATE NORMALS FOR TODAY
                         NORMAL    RECORD    YEAR
 MAXIMUM TEMPERATURE (F)   62        76      1939
 MINIMUM TEMPERATURE (F)   43        26      1947


SUNRISE AND SUNSET
NOVEMBER 23 2017......SUNRISE   652 AM PST   SUNSET   448 PM PST
NOVEMBER 24 2017......SUNRISE   653 AM PST   SUNSET   447 PM PST


-  INDICATES NEGATIVE NUMBERS.
R  INDICATES RECORD WAS SET OR TIED.
MM INDICATES DATA IS MISSING.
T  INDICATES TRACE AMOUNT.




$$
