000
CDUS46 KSTO 260041
CLIMOD


CLIMATE REPORT
NATIONAL WEATHER SERVICE SACRAMENTO, CA
541 PM PDT TUE APR 25 2017


...................................

...THE MODESTO CA CLIMATE SUMMARY FOR APRIL 25 2017...
VALID TODAY AS OF 0500 PM LOCAL TIME.

CLIMATE NORMAL PERIOD 1981 TO 2010
CLIMATE RECORD PERIOD 1931 TO 2017


WEATHER ITEM   OBSERVED TIME   RECORD YEAR NORMAL DEPARTURE LAST
                VALUE   (LST)  VALUE       VALUE  FROM      YEAR
                                                  NORMAL
..................................................................
TEMPERATURE (F)
 TODAY
  MAXIMUM         73    234 PM  92    2004  77     -4       71
  MINIMUM         50    315 AM  38    1971  51     -1       50
  AVERAGE         62

PRECIPITATION (IN)
  TODAY            0.00          0.91 1978   0.03  -0.03     0.00
  MONTH TO DATE    1.48                      0.84   0.64     1.54
  SINCE OCT 1     16.78                     11.95   4.83    15.33
  SINCE JAN 1     11.75                      7.87   3.88    10.92

SNOWFALL (IN)
  TODAY            0.0          MM      MM
  MONTH TO DATE    0.0
  SINCE MAR 1      0.0
  SINCE JUL 1      0.0

DEGREE DAYS
 HEATING
  TODAY            3                         3      0        4
  MONTH TO DATE   90                       117    -27       42
  SINCE MAR 1    270                       354    -84      217
  SINCE JUL 1   1786                      2122   -336     1809

 COOLING
  TODAY            0                         2     -2        0
  MONTH TO DATE    4                        27    -23       45
  SINCE MAR 1     10                        32    -22       45
  SINCE JAN 1     10                        32    -22       45
..................................................................


WIND (MPH)
  RESULTANT WIND SPEED  12   RESULTANT WIND DIRECTION  NW (310)
  HIGHEST WIND SPEED    22   HIGHEST WIND DIRECTION     W (270)
  HIGHEST GUST SPEED    28   HIGHEST GUST DIRECTION     W (270)


SKY COVER
  POSSIBLE SUNSHINE  MM
  AVERAGE SKY COVER 0.0


WEATHER CONDITIONS
 THE FOLLOWING WEATHER WAS RECORDED TODAY.
  NO SIGNIFICANT WEATHER WAS OBSERVED.


RELATIVE HUMIDITY (PERCENT)
 HIGHEST    83           300 AM
 LOWEST     31           200 PM
 AVERAGE    57

..........................................................


THE MODESTO CA CLIMATE NORMALS FOR TOMORROW
                         NORMAL    RECORD    YEAR
 MAXIMUM TEMPERATURE (F)   78        96      2004
 MINIMUM TEMPERATURE (F)   51        38      1943


SUNRISE AND SUNSET
APRIL 25 2017.........SUNRISE   615 AM PDT   SUNSET   749 PM PDT
APRIL 26 2017.........SUNRISE   614 AM PDT   SUNSET   750 PM PDT


-  INDICATES NEGATIVE NUMBERS.
R  INDICATES RECORD WAS SET OR TIED.
MM INDICATES DATA IS MISSING.
T  INDICATES TRACE AMOUNT.




$$
