000
CDUS46 KSTO 200852
CLIMOD


CLIMATE REPORT
NATIONAL WEATHER SERVICE SACRAMENTO, CA
1252 AM PST MON FEB 20 2017


...................................

...THE MODESTO CA CLIMATE SUMMARY FOR FEBRUARY 19 2017...

CLIMATE NORMAL PERIOD 1981 TO 2010
CLIMATE RECORD PERIOD 1931 TO 2017


WEATHER ITEM   OBSERVED TIME   RECORD YEAR NORMAL DEPARTURE LAST
                VALUE   (LST)  VALUE       VALUE  FROM      YEAR
                                                  NORMAL
..................................................................
TEMPERATURE (F)
 YESTERDAY
  MAXIMUM         55   1144 PM  76    1977  64     -9       65
  MINIMUM         44    707 AM  29    1955  44      0       41
  AVERAGE         50

PRECIPITATION (IN)
  YESTERDAY        0.10          0.90 1958   0.08   0.02     0.00
  MONTH TO DATE    2.49                      1.63   0.86     0.55
  SINCE OCT 1     13.04                      8.32   4.72     9.99
  SINCE JAN 1      8.01                      4.24   3.77     5.58

SNOWFALL (IN)
  YESTERDAY       MM            MM      MM
  MONTH TO DATE    0.0
  SINCE DEC 1      0.0
  SINCE JUL 1      0.0
  SNOW DEPTH       0

DEGREE DAYS
 HEATING
  YESTERDAY       15                        11      4       12
  MONTH TO DATE  158                       245    -87      191
  SINCE DEC 1   1176                      1316   -140     1150
  SINCE JUL 1   1389                      1677   -288     1521

 COOLING
  YESTERDAY        0                         0      0        0
  MONTH TO DATE    0                         0      0        0
  SINCE DEC 1      0                         0      0        0
  SINCE JAN 1      0                         0      0        0
..................................................................


WIND (MPH)
  RESULTANT WIND SPEED   6   RESULTANT WIND DIRECTION  SE (140)
  HIGHEST WIND SPEED    21   HIGHEST WIND DIRECTION    SE (130)
  HIGHEST GUST SPEED    32   HIGHEST GUST DIRECTION    SE (140)


SKY COVER
  POSSIBLE SUNSHINE  MM
  AVERAGE SKY COVER 0.8


WEATHER CONDITIONS
 THE FOLLOWING WEATHER WAS RECORDED YESTERDAY.
  LIGHT RAIN


RELATIVE HUMIDITY (PERCENT)
 HIGHEST    89           300 PM
 LOWEST     64          1000 AM
 AVERAGE    77

..........................................................


THE MODESTO CA CLIMATE NORMALS FOR TODAY
                         NORMAL    RECORD    YEAR
 MAXIMUM TEMPERATURE (F)   64        73      1995
 MINIMUM TEMPERATURE (F)   44        28      1955


SUNRISE AND SUNSET
FEBRUARY 20 2017......SUNRISE   647 AM PST   SUNSET   549 PM PST
FEBRUARY 21 2017......SUNRISE   645 AM PST   SUNSET   550 PM PST


-  INDICATES NEGATIVE NUMBERS.
R  INDICATES RECORD WAS SET OR TIED.
MM INDICATES DATA IS MISSING.
T  INDICATES TRACE AMOUNT.




$$
