218
CDUS46 KSTO 240041
CLIMOD


CLIMATE REPORT
NATIONAL WEATHER SERVICE SACRAMENTO, CA
541 PM PDT THU MAR 23 2017


...................................

...THE MODESTO CA CLIMATE SUMMARY FOR MARCH 23 2017...
VALID TODAY AS OF 0500 PM LOCAL TIME.

CLIMATE NORMAL PERIOD 1981 TO 2010
CLIMATE RECORD PERIOD 1931 TO 2017


WEATHER ITEM   OBSERVED TIME   RECORD YEAR NORMAL DEPARTURE LAST
                VALUE   (LST)  VALUE       VALUE  FROM      YEAR
                                                  NORMAL
..................................................................
TEMPERATURE (F)
 TODAY
  MAXIMUM         66    356 PM  80    1984  70     -4       70
  MINIMUM         43    628 AM  31    1954  47     -4       47
  AVERAGE         55

PRECIPITATION (IN)
  TODAY            0.00          0.77 1987   0.06  -0.06     0.00
  MONTH TO DATE    1.17                      1.64  -0.47     3.79
  SINCE OCT 1     15.20                     10.71   4.49    13.78
  SINCE JAN 1     10.17                      6.63   3.54     9.37

SNOWFALL (IN)
  TODAY            0.0          MM      MM
  MONTH TO DATE    0.0
  SINCE MAR 1      0.0
  SINCE JUL 1      0.0

DEGREE DAYS
 HEATING
  TODAY           10                         7      3        6
  MONTH TO DATE  136                       184    -48      133
  SINCE MAR 1    136                       184    -48      133
  SINCE JUL 1   1652                      1952   -300     1725

 COOLING
  TODAY            0                         0      0        0
  MONTH TO DATE    6                         0      6        0
  SINCE MAR 1      6                         0      6        0
  SINCE JAN 1      6                         0      6        0
..................................................................


WIND (MPH)
  RESULTANT WIND SPEED   4   RESULTANT WIND DIRECTION  NW (320)
  HIGHEST WIND SPEED    10   HIGHEST WIND DIRECTION     W (260)
  HIGHEST GUST SPEED    13   HIGHEST GUST DIRECTION     W (290)


SKY COVER
  POSSIBLE SUNSHINE  MM
  AVERAGE SKY COVER 0.1


WEATHER CONDITIONS
 THE FOLLOWING WEATHER WAS RECORDED TODAY.
  NO SIGNIFICANT WEATHER WAS OBSERVED.


RELATIVE HUMIDITY (PERCENT)
 HIGHEST    93           700 AM
 LOWEST     42           300 PM
 AVERAGE    68

..........................................................


THE MODESTO CA CLIMATE NORMALS FOR TOMORROW
                         NORMAL    RECORD    YEAR
 MAXIMUM TEMPERATURE (F)   70        82      2014
                                             2007
 MINIMUM TEMPERATURE (F)   47        33      1935


SUNRISE AND SUNSET
MARCH 23 2017.........SUNRISE   702 AM PDT   SUNSET   719 PM PDT
MARCH 24 2017.........SUNRISE   701 AM PDT   SUNSET   720 PM PDT


-  INDICATES NEGATIVE NUMBERS.
R  INDICATES RECORD WAS SET OR TIED.
MM INDICATES DATA IS MISSING.
T  INDICATES TRACE AMOUNT.




$$
