000
CDUS46 KSTO 290835
CLIMOD


CLIMATE REPORT
NATIONAL WEATHER SERVICE SACRAMENTO, CA
1235 AM PST MON DEC 29 2014


...................................

...THE MODESTO CA CLIMATE SUMMARY FOR DECEMBER 28 2014...

CLIMATE NORMAL PERIOD 1981 TO 2010
CLIMATE RECORD PERIOD 1931 TO 2014


WEATHER ITEM   OBSERVED TIME   RECORD YEAR NORMAL DEPARTURE LAST
                VALUE   (LST)  VALUE       VALUE  FROM      YEAR
                                                  NORMAL
..................................................................
TEMPERATURE (F)
 YESTERDAY
  MAXIMUM         56    356 PM  69    1973  54      2       62
  MINIMUM         36   1159 PM  25    1962  39     -3       34
  AVERAGE         46

PRECIPITATION (IN)
  YESTERDAY        0.00          0.99 2001   0.08  -0.08     0.00
  MONTH TO DATE    5.67                      1.82   3.85     0.25
  SINCE JUL 1      7.70                      4.14   3.56     1.49
  SINCE JAN 1     13.21                     12.89   0.32     4.70

SNOWFALL (IN)
  YESTERDAY        0.0          MM      MM
  MONTH TO DATE    0.0
  SINCE DEC 1      0.0
  SINCE JUL 1      0.0
  SNOW DEPTH       0

DEGREE DAYS
 HEATING
  YESTERDAY       19                        19      0       17
  MONTH TO DATE  308                       480   -172      552
  SINCE DEC 1    308                       480   -172      552
  SINCE JUL 1    606                       841   -235      923

 COOLING
  YESTERDAY        0                         0      0        0
  MONTH TO DATE    0                         0      0        0
  SINCE DEC 1      0                         0      0        0
  SINCE JAN 1   1855                      1699    156     1718
..................................................................


WIND (MPH)
  RESULTANT WIND SPEED   0   RESULTANT WIND DIRECTION  NW (320)
  HIGHEST WIND SPEED     7   HIGHEST WIND DIRECTION    NW (300)
  HIGHEST GUST SPEED    11   HIGHEST GUST DIRECTION     N (340)


SKY COVER
  POSSIBLE SUNSHINE  MM
  AVERAGE SKY COVER 0.0


WEATHER CONDITIONS
 THE FOLLOWING WEATHER WAS RECORDED YESTERDAY.
  FOG
  HAZE


RELATIVE HUMIDITY (PERCENT)
 HIGHEST    92           500 AM
 LOWEST     47           400 PM
 AVERAGE    70

..........................................................


THE MODESTO CA CLIMATE NORMALS FOR TODAY
                         NORMAL    RECORD    YEAR
 MAXIMUM TEMPERATURE (F)   54        65      1977
 MINIMUM TEMPERATURE (F)   39        26      1962


SUNRISE AND SUNSET
DECEMBER 29 2014......SUNRISE   718 AM PST   SUNSET   454 PM PST
DECEMBER 30 2014......SUNRISE   718 AM PST   SUNSET   455 PM PST


-  INDICATES NEGATIVE NUMBERS.
R  INDICATES RECORD WAS SET OR TIED.
MM INDICATES DATA IS MISSING.
T  INDICATES TRACE AMOUNT.




$$
