000
CDUS46 KSTO 240847
CLIMOD


CLIMATE REPORT
NATIONAL WEATHER SERVICE SACRAMENTO, CA
147 AM PDT SUN SEP 24 2017


...................................

...THE MODESTO CA CLIMATE SUMMARY FOR SEPTEMBER 23 2017...

CLIMATE NORMAL PERIOD 1981 TO 2010
CLIMATE RECORD PERIOD 1931 TO 2017


WEATHER ITEM   OBSERVED TIME   RECORD YEAR NORMAL DEPARTURE LAST
                VALUE   (LST)  VALUE       VALUE  FROM      YEAR
                                                  NORMAL
..................................................................
TEMPERATURE (F)
 YESTERDAY
  MAXIMUM         80    431 PM 104    1939  88     -8       84
  MINIMUM         53    614 AM  44    1945  58     -5       55
  AVERAGE         67

PRECIPITATION (IN)
  YESTERDAY        0.00          0.52 1982   0.01  -0.01     0.00
  MONTH TO DATE    T                         0.16  -0.16      T
  SINCE OCT 1     16.93                     13.01   3.92    15.61
  SINCE JAN 1     11.90                      8.93   2.97    11.20

SNOWFALL (IN)
  YESTERDAY        0.0          MM      MM
  MONTH TO DATE    0.0
  SINCE SEP 1      0.0
  SINCE JUL 1      0.0
  SNOW DEPTH       0

DEGREE DAYS
 HEATING
  YESTERDAY        0                         0      0        0
  MONTH TO DATE    3                         0      3        3
  SINCE SEP 1      3                         0      3        3
  SINCE JUL 1      3                         0      3        3

 COOLING
  YESTERDAY        2                         8     -6        5
  MONTH TO DATE  283                       226     57      217
  SINCE SEP 1    283                       226     57      217
  SINCE JAN 1   2018                      1562    456     1834
..................................................................


WIND (MPH)
  RESULTANT WIND SPEED   9   RESULTANT WIND DIRECTION  NW (310)
  HIGHEST WIND SPEED    20   HIGHEST WIND DIRECTION    NW (320)
  HIGHEST GUST SPEED    23   HIGHEST GUST DIRECTION    NW (300)


SKY COVER
  POSSIBLE SUNSHINE  MM
  AVERAGE SKY COVER 0.0


WEATHER CONDITIONS
 THE FOLLOWING WEATHER WAS RECORDED YESTERDAY.
  NO SIGNIFICANT WEATHER WAS OBSERVED.


RELATIVE HUMIDITY (PERCENT)
 HIGHEST    64           600 AM
 LOWEST     16           300 PM
 AVERAGE    40

..........................................................


THE MODESTO CA CLIMATE NORMALS FOR TODAY
                         NORMAL    RECORD    YEAR
 MAXIMUM TEMPERATURE (F)   87       103      1997
 MINIMUM TEMPERATURE (F)   58        43      1931


SUNRISE AND SUNSET
SEPTEMBER 24 2017.....SUNRISE   654 AM PDT   SUNSET   657 PM PDT
SEPTEMBER 25 2017.....SUNRISE   654 AM PDT   SUNSET   655 PM PDT


-  INDICATES NEGATIVE NUMBERS.
R  INDICATES RECORD WAS SET OR TIED.
MM INDICATES DATA IS MISSING.
T  INDICATES TRACE AMOUNT.




$$
