000
CDUS43 KBIS 140743
CLIMOT


CLIMATE REPORT
NATIONAL WEATHER SERVICE BISMARCK ND
142 AM CST SUN FEB 14 2016


...................................

...THE MINOT ND CLIMATE SUMMARY FOR FEBRUARY 13 2016...

CLIMATE NORMAL PERIOD 1981 TO 2010
CLIMATE RECORD PERIOD 1897 TO 2016


WEATHER ITEM   OBSERVED TIME   RECORD YEAR NORMAL DEPARTURE LAST
                VALUE   (LST)  VALUE       VALUE  FROM      YEAR
                                                  NORMAL
..................................................................
TEMPERATURE (F)
 YESTERDAY
  MAXIMUM         19   1159 PM  50    1924  25     -6       25
  MINIMUM          5   1234 AM -32    1916   8     -3       10
  AVERAGE         12                        16     -4       18

PRECIPITATION (IN)
  YESTERDAY        0.26          0.50 1919   0.02   0.24      T
  MONTH TO DATE    0.31                      0.17   0.14     0.07
  SINCE DEC 1      0.83                      1.06  -0.23     0.32
  SINCE JAN 1      0.52                      0.68  -0.16     0.31

DEGREE DAYS
 HEATING
  YESTERDAY       53                        49      4       47
  MONTH TO DATE  533                       651   -118      707
  SINCE DEC 1   3216                      3825   -609     3613
  SINCE JUL 1   4917                      5883   -966     5792
..................................................................


WIND (MPH)
  HIGHEST WIND SPEED    24   HIGHEST WIND DIRECTION    SE (130)
  HIGHEST GUST SPEED    30   HIGHEST GUST DIRECTION    SE (130)
  AVERAGE WIND SPEED    12.9


SKY COVER
  POSSIBLE SUNSHINE  MM
  AVERAGE SKY COVER 0.9


WEATHER CONDITIONS
 THE FOLLOWING WEATHER WAS RECORDED YESTERDAY.
  HEAVY SNOW
  SNOW
  LIGHT SNOW
  HAZE


RELATIVE HUMIDITY (PERCENT)
 HIGHEST    80          1100 PM
 LOWEST     53          1100 AM
 AVERAGE    67

..........................................................


THE MINOT ND CLIMATE NORMALS FOR TODAY
                         NORMAL    RECORD    YEAR
 MAXIMUM TEMPERATURE (F)   25        55      1931
 MINIMUM TEMPERATURE (F)    8       -39      1936


SUNRISE AND SUNSET
FEBRUARY 14 2016......SUNRISE   754 AM CST   SUNSET   605 PM CST
FEBRUARY 15 2016......SUNRISE   753 AM CST   SUNSET   606 PM CST


-  INDICATES NEGATIVE NUMBERS.
R  INDICATES RECORD WAS SET OR TIED.
MM INDICATES DATA IS MISSING.
T  INDICATES TRACE AMOUNT.




$$
