483
CDUS43 KBIS 270730
CLIMOT


CLIMATE REPORT
NATIONAL WEATHER SERVICE BISMARCK ND
229 AM CDT SAT MAY 27 2017


...................................

...THE MINOT ND CLIMATE SUMMARY FOR MAY 26 2017...

CLIMATE NORMAL PERIOD 1981 TO 2010
CLIMATE RECORD PERIOD 1897 TO 2017


WEATHER ITEM   OBSERVED TIME   RECORD YEAR NORMAL DEPARTURE LAST
                VALUE   (LST)  VALUE       VALUE  FROM      YEAR
                                                  NORMAL
..................................................................
TEMPERATURE (F)
 YESTERDAY
  MAXIMUM         69    611 PM  94    1969  70     -1       72
  MINIMUM         50    458 AM  23    1907  46      4       56
  AVERAGE         60                        58      2       64

PRECIPITATION (IN)
  YESTERDAY        0.00          1.00 1899   0.09  -0.09     0.14
  MONTH TO DATE    0.60                      2.02  -1.42     0.90
  SINCE MAR 1      1.20                      4.00  -2.80     3.48
  SINCE JAN 1      1.33                      4.91  -3.58     4.06

DEGREE DAYS
 COOLING
  YESTERDAY        0                         1     -1        0
  MONTH TO DATE    3                         4     -1       39
  SINCE MAR 1      3                         5     -2       39
  SINCE JAN 1      3                         5     -2       39
..................................................................


WIND (MPH)
  HIGHEST WIND SPEED    28   HIGHEST WIND DIRECTION     W (270)
  HIGHEST GUST SPEED    37   HIGHEST GUST DIRECTION     W (270)
  AVERAGE WIND SPEED    15.1


SKY COVER
  POSSIBLE SUNSHINE  MM
  AVERAGE SKY COVER 0.5


WEATHER CONDITIONS
 THE FOLLOWING WEATHER WAS RECORDED YESTERDAY.
  NO SIGNIFICANT WEATHER WAS OBSERVED.


RELATIVE HUMIDITY (PERCENT)
 HIGHEST    80           500 AM
 LOWEST     29           700 PM
 AVERAGE    55

..........................................................


THE MINOT ND CLIMATE NORMALS FOR TODAY
                         NORMAL    RECORD    YEAR
 MAXIMUM TEMPERATURE (F)   70       100      1900
 MINIMUM TEMPERATURE (F)   47        22      1907


SUNRISE AND SUNSET
MAY 27 2017...........SUNRISE   552 AM CDT   SUNSET   933 PM CDT
MAY 28 2017...........SUNRISE   551 AM CDT   SUNSET   934 PM CDT


-  INDICATES NEGATIVE NUMBERS.
R  INDICATES RECORD WAS SET OR TIED.
MM INDICATES DATA IS MISSING.
T  INDICATES TRACE AMOUNT.




$$
