705
CDUS43 KBIS 310744
CLIMOT


CLIMATE REPORT
NATIONAL WEATHER SERVICE BISMARCK ND
243 AM CDT WED AUG 31 2016


...................................

...THE MINOT ND CLIMATE SUMMARY FOR AUGUST 30 2016...

CLIMATE NORMAL PERIOD 1981 TO 2010
CLIMATE RECORD PERIOD 1897 TO 2016


WEATHER ITEM   OBSERVED TIME   RECORD YEAR NORMAL DEPARTURE LAST
                VALUE   (LST)  VALUE       VALUE  FROM      YEAR
                                                  NORMAL
..................................................................
TEMPERATURE (F)
 YESTERDAY
  MAXIMUM         84    350 PM  99    1929  77      7       93
  MINIMUM         47    613 AM  33    1897  52     -5       65
  AVERAGE         66                        65      1       79

PRECIPITATION (IN)
  YESTERDAY        0.00          0.85 2002   0.06  -0.06     0.00
                                      1941
  MONTH TO DATE    1.24                      1.98  -0.74     1.26
  SINCE JUN 1      6.71                      7.99  -1.28     7.33
  SINCE JAN 1     11.86                     13.38  -1.52    11.46

DEGREE DAYS
 COOLING
  YESTERDAY        1                         3     -2       14
  MONTH TO DATE  231                       149     82      165
  SINCE JUN 1    607                       391    216      434
  SINCE JAN 1    647                       407    240      441
..................................................................


WIND (MPH)
  HIGHEST WIND SPEED    15   HIGHEST WIND DIRECTION     E (90)
  HIGHEST GUST SPEED    21   HIGHEST GUST DIRECTION    SE (150)
  AVERAGE WIND SPEED     6.5


SKY COVER
  POSSIBLE SUNSHINE  MM
  AVERAGE SKY COVER 0.1


WEATHER CONDITIONS
 THE FOLLOWING WEATHER WAS RECORDED YESTERDAY.
  NO SIGNIFICANT WEATHER WAS OBSERVED.


RELATIVE HUMIDITY (PERCENT)
 HIGHEST    86           600 AM
 LOWEST     25          1200 PM
 AVERAGE    56

..........................................................


THE MINOT ND CLIMATE NORMALS FOR TODAY
                         NORMAL    RECORD    YEAR
 MAXIMUM TEMPERATURE (F)   77       103      1921
 MINIMUM TEMPERATURE (F)   52        32      1935


SUNRISE AND SUNSET
AUGUST 31 2016........SUNRISE   702 AM CDT   SUNSET   827 PM CDT
SEPTEMBER  1 2016.....SUNRISE   703 AM CDT   SUNSET   825 PM CDT


-  INDICATES NEGATIVE NUMBERS.
R  INDICATES RECORD WAS SET OR TIED.
MM INDICATES DATA IS MISSING.
T  INDICATES TRACE AMOUNT.




$$
