000
CDUS43 KBIS 220740
CLIMOT


CLIMATE REPORT
NATIONAL WEATHER SERVICE BISMARCK ND
240 AM CDT SAT JUL 22 2017


...................................

...THE MINOT ND CLIMATE SUMMARY FOR JULY 21 2017...

CLIMATE NORMAL PERIOD 1981 TO 2010
CLIMATE RECORD PERIOD 1897 TO 2017


WEATHER ITEM   OBSERVED TIME   RECORD YEAR NORMAL DEPARTURE LAST
                VALUE   (LST)  VALUE       VALUE  FROM      YEAR
                                                  NORMAL
..................................................................
TEMPERATURE (F)
 YESTERDAY
  MAXIMUM         92    517 PM  99    1917  82     10       94
  MINIMUM         63    557 AM  39    1915  58      5       66
  AVERAGE         78                        70      8       80

PRECIPITATION (IN)
  YESTERDAY        0.10          3.15 1935   0.08   0.02     0.00
  MONTH TO DATE    0.31                      1.80  -1.49     1.90
  SINCE JUN 1      1.63                      5.38  -3.75     4.64
  SINCE JAN 1      2.99                     10.77  -7.78     9.79

DEGREE DAYS
 COOLING
  YESTERDAY       13                         6      7       15
  MONTH TO DATE  195                       108     87      155
  SINCE JUN 1    290                       181    109      286
  SINCE JAN 1    293                       197     96      326
..................................................................


WIND (MPH)
  HIGHEST WIND SPEED    20   HIGHEST WIND DIRECTION    NW (330)
  HIGHEST GUST SPEED    31   HIGHEST GUST DIRECTION    NW (320)
  AVERAGE WIND SPEED     6.8


SKY COVER
  POSSIBLE SUNSHINE  MM
  AVERAGE SKY COVER 0.0


WEATHER CONDITIONS
 THE FOLLOWING WEATHER WAS RECORDED YESTERDAY.
  THUNDERSTORM
  HEAVY RAIN
  RAIN
  LIGHT RAIN
  HAZE


RELATIVE HUMIDITY (PERCENT)
 HIGHEST    93          1100 PM
 LOWEST     36           500 PM
 AVERAGE    65

..........................................................


THE MINOT ND CLIMATE NORMALS FOR TODAY
                         NORMAL    RECORD    YEAR
 MAXIMUM TEMPERATURE (F)   83       101      1903
 MINIMUM TEMPERATURE (F)   58        40      1918


SUNRISE AND SUNSET
JULY 22 2017..........SUNRISE   608 AM CDT   SUNSET   934 PM CDT
JULY 23 2017..........SUNRISE   610 AM CDT   SUNSET   933 PM CDT


-  INDICATES NEGATIVE NUMBERS.
R  INDICATES RECORD WAS SET OR TIED.
MM INDICATES DATA IS MISSING.
T  INDICATES TRACE AMOUNT.




$$
