000
CDUS43 KBIS 240024
CLIMOT


CLIMATE REPORT
NATIONAL WEATHER SERVICE BISMARCK ND
623 PM CST THU NOV 23 2017


...................................

...THE MINOT ND CLIMATE SUMMARY FOR NOVEMBER 23 2017...
VALID TODAY AS OF 0600 PM LOCAL TIME.

CLIMATE NORMAL PERIOD 1981 TO 2010
CLIMATE RECORD PERIOD 1897 TO 2017


WEATHER ITEM   OBSERVED TIME   RECORD YEAR NORMAL DEPARTURE LAST
                VALUE   (LST)  VALUE       VALUE  FROM      YEAR
                                                  NORMAL
..................................................................
TEMPERATURE (F)
 TODAY
  MAXIMUM         63R   330 PM  55    1942  32     31       36
                                      1939
  MINIMUM         23   1233 AM -17    2013  16      7       32
  AVERAGE         43                        24     19       34

PRECIPITATION (IN)
  TODAY            0.00          0.17 1996   0.02  -0.02      T
  MONTH TO DATE    0.16                      0.63  -0.47     0.01
  SINCE SEP 1      2.17                      3.25  -1.08     4.35
  SINCE JAN 1      7.50                     16.69  -9.19    16.21

DEGREE DAYS
 HEATING
  TODAY           22                        41    -19       31
  MONTH TO DATE  949                       798    151      507
  SINCE SEP 1   1690                      1687      3     1278
  SINCE JUL 1   1700                      1758    -58     1289

 COOLING
  TODAY            0                         0      0        0
  MONTH TO DATE    0                         0      0        0
  SINCE SEP 1     62                        34     28       29
  SINCE JAN 1    580                       445    135      682
..................................................................


WIND (MPH)
  RESULTANT WIND SPEED  11   RESULTANT WIND DIRECTION  SW (210)
  HIGHEST WIND SPEED    22   HIGHEST WIND DIRECTION    SW (220)
  HIGHEST GUST SPEED    26   HIGHEST GUST DIRECTION    SW (220)
  AVERAGE WIND SPEED    11.3


SKY COVER
  POSSIBLE SUNSHINE  MM
  AVERAGE SKY COVER 0.1


WEATHER CONDITIONS
 THE FOLLOWING WEATHER WAS RECORDED TODAY.
  NO SIGNIFICANT WEATHER WAS OBSERVED.


RELATIVE HUMIDITY (PERCENT)
 HIGHEST    89           700 AM
 LOWEST     46           400 PM
 AVERAGE    68

..........................................................


THE MINOT ND CLIMATE NORMALS FOR TOMORROW
                         NORMAL    RECORD    YEAR
 MAXIMUM TEMPERATURE (F)   32        59      1984
 MINIMUM TEMPERATURE (F)   16       -14      1977


SUNRISE AND SUNSET
NOVEMBER 23 2017......SUNRISE   804 AM CST   SUNSET   458 PM CST
NOVEMBER 24 2017......SUNRISE   806 AM CST   SUNSET   458 PM CST


-  INDICATES NEGATIVE NUMBERS.
R  INDICATES RECORD WAS SET OR TIED.
MM INDICATES DATA IS MISSING.
T  INDICATES TRACE AMOUNT.




$$
