000
CDUS43 KBIS 020735
CLIMOT


CLIMATE REPORT
NATIONAL WEATHER SERVICE BISMARCK ND
235 AM CDT SAT AUG 2 2014


...................................

...THE MINOT ND CLIMATE SUMMARY FOR AUGUST 1 2014...

CLIMATE NORMAL PERIOD 1981 TO 2010
CLIMATE RECORD PERIOD 1905 TO 2014


WEATHER ITEM   OBSERVED TIME   RECORD YEAR NORMAL DEPARTURE LAST
                VALUE   (LST)  VALUE       VALUE  FROM      YEAR
                                                  NORMAL
..................................................................
TEMPERATURE (F)
 YESTERDAY
  MAXIMUM         82    554 PM  99    1989  83     -1       77
  MINIMUM         55    523 AM  33    1923  58     -3       54
  AVERAGE         69                        71     -2       66

PRECIPITATION (IN)
  YESTERDAY        0.00          0.45 1972   0.07  -0.07     0.00
  MONTH TO DATE    0.00                      0.07  -0.07     0.00
  SINCE JUN 1      7.06                      6.08   0.98     9.04
  SINCE JAN 1     10.87                     11.47  -0.60    17.41

DEGREE DAYS
 COOLING
  YESTERDAY        4                         6     -2        1
  MONTH TO DATE    4                         6     -2        1
  SINCE JUN 1    135                       248   -113      188
  SINCE JAN 1    176                       264    -88      198
..................................................................


WIND (MPH)
  HIGHEST WIND SPEED     9   HIGHEST WIND DIRECTION    NE (60)
  HIGHEST GUST SPEED    13   HIGHEST GUST DIRECTION     E (70)
  AVERAGE WIND SPEED     3.5


SKY COVER
  POSSIBLE SUNSHINE  MM
  AVERAGE SKY COVER 0.0


WEATHER CONDITIONS
 THE FOLLOWING WEATHER WAS RECORDED YESTERDAY.
  FOG
  HAZE


RELATIVE HUMIDITY (PERCENT)
 HIGHEST    93           400 AM
 LOWEST     43           100 PM
 AVERAGE    68

..........................................................


THE MINOT ND CLIMATE NORMALS FOR TODAY
                         NORMAL    RECORD    YEAR
 MAXIMUM TEMPERATURE (F)   83        98      1989
 MINIMUM TEMPERATURE (F)   58        36      1923


SUNRISE AND SUNSET
AUGUST  2 2014........SUNRISE   622 AM CDT   SUNSET   920 PM CDT
AUGUST  3 2014........SUNRISE   623 AM CDT   SUNSET   919 PM CDT


-  INDICATES NEGATIVE NUMBERS.
R  INDICATES RECORD WAS SET OR TIED.
MM INDICATES DATA IS MISSING.
T  INDICATES TRACE AMOUNT.




$$
