000
CDUS43 KBIS 240741
CLIMOT


CLIMATE REPORT
NATIONAL WEATHER SERVICE BISMARCK ND
140 AM CST TUE JAN 24 2017


...................................

...THE MINOT ND CLIMATE SUMMARY FOR JANUARY 23 2017...

CLIMATE NORMAL PERIOD 1981 TO 2010
CLIMATE RECORD PERIOD 1897 TO 2017


WEATHER ITEM   OBSERVED TIME   RECORD YEAR NORMAL DEPARTURE LAST
                VALUE   (LST)  VALUE       VALUE  FROM      YEAR
                                                  NORMAL
..................................................................
TEMPERATURE (F)
 YESTERDAY
  MAXIMUM         30   1242 AM  54    1944  21      9       45
  MINIMUM         23    951 PM -46    1922   4     19       27
  AVERAGE         27                        12     15       36

PRECIPITATION (IN)
  YESTERDAY        0.00          0.43 1946   0.02  -0.02      T
  MONTH TO DATE    0.05                      0.40  -0.35     0.21
  SINCE DEC 1      0.67                      0.78  -0.11     0.52
  SINCE JAN 1      0.05                      0.40  -0.35     0.21

DEGREE DAYS
 HEATING
  YESTERDAY       38                        53    -15       29
  MONTH TO DATE 1266                      1219     47     1184
  SINCE DEC 1   2910                      2756    154     2429
  SINCE JUL 1   4425                      4814   -389     4130
..................................................................


WIND (MPH)
  HIGHEST WIND SPEED    21   HIGHEST WIND DIRECTION     W (290)
  HIGHEST GUST SPEED    25   HIGHEST GUST DIRECTION     W (290)
  AVERAGE WIND SPEED    11.6


SKY COVER
  POSSIBLE SUNSHINE  MM
  AVERAGE SKY COVER 1.0


WEATHER CONDITIONS
 THE FOLLOWING WEATHER WAS RECORDED YESTERDAY.
  NO SIGNIFICANT WEATHER WAS OBSERVED.


RELATIVE HUMIDITY (PERCENT)
 HIGHEST    85           100 AM
 LOWEST     74           500 PM
 AVERAGE    80

..........................................................


THE MINOT ND CLIMATE NORMALS FOR TODAY
                         NORMAL    RECORD    YEAR
 MAXIMUM TEMPERATURE (F)   21        52      1942
 MINIMUM TEMPERATURE (F)    4       -42      1920


SUNRISE AND SUNSET
JANUARY 24 2017.......SUNRISE   823 AM CST   SUNSET   532 PM CST
JANUARY 25 2017.......SUNRISE   822 AM CST   SUNSET   534 PM CST


-  INDICATES NEGATIVE NUMBERS.
R  INDICATES RECORD WAS SET OR TIED.
MM INDICATES DATA IS MISSING.
T  INDICATES TRACE AMOUNT.




$$
