000
CDUS43 KBIS 220730
CLIMOT


CLIMATE REPORT
NATIONAL WEATHER SERVICE BISMARCK ND
129 AM CST SAT NOV 22 2014


...................................

...THE MINOT ND CLIMATE SUMMARY FOR NOVEMBER 21 2014...

CLIMATE NORMAL PERIOD 1981 TO 2010
CLIMATE RECORD PERIOD 1905 TO 2014


WEATHER ITEM   OBSERVED TIME   RECORD YEAR NORMAL DEPARTURE LAST
                VALUE   (LST)  VALUE       VALUE  FROM      YEAR
                                                  NORMAL
..................................................................
TEMPERATURE (F)
 YESTERDAY
  MAXIMUM         50    237 PM  60    1939  33     17       14
  MINIMUM         23    249 AM -20    1921  17      6       -9
  AVERAGE         37                        25     12        3

PRECIPITATION (IN)
  YESTERDAY        0.00          0.28 1970   0.02  -0.02      T
  MONTH TO DATE    0.08                      0.58  -0.50     0.15
  SINCE SEP 1      1.21                      3.20  -1.99     4.63
  SINCE JAN 1     15.85                     16.64  -0.79    24.81

DEGREE DAYS
 HEATING
  YESTERDAY       28                        40    -12       62
  MONTH TO DATE  851                       717    134      733
  SINCE SEP 1   1622                      1606     16     1557
  SINCE JUL 1   1690                      1677     13     1626
..................................................................


WIND (MPH)
  HIGHEST WIND SPEED    30   HIGHEST WIND DIRECTION    SW (230)
  HIGHEST GUST SPEED    38   HIGHEST GUST DIRECTION    SW (230)
  AVERAGE WIND SPEED    15.9


SKY COVER
  POSSIBLE SUNSHINE  MM
  AVERAGE SKY COVER 0.1


WEATHER CONDITIONS
 THE FOLLOWING WEATHER WAS RECORDED YESTERDAY.
  LIGHT RAIN
  HAZE


RELATIVE HUMIDITY (PERCENT)
 HIGHEST    75           600 AM
 LOWEST     42           300 PM
 AVERAGE    59

..........................................................


THE MINOT ND CLIMATE NORMALS FOR TODAY
                         NORMAL    RECORD    YEAR
 MAXIMUM TEMPERATURE (F)   33        61      1939
 MINIMUM TEMPERATURE (F)   17       -16      1921


SUNRISE AND SUNSET
NOVEMBER 22 2014......SUNRISE   803 AM CST   SUNSET   459 PM CST
NOVEMBER 23 2014......SUNRISE   804 AM CST   SUNSET   459 PM CST


-  INDICATES NEGATIVE NUMBERS.
R  INDICATES RECORD WAS SET OR TIED.
MM INDICATES DATA IS MISSING.
T  INDICATES TRACE AMOUNT.




$$
