000
CDUS43 KBIS 280845
CLIMOT


CLIMATE REPORT
NATIONAL WEATHER SERVICE BISMARCK ND
345 AM CDT WED SEP 28 2016


...................................

...THE MINOT ND CLIMATE SUMMARY FOR SEPTEMBER 27 2016...

CLIMATE NORMAL PERIOD 1981 TO 2010
CLIMATE RECORD PERIOD 1897 TO 2016


WEATHER ITEM   OBSERVED TIME   RECORD YEAR NORMAL DEPARTURE LAST
                VALUE   (LST)  VALUE       VALUE  FROM      YEAR
                                                  NORMAL
..................................................................
TEMPERATURE (F)
 YESTERDAY
  MAXIMUM         73    422 PM  90    1909  64      9       71
  MINIMUM         40    702 AM  16    1942  41     -1       45
  AVERAGE         57                        53      4       58

PRECIPITATION (IN)
  YESTERDAY        0.00          2.01 1982   0.04  -0.04     0.02
  MONTH TO DATE    2.98                      1.32   1.66     1.61
  SINCE SEP 1      2.98                      1.32   1.66     1.61
  SINCE JAN 1     14.84                     14.76   0.08    13.11

DEGREE DAYS
 HEATING
  YESTERDAY        8                        12     -4        7
  MONTH TO DATE  164                       210    -46      130
  SINCE SEP 1    164                       210    -46      130
  SINCE JUL 1    175                       281   -106      180

 COOLING
  YESTERDAY        0                         0      0        0
  MONTH TO DATE   29                        30     -1       58
  SINCE SEP 1     29                        30     -1       58
  SINCE JAN 1    682                       441    241      502
..................................................................


WIND (MPH)
  HIGHEST WIND SPEED    12   HIGHEST WIND DIRECTION    SW (230)
  HIGHEST GUST SPEED    12   HIGHEST GUST DIRECTION    SW (230)
  AVERAGE WIND SPEED     4.9


SKY COVER
  POSSIBLE SUNSHINE  MM
  AVERAGE SKY COVER 0.0


WEATHER CONDITIONS
 THE FOLLOWING WEATHER WAS RECORDED YESTERDAY.
  HAZE


RELATIVE HUMIDITY (PERCENT)
 HIGHEST    85           700 AM
 LOWEST     31           300 PM
 AVERAGE    58

..........................................................


THE MINOT ND CLIMATE NORMALS FOR TODAY
                         NORMAL    RECORD    YEAR
 MAXIMUM TEMPERATURE (F)   64        94      1905
 MINIMUM TEMPERATURE (F)   41        17      1930


SUNRISE AND SUNSET
SEPTEMBER 28 2016.....SUNRISE   741 AM CDT   SUNSET   729 PM CDT
SEPTEMBER 29 2016.....SUNRISE   742 AM CDT   SUNSET   727 PM CDT


-  INDICATES NEGATIVE NUMBERS.
R  INDICATES RECORD WAS SET OR TIED.
MM INDICATES DATA IS MISSING.
T  INDICATES TRACE AMOUNT.




$$
