472
CDUS43 KBIS 300757
CLIMOT


CLIMATE REPORT
NATIONAL WEATHER SERVICE BISMARCK ND
256 AM CDT THU MAR 30 2017


...................................

...THE MINOT ND CLIMATE SUMMARY FOR MARCH 29 2017...

CLIMATE NORMAL PERIOD 1981 TO 2010
CLIMATE RECORD PERIOD 1897 TO 2017


WEATHER ITEM   OBSERVED TIME   RECORD YEAR NORMAL DEPARTURE LAST
                VALUE   (LST)  VALUE       VALUE  FROM      YEAR
                                                  NORMAL
..................................................................
TEMPERATURE (F)
 YESTERDAY
  MAXIMUM         64    327 PM  70    1966  45     19       58
  MINIMUM         40    234 AM -15    1964  25     15       35
  AVERAGE         52                        35     17       47

PRECIPITATION (IN)
  YESTERDAY        T             0.26 1989   0.03  -0.03      T
  MONTH TO DATE    0.29                      0.76  -0.47     0.10
  SINCE MAR 1      0.29                      0.76  -0.47     0.10
  SINCE JAN 1      0.42                      1.67  -1.25     0.68

DEGREE DAYS
 HEATING
  YESTERDAY       13                        30    -17       18
  MONTH TO DATE 1117                      1076     41      750
  SINCE MAR 1   1117                      1076     41      750
  SINCE JUL 1   7053                      7652   -599     6182

 COOLING
  YESTERDAY        0                         0      0        0
  MONTH TO DATE    0                         0      0        0
  SINCE MAR 1      0                         0      0        0
  SINCE JAN 1      0                         0      0        0
..................................................................


WIND (MPH)
  HIGHEST WIND SPEED    24   HIGHEST WIND DIRECTION     S (200)
  HIGHEST GUST SPEED    31   HIGHEST GUST DIRECTION     S (190)
  AVERAGE WIND SPEED     8.6


SKY COVER
  POSSIBLE SUNSHINE  MM
  AVERAGE SKY COVER 0.7


WEATHER CONDITIONS
 THE FOLLOWING WEATHER WAS RECORDED YESTERDAY.
  NO SIGNIFICANT WEATHER WAS OBSERVED.


RELATIVE HUMIDITY (PERCENT)
 HIGHEST    93           100 AM
 LOWEST     42           300 PM
 AVERAGE    68

..........................................................


THE MINOT ND CLIMATE NORMALS FOR TODAY
                         NORMAL    RECORD    YEAR
 MAXIMUM TEMPERATURE (F)   45        79      1966
 MINIMUM TEMPERATURE (F)   25       -15      1923


SUNRISE AND SUNSET
MARCH 30 2017.........SUNRISE   727 AM CDT   SUNSET   813 PM CDT
MARCH 31 2017.........SUNRISE   725 AM CDT   SUNSET   815 PM CDT


-  INDICATES NEGATIVE NUMBERS.
R  INDICATES RECORD WAS SET OR TIED.
MM INDICATES DATA IS MISSING.
T  INDICATES TRACE AMOUNT.




$$
