000
CDUS41 KPHI 240632
CLIMPO


CLIMATE REPORT
NATIONAL WEATHER SERVICE MOUNT HOLLY NJ
231 AM EDT FRI OCT 24 2014


...................................

...THE MOUNT POCONO PA CLIMATE SUMMARY FOR OCTOBER 23 2014...

CLIMATE NORMAL PERIOD 1981 TO 2010
CLIMATE RECORD PERIOD 1901 TO 2014


WEATHER ITEM   OBSERVED TIME   RECORD YEAR NORMAL DEPARTURE LAST
                VALUE   (LST)  VALUE       VALUE  FROM      YEAR
                                                  NORMAL
..................................................................
TEMPERATURE (F)
 YESTERDAY
  MAXIMUM         45   1159 PM  78    1947  56    -11       49
  MINIMUM         42    958 AM  20    1969  37      5       31
  AVERAGE         44                        46     -2       40

PRECIPITATION (IN)
  YESTERDAY        0.15          2.45 1956   0.11   0.04      T
  MONTH TO DATE    5.20                      3.21   1.99     1.18
  SINCE SEP 1      6.30                      8.57  -2.27     2.91
  SINCE JAN 1     34.72                     39.55  -4.83    38.56

SNOWFALL (IN)
  YESTERDAY       MM            MM      MM  MM     MM       MM
  MONTH TO DATE   MM                        MM     MM       MM
  SINCE SEP 1     MM                        MM     MM       MM
  SINCE JUL 1     MM                        MM     MM       MM
  SNOW DEPTH      MM

DEGREE DAYS
 HEATING
  YESTERDAY       21                        19      2       25
  MONTH TO DATE  307                       361    -54      236
  SINCE SEP 1    469                       566    -97      485
  SINCE JUL 1    545                       629    -84      549

 COOLING
  YESTERDAY        0                         0      0        0
  MONTH TO DATE    1                         0      1        8
  SINCE SEP 1     35                        17     18       48
  SINCE JAN 1    253                       313    -60      467
..................................................................


WIND (MPH)
  HIGHEST WIND SPEED    24   HIGHEST WIND DIRECTION     N (340)
  HIGHEST GUST SPEED    34   HIGHEST GUST DIRECTION    NW (330)
  AVERAGE WIND SPEED    16.8


SKY COVER
  POSSIBLE SUNSHINE  MM
  AVERAGE SKY COVER 1.0


WEATHER CONDITIONS
 THE FOLLOWING WEATHER WAS RECORDED YESTERDAY.
  LIGHT RAIN
  FOG


RELATIVE HUMIDITY (PERCENT)
 HIGHEST    96           600 AM
 LOWEST     89           700 AM
 AVERAGE    93

..........................................................


THE MOUNT POCONO PA CLIMATE NORMALS FOR TODAY
                         NORMAL    RECORD    YEAR
 MAXIMUM TEMPERATURE (F)   55        76      1963
 MINIMUM TEMPERATURE (F)   37        15      1969


SUNRISE AND SUNSET
OCTOBER 24 2014.......SUNRISE   723 AM EDT   SUNSET   608 PM EDT
OCTOBER 25 2014.......SUNRISE   724 AM EDT   SUNSET   606 PM EDT


-  INDICATES NEGATIVE NUMBERS.
R  INDICATES RECORD WAS SET OR TIED.
MM INDICATES DATA IS MISSING.
T  INDICATES TRACE AMOUNT.




$$
