000
CDUS41 KPHI 030626
CLIMPO


CLIMATE REPORT
NATIONAL WEATHER SERVICE MOUNT HOLLY NJ
226 AM EDT THU SEP 3 2015


...................................

...THE MOUNT POCONO PA CLIMATE SUMMARY FOR SEPTEMBER 2 2015...

CLIMATE NORMAL PERIOD 1981 TO 2010
CLIMATE RECORD PERIOD 1901 TO 2015


WEATHER ITEM   OBSERVED TIME   RECORD YEAR NORMAL DEPARTURE LAST
                VALUE   (LST)  VALUE       VALUE  FROM      YEAR
                                                  NORMAL
..................................................................
TEMPERATURE (F)
 YESTERDAY
  MAXIMUM         84    156 PM  95    1953  73     11       83
  MINIMUM         56    548 AM  36    1906  55      1       65
  AVERAGE         70                        64      6       74

PRECIPITATION (IN)
  YESTERDAY        0.00          2.30 1926   0.16  -0.16     0.02
  MONTH TO DATE    0.00                      0.30  -0.30     0.02
  SINCE SEP 1      0.00                      0.30  -0.30     0.02
  SINCE JAN 1     28.02                     31.28  -3.26    28.44

SNOWFALL (IN)
  YESTERDAY       MM            MM      MM  MM     MM       MM
  MONTH TO DATE   MM                        MM     MM       MM
  SINCE SEP 1     MM                        MM     MM       MM
  SINCE JUL 1     MM                        MM     MM       MM
  SNOW DEPTH      MM

DEGREE DAYS
 HEATING
  YESTERDAY        0                         3     -3        0
  MONTH TO DATE    0                         6     -6        0
  SINCE SEP 1      0                         6     -6        0
  SINCE JUL 1     41                        69    -28       76

 COOLING
  YESTERDAY        5                         1      4        9
  MONTH TO DATE   10                         2      8       16
  SINCE SEP 1     10                         2      8       16
  SINCE JAN 1    350                       298     52      234
..................................................................


WIND (MPH)
  HIGHEST WIND SPEED    12   HIGHEST WIND DIRECTION     W (290)
  HIGHEST GUST SPEED    14   HIGHEST GUST DIRECTION     W (290)
  AVERAGE WIND SPEED     3.2


SKY COVER
  POSSIBLE SUNSHINE  MM
  AVERAGE SKY COVER 0.1


WEATHER CONDITIONS
 THE FOLLOWING WEATHER WAS RECORDED YESTERDAY.
  FOG
  HAZE


RELATIVE HUMIDITY (PERCENT)
 HIGHEST    93           200 AM
 LOWEST     43           200 PM
 AVERAGE    68

..........................................................


THE MOUNT POCONO PA CLIMATE NORMALS FOR TODAY
                         NORMAL    RECORD    YEAR
 MAXIMUM TEMPERATURE (F)   73        94      1953
 MINIMUM TEMPERATURE (F)   54        34      1967


SUNRISE AND SUNSET
SEPTEMBER  3 2015.....SUNRISE   630 AM EDT   SUNSET   731 PM EDT
SEPTEMBER  4 2015.....SUNRISE   631 AM EDT   SUNSET   730 PM EDT


-  INDICATES NEGATIVE NUMBERS.
R  INDICATES RECORD WAS SET OR TIED.
MM INDICATES DATA IS MISSING.
T  INDICATES TRACE AMOUNT.




$$
