000
CDUS41 KPHI 190628
CLIMPO


CLIMATE REPORT
NATIONAL WEATHER SERVICE MOUNT HOLLY NJ
128 AM EST FRI DEC 19 2014


...................................

...THE MOUNT POCONO PA CLIMATE SUMMARY FOR DECEMBER 18 2014...

CLIMATE NORMAL PERIOD 1981 TO 2010
CLIMATE RECORD PERIOD 1901 TO 2014


WEATHER ITEM   OBSERVED TIME   RECORD YEAR NORMAL DEPARTURE LAST
                VALUE   (LST)  VALUE       VALUE  FROM      YEAR
                                                  NORMAL
..................................................................
TEMPERATURE (F)
 YESTERDAY
  MAXIMUM         31    421 PM  56    1984  33     -2       27
  MINIMUM         28    851 AM -21    1919  20      8       12
  AVERAGE         30                        27      3       20

PRECIPITATION (IN)
  YESTERDAY        T             1.22 1954   0.12  -0.12      T
  MONTH TO DATE    1.79                      2.39  -0.60     1.45
  SINCE DEC 1      1.79                      2.39  -0.60     1.45
  SINCE JAN 1     39.51                     47.30  -7.79    43.03

SNOWFALL (IN)
  YESTERDAY       MM            MM      MM  MM     MM       MM
  MONTH TO DATE   MM                        MM     MM       MM
  SINCE DEC 1     MM                        MM     MM       MM
  SINCE JUL 1     MM                        MM     MM       MM
  SNOW DEPTH      MM

DEGREE DAYS
 HEATING
  YESTERDAY       35                        38     -3       45
  MONTH TO DATE  617                       638    -21      703
  SINCE DEC 1    617                       638    -21      703
  SINCE JUL 1   2184                      2217    -33     2315

 COOLING
  YESTERDAY        0                         0      0        0
  MONTH TO DATE    0                         0      0        0
  SINCE DEC 1      0                         0      0        0
  SINCE JAN 1    253                       314    -61      467
..................................................................


WIND (MPH)
  HIGHEST WIND SPEED    24   HIGHEST WIND DIRECTION    NW (310)
  HIGHEST GUST SPEED    40   HIGHEST GUST DIRECTION    NW (310)
  AVERAGE WIND SPEED    14.8


SKY COVER
  POSSIBLE SUNSHINE  MM
  AVERAGE SKY COVER 1.0


WEATHER CONDITIONS
 THE FOLLOWING WEATHER WAS RECORDED YESTERDAY.
  LIGHT SNOW
  FOG


RELATIVE HUMIDITY (PERCENT)
 HIGHEST    85           100 AM
 LOWEST     69           500 AM
 AVERAGE    77

..........................................................


THE MOUNT POCONO PA CLIMATE NORMALS FOR TODAY
                         NORMAL    RECORD    YEAR
 MAXIMUM TEMPERATURE (F)   33        53      1984
 MINIMUM TEMPERATURE (F)   20       -12      1906


SUNRISE AND SUNSET
DECEMBER 19 2014......SUNRISE   722 AM EST   SUNSET   435 PM EST
DECEMBER 20 2014......SUNRISE   723 AM EST   SUNSET   436 PM EST


-  INDICATES NEGATIVE NUMBERS.
R  INDICATES RECORD WAS SET OR TIED.
MM INDICATES DATA IS MISSING.
T  INDICATES TRACE AMOUNT.




$$
