000
CDUS41 KPHI 262126
CLIMPO


CLIMATE REPORT
NATIONAL WEATHER SERVICE MOUNT HOLLY NJ
526 PM EDT TUE MAY 26 2015


...................................

...THE MOUNT POCONO PA CLIMATE SUMMARY FOR MAY 26 2015...
VALID TODAY AS OF 0500 PM LOCAL TIME.

CLIMATE NORMAL PERIOD 1981 TO 2010
CLIMATE RECORD PERIOD 1901 TO 2015


WEATHER ITEM   OBSERVED TIME   RECORD YEAR NORMAL DEPARTURE LAST
                VALUE   (LST)  VALUE       VALUE  FROM      YEAR
                                                  NORMAL
..................................................................
TEMPERATURE (F)
 TODAY
  MAXIMUM         83    334 PM  87    2010  68     15       79
  MINIMUM         61    454 AM  30    1925  48     13       49
  AVERAGE         72                        58     14       64

PRECIPITATION (IN)
  TODAY            0.00          0.53 2012   0.18  -0.18     0.00
  MONTH TO DATE    0.55                      3.56  -3.01     4.29
  SINCE MAR 1      5.78                     11.41  -5.63    12.35
  SINCE JAN 1      9.13                     16.67  -7.54    18.74

SNOWFALL (IN)
  TODAY           MM            MM      MM  MM     MM       MM
  MONTH TO DATE   MM                        MM     MM       MM
  SINCE MAR 1     MM                        MM     MM       MM
  SINCE JUL 1     MM                        MM     MM       MM
  SNOW DEPTH      MM

DEGREE DAYS
 HEATING
  TODAY            0                         8     -8        1
  MONTH TO DATE  168                       285   -117      224
  SINCE MAR 1   1859                      1856      3     1998
  SINCE JUL 1   7294                      6979    315     7425

 COOLING
  TODAY            7                         1      6        0
  MONTH TO DATE   37                         8     29        3
  SINCE MAR 1     37                        12     25        3
  SINCE JAN 1     37                        12     25        3
..................................................................


WIND (MPH)
  HIGHEST WIND SPEED    16   HIGHEST WIND DIRECTION    SW (240)
  HIGHEST GUST SPEED    22   HIGHEST GUST DIRECTION    SW (230)
  AVERAGE WIND SPEED     7.9


SKY COVER
  POSSIBLE SUNSHINE  MM
  AVERAGE SKY COVER 0.2


WEATHER CONDITIONS
 THE FOLLOWING WEATHER WAS RECORDED TODAY.
  HAZE


RELATIVE HUMIDITY (PERCENT)
 HIGHEST    84           100 AM
 LOWEST     45          1200 PM
 AVERAGE    65

..........................................................


THE MOUNT POCONO PA CLIMATE NORMALS FOR TOMORROW
                         NORMAL    RECORD    YEAR
 MAXIMUM TEMPERATURE (F)   68        88      1914
 MINIMUM TEMPERATURE (F)   48        29      1969


SUNRISE AND SUNSET
MAY 26 2015...........SUNRISE   535 AM EDT   SUNSET   823 PM EDT
MAY 27 2015...........SUNRISE   534 AM EDT   SUNSET   824 PM EDT


-  INDICATES NEGATIVE NUMBERS.
R  INDICATES RECORD WAS SET OR TIED.
MM INDICATES DATA IS MISSING.
T  INDICATES TRACE AMOUNT.




$$
