000
CDUS41 KPHI 210604
CLIMPO


CLIMATE REPORT
NATIONAL WEATHER SERVICE MOUNT HOLLY NJ
102 AM EST WED FEB 21 2018


...................................

...THE MOUNT POCONO PA CLIMATE SUMMARY FOR FEBRUARY 20 2018...

CLIMATE NORMAL PERIOD 1981 TO 2010
CLIMATE RECORD PERIOD 1901 TO 2018


WEATHER ITEM   OBSERVED TIME   RECORD YEAR NORMAL DEPARTURE LAST
                VALUE   (LST)  VALUE       VALUE  FROM      YEAR
                                                  NORMAL
..................................................................
TEMPERATURE (F)
 YESTERDAY
  MAXIMUM         66R   221 PM  59    1939  35     31       43
  MINIMUM         39   1222 AM -18    1993  19     20       26
  AVERAGE         53                        27     26       35

PRECIPITATION (IN)
  YESTERDAY        0.00          1.52 1909   0.09  -0.09     0.00
  MONTH TO DATE    2.85                      1.65   1.20     1.27
  SINCE DEC 1      9.01                      8.37   0.64     6.39
  SINCE JAN 1      7.77                      4.50   3.27     4.20

DEGREE DAYS
 HEATING
  YESTERDAY       12                        38    -26       30
  MONTH TO DATE  718                       795    -77      731
  SINCE DEC 1   3318                      3247     71     3032
  SINCE JUL 1   4756                      4826    -70     4425

 COOLING
  YESTERDAY        0                         0      0        0
  MONTH TO DATE    0                         0      0        0
  SINCE DEC 1      0                         0      0        0
  SINCE JAN 1      0                         0      0        0
..................................................................


WIND (MPH)
  HIGHEST WIND SPEED    22   HIGHEST WIND DIRECTION    SW (220)
  HIGHEST GUST SPEED    29   HIGHEST GUST DIRECTION     W (250)
  AVERAGE WIND SPEED     9.8


SKY COVER
  POSSIBLE SUNSHINE  MM
  AVERAGE SKY COVER 0.4


WEATHER CONDITIONS
 THE FOLLOWING WEATHER WAS RECORDED YESTERDAY.
  FOG
  FOG W/VISIBILITY <= 1/4 MILE


RELATIVE HUMIDITY (PERCENT)
 HIGHEST   100          1200 AM
 LOWEST     63           300 PM
 AVERAGE    82

..........................................................


THE MOUNT POCONO PA CLIMATE NORMALS FOR TODAY
                         NORMAL    RECORD    YEAR
 MAXIMUM TEMPERATURE (F)   35        60      1930
 MINIMUM TEMPERATURE (F)   19       -10      2015


SUNRISE AND SUNSET
FEBRUARY 21 2018......SUNRISE   648 AM EST   SUNSET   543 PM EST
FEBRUARY 22 2018......SUNRISE   646 AM EST   SUNSET   544 PM EST


-  INDICATES NEGATIVE NUMBERS.
R  INDICATES RECORD WAS SET OR TIED.
MM INDICATES DATA IS MISSING.
T  INDICATES TRACE AMOUNT.




$$
