804
CDUS41 KPHI 080627
CLIMPO


CLIMATE REPORT
NATIONAL WEATHER SERVICE MOUNT HOLLY NJ
127 AM EST MON FEB 8 2016


...................................

...THE MOUNT POCONO PA CLIMATE SUMMARY FOR FEBRUARY 7 2016...

CLIMATE NORMAL PERIOD 1981 TO 2010
CLIMATE RECORD PERIOD 1901 TO 2016


WEATHER ITEM   OBSERVED TIME   RECORD YEAR NORMAL DEPARTURE LAST
                VALUE   (LST)  VALUE       VALUE  FROM      YEAR
                                                  NORMAL
..................................................................
TEMPERATURE (F)
 YESTERDAY
  MAXIMUM         44    213 PM  51    2005  33     11       33
  MINIMUM         20    733 AM -20    1907  17      3       15
  AVERAGE         32                        25      7       24

PRECIPITATION (IN)
  YESTERDAY        0.00          2.21 1951   0.07  -0.07     0.01
  MONTH TO DATE    0.71                      0.51   0.20     0.87
  SINCE DEC 1      7.77                      7.23   0.54     5.39
  SINCE JAN 1      3.94                      3.36   0.58     2.59

SNOWFALL (IN)
  YESTERDAY       MM            MM      MM  MM     MM       MM
  MONTH TO DATE   MM                        MM     MM       MM
  SINCE DEC 1     MM                        MM     MM       MM
  SINCE JUL 1     MM                        MM     MM       MM
  SNOW DEPTH      MM

DEGREE DAYS
 HEATING
  YESTERDAY       33                        40     -7       41
  MONTH TO DATE  208                       286    -78      332
  SINCE DEC 1   2172                      2738   -566     2766
  SINCE JUL 1   3439                      4317   -878     4333

 COOLING
  YESTERDAY        0                         0      0        0
  MONTH TO DATE    0                         0      0        0
  SINCE DEC 1      0                         0      0        0
  SINCE JAN 1      0                         0      0        0
..................................................................


WIND (MPH)
  HIGHEST WIND SPEED    12   HIGHEST WIND DIRECTION    NE (60)
  HIGHEST GUST SPEED    15   HIGHEST GUST DIRECTION    NE (60)
  AVERAGE WIND SPEED     5.0


SKY COVER
  POSSIBLE SUNSHINE  MM
  AVERAGE SKY COVER 0.0


WEATHER CONDITIONS
 THE FOLLOWING WEATHER WAS RECORDED YESTERDAY.
  NO SIGNIFICANT WEATHER WAS OBSERVED.


RELATIVE HUMIDITY (PERCENT)
 HIGHEST    74           800 AM
 LOWEST     39           200 PM
 AVERAGE    57

..........................................................


THE MOUNT POCONO PA CLIMATE NORMALS FOR TODAY
                         NORMAL    RECORD    YEAR
 MAXIMUM TEMPERATURE (F)   33        48      2000
                                             1965
 MINIMUM TEMPERATURE (F)   17       -15      1963


SUNRISE AND SUNSET
FEBRUARY  8 2016......SUNRISE   705 AM EST   SUNSET   527 PM EST
FEBRUARY  9 2016......SUNRISE   704 AM EST   SUNSET   528 PM EST


-  INDICATES NEGATIVE NUMBERS.
R  INDICATES RECORD WAS SET OR TIED.
MM INDICATES DATA IS MISSING.
T  INDICATES TRACE AMOUNT.




$$
