733
CDUS41 KPHI 230546
CLIMPO


CLIMATE REPORT
NATIONAL WEATHER SERVICE MOUNT HOLLY NJ
145 AM EDT WED AUG 23 2017


...................................

...THE MOUNT POCONO PA CLIMATE SUMMARY FOR AUGUST 22 2017...

CLIMATE NORMAL PERIOD 1981 TO 2010
CLIMATE RECORD PERIOD 1901 TO 2017


WEATHER ITEM   OBSERVED TIME   RECORD YEAR NORMAL DEPARTURE LAST
                VALUE   (LST)  VALUE       VALUE  FROM      YEAR
                                                  NORMAL
..................................................................
TEMPERATURE (F)
 YESTERDAY
  MAXIMUM         82    230 PM  87    1968  76      6       67
  MINIMUM         64    435 AM  34    1982  57      7       47
  AVERAGE         73                        66      7       57

PRECIPITATION (IN)
  YESTERDAY        0.03          3.25 1937   0.15  -0.12     0.00
  MONTH TO DATE    4.22                      3.39   0.83     3.92
  SINCE JUN 1     13.66                     12.41   1.25    12.15
  SINCE JAN 1     30.56                     29.91   0.65    29.58

DEGREE DAYS
 HEATING
  YESTERDAY        0                         1     -1        8
  MONTH TO DATE   30                        22      8        9
  SINCE JUN 1    169                       144     25      117
  SINCE JUL 1     42                        44     -2       25

 COOLING
  YESTERDAY        8                         3      5        0
  MONTH TO DATE   46                        80    -34      107
  SINCE JUN 1    211                       263    -52      294
  SINCE JAN 1    229                       282    -53      323
..................................................................


WIND (MPH)
  HIGHEST WIND SPEED    21   HIGHEST WIND DIRECTION     S (200)
  HIGHEST GUST SPEED    29   HIGHEST GUST DIRECTION    SW (210)
  AVERAGE WIND SPEED     9.6


SKY COVER
  POSSIBLE SUNSHINE  MM
  AVERAGE SKY COVER 0.3


WEATHER CONDITIONS
 THE FOLLOWING WEATHER WAS RECORDED YESTERDAY.
  THUNDERSTORM
  LIGHT RAIN
  FOG


RELATIVE HUMIDITY (PERCENT)
 HIGHEST   100          1200 AM
 LOWEST     62          1200 PM
 AVERAGE    81

..........................................................


THE MOUNT POCONO PA CLIMATE NORMALS FOR TODAY
                         NORMAL    RECORD    YEAR
 MAXIMUM TEMPERATURE (F)   76        90      1936
 MINIMUM TEMPERATURE (F)   56        34      1923


SUNRISE AND SUNSET
AUGUST 23 2017........SUNRISE   619 AM EDT   SUNSET   748 PM EDT
AUGUST 24 2017........SUNRISE   620 AM EDT   SUNSET   747 PM EDT


-  INDICATES NEGATIVE NUMBERS.
R  INDICATES RECORD WAS SET OR TIED.
MM INDICATES DATA IS MISSING.
T  INDICATES TRACE AMOUNT.




$$
