000
CDUS41 KPHI 250629
CLIMPO


CLIMATE REPORT
NATIONAL WEATHER SERVICE MOUNT HOLLY NJ
228 AM EDT THU AUG 25 2016


...................................

...THE MOUNT POCONO PA CLIMATE SUMMARY FOR AUGUST 24 2016...

CLIMATE NORMAL PERIOD 1981 TO 2010
CLIMATE RECORD PERIOD 1901 TO 2016


WEATHER ITEM   OBSERVED TIME   RECORD YEAR NORMAL DEPARTURE LAST
                VALUE   (LST)  VALUE       VALUE  FROM      YEAR
                                                  NORMAL
..................................................................
TEMPERATURE (F)
 YESTERDAY
  MAXIMUM         77    332 PM  86    1909  75      2       79
  MINIMUM         51    316 AM  35    1940  56     -5       51
  AVERAGE         64                        66     -2       65

PRECIPITATION (IN)
  YESTERDAY        0.00          2.80 1933   0.14  -0.14     0.30
  MONTH TO DATE    3.92                      3.68   0.24     4.75
  SINCE JUN 1     12.15                     12.70  -0.55    16.58
  SINCE JAN 1     29.58                     30.20  -0.62    27.58

SNOWFALL (IN)
  YESTERDAY       MM            MM      MM  MM     MM       MM
  MONTH TO DATE   MM                        MM     MM       MM
  SINCE JUN 1     MM                        MM     MM       MM
  SINCE JUL 1     MM                        MM     MM       MM
  SNOW DEPTH      MM

DEGREE DAYS
 HEATING
  YESTERDAY        1                         2     -1        0
  MONTH TO DATE   15                        25    -10       12
  SINCE JUN 1    123                       147    -24      109
  SINCE JUL 1     31                        47    -16       25

 COOLING
  YESTERDAY        0                         2     -2        0
  MONTH TO DATE  107                        84     23       77
  SINCE JUN 1    294                       267     27      271
  SINCE JAN 1    323                       286     37      328
..................................................................


WIND (MPH)
  HIGHEST WIND SPEED    14   HIGHEST WIND DIRECTION    SW (210)
  HIGHEST GUST SPEED    19   HIGHEST GUST DIRECTION     S (190)
  AVERAGE WIND SPEED     5.3


SKY COVER
  POSSIBLE SUNSHINE  MM
  AVERAGE SKY COVER 0.0


WEATHER CONDITIONS
 THE FOLLOWING WEATHER WAS RECORDED YESTERDAY.
  NO SIGNIFICANT WEATHER WAS OBSERVED.


RELATIVE HUMIDITY (PERCENT)
 HIGHEST   100           300 AM
 LOWEST     50           100 PM
 AVERAGE    75

..........................................................


THE MOUNT POCONO PA CLIMATE NORMALS FOR TODAY
                         NORMAL    RECORD    YEAR
 MAXIMUM TEMPERATURE (F)   75        89      1948
 MINIMUM TEMPERATURE (F)   56        33      1987


SUNRISE AND SUNSET
AUGUST 25 2016........SUNRISE   622 AM EDT   SUNSET   745 PM EDT
AUGUST 26 2016........SUNRISE   623 AM EDT   SUNSET   743 PM EDT


-  INDICATES NEGATIVE NUMBERS.
R  INDICATES RECORD WAS SET OR TIED.
MM INDICATES DATA IS MISSING.
T  INDICATES TRACE AMOUNT.




$$
