000
CDUS41 KPHI 292128
CLIMPO


CLIMATE REPORT
NATIONAL WEATHER SERVICE MOUNT HOLLY NJ
527 PM EDT WED JUL 29 2015


...................................

...THE MOUNT POCONO PA CLIMATE SUMMARY FOR JULY 29 2015...
VALID TODAY AS OF 0500 PM LOCAL TIME.

CLIMATE NORMAL PERIOD 1981 TO 2010
CLIMATE RECORD PERIOD 1901 TO 2015


WEATHER ITEM   OBSERVED TIME   RECORD YEAR NORMAL DEPARTURE LAST
                VALUE   (LST)  VALUE       VALUE  FROM      YEAR
                                                  NORMAL
..................................................................
TEMPERATURE (F)
 TODAY
  MAXIMUM         84   1056 AM  90    1949  78      6       67
  MINIMUM         59    449 AM  43    1987  58      1       50
  AVERAGE         72                        68      4       59

PRECIPITATION (IN)
  TODAY            0.00          4.59 1969   0.19  -0.19     0.00
  MONTH TO DATE    2.85                      4.23  -1.38     3.69
  SINCE JUN 1     11.62                      8.61   3.01     7.14
  SINCE JAN 1     22.62                     26.11  -3.49    25.90

SNOWFALL (IN)
  TODAY           MM            MM      MM  MM     MM       MM
  MONTH TO DATE   MM                        MM     MM       MM
  SINCE JUN 1     MM                        MM     MM       MM
  SINCE JUL 1     MM                        MM     MM       MM
  SNOW DEPTH      MM

DEGREE DAYS
 HEATING
  TODAY            0                         1     -1        6
  MONTH TO DATE   13                        29    -16       18
  SINCE JUN 1     97                       129    -32       73
  SINCE JUL 1     13                        29    -16       18

 COOLING
  TODAY            7                         4      3        0
  MONTH TO DATE  116                       115      1      107
  SINCE JUN 1    182                       177      5      167
  SINCE JAN 1    239                       196     43      174
..................................................................


WIND (MPH)
  HIGHEST WIND SPEED     8   HIGHEST WIND DIRECTION    SE (150)
  HIGHEST GUST SPEED     9   HIGHEST GUST DIRECTION    SE (150)
  AVERAGE WIND SPEED     1.5


SKY COVER
  POSSIBLE SUNSHINE  MM
  AVERAGE SKY COVER 0.0


WEATHER CONDITIONS
 THE FOLLOWING WEATHER WAS RECORDED TODAY.
  FOG


RELATIVE HUMIDITY (PERCENT)
 HIGHEST    97           400 AM
 LOWEST     43          1100 AM
 AVERAGE    70

..........................................................


THE MOUNT POCONO PA CLIMATE NORMALS FOR TOMORROW
                         NORMAL    RECORD    YEAR
 MAXIMUM TEMPERATURE (F)   78        90      1954
 MINIMUM TEMPERATURE (F)   58        42      1968


SUNRISE AND SUNSET
JULY 29 2015..........SUNRISE   554 AM EDT   SUNSET   821 PM EDT
JULY 30 2015..........SUNRISE   555 AM EDT   SUNSET   820 PM EDT


-  INDICATES NEGATIVE NUMBERS.
R  INDICATES RECORD WAS SET OR TIED.
MM INDICATES DATA IS MISSING.
T  INDICATES TRACE AMOUNT.




$$
