000
CDUS41 KPHI 192129
CLIMPO


CLIMATE REPORT
NATIONAL WEATHER SERVICE MOUNT HOLLY NJ
529 PM EDT THU OCT 19 2017


...................................

...THE MOUNT POCONO PA CLIMATE SUMMARY FOR OCTOBER 19 2017...
VALID TODAY AS OF 0500 PM LOCAL TIME.

CLIMATE NORMAL PERIOD 1981 TO 2010
CLIMATE RECORD PERIOD 1901 TO 2017


WEATHER ITEM   OBSERVED TIME   RECORD YEAR NORMAL DEPARTURE LAST
                VALUE   (LST)  VALUE       VALUE  FROM      YEAR
                                                  NORMAL
..................................................................
TEMPERATURE (F)
 TODAY
  MAXIMUM         67    239 PM  80    1963  57     10       74
  MINIMUM         45    450 AM  18    1974  38      7       50
  AVERAGE         56                        47      9       62

PRECIPITATION (IN)
  TODAY            0.00          3.63 2012   0.13  -0.13     0.00
  MONTH TO DATE    3.08                      2.71   0.37     0.33
  SINCE SEP 1      5.90                      8.07  -2.17     3.93
  SINCE JAN 1     36.51                     39.05  -2.54    33.52

DEGREE DAYS
 HEATING
  TODAY            9                        18     -9        3
  MONTH TO DATE  161                       288   -127      225
  SINCE SEP 1    313                       493   -180      375
  SINCE JUL 1    411                       556   -145      407

 COOLING
  TODAY            0                         0      0        0
  MONTH TO DATE   12                         0     12        0
  SINCE SEP 1     58                        17     41       51
  SINCE JAN 1    287                       313    -26      397
..................................................................


WIND (MPH)
  HIGHEST WIND SPEED    16   HIGHEST WIND DIRECTION     W (260)
  HIGHEST GUST SPEED    23   HIGHEST GUST DIRECTION     W (250)
  AVERAGE WIND SPEED     8.6


SKY COVER
  POSSIBLE SUNSHINE  MM
  AVERAGE SKY COVER 0.0


WEATHER CONDITIONS
 THE FOLLOWING WEATHER WAS RECORDED TODAY.
  NO SIGNIFICANT WEATHER WAS OBSERVED.


RELATIVE HUMIDITY (PERCENT)
 HIGHEST    92          1200 AM
 LOWEST     40           100 PM
 AVERAGE    66

..........................................................


THE MOUNT POCONO PA CLIMATE NORMALS FOR TOMORROW
                         NORMAL    RECORD    YEAR
 MAXIMUM TEMPERATURE (F)   56        75      1963
 MINIMUM TEMPERATURE (F)   38        18      1972


SUNRISE AND SUNSET
OCTOBER 19 2017.......SUNRISE   718 AM EDT   SUNSET   614 PM EDT
OCTOBER 20 2017.......SUNRISE   719 AM EDT   SUNSET   613 PM EDT


-  INDICATES NEGATIVE NUMBERS.
R  INDICATES RECORD WAS SET OR TIED.
MM INDICATES DATA IS MISSING.
T  INDICATES TRACE AMOUNT.




$$
