000
CDUS41 KBTV 190537
CLIMPV


CLIMATE REPORT
NATIONAL WEATHER SERVICE BURLINGTON VT
135 AM EDT TUE SEP 19 2017


...................................

...THE MONTPELIER VT CLIMATE SUMMARY FOR SEPTEMBER 18 2017...

CLIMATE NORMAL PERIOD 1981 TO 2010
CLIMATE RECORD PERIOD 1948 TO 2017


WEATHER ITEM   OBSERVED TIME   RECORD YEAR NORMAL DEPARTURE LAST
                VALUE   (LST)  VALUE       VALUE  FROM      YEAR
                                                  NORMAL
..................................................................
TEMPERATURE (F)
 YESTERDAY
  MAXIMUM         82    241 PM  85    1955  68     14       76
  MINIMUM         57    528 AM  29    1950  45     12       62
  AVERAGE         70                        57     13       69

PRECIPITATION (IN)
  YESTERDAY        0.00          1.73        0.11  -0.11     0.29
  MONTH TO DATE    2.47                      1.72   0.75     1.09
  SINCE SEP 1      2.47                      1.72   0.75     1.09
  SINCE JAN 1     34.09                     26.52   7.57    25.65

DEGREE DAYS
 HEATING
  YESTERDAY        0                         9     -9        0
  MONTH TO DATE  109                       110     -1       57
  SINCE SEP 1    109                       110     -1       57
  SINCE JUL 1    255                       218     37      111

 COOLING
  YESTERDAY        5                         0      5        4
  MONTH TO DATE   17                        16      1       23
  SINCE SEP 1     17                        16      1       23
  SINCE JAN 1    213                       260    -47      295
..................................................................


WIND (MPH)
  HIGHEST WIND SPEED    16   HIGHEST WIND DIRECTION     S (160)
  HIGHEST GUST SPEED    19   HIGHEST GUST DIRECTION     S (160)
  AVERAGE WIND SPEED     4.3


SKY COVER
  AVERAGE SKY COVER 0.6


WEATHER CONDITIONS
 THE FOLLOWING WEATHER WAS RECORDED YESTERDAY.
  FOG
  FOG W/VISIBILITY <= 1/4 MILE


RELATIVE HUMIDITY (PERCENT)
 HIGHEST   100          1200 AM
 LOWEST     64           400 PM
 AVERAGE    82

..........................................................


THE MONTPELIER VT CLIMATE NORMALS FOR TODAY
                         NORMAL    RECORD    YEAR
 MAXIMUM TEMPERATURE (F)   67        87      1955
 MINIMUM TEMPERATURE (F)   45        29      1959


SUNRISE AND SUNSET
SEPTEMBER 19 2017.....SUNRISE   634 AM EDT   SUNSET   653 PM EDT
SEPTEMBER 20 2017.....SUNRISE   635 AM EDT   SUNSET   651 PM EDT


-  INDICATES NEGATIVE NUMBERS.
R  INDICATES RECORD WAS SET OR TIED.
MM INDICATES DATA IS MISSING.
T  INDICATES TRACE AMOUNT.




$$
