000
CDUS41 KBTV 290522
CLIMPV


CLIMATE REPORT
NATIONAL WEATHER SERVICE BURLINGTON VT
121 AM EDT TUE JUL 29 2014


...................................

...THE MONTPELIER VT CLIMATE SUMMARY FOR JULY 28 2014...

CLIMATE NORMAL PERIOD 1981 TO 2010
CLIMATE RECORD PERIOD 1948 TO 2014


WEATHER ITEM   OBSERVED TIME   RECORD YEAR NORMAL DEPARTURE LAST
                VALUE   (LST)  VALUE       VALUE  FROM      YEAR
                                                  NORMAL
..................................................................
TEMPERATURE (F)
 YESTERDAY
  MAXIMUM         69    332 PM  92    1949  78     -9       77
  MINIMUM         57   1159 PM  39    2001  56      1       57
  AVERAGE         63                        67     -4       67

PRECIPITATION (IN)
  YESTERDAY        1.87R         1.07        0.15   1.72     0.23
  MONTH TO DATE    5.59                      3.63   1.96     5.23
  SINCE JUN 1      9.61                      7.43   2.18    13.58
  SINCE JAN 1     22.21                     20.34   1.87    22.85

DEGREE DAYS
 HEATING
  YESTERDAY        2                         1      1        0
  MONTH TO DATE   29                        34     -5       14
  SINCE JUN 1    129                       155    -26      162
  SINCE JUL 1     29                        34     -5       14

 COOLING
  YESTERDAY        0                         3     -3        2
  MONTH TO DATE  101                        88     13      156
  SINCE JUN 1    131                       141    -10      224
  SINCE JAN 1    132                       151    -19      235
..................................................................


WIND (MPH)
  HIGHEST WIND SPEED    16   HIGHEST WIND DIRECTION     W (290)
  HIGHEST GUST SPEED    23   HIGHEST GUST DIRECTION    NW (310)
  AVERAGE WIND SPEED     5.4


SKY COVER
  AVERAGE SKY COVER 1.0


WEATHER CONDITIONS
 THE FOLLOWING WEATHER WAS RECORDED YESTERDAY.
  THUNDERSTORM
  HEAVY RAIN
  RAIN
  LIGHT RAIN
  FOG
  FOG W/VISIBILITY <= 1/4 MILE


RELATIVE HUMIDITY (PERCENT)
 HIGHEST   100          1200 AM
 LOWEST     81           200 PM
 AVERAGE    91

..........................................................


THE MONTPELIER VT CLIMATE NORMALS FOR TODAY
                         NORMAL    RECORD    YEAR
 MAXIMUM TEMPERATURE (F)   78        92      1949
 MINIMUM TEMPERATURE (F)   56        41      1987


SUNRISE AND SUNSET
JULY 29 2014..........SUNRISE   535 AM EDT   SUNSET   818 PM EDT
JULY 30 2014..........SUNRISE   536 AM EDT   SUNSET   817 PM EDT


-  INDICATES NEGATIVE NUMBERS.
R  INDICATES RECORD WAS SET OR TIED.
MM INDICATES DATA IS MISSING.
T  INDICATES TRACE AMOUNT.




$$
