000
CDUS41 KBTV 250546
CLIMPV


CLIMATE REPORT
NATIONAL WEATHER SERVICE BURLINGTON VT
1242 AM EST SAT FEB 25 2017


...................................

...THE MONTPELIER VT CLIMATE SUMMARY FOR FEBRUARY 24 2017...

CLIMATE NORMAL PERIOD 1981 TO 2010
CLIMATE RECORD PERIOD 1948 TO 2017


WEATHER ITEM   OBSERVED TIME   RECORD YEAR NORMAL DEPARTURE LAST
                VALUE   (LST)  VALUE       VALUE  FROM      YEAR
                                                  NORMAL
..................................................................
TEMPERATURE (F)
 YESTERDAY
  MAXIMUM         51    417 PM  59    1985  33     18       35
  MINIMUM         33    723 AM -23    2015  12     21       26
  AVERAGE         42                        22     20       31

PRECIPITATION (IN)
  YESTERDAY        0.10          1.44        0.07   0.03     1.07
  MONTH TO DATE    1.57                      1.75  -0.18     2.55
  SINCE DEC 1      5.93                      6.94  -1.01     7.50
  SINCE JAN 1      3.34                      4.20  -0.86     3.81

DEGREE DAYS
 HEATING
  YESTERDAY       23                        43    -20       34
  MONTH TO DATE  975                      1093   -118     1039
  SINCE DEC 1   3522                      3892   -370     3343
  SINCE JUL 1   5111                      5738   -627     4986

 COOLING
  YESTERDAY        0                         0      0        0
  MONTH TO DATE    0                         0      0        0
  SINCE DEC 1      0                         0      0        0
  SINCE JAN 1      0                         0      0        0
..................................................................


WIND (MPH)
  HIGHEST WIND SPEED    12   HIGHEST WIND DIRECTION     N (350)
  HIGHEST GUST SPEED    15   HIGHEST GUST DIRECTION     N (350)
  AVERAGE WIND SPEED     1.4


SKY COVER
  AVERAGE SKY COVER 0.5


WEATHER CONDITIONS
 THE FOLLOWING WEATHER WAS RECORDED YESTERDAY.
  RAIN
  LIGHT RAIN
  FOG
  FOG W/VISIBILITY <= 1/4 MILE


RELATIVE HUMIDITY (PERCENT)
 HIGHEST   100           500 AM
 LOWEST     71          1100 AM
 AVERAGE    86

..........................................................


THE MONTPELIER VT CLIMATE NORMALS FOR TODAY
                         NORMAL    RECORD    YEAR
 MAXIMUM TEMPERATURE (F)   33        59      1985
 MINIMUM TEMPERATURE (F)   12        -9      1964


SUNRISE AND SUNSET
FEBRUARY 25 2017......SUNRISE   634 AM EST   SUNSET   533 PM EST
FEBRUARY 26 2017......SUNRISE   632 AM EST   SUNSET   535 PM EST


-  INDICATES NEGATIVE NUMBERS.
R  INDICATES RECORD WAS SET OR TIED.
MM INDICATES DATA IS MISSING.
T  INDICATES TRACE AMOUNT.




$$
