963
CDUS41 KBTV 200553
CLIMPV


CLIMATE REPORT
NATIONAL WEATHER SERVICE BURLINGTON VT
1250 AM EST TUE FEB 20 2018


...................................

...THE MONTPELIER VT CLIMATE SUMMARY FOR FEBRUARY 19 2018...

CLIMATE NORMAL PERIOD 1981 TO 2010
CLIMATE RECORD PERIOD 1948 TO 2018


WEATHER ITEM   OBSERVED TIME   RECORD YEAR NORMAL DEPARTURE LAST
                VALUE   (LST)  VALUE       VALUE  FROM      YEAR
                                                  NORMAL
..................................................................
TEMPERATURE (F)
 YESTERDAY
  MAXIMUM         41    245 PM  61    1981  31     10       49
  MINIMUM         21    119 AM -16    1979  10     11       33
  AVERAGE         31                        21     10       41

PRECIPITATION (IN)
  YESTERDAY        0.02          0.84        0.07  -0.05     0.00
  MONTH TO DATE    1.45                      1.41   0.04     1.47
  SINCE DEC 1      6.25                      6.60  -0.35     5.83
  SINCE JAN 1      3.98                      3.86   0.12     3.24

DEGREE DAYS
 HEATING
  YESTERDAY       34                        44    -10       24
  MONTH TO DATE  817                       876    -59      831
  SINCE DEC 1   3765                      3675     90     3378
  SINCE JUL 1   5399                      5521   -122     4967

 COOLING
  YESTERDAY        0                         0      0        0
  MONTH TO DATE    0                         0      0        0
  SINCE DEC 1      0                         0      0        0
  SINCE JAN 1      0                         0      0        0
..................................................................


WIND (MPH)
  HIGHEST WIND SPEED    18   HIGHEST WIND DIRECTION     S (170)
  HIGHEST GUST SPEED    23   HIGHEST GUST DIRECTION     S (180)
  AVERAGE WIND SPEED     9.0


SKY COVER
  AVERAGE SKY COVER 0.4


WEATHER CONDITIONS
 THE FOLLOWING WEATHER WAS RECORDED YESTERDAY.
  LIGHT RAIN
  FOG


RELATIVE HUMIDITY (PERCENT)
 HIGHEST    92           900 PM
 LOWEST     54          1200 PM
 AVERAGE    73

..........................................................


THE MONTPELIER VT CLIMATE NORMALS FOR TODAY
                         NORMAL    RECORD    YEAR
 MAXIMUM TEMPERATURE (F)   32        56      1994
 MINIMUM TEMPERATURE (F)   11       -20      1966


SUNRISE AND SUNSET
FEBRUARY 20 2018......SUNRISE   642 AM EST   SUNSET   526 PM EST
FEBRUARY 21 2018......SUNRISE   641 AM EST   SUNSET   528 PM EST


-  INDICATES NEGATIVE NUMBERS.
R  INDICATES RECORD WAS SET OR TIED.
MM INDICATES DATA IS MISSING.
T  INDICATES TRACE AMOUNT.




$$
