000
CDUS41 KBTV 290540
CLIMPV


CLIMATE REPORT
NATIONAL WEATHER SERVICE BURLINGTON VT
139 AM EDT FRI AUG 29 2014


...................................

...THE MONTPELIER VT CLIMATE SUMMARY FOR AUGUST 28 2014...

CLIMATE NORMAL PERIOD 1981 TO 2010
CLIMATE RECORD PERIOD 1948 TO 2014


WEATHER ITEM   OBSERVED TIME   RECORD YEAR NORMAL DEPARTURE LAST
                VALUE   (LST)  VALUE       VALUE  FROM      YEAR
                                                  NORMAL
..................................................................
TEMPERATURE (F)
 YESTERDAY
  MAXIMUM         67    309 PM  92    1952  75     -8       82
  MINIMUM         53    424 AM  38    1957  52      1       62
  AVERAGE         60                        64     -4       72

PRECIPITATION (IN)
  YESTERDAY        T             5.27        0.10  -0.10     0.00
  MONTH TO DATE    2.73                      3.71  -0.98     2.07
  SINCE JUN 1     12.43                     11.59   0.84    15.76
  SINCE JAN 1     25.03                     24.50   0.53    25.03

DEGREE DAYS
 HEATING
  YESTERDAY        5                         3      2        0
  MONTH TO DATE   65                        58      7       78
  SINCE JUN 1    208                       219    -11      241
  SINCE JUL 1    108                        98     10       93

 COOLING
  YESTERDAY        0                         2     -2        7
  MONTH TO DATE   31                        72    -41       40
  SINCE JUN 1    162                       230    -68      269
  SINCE JAN 1    163                       240    -77      280
..................................................................


WIND (MPH)
  HIGHEST WIND SPEED    21   HIGHEST WIND DIRECTION    NW (300)
  HIGHEST GUST SPEED    26   HIGHEST GUST DIRECTION    NW (310)
  AVERAGE WIND SPEED     7.7


SKY COVER
  AVERAGE SKY COVER 0.7


WEATHER CONDITIONS
 THE FOLLOWING WEATHER WAS RECORDED YESTERDAY.
  NO SIGNIFICANT WEATHER WAS OBSERVED.


RELATIVE HUMIDITY (PERCENT)
 HIGHEST   100           300 AM
 LOWEST     52           200 PM
 AVERAGE    76

..........................................................


THE MONTPELIER VT CLIMATE NORMALS FOR TODAY
                         NORMAL    RECORD    YEAR
 MAXIMUM TEMPERATURE (F)   75        91      1977
 MINIMUM TEMPERATURE (F)   52        36      1955


SUNRISE AND SUNSET
AUGUST 29 2014........SUNRISE   610 AM EDT   SUNSET   732 PM EDT
AUGUST 30 2014........SUNRISE   611 AM EDT   SUNSET   730 PM EDT


-  INDICATES NEGATIVE NUMBERS.
R  INDICATES RECORD WAS SET OR TIED.
MM INDICATES DATA IS MISSING.
T  INDICATES TRACE AMOUNT.




$$
