000
CDUS41 KBTV 290520
CLIMPV


CLIMATE REPORT
NATIONAL WEATHER SERVICE BURLINGTON VT
119 AM EDT WED JUL 29 2015


...................................

...THE MONTPELIER VT CLIMATE SUMMARY FOR JULY 28 2015...

CLIMATE NORMAL PERIOD 1981 TO 2010
CLIMATE RECORD PERIOD 1948 TO 2015


WEATHER ITEM   OBSERVED TIME   RECORD YEAR NORMAL DEPARTURE LAST
                VALUE   (LST)  VALUE       VALUE  FROM      YEAR
                                                  NORMAL
..................................................................
TEMPERATURE (F)
 YESTERDAY
  MAXIMUM         84    344 PM  92    1949  78      6       69
  MINIMUM         61    514 AM  39    2001  56      5       57
  AVERAGE         73                        67      6       63

PRECIPITATION (IN)
  YESTERDAY        0.12          1.87        0.15  -0.03     1.87
  MONTH TO DATE    3.50                      3.63  -0.13     5.59
  SINCE JUN 1     12.55                      7.43   5.12     9.61
  SINCE JAN 1     23.25                     20.34   2.91    22.21

DEGREE DAYS
 HEATING
  YESTERDAY        0                         1     -1        2
  MONTH TO DATE   51                        34     17       29
  SINCE JUN 1    213                       155     58      129
  SINCE JUL 1     51                        34     17       29

 COOLING
  YESTERDAY        8                         3      5        0
  MONTH TO DATE   81                        88     -7      101
  SINCE JUN 1     93                       141    -48      131
  SINCE JAN 1    127                       151    -24      132
..................................................................


WIND (MPH)
  HIGHEST WIND SPEED    12   HIGHEST WIND DIRECTION    NW (300)
  HIGHEST GUST SPEED    14   HIGHEST GUST DIRECTION     N (10)
  AVERAGE WIND SPEED     2.4


SKY COVER
  AVERAGE SKY COVER 0.3


WEATHER CONDITIONS
 THE FOLLOWING WEATHER WAS RECORDED YESTERDAY.
  THUNDERSTORM
  LIGHT RAIN
  FOG
  FOG W/VISIBILITY <= 1/4 MILE


RELATIVE HUMIDITY (PERCENT)
 HIGHEST   100           500 AM
 LOWEST     43           400 PM
 AVERAGE    72

..........................................................


THE MONTPELIER VT CLIMATE NORMALS FOR TODAY
                         NORMAL    RECORD    YEAR
 MAXIMUM TEMPERATURE (F)   78        92      1949
 MINIMUM TEMPERATURE (F)   56        41      1987


SUNRISE AND SUNSET
JULY 29 2015..........SUNRISE   534 AM EDT   SUNSET   819 PM EDT
JULY 30 2015..........SUNRISE   535 AM EDT   SUNSET   817 PM EDT


-  INDICATES NEGATIVE NUMBERS.
R  INDICATES RECORD WAS SET OR TIED.
MM INDICATES DATA IS MISSING.
T  INDICATES TRACE AMOUNT.




$$
