000
CDUS41 KBTV 290540
CLIMPV


CLIMATE REPORT
NATIONAL WEATHER SERVICE BURLINGTON VT
136 AM EDT SAT AUG 29 2015


...................................

...THE MONTPELIER VT CLIMATE SUMMARY FOR AUGUST 28 2015...

CLIMATE NORMAL PERIOD 1981 TO 2010
CLIMATE RECORD PERIOD 1948 TO 2015


WEATHER ITEM   OBSERVED TIME   RECORD YEAR NORMAL DEPARTURE LAST
                VALUE   (LST)  VALUE       VALUE  FROM      YEAR
                                                  NORMAL
..................................................................
TEMPERATURE (F)
 YESTERDAY
  MAXIMUM         72    246 PM  92    1952  75     -3       67
  MINIMUM         48    500 AM  38    1957  52     -4       53
  AVERAGE         60                        64     -4       60

PRECIPITATION (IN)
  YESTERDAY        0.00          5.27        0.10  -0.10      T
  MONTH TO DATE    1.82                      3.71  -1.89     2.73
  SINCE JUN 1     15.24                     11.59   3.65    12.43
  SINCE JAN 1     25.94                     24.50   1.44    25.03

DEGREE DAYS
 HEATING
  YESTERDAY        5                         3      2        5
  MONTH TO DATE   24                        58    -34       65
  SINCE JUN 1    237                       219     18      208
  SINCE JUL 1     75                        98    -23      108

 COOLING
  YESTERDAY        0                         2     -2        0
  MONTH TO DATE   88                        72     16       31
  SINCE JUN 1    199                       230    -31      162
  SINCE JAN 1    233                       240     -7      163
..................................................................


WIND (MPH)
  HIGHEST WIND SPEED    12   HIGHEST WIND DIRECTION     W (290)
  HIGHEST GUST SPEED    16   HIGHEST GUST DIRECTION     N (340)
  AVERAGE WIND SPEED     2.4


SKY COVER
  AVERAGE SKY COVER 0.2


WEATHER CONDITIONS
 THE FOLLOWING WEATHER WAS RECORDED YESTERDAY.
  FOG
  FOG W/VISIBILITY <= 1/4 MILE
  HAZE


RELATIVE HUMIDITY (PERCENT)
 HIGHEST   100          1200 AM
 LOWEST     49           300 PM
 AVERAGE    75

..........................................................


THE MONTPELIER VT CLIMATE NORMALS FOR TODAY
                         NORMAL    RECORD    YEAR
 MAXIMUM TEMPERATURE (F)   75        91      1977
 MINIMUM TEMPERATURE (F)   52        36      1955


SUNRISE AND SUNSET
AUGUST 29 2015........SUNRISE   609 AM EDT   SUNSET   732 PM EDT
AUGUST 30 2015........SUNRISE   611 AM EDT   SUNSET   730 PM EDT


-  INDICATES NEGATIVE NUMBERS.
R  INDICATES RECORD WAS SET OR TIED.
MM INDICATES DATA IS MISSING.
T  INDICATES TRACE AMOUNT.




$$
