000
CDUS41 KBTV 290546
CLIMPV


CLIMATE REPORT
NATIONAL WEATHER SERVICE BURLINGTON VT
1242 AM EST THU JAN 29 2015


...................................

...THE MONTPELIER VT CLIMATE SUMMARY FOR JANUARY 28 2015...

CLIMATE NORMAL PERIOD 1981 TO 2010
CLIMATE RECORD PERIOD 1948 TO 2015


WEATHER ITEM   OBSERVED TIME   RECORD YEAR NORMAL DEPARTURE LAST
                VALUE   (LST)  VALUE       VALUE  FROM      YEAR
                                                  NORMAL
..................................................................
TEMPERATURE (F)
 YESTERDAY
  MAXIMUM         14    329 PM  51    2002  27    -13       11
  MINIMUM         -5   1148 PM -22    2003   7    -12        2
  AVERAGE          5                        17    -12        7

PRECIPITATION (IN)
  YESTERDAY        T             0.96        0.09  -0.09     0.00
  MONTH TO DATE    1.75                      2.19  -0.44     1.83
  SINCE DEC 1      5.32                      4.93   0.39     3.88
  SINCE JAN 1      1.75                      2.19  -0.44     1.83

DEGREE DAYS
 HEATING
  YESTERDAY       60                        48     12       58
  MONTH TO DATE 1478                      1356    122     1395
  SINCE DEC 1   2677                      2658     19     2749
  SINCE JUL 1   4495                      4504     -9     4653

 COOLING
  YESTERDAY        0                         0      0        0
  MONTH TO DATE    0                         0      0        0
  SINCE DEC 1      0                         0      0        0
  SINCE JAN 1      0                         0      0        0
..................................................................


WIND (MPH)
  HIGHEST WIND SPEED    15   HIGHEST WIND DIRECTION    NW (300)
  HIGHEST GUST SPEED    20   HIGHEST GUST DIRECTION    NW (310)
  AVERAGE WIND SPEED     7.2


SKY COVER
  AVERAGE SKY COVER 0.5


WEATHER CONDITIONS
 THE FOLLOWING WEATHER WAS RECORDED YESTERDAY.
  LIGHT SNOW
  HAZE


RELATIVE HUMIDITY (PERCENT)
 HIGHEST    87           500 AM
 LOWEST     46           400 PM
 AVERAGE    67

..........................................................


THE MONTPELIER VT CLIMATE NORMALS FOR TODAY
                         NORMAL    RECORD    YEAR
 MAXIMUM TEMPERATURE (F)   27        54      1950
 MINIMUM TEMPERATURE (F)    7       -19      1954


SUNRISE AND SUNSET
JANUARY 29 2015.......SUNRISE   712 AM EST   SUNSET   456 PM EST
JANUARY 30 2015.......SUNRISE   711 AM EST   SUNSET   457 PM EST


-  INDICATES NEGATIVE NUMBERS.
R  INDICATES RECORD WAS SET OR TIED.
MM INDICATES DATA IS MISSING.
T  INDICATES TRACE AMOUNT.




$$
