000
CDUS43 KMPX 280803
CLIMPX


CLIMATE REPORT
NATIONAL WEATHER SERVICE CHANHASSEN MN
302 AM CDT SUN MAY 28 2017


...................................

...THE CHANHASSEN MN CLIMATE SUMMARY FOR MAY 27 2017...

CLIMATE NORMAL PERIOD 1981 TO 2010
CLIMATE RECORD PERIOD 1995 TO 2017


WEATHER ITEM   OBSERVED TIME   RECORD YEAR NORMAL DEPARTURE LAST
                VALUE   (LST)  VALUE       VALUE  FROM      YEAR
                                                  NORMAL
..................................................................
TEMPERATURE (F)
 YESTERDAY
  MAXIMUM         70        MM  MM      MM  72     -2       67
  MINIMUM         49        MM  MM      MM  51     -2       59
  AVERAGE         60                        61     -1       63

PRECIPITATION (IN)
  YESTERDAY        T            MM      MM   0.11  -0.11     0.29
  MONTH TO DATE    5.03                      3.17   1.86     1.67
  SINCE MAR 1     10.73                      7.95   2.78     6.40
  SINCE JAN 1     12.33                      9.76   2.57     7.89

SNOWFALL (IN)
  YESTERDAY        0.0          MM      MM   0.0    0.0      0.0
  MONTH TO DATE    T                         0.3   -0.3      0.0
  SINCE MAR 1      6.1                      14.5   -8.4      5.6
  SINCE JUL 1     38.5                      54.2  -15.7     35.5
  SNOW DEPTH       0

DEGREE DAYS
 HEATING
  YESTERDAY        5                         5      0        2
  MONTH TO DATE  261                       227     34      239
  SINCE MAR 1   1775                      1831    -56     1580
  SINCE JUL 1   6844                      7846  -1002     6795

 COOLING
  YESTERDAY        0                         1     -1        0
  MONTH TO DATE   13                        21     -8       32
  SINCE MAR 1     13                        24    -11       39
  SINCE JAN 1     13                        24    -11       39
..................................................................


WIND (MPH)
  HIGHEST WIND SPEED    MM   HIGHEST WIND DIRECTION    MM
  HIGHEST GUST SPEED    MM   HIGHEST GUST DIRECTION    MM
  AVERAGE WIND SPEED    MM


SKY COVER
  POSSIBLE SUNSHINE  MM
  AVERAGE SKY COVER  MM


WEATHER CONDITIONS
 THE FOLLOWING WEATHER WAS RECORDED YESTERDAY.
  NO SIGNIFICANT WEATHER WAS OBSERVED.


RELATIVE HUMIDITY (PERCENT)
 HIGHEST    MM
 LOWEST     MM
 AVERAGE    MM

..........................................................


THE CHANHASSEN MN CLIMATE NORMALS FOR TODAY
                         NORMAL    RECORD    YEAR
 MAXIMUM TEMPERATURE (F)   72        MM        MM
 MINIMUM TEMPERATURE (F)   51        MM        MM


SUNRISE AND SUNSET
MAY 28 2017...........SUNRISE   534 AM CDT   SUNSET   850 PM CDT
MAY 29 2017...........SUNRISE   533 AM CDT   SUNSET   851 PM CDT


-  INDICATES NEGATIVE NUMBERS.
R  INDICATES RECORD WAS SET OR TIED.
MM INDICATES DATA IS MISSING.
T  INDICATES TRACE AMOUNT.




$$
