000
CDUS43 KMQT 230502
CLIMQT

CLIMATE REPORT
NATIONAL WEATHER SERVICE MARQUETTE MI
1202 AM EST THU NOV 23 2017


...................................

...THE MARQUETTE MI CLIMATE SUMMARY FOR NOVEMBER 22 2017...

CLIMATE NORMAL PERIOD 1981 TO 2010
CLIMATE RECORD PERIOD 1961 TO 2017


WEATHER ITEM   OBSERVED RECORD YEAR NORMAL DEPARTURE LAST
                VALUE   VALUE       VALUE  FROM      YEAR
                                           NORMAL
...........................................................
TEMPERATURE (F)
 YESTERDAY
  MAXIMUM         24     58    2012  34    -10       32
  MINIMUM         18     -2    1978  20     -2       10
  AVERAGE         21                 27     -6       21

PRECIPITATION (IN)
  YESTERDAY        T      0.35 1963   0.11  -0.11     0.00
  MONTH TO DATE    1.72               2.33  -0.61     0.68
  SINCE SEP 1     13.16               9.89   3.27     9.21
  SINCE JAN 1     40.49              32.26   8.23    36.98

SNOWFALL (IN)
  YESTERDAY        0.1    4.2  2000   1.0   -0.9      0.0
  MONTH TO DATE   15.6               15.4    0.2      9.5
  SINCE SEP 1     24.4               21.5    2.9      9.5
  SINCE JUL 1     24.4               21.5    2.9      9.5
  SNOW DEPTH       2

DEGREE DAYS
 HEATING
  YESTERDAY       44                 38      6       44
  MONTH TO DATE  836                724    112      514
  SINCE SEP 1   1596               1700   -104     1268
  SINCE JUL 1   1861               1885    -24     1368

 COOLING
  YESTERDAY        0                  0      0        0
  MONTH TO DATE    0                  0      0        0
  SINCE SEP 1     52                 22     30       10
  SINCE JAN 1    145                242    -97      246
...........................................................


WIND (MPH)
  RESULTANT WIND SPEED  MM   RESULTANT WIND DIRECTION  MM
  HIGHEST WIND SPEED    MM   HIGHEST WIND DIRECTION    MM
  HIGHEST GUST SPEED    19   HIGHEST GUST DIRECTION    SW (225)
  AVERAGE WIND SPEED    MM


SKY COVER
  POSSIBLE SUNSHINE  MM
  AVERAGE SKY COVER  MM


WEATHER CONDITIONS
 THE FOLLOWING WEATHER WAS RECORDED YESTERDAY.
  LIGHT SNOW


RELATIVE HUMIDITY (PERCENT)
 HIGHEST    MM
 LOWEST     MM
 AVERAGE    MM

..........................................................


THE MARQUETTE MI CLIMATE NORMALS FOR TODAY
                         NORMAL    RECORD    YEAR
 MAXIMUM TEMPERATURE (F)   34        54      2001
 MINIMUM TEMPERATURE (F)   20         1      1981


SUNRISE AND SUNSET
NOVEMBER 23 2017......SUNRISE   804 AM EST   SUNSET   509 PM EST
NOVEMBER 24 2017......SUNRISE   805 AM EST   SUNSET   509 PM EST


-  INDICATES NEGATIVE NUMBERS.
R  INDICATES RECORD WAS SET OR TIED.
MM INDICATES DATA IS MISSING.
T  INDICATES TRACE AMOUNT.




$$
