000
CDUS43 KMQT 090634
CLIMQT


CLIMATE REPORT
NATIONAL WEATHER SERVICE MARQUETTE MI
129 AM EST FRI DEC 9 2016


...................................

...THE MARQUETTE MI CLIMATE SUMMARY FOR DECEMBER 8 2016...

CLIMATE NORMAL PERIOD 1981 TO 2010
CLIMATE RECORD PERIOD 1961 TO 2016


WEATHER ITEM   OBSERVED RECORD YEAR NORMAL DEPARTURE LAST
                VALUE   VALUE       VALUE  FROM      YEAR
                                           NORMAL
...........................................................
TEMPERATURE (F)
 YESTERDAY
  MAXIMUM         25     44    1984  28     -3       35
  MINIMUM         16    -13    1976  14      2       33
  AVERAGE         21                 21      0       34

PRECIPITATION (IN)
  YESTERDAY        0.42   0.44 1966   0.09   0.33     0.03
  MONTH TO DATE    0.61               0.75  -0.14     0.46
  SINCE DEC 1      0.61               0.75  -0.14     0.46
  SINCE JAN 1     38.69              33.86   4.83    25.36

SNOWFALL (IN)
  YESTERDAY        9.2 R  8.0  1977   1.4    7.8      0.0
  MONTH TO DATE   11.7               10.6    1.1      1.8
  SINCE DEC 1     11.7               10.6    1.1      1.8
  SINCE JUL 1     25.9               41.1  -15.2      9.7
  SNOW DEPTH       1

DEGREE DAYS
 HEATING
  YESTERDAY       44                 44      0       31
  MONTH TO DATE  297                344    -47      251
  SINCE DEC 1    297                344    -47      251
  SINCE JUL 1   1922               2546   -624     2083

 COOLING
  YESTERDAY        0                  0      0        0
  MONTH TO DATE    0                  0      0        0
  SINCE DEC 1      0                  0      0        0
  SINCE JAN 1    246                242      4      250
...........................................................


WIND (MPH)
  RESULTANT WIND SPEED  MM   RESULTANT WIND DIRECTION  MM
  HIGHEST WIND SPEED    MM   HIGHEST WIND DIRECTION    MM
  HIGHEST GUST SPEED    26   HIGHEST GUST DIRECTION     W (270)
  AVERAGE WIND SPEED    MM


SKY COVER
  POSSIBLE SUNSHINE  MM
  AVERAGE SKY COVER  MM


WEATHER CONDITIONS
 THE FOLLOWING WEATHER WAS RECORDED YESTERDAY.
  SNOW
  LIGHT SNOW


RELATIVE HUMIDITY (PERCENT)
 HIGHEST    MM
 LOWEST     MM
 AVERAGE    MM

..........................................................


THE MARQUETTE MI CLIMATE NORMALS FOR TODAY
                         NORMAL    RECORD    YEAR
 MAXIMUM TEMPERATURE (F)   28        50      1990
 MINIMUM TEMPERATURE (F)   13        -9      1976


SUNRISE AND SUNSET
DECEMBER  9 2016......SUNRISE   823 AM EST   SUNSET   503 PM EST
DECEMBER 10 2016......SUNRISE   824 AM EST   SUNSET   503 PM EST


-  INDICATES NEGATIVE NUMBERS.
R  INDICATES RECORD WAS SET OR TIED.
MM INDICATES DATA IS MISSING.
T  INDICATES TRACE AMOUNT.




$$
