000
CDUS43 KMQT 270520
CLIMQT


CLIMATE REPORT
NATIONAL WEATHER SERVICE MARQUETTE MI
118 AM EDT THU JUL 27 2017


...................................

...THE MARQUETTE MI CLIMATE SUMMARY FOR JULY 26 2017...

CLIMATE NORMAL PERIOD 1981 TO 2010
CLIMATE RECORD PERIOD 1961 TO 2017


WEATHER ITEM   OBSERVED RECORD YEAR NORMAL DEPARTURE LAST
                VALUE   VALUE       VALUE  FROM      YEAR
                                           NORMAL
...........................................................
TEMPERATURE (F)
 YESTERDAY
  MAXIMUM         81     91    1989  77      4       88
  MINIMUM         61     40    1962  55      6       59
  AVERAGE         71                 66      5       74

PRECIPITATION (IN)
  YESTERDAY        0.01   0.89 2013   0.09  -0.08     0.01
  MONTH TO DATE    1.96               2.36  -0.40     3.48
  SINCE JUN 1      7.93               5.20   2.73     7.02
  SINCE JAN 1     22.77              18.84   3.93    23.23

SNOWFALL (IN)
  YESTERDAY        0.0   MM      MM   0.0    0.0      0.0
  MONTH TO DATE    T                  0.0    0.0       T
  SINCE JUN 1      T                  0.0    0.0       T
  SINCE JUL 1      T                  0.0    0.0       T
  SNOW DEPTH       0

DEGREE DAYS
 HEATING
  YESTERDAY        0                  2     -2        0
  MONTH TO DATE   76                 64     12       47
  SINCE JUN 1    217                246    -29      229
  SINCE JUL 1     76                 64     12       47

 COOLING
  YESTERDAY        6                  3      3        9
  MONTH TO DATE   43                 78    -35      101
  SINCE JUN 1     64                126    -62      142
  SINCE JAN 1     64                138    -74      153
...........................................................


WIND (MPH)
  HIGHEST WIND SPEED    MM   HIGHEST WIND DIRECTION    MM
  HIGHEST GUST SPEED    19   HIGHEST GUST DIRECTION    SW (225)
  AVERAGE WIND SPEED    MM


SKY COVER
  POSSIBLE SUNSHINE  MM
  AVERAGE SKY COVER  MM


WEATHER CONDITIONS
 THE FOLLOWING WEATHER WAS RECORDED YESTERDAY.
  LIGHT RAIN


RELATIVE HUMIDITY (PERCENT)
 HIGHEST    MM
 LOWEST     MM
 AVERAGE    MM

..........................................................


THE MARQUETTE MI CLIMATE NORMALS FOR TODAY
                         NORMAL    RECORD    YEAR
 MAXIMUM TEMPERATURE (F)   76        91      2015
 MINIMUM TEMPERATURE (F)   55        39      2001
                                             1980


SUNRISE AND SUNSET
JULY 27 2017..........SUNRISE   625 AM EDT   SUNSET   927 PM EDT
JULY 28 2017..........SUNRISE   627 AM EDT   SUNSET   926 PM EDT


-  INDICATES NEGATIVE NUMBERS.
R  INDICATES RECORD WAS SET OR TIED.
MM INDICATES DATA IS MISSING.
T  INDICATES TRACE AMOUNT.




$$
JLA
