000
CDUS43 KMQT 310513
CLIMQT


CLIMATE REPORT
NATIONAL WEATHER SERVICE MARQUETTE MI
112 AM EDT FRI OCT 31 2014


...................................

...THE MARQUETTE MI CLIMATE SUMMARY FOR OCTOBER 30 2014...

CLIMATE NORMAL PERIOD 1981 TO 2010
CLIMATE RECORD PERIOD 1961 TO 2014


WEATHER ITEM   OBSERVED RECORD YEAR NORMAL DEPARTURE LAST
                VALUE   VALUE       VALUE  FROM      YEAR
                                           NORMAL
...........................................................
TEMPERATURE (F)
 YESTERDAY
  MAXIMUM         40     64    2008  46     -6       47
  MINIMUM         31     14    1966  30      1       32
  AVERAGE         36                 38     -2       40

PRECIPITATION (IN)
  YESTERDAY        0.23   0.60 1989   0.10   0.13     0.06
  MONTH TO DATE    6.11               3.73   2.38     4.02
  SINCE SEP 1     10.21               7.45   2.76     6.04
  SINCE JAN 1     36.95              29.82   7.13    33.79

SNOWFALL (IN)
  YESTERDAY        1.0    4.6  1993   0.4    0.6       T
  MONTH TO DATE    1.0                5.6   -4.6      3.5
  SINCE SEP 1      1.0                5.7   -4.7      3.5
  SINCE JUL 1      1.0                5.7   -4.7      3.5
  SNOW DEPTH       0

DEGREE DAYS
 HEATING
  YESTERDAY       29                 27      2       25
  MONTH TO DATE  669                651     18      618
  SINCE SEP 1    949                948      1      869
  SINCE JUL 1   1196               1133     63     1083

 COOLING
  YESTERDAY        0                  0      0        0
  MONTH TO DATE    0                  0      0        0
  SINCE SEP 1      5                 21    -16       10
  SINCE JAN 1    152                241    -89      280
...........................................................

WIND (MPH)
  RESULTANT WIND SPEED  MM   RESULTANT WIND DIRECTION  MM
  HIGHEST WIND SPEED    MM   HIGHEST WIND DIRECTION    MM
  HIGHEST GUST SPEED    29   HIGHEST GUST DIRECTION    NE (45)
  AVERAGE WIND SPEED    MM

SKY COVER
  POSSIBLE SUNSHINE  MM
  AVERAGE SKY COVER  MM

WEATHER CONDITIONS
 THE FOLLOWING WEATHER WAS RECORDED YESTERDAY.
  LIGHT RAIN
  LIGHT SNOW

RELATIVE HUMIDITY (PERCENT)
 HIGHEST    MM
 LOWEST     MM
 AVERAGE    MM
..........................................................


THE MARQUETTE MI CLIMATE NORMALS FOR TODAY
                         NORMAL    RECORD    YEAR
 MAXIMUM TEMPERATURE (F)   45        65      1999
 MINIMUM TEMPERATURE (F)   29        14      1984


SUNRISE AND SUNSET
OCTOBER 31 2014.......SUNRISE   830 AM EDT   SUNSET   637 PM EDT
NOVEMBER  1 2014......SUNRISE   832 AM EDT   SUNSET   635 PM EDT


-  INDICATES NEGATIVE NUMBERS.
R  INDICATES RECORD WAS SET OR TIED.
MM INDICATES DATA IS MISSING.
T  INDICATES TRACE AMOUNT.




$$
