000
CDUS41 KLWX 212121
CLIMRB


CLIMATE REPORT
NATIONAL WEATHER SERVICE BALTIMORE MD/WASHINGTON DC
521 PM EDT TUE OCT 21 2014


...................................

...THE MARTINSBURG WV CLIMATE SUMMARY FOR OCTOBER 21 2014...
VALID TODAY AS OF 0500 PM LOCAL TIME.

CLIMATE NORMAL PERIOD 1981 TO 2010
CLIMATE RECORD PERIOD 1926 TO 2014


WEATHER ITEM   OBSERVED TIME   RECORD YEAR NORMAL DEPARTURE LAST
                VALUE   (LST)  VALUE       VALUE  FROM      YEAR
                                                  NORMAL
..................................................................
TEMPERATURE (F)
 TODAY
  MAXIMUM         65   1204 PM  87    1979  64      1       68
  MINIMUM         44    651 AM  22    1972  41      3       34
  AVERAGE         55                        52      3       51

PRECIPITATION (IN)
  TODAY            0.03          1.67 1970   0.09  -0.06     0.00
  MONTH TO DATE    3.14                      2.07   1.07     5.38
  SINCE SEP 1      5.59                      5.64  -0.05     6.62
  SINCE JAN 1     30.06                     31.88  -1.82    29.00

DEGREE DAYS
 HEATING
  TODAY           10                        13     -3       14
  MONTH TO DATE  140                       209    -69      118
  SINCE SEP 1    191                       293   -102      214
  SINCE JUL 1    194                       300   -106      218

 COOLING
  TODAY            0                         0      0        0
  MONTH TO DATE    3                         8     -5       40
  SINCE SEP 1    130                       101     29      139
  SINCE JAN 1    958                       893     65     1057
..................................................................


WIND (MPH)
  HIGHEST WIND SPEED    15   HIGHEST WIND DIRECTION    NW (310)
  HIGHEST GUST SPEED    18   HIGHEST GUST DIRECTION    NW (310)
  AVERAGE WIND SPEED     2.1


SKY COVER
  POSSIBLE SUNSHINE  MM
  AVERAGE SKY COVER 0.6


WEATHER CONDITIONS
 THE FOLLOWING WEATHER WAS RECORDED TODAY.
  LIGHT RAIN
  FOG
  FOG W/VISIBILITY <= 1/4 MILE
  HAZE


RELATIVE HUMIDITY (PERCENT)
 HIGHEST    93           400 AM
 LOWEST     48          1200 PM
 AVERAGE    71

..........................................................


THE MARTINSBURG WV CLIMATE NORMALS FOR TOMORROW
                         NORMAL    RECORD    YEAR
 MAXIMUM TEMPERATURE (F)   63        87      1979
 MINIMUM TEMPERATURE (F)   40        26      1974


SUNRISE AND SUNSET
OCTOBER 21 2014.......SUNRISE   728 AM EDT   SUNSET   624 PM EDT
OCTOBER 22 2014.......SUNRISE   729 AM EDT   SUNSET   623 PM EDT


-  INDICATES NEGATIVE NUMBERS.
R  INDICATES RECORD WAS SET OR TIED.
MM INDICATES DATA IS MISSING.
T  INDICATES TRACE AMOUNT.




$$
