000
CDUS41 KLWX 270531
CLIMRB


CLIMATE REPORT
NATIONAL WEATHER SERVICE BALTIMORE MD/WASHINGTON DC
128 AM EDT SAT MAY 27 2017


...................................

...THE MARTINSBURG WV CLIMATE SUMMARY FOR MAY 26 2017...

CLIMATE NORMAL PERIOD 1981 TO 2010
CLIMATE RECORD PERIOD 1926 TO 2017


WEATHER ITEM   OBSERVED TIME   RECORD YEAR NORMAL DEPARTURE LAST
                VALUE   (LST)  VALUE       VALUE  FROM      YEAR
                                                  NORMAL
..................................................................
TEMPERATURE (F)
 YESTERDAY
  MAXIMUM         74    425 PM  92    1991  75     -1       87
  MINIMUM         55   1159 PM  38    1972  53      2       57
  AVERAGE         65                        64      1       72

PRECIPITATION (IN)
  YESTERDAY        0.01          1.75 1990   0.13  -0.12      T
  MONTH TO DATE    6.67                      3.44   3.23     4.48
  SINCE MAR 1     12.17                     10.30   1.87     7.32
  SINCE JAN 1     16.55                     15.08   1.47    11.41

DEGREE DAYS
 HEATING
  YESTERDAY        0                         4     -4        0
  MONTH TO DATE  159                       155      4      182
  SINCE MAR 1   1043                      1256   -213     1058
  SINCE JUL 1   4121                      5212  -1091     4473

 COOLING
  YESTERDAY        0                         3     -3        7
  MONTH TO DATE   38                        37      1       14
  SINCE MAR 1     93                        46     47       26
  SINCE JAN 1     93                        46     47       26
..................................................................


WIND (MPH)
  HIGHEST WIND SPEED    26   HIGHEST WIND DIRECTION     W (280)
  HIGHEST GUST SPEED    33   HIGHEST GUST DIRECTION     W (280)
  AVERAGE WIND SPEED     7.0


SKY COVER
  POSSIBLE SUNSHINE  MM
  AVERAGE SKY COVER 0.7


WEATHER CONDITIONS
 THE FOLLOWING WEATHER WAS RECORDED YESTERDAY.
  LIGHT RAIN


RELATIVE HUMIDITY (PERCENT)
 HIGHEST    93          1100 PM
 LOWEST     49           400 PM
 AVERAGE    71

..........................................................


THE MARTINSBURG WV CLIMATE NORMALS FOR TODAY
                         NORMAL    RECORD    YEAR
 MAXIMUM TEMPERATURE (F)   76        95      1941
 MINIMUM TEMPERATURE (F)   53        37      1958


SUNRISE AND SUNSET
MAY 27 2017...........SUNRISE   549 AM EDT   SUNSET   829 PM EDT
MAY 28 2017...........SUNRISE   549 AM EDT   SUNSET   830 PM EDT


-  INDICATES NEGATIVE NUMBERS.
R  INDICATES RECORD WAS SET OR TIED.
MM INDICATES DATA IS MISSING.
T  INDICATES TRACE AMOUNT.




$$
