000
CDUS41 KLWX 010522
CLIMRB


CLIMATE REPORT
NATIONAL WEATHER SERVICE BALTIMORE MD/WASHINGTON DC
122 AM EDT WED OCT 1 2014


...................................

...THE MARTINSBURG WV CLIMATE SUMMARY FOR SEPTEMBER 30 2014...

CLIMATE NORMAL PERIOD 1981 TO 2010
CLIMATE RECORD PERIOD 1926 TO 2014


WEATHER ITEM   OBSERVED TIME   RECORD YEAR NORMAL DEPARTURE LAST
                VALUE   (LST)  VALUE       VALUE  FROM      YEAR
                                                  NORMAL
..................................................................
TEMPERATURE (F)
 YESTERDAY
  MAXIMUM         77    203 PM  94    1953  71      6       77
  MINIMUM         54    629 AM  32    1951  48      6       44
  AVERAGE         66                        60      6       61

PRECIPITATION (IN)
  YESTERDAY        0.21          3.29 2010   0.13   0.08     0.00
  MONTH TO DATE    2.45                      3.57  -1.12     1.24
  SINCE SEP 1      2.45                      3.57  -1.12     1.24
  SINCE JAN 1     26.92                     29.81  -2.89    23.62

DEGREE DAYS
 HEATING
  YESTERDAY        0                         7     -7        4
  MONTH TO DATE   51                        86    -35       96
  SINCE SEP 1     51                        84    -33       96
  SINCE JUL 1     54                        91    -37      100

 COOLING
  YESTERDAY        1                         1      0        0
  MONTH TO DATE  127                        93     34       99
  SINCE SEP 1    127                        93     34       99
  SINCE JAN 1    955                       885     70     1017
..................................................................


WIND (MPH)
  HIGHEST WIND SPEED    14   HIGHEST WIND DIRECTION    NW (310)
  HIGHEST GUST SPEED    17   HIGHEST GUST DIRECTION    NW (310)
  AVERAGE WIND SPEED     3.4


SKY COVER
  POSSIBLE SUNSHINE  MM
  AVERAGE SKY COVER 0.5


WEATHER CONDITIONS
 THE FOLLOWING WEATHER WAS RECORDED YESTERDAY.
  HEAVY RAIN
  RAIN
  LIGHT RAIN
  FOG
  FOG W/VISIBILITY <= 1/4 MILE
  HAZE


RELATIVE HUMIDITY (PERCENT)
 HIGHEST    93           500 AM
 LOWEST     56           100 PM
 AVERAGE    75

..........................................................


THE MARTINSBURG WV CLIMATE NORMALS FOR TODAY
                         NORMAL    RECORD    YEAR
 MAXIMUM TEMPERATURE (F)   71        92      1927
 MINIMUM TEMPERATURE (F)   48        27      1947


SUNRISE AND SUNSET
OCTOBER  1 2014.......SUNRISE   708 AM EDT   SUNSET   654 PM EDT
OCTOBER  2 2014.......SUNRISE   709 AM EDT   SUNSET   653 PM EDT


-  INDICATES NEGATIVE NUMBERS.
R  INDICATES RECORD WAS SET OR TIED.
MM INDICATES DATA IS MISSING.
T  INDICATES TRACE AMOUNT.




$$
