000
CDUS41 KLWX 110529
CLIMRB


CLIMATE REPORT
NATIONAL WEATHER SERVICE BALTIMORE MD/WASHINGTON DC
129 AM EDT FRI JUL 11 2014


...................................

...THE MARTINSBURG WV CLIMATE SUMMARY FOR JULY 10 2014...

CLIMATE NORMAL PERIOD 1981 TO 2010
CLIMATE RECORD PERIOD 1926 TO 2014


WEATHER ITEM   OBSERVED TIME   RECORD YEAR NORMAL DEPARTURE LAST
                VALUE   (LST)  VALUE       VALUE  FROM      YEAR
                                                  NORMAL
..................................................................
TEMPERATURE (F)
 YESTERDAY
  MAXIMUM         88    225 PM 107    1936  86      2       85
  MINIMUM         63    538 AM  47    1963  64     -1       70
  AVERAGE         76                        75      1       78

PRECIPITATION (IN)
  YESTERDAY        0.00          1.87 1967   0.12  -0.12     0.35
  MONTH TO DATE    1.12                      1.13  -0.01     1.24
  SINCE JUN 1      3.80                      4.89  -1.09     5.24
  SINCE JAN 1     18.67                     20.62  -1.95    16.50

DEGREE DAYS
 HEATING
  YESTERDAY        0                         0      0        0
  MONTH TO DATE    0                         0      0        0
  SINCE JUN 1      2                        24    -22        2
  SINCE JUL 1      0                         0      0        0

 COOLING
  YESTERDAY       11                        10      1       13
  MONTH TO DATE  126                        96     30      130
  SINCE JUN 1    362                       279     83      358
  SINCE JAN 1    443                       336    107      469
..................................................................


WIND (MPH)
  HIGHEST WIND SPEED    15   HIGHEST WIND DIRECTION    SW (210)
  HIGHEST GUST SPEED    20   HIGHEST GUST DIRECTION    SW (210)
  AVERAGE WIND SPEED     3.2


SKY COVER
  POSSIBLE SUNSHINE  MM
  AVERAGE SKY COVER 0.2


WEATHER CONDITIONS
 THE FOLLOWING WEATHER WAS RECORDED YESTERDAY.
  FOG
  FOG W/VISIBILITY <= 1/4 MILE


RELATIVE HUMIDITY (PERCENT)
 HIGHEST    93           200 AM
 LOWEST     34           300 PM
 AVERAGE    64

..........................................................


THE MARTINSBURG WV CLIMATE NORMALS FOR TODAY
                         NORMAL    RECORD    YEAR
 MAXIMUM TEMPERATURE (F)   86       112      1936
 MINIMUM TEMPERATURE (F)   64        47      1953


SUNRISE AND SUNSET
JULY 11 2014..........SUNRISE   555 AM EDT   SUNSET   840 PM EDT
JULY 12 2014..........SUNRISE   555 AM EDT   SUNSET   839 PM EDT


-  INDICATES NEGATIVE NUMBERS.
R  INDICATES RECORD WAS SET OR TIED.
MM INDICATES DATA IS MISSING.
T  INDICATES TRACE AMOUNT.




$$
