000
CDUS41 KLWX 252134
CLIMRB


CLIMATE REPORT
NATIONAL WEATHER SERVICE BALTIMORE MD/WASHINGTON DC
534 PM EDT WED MAY 25 2016


...................................

...THE MARTINSBURG WV CLIMATE SUMMARY FOR MAY 25 2016...
VALID TODAY AS OF 0500 PM LOCAL TIME.

CLIMATE NORMAL PERIOD 1981 TO 2010
CLIMATE RECORD PERIOD 1926 TO 2016


WEATHER ITEM   OBSERVED TIME   RECORD YEAR NORMAL DEPARTURE LAST
                VALUE   (LST)  VALUE       VALUE  FROM      YEAR
                                                  NORMAL
..................................................................
TEMPERATURE (F)
 TODAY
  MAXIMUM         85    350 PM  94    1933  75     10       85
  MINIMUM         50    528 AM  33    1967  52     -2       57
  AVERAGE         68                        64      4       71

PRECIPITATION (IN)
  TODAY            0.00          1.67 1952   0.13  -0.13     0.00
  MONTH TO DATE    4.48                      3.31   1.17     1.95
  SINCE MAR 1      7.32                     10.17  -2.85     7.57
  SINCE JAN 1     11.41                     14.95  -3.54     9.86

DEGREE DAYS
 HEATING
  TODAY            0                         4     -4        0
  MONTH TO DATE  182                       151     31       65
  SINCE MAR 1   1058                      1252   -194     1092
  SINCE JUL 1   4473                      5208   -735     5015

 COOLING
  TODAY            3                         2      1        6
  MONTH TO DATE    7                        34    -27       88
  SINCE MAR 1     19                        43    -24       89
  SINCE JAN 1     19                        43    -24       89
..................................................................


WIND (MPH)
  HIGHEST WIND SPEED    12   HIGHEST WIND DIRECTION    SW (230)
  HIGHEST GUST SPEED    15   HIGHEST GUST DIRECTION    SW (220)
  AVERAGE WIND SPEED     2.9


SKY COVER
  POSSIBLE SUNSHINE  MM
  AVERAGE SKY COVER 0.0


WEATHER CONDITIONS
 THE FOLLOWING WEATHER WAS RECORDED TODAY.
  NO SIGNIFICANT WEATHER WAS OBSERVED.


RELATIVE HUMIDITY (PERCENT)
 HIGHEST    93           600 AM
 LOWEST     31           300 PM
 AVERAGE    62

..........................................................


THE MARTINSBURG WV CLIMATE NORMALS FOR TOMORROW
                         NORMAL    RECORD    YEAR
 MAXIMUM TEMPERATURE (F)   75        92      1991
 MINIMUM TEMPERATURE (F)   53        38      1972


SUNRISE AND SUNSET
MAY 25 2016...........SUNRISE   550 AM EDT   SUNSET   828 PM EDT
MAY 26 2016...........SUNRISE   550 AM EDT   SUNSET   829 PM EDT


-  INDICATES NEGATIVE NUMBERS.
R  INDICATES RECORD WAS SET OR TIED.
MM INDICATES DATA IS MISSING.
T  INDICATES TRACE AMOUNT.




$$
