000
CDUS41 KLWX 252140
CLIMRB


CLIMATE REPORT
NATIONAL WEATHER SERVICE BALTIMORE MD/WASHINGTON DC
440 PM EST SAT FEB 25 2017


...................................

...THE MARTINSBURG WV CLIMATE SUMMARY FOR FEBRUARY 25 2017...
VALID TODAY AS OF 0400 PM LOCAL TIME.

CLIMATE NORMAL PERIOD 1981 TO 2010
CLIMATE RECORD PERIOD 1926 TO 2017


WEATHER ITEM   OBSERVED TIME   RECORD YEAR NORMAL DEPARTURE LAST
                VALUE   (LST)  VALUE       VALUE  FROM      YEAR
                                                  NORMAL
..................................................................
TEMPERATURE (F)
 TODAY
  MAXIMUM         69   1238 PM  70    1976  46     23       47
  MINIMUM         51    700 AM   4    1964  26     25       35
  AVERAGE         60                        36     24       41

PRECIPITATION (IN)
  TODAY            T             1.40 1965   0.09  -0.09     0.12
  MONTH TO DATE    0.66                      2.07  -1.41     2.73
  SINCE DEC 1      5.92                      7.22  -1.30     6.75
  SINCE JAN 1      4.13                      4.51  -0.38     4.09

DEGREE DAYS
 HEATING
  TODAY            5                        29    -24       24
  MONTH TO DATE  508                       788   -280      777
  SINCE DEC 1   2199                      2801   -602     2461
  SINCE JUL 1   3003                      3871   -868     3319

 COOLING
  TODAY            0                         0      0        0
  MONTH TO DATE    0                         0      0        0
  SINCE DEC 1      0                         0      0        0
  SINCE JAN 1      0                         0      0        0
..................................................................


WIND (MPH)
  HIGHEST WIND SPEED    33   HIGHEST WIND DIRECTION     W (290)
  HIGHEST GUST SPEED    43   HIGHEST GUST DIRECTION     W (280)
  AVERAGE WIND SPEED     7.9


SKY COVER
  POSSIBLE SUNSHINE  MM
  AVERAGE SKY COVER 0.4


WEATHER CONDITIONS
 THE FOLLOWING WEATHER WAS RECORDED TODAY.
  NO SIGNIFICANT WEATHER WAS OBSERVED.


RELATIVE HUMIDITY (PERCENT)
 HIGHEST    93           500 AM
 LOWEST     57           200 PM
 AVERAGE    75

..........................................................


THE MARTINSBURG WV CLIMATE NORMALS FOR TOMORROW
                         NORMAL    RECORD    YEAR
 MAXIMUM TEMPERATURE (F)   46        71      1951
 MINIMUM TEMPERATURE (F)   26         6      1970


SUNRISE AND SUNSET
FEBRUARY 25 2017......SUNRISE   650 AM EST   SUNSET   600 PM EST
FEBRUARY 26 2017......SUNRISE   649 AM EST   SUNSET   601 PM EST


-  INDICATES NEGATIVE NUMBERS.
R  INDICATES RECORD WAS SET OR TIED.
MM INDICATES DATA IS MISSING.
T  INDICATES TRACE AMOUNT.




$$
