000
CDUS44 KHUN 240805
CLIMSL


CLIMATE REPORT
NATIONAL WEATHER SERVICE HUNTSVILLE AL
205 AM CST MON NOV 24 2014


...................................

...THE MUSCLE SHOALS CLIMATE SUMMARY FOR NOVEMBER 23 2014...

CLIMATE NORMAL PERIOD 1981 TO 2010
CLIMATE RECORD PERIOD 1893 TO 2014


WEATHER ITEM   OBSERVED TIME   RECORD YEAR NORMAL DEPARTURE LAST
                VALUE   (LST)  VALUE       VALUE  FROM      YEAR
                                                  NORMAL
..................................................................
TEMPERATURE (F)
 YESTERDAY
  MAXIMUM         65    538 PM  78    1931  60      5       52
                                      1913
  MINIMUM         56   1015 AM  19    1937  39     17       32
  AVERAGE         61                        50     11       42

PRECIPITATION (IN)
  YESTERDAY        0.36          2.28 2004   0.17   0.19      T
  MONTH TO DATE    4.29                      3.37   0.92     1.75
  SINCE SEP 1     13.94                     10.52   3.42     6.02
  SINCE JAN 1     47.14                     46.23   0.91    48.91

SNOWFALL (IN)
  YESTERDAY        0.0
  MONTH TO DATE    T
  SINCE SEP 1      T
  SINCE JUL 1      T
  SNOW DEPTH       0

DEGREE DAYS
 HEATING
  YESTERDAY        4                        16    -12       23
  MONTH TO DATE  416                       278    138      290
  SINCE SEP 1    526                       446     80      420
  SINCE JUL 1    526                       446     80      420

 COOLING
  YESTERDAY        0                         0      0        0
  MONTH TO DATE    0                         4     -4        1
  SINCE SEP 1    407                       325     82      414
  SINCE JAN 1   1860                      1868     -8     1895
..................................................................


WIND (MPH)
  HIGHEST WIND SPEED    29   HIGHEST WIND DIRECTION    SW (220)
  HIGHEST GUST SPEED    37   HIGHEST GUST DIRECTION    SW (210)
  AVERAGE WIND SPEED    12.7


SKY COVER
  POSSIBLE SUNSHINE  MM
  AVERAGE SKY COVER 1.0


WEATHER CONDITIONS
 THE FOLLOWING WEATHER WAS RECORDED YESTERDAY.
  HEAVY RAIN
  LIGHT RAIN
  FOG


RELATIVE HUMIDITY (PERCENT)
 HIGHEST    93           100 PM
 LOWEST     64          1200 AM
 AVERAGE    79

..........................................................


THE MUSCLE SHOALS CLIMATE NORMALS FOR TODAY
                         NORMAL    RECORD    YEAR
 MAXIMUM TEMPERATURE (F)   60        81      1921
 MINIMUM TEMPERATURE (F)   39         8      1950


SUNRISE AND SUNSET
NOVEMBER 24 2014......SUNRISE   633 AM CST   SUNSET   441 PM CST
NOVEMBER 25 2014......SUNRISE   634 AM CST   SUNSET   441 PM CST


-  INDICATES NEGATIVE NUMBERS.
R  INDICATES RECORD WAS SET OR TIED.
MM INDICATES DATA IS MISSING.
T  INDICATES TRACE AMOUNT.




$$
