000
CDUS44 KHUN 180723
CLIMSL


CLIMATE REPORT
NATIONAL WEATHER SERVICE HUNTSVILLE AL
222 AM CDT FRI APR 18 2014


...................................

...THE MUSCLE SHOALS CLIMATE SUMMARY FOR APRIL 17 2014...

CLIMATE NORMAL PERIOD 1981 TO 2010
CLIMATE RECORD PERIOD 1893 TO 2014


WEATHER ITEM   OBSERVED TIME   RECORD YEAR NORMAL DEPARTURE LAST
                VALUE   (LST)  VALUE       VALUE  FROM      YEAR
                                                  NORMAL
..................................................................
TEMPERATURE (F)
 YESTERDAY
  MAXIMUM         70    309 PM  92    2006  74     -4       87
  MINIMUM         42   1256 AM  27    1905  50     -8       65
  AVERAGE         56                        62     -6       76

PRECIPITATION (IN)
  YESTERDAY        0.00          2.16 1970   0.14  -0.14     0.00
  MONTH TO DATE    3.28                      2.47   0.81     1.96
  SINCE MAR 1      5.90                      7.23  -1.33     6.73
  SINCE JAN 1     11.59                     16.50  -4.91    18.23

SNOWFALL (IN)
  YESTERDAY        0.0
  MONTH TO DATE    0.0
  SINCE MAR 1      T
  SINCE JUL 1      1.4
  SNOW DEPTH       0

DEGREE DAYS
 HEATING
  YESTERDAY        9                         5      4        0
  MONTH TO DATE  115                       114      1       95
  SINCE MAR 1    558                       492     66      615
  SINCE JUL 1   3329                      3027    302     2831

 COOLING
  YESTERDAY        0                         2     -2       11
  MONTH TO DATE   27                        22      5       39
  SINCE MAR 1     27                        34     -7       40
  SINCE JAN 1     27                        35     -8       47
..................................................................


WIND (MPH)
  HIGHEST WIND SPEED    16   HIGHEST WIND DIRECTION    SE (140)
  HIGHEST GUST SPEED    22   HIGHEST GUST DIRECTION    SE (140)
  AVERAGE WIND SPEED     6.0


SKY COVER
  POSSIBLE SUNSHINE  MM
  AVERAGE SKY COVER 0.1


WEATHER CONDITIONS
 THE FOLLOWING WEATHER WAS RECORDED YESTERDAY.
  NO SIGNIFICANT WEATHER WAS OBSERVED.


RELATIVE HUMIDITY (PERCENT)
 HIGHEST    72          1100 PM
 LOWEST     36           200 PM
 AVERAGE    54

..........................................................


THE MUSCLE SHOALS CLIMATE NORMALS FOR TODAY
                         NORMAL    RECORD    YEAR
 MAXIMUM TEMPERATURE (F)   74        93      2006
 MINIMUM TEMPERATURE (F)   50        33      1961
                                             1936
                                             1919


SUNRISE AND SUNSET
APRIL 18 2014.........SUNRISE   615 AM CDT   SUNSET   725 PM CDT
APRIL 19 2014.........SUNRISE   614 AM CDT   SUNSET   726 PM CDT


-  INDICATES NEGATIVE NUMBERS.
R  INDICATES RECORD WAS SET OR TIED.
MM INDICATES DATA IS MISSING.
T  INDICATES TRACE AMOUNT.




$$
