000
CDUS44 KHUN 270701
CLIMSL


CLIMATE REPORT
NATIONAL WEATHER SERVICE HUNTSVILLE AL
201 AM CDT TUE SEP 27 2016


...................................

...THE MUSCLE SHOALS CLIMATE SUMMARY FOR SEPTEMBER 26 2016...

CLIMATE NORMAL PERIOD 1981 TO 2010
CLIMATE RECORD PERIOD 1893 TO 2016


WEATHER ITEM   OBSERVED TIME   RECORD YEAR NORMAL DEPARTURE LAST
                VALUE   (LST)  VALUE       VALUE  FROM      YEAR
                                                  NORMAL
..................................................................
TEMPERATURE (F)
 YESTERDAY
  MAXIMUM         87    301 PM  98    1931  81      6       78
  MINIMUM         65   1159 PM  37    1899  58      7       65
  AVERAGE         76                        69      7       72

PRECIPITATION (IN)
  YESTERDAY        0.00          2.84 2002   0.13  -0.13     0.03
  MONTH TO DATE    0.50                      3.22  -2.72     0.51
  SINCE SEP 1      0.50                      3.22  -2.72     0.51
  SINCE JAN 1     32.13                     38.93  -6.80    37.05

SNOWFALL (IN)
  YESTERDAY        0.0
  MONTH TO DATE    0.0
  SINCE SEP 1      0.0
  SINCE JUL 1      0.0
  SNOW DEPTH       0

DEGREE DAYS
 HEATING
  YESTERDAY        0                         1     -1        0
  MONTH TO DATE    0                         8     -8        5
  SINCE SEP 1      0                         8     -8        5
  SINCE JUL 1      0                         8     -8        5

 COOLING
  YESTERDAY       11                         5      6        7
  MONTH TO DATE  392                       241    151      232
  SINCE SEP 1    392                       241    151      232
  SINCE JAN 1   2195                      1784    411     1885
..................................................................


WIND (MPH)
  HIGHEST WIND SPEED    13   HIGHEST WIND DIRECTION     N (340)
  HIGHEST GUST SPEED    19   HIGHEST GUST DIRECTION     N (350)
  AVERAGE WIND SPEED     5.0


SKY COVER
  POSSIBLE SUNSHINE  MM
  AVERAGE SKY COVER 0.2


WEATHER CONDITIONS
 THE FOLLOWING WEATHER WAS RECORDED YESTERDAY.
  NO SIGNIFICANT WEATHER WAS OBSERVED.


RELATIVE HUMIDITY (PERCENT)
 HIGHEST    87           400 AM
 LOWEST     48           300 PM
 AVERAGE    68

..........................................................


THE MUSCLE SHOALS CLIMATE NORMALS FOR TODAY
                         NORMAL    RECORD    YEAR
 MAXIMUM TEMPERATURE (F)   81        95      1954
 MINIMUM TEMPERATURE (F)   57        38      1940


SUNRISE AND SUNSET
SEPTEMBER 27 2016.....SUNRISE   642 AM CDT   SUNSET   639 PM CDT
SEPTEMBER 28 2016.....SUNRISE   643 AM CDT   SUNSET   638 PM CDT


-  INDICATES NEGATIVE NUMBERS.
R  INDICATES RECORD WAS SET OR TIED.
MM INDICATES DATA IS MISSING.
T  INDICATES TRACE AMOUNT.




$$
