000
CDUS44 KHUN 140801
CLIMSL


CLIMATE REPORT
NATIONAL WEATHER SERVICE HUNTSVILLE AL
201 AM CST THU DEC 14 2017


...................................

...THE MUSCLE SHOALS CLIMATE SUMMARY FOR DECEMBER 13 2017...

CLIMATE NORMAL PERIOD 1981 TO 2010
CLIMATE RECORD PERIOD 1893 TO 2017


WEATHER ITEM   OBSERVED TIME   RECORD YEAR NORMAL DEPARTURE LAST
                VALUE   (LST)  VALUE       VALUE  FROM      YEAR
                                                  NORMAL
..................................................................
TEMPERATURE (F)
 YESTERDAY
  MAXIMUM         54    319 PM  77    2015  53      1       55
  MINIMUM         22    716 AM   2    1962  34    -12       40
  AVERAGE         38                        44     -6       48

PRECIPITATION (IN)
  YESTERDAY        0.00          2.29 1991   0.20  -0.20     0.03
  MONTH TO DATE    2.07                      2.64  -0.57     3.61
  SINCE DEC 1      2.07                      2.64  -0.57     3.61
  SINCE JAN 1     45.58                     50.16  -4.58    39.07

SNOWFALL (IN)
  YESTERDAY        0.0
  MONTH TO DATE    0.0
  SINCE DEC 1      0.0
  SINCE JUL 1      0.0
  SNOW DEPTH       0

DEGREE DAYS
 HEATING
  YESTERDAY       27                        21      6       17
  MONTH TO DATE  263                       259      4      275
  SINCE DEC 1    263                       259      4      275
  SINCE JUL 1    770                       821    -51      603

 COOLING
  YESTERDAY        0                         0      0        0
  MONTH TO DATE    0                         0      0        0
  SINCE DEC 1      0                         0      0        0
  SINCE JAN 1   1973                      1871    102     2366
..................................................................


WIND (MPH)
  HIGHEST WIND SPEED    24   HIGHEST WIND DIRECTION    SW (220)
  HIGHEST GUST SPEED    30   HIGHEST GUST DIRECTION    SW (210)
  AVERAGE WIND SPEED     8.8


SKY COVER
  POSSIBLE SUNSHINE  MM
  AVERAGE SKY COVER 0.0


WEATHER CONDITIONS
 THE FOLLOWING WEATHER WAS RECORDED YESTERDAY.
  NO SIGNIFICANT WEATHER WAS OBSERVED.


RELATIVE HUMIDITY (PERCENT)
 HIGHEST    81           200 AM
 LOWEST     24           300 PM
 AVERAGE    53

..........................................................


THE MUSCLE SHOALS CLIMATE NORMALS FOR TODAY
                         NORMAL    RECORD    YEAR
 MAXIMUM TEMPERATURE (F)   53        76      1927
 MINIMUM TEMPERATURE (F)   34        12      1962
                                             1898


SUNRISE AND SUNSET
DECEMBER 14 2017......SUNRISE   650 AM CST   SUNSET   441 PM CST
DECEMBER 15 2017......SUNRISE   651 AM CST   SUNSET   441 PM CST


-  INDICATES NEGATIVE NUMBERS.
R  INDICATES RECORD WAS SET OR TIED.
MM INDICATES DATA IS MISSING.
T  INDICATES TRACE AMOUNT.




$$
