000
CDUS43 KMKX 090839
CLIMSN


CLIMATE REPORT
NATIONAL WEATHER SERVICE IN MILWAUKEE
239 AM CST FRI DEC 9 2016


...................................

...THE MADISON WI CLIMATE SUMMARY FOR DECEMBER 8 2016...

CLIMATE NORMAL PERIOD 1981 TO 2010
CLIMATE RECORD PERIOD 1871 TO 2016


WEATHER ITEM   OBSERVED TIME   RECORD YEAR NORMAL DEPARTURE LAST
                VALUE   (LST)  VALUE       VALUE  FROM      YEAR
                                                  NORMAL
..................................................................
TEMPERATURE (F)
 YESTERDAY
  MAXIMUM         23    747 PM  60    1946  32     -9       44
  MINIMUM         14    733 AM -16    1876  18     -4       37
  AVERAGE         19                        25     -6       41

PRECIPITATION (IN)
  YESTERDAY        T             0.82 1966   0.07  -0.07     0.00
  MONTH TO DATE    0.47                      0.57  -0.10     0.16
  SINCE DEC 1      0.47                      0.57  -0.10     0.16
  SINCE JAN 1     44.00                     33.31  10.69    36.42

SNOWFALL (IN)
  YESTERDAY        0.1           7.1  2009   0.5   -0.4      0.0
  MONTH TO DATE    5.8                       3.3    2.5      1.0
  SINCE DEC 1      5.8                       3.3    2.5      1.0
  SINCE JUL 1      5.8                       7.4   -1.6      5.1
  SNOW DEPTH       1

DEGREE DAYS
 HEATING
  YESTERDAY       46                        40      6       24
  MONTH TO DATE  282                       306    -24      230
  SINCE DEC 1    282                       306    -24      230
  SINCE JUL 1   1304                      1885   -581     1421

 COOLING
  YESTERDAY        0                         0      0        0
  MONTH TO DATE    0                         0      0        0
  SINCE DEC 1      0                         0      0        0
  SINCE JAN 1    780                       568    212      666
..................................................................


WIND (MPH)
  HIGHEST WIND SPEED    17   HIGHEST WIND DIRECTION     W (280)
  HIGHEST GUST SPEED    25   HIGHEST GUST DIRECTION     W (290)
  AVERAGE WIND SPEED     9.6


SKY COVER
  POSSIBLE SUNSHINE  MM
  AVERAGE SKY COVER 0.8


WEATHER CONDITIONS
 THE FOLLOWING WEATHER WAS RECORDED YESTERDAY.
  LIGHT SNOW


RELATIVE HUMIDITY (PERCENT)
 HIGHEST    84          1000 PM
 LOWEST     62           200 AM
 AVERAGE    73

..........................................................


THE MADISON WI CLIMATE NORMALS FOR TODAY
                         NORMAL    RECORD    YEAR
 MAXIMUM TEMPERATURE (F)   32        60      1946
 MINIMUM TEMPERATURE (F)   18       -22      1876


SUNRISE AND SUNSET
DECEMBER  9 2016......SUNRISE   718 AM CST   SUNSET   422 PM CST
DECEMBER 10 2016......SUNRISE   719 AM CST   SUNSET   422 PM CST


-  INDICATES NEGATIVE NUMBERS.
R  INDICATES RECORD WAS SET OR TIED.
MM INDICATES DATA IS MISSING.
T  INDICATES TRACE AMOUNT.




$$
