000
CDUS43 KMKX 300649
CLIMSN


CLIMATE REPORT
NATIONAL WEATHER SERVICE IN MILWAUKEE
148 AM CDT TUE SEP 30 2014


...................................

...THE MADISON WI CLIMATE SUMMARY FOR SEPTEMBER 29 2014...

CLIMATE NORMAL PERIOD 1981 TO 2010
CLIMATE RECORD PERIOD 1871 TO 2014


WEATHER ITEM   OBSERVED TIME   RECORD YEAR NORMAL DEPARTURE LAST
                VALUE   (LST)  VALUE       VALUE  FROM      YEAR
                                                  NORMAL
..................................................................
TEMPERATURE (F)
 YESTERDAY
  MAXIMUM         82    152 PM  90    1953  66     16       70
  MINIMUM         49   1159 PM  25    1949  44      5       43
  AVERAGE         66                        55     11       57

PRECIPITATION (IN)
  YESTERDAY        0.05          1.52 1986   0.09  -0.04     0.00
  MONTH TO DATE    1.84                      3.05  -1.21     3.19
  SINCE SEP 1      1.84                      3.05  -1.21     3.19
  SINCE JAN 1     29.65                     27.87   1.78    39.67

SNOWFALL (IN)
  YESTERDAY        0.0           0.0    MM   0.0    0.0      0.0
  MONTH TO DATE    0.0                       0.0    0.0      0.0
  SINCE SEP 1      0.0                       0.0    0.0      0.0
  SINCE JUL 1      0.0                       0.0    0.0      0.0
  SNOW DEPTH       0

DEGREE DAYS
 HEATING
  YESTERDAY        0                        10    -10        8
  MONTH TO DATE  148                       162    -14      122
  SINCE SEP 1    148                       162    -14      122
  SINCE JUL 1    165                       199    -34      152

 COOLING
  YESTERDAY        1                         1      0        0
  MONTH TO DATE   44                        53     -9       94
  SINCE SEP 1     44                        53     -9       94
  SINCE JAN 1    620                       566     54      707
..................................................................


WIND (MPH)
  HIGHEST WIND SPEED    25   HIGHEST WIND DIRECTION     N (10)
  HIGHEST GUST SPEED    29   HIGHEST GUST DIRECTION     N (10)
  AVERAGE WIND SPEED     7.7


SKY COVER
  POSSIBLE SUNSHINE  MM
  AVERAGE SKY COVER 0.5


WEATHER CONDITIONS
 THE FOLLOWING WEATHER WAS RECORDED YESTERDAY.
  LIGHT RAIN
  FOG
  FOG W/VISIBILITY <= 1/4 MILE


RELATIVE HUMIDITY (PERCENT)
 HIGHEST   100           300 AM
 LOWEST     42          1200 PM
 AVERAGE    71

..........................................................


THE MADISON WI CLIMATE NORMALS FOR TODAY
                         NORMAL    RECORD    YEAR
 MAXIMUM TEMPERATURE (F)   66        88      1971
 MINIMUM TEMPERATURE (F)   44        28      1993
                                             1883


SUNRISE AND SUNSET
SEPTEMBER 30 2014.....SUNRISE   653 AM CDT   SUNSET   640 PM CDT
OCTOBER  1 2014.......SUNRISE   655 AM CDT   SUNSET   639 PM CDT


-  INDICATES NEGATIVE NUMBERS.
R  INDICATES RECORD WAS SET OR TIED.
MM INDICATES DATA IS MISSING.
T  INDICATES TRACE AMOUNT.




$$
