263
CDUS43 KMKX 210652
CLIMSN


CLIMATE REPORT
NATIONAL WEATHER SERVICE IN MILWAUKEE
1251 AM CST SAT JAN 21 2017


...................................

...THE MADISON WI CLIMATE SUMMARY FOR JANUARY 20 2017...

CLIMATE NORMAL PERIOD 1981 TO 2010
CLIMATE RECORD PERIOD 1871 TO 2017


WEATHER ITEM   OBSERVED TIME   RECORD YEAR NORMAL DEPARTURE LAST
                VALUE   (LST)  VALUE       VALUE  FROM      YEAR
                                                  NORMAL
..................................................................
TEMPERATURE (F)
 YESTERDAY
  MAXIMUM         37    437 PM  53    1906  26     11       22
  MINIMUM         35   1117 PM -27    1994  11     24       11
  AVERAGE         36                        18     18       17

PRECIPITATION (IN)
  YESTERDAY        0.10          1.11 1898   0.04   0.06      T
  MONTH TO DATE    1.83                      0.80   1.03     0.56
  SINCE DEC 1      3.86                      2.54   1.32     3.89
  SINCE JAN 1      1.83                      0.80   1.03     0.56

SNOWFALL (IN)
  YESTERDAY        0.0           9.4  1898   0.4   -0.4       T
  MONTH TO DATE    2.1                       8.3   -6.2      2.1
  SINCE DEC 1     24.8                      21.8    3.0      9.5
  SINCE JUL 1     24.8                      25.9   -1.1     13.6
  SNOW DEPTH       0

DEGREE DAYS
 HEATING
  YESTERDAY       29                        47    -18       48
  MONTH TO DATE  892                       929    -37      965
  SINCE DEC 1   2201                      2229    -28     1886
  SINCE JUL 1   3223                      3808   -585     3077

 COOLING
  YESTERDAY        0                         0      0        0
  MONTH TO DATE    0                         0      0        0
  SINCE DEC 1      0                         0      0        0
  SINCE JAN 1      0                         0      0        0
..................................................................


WIND (MPH)
  HIGHEST WIND SPEED    15   HIGHEST WIND DIRECTION     E (70)
  HIGHEST GUST SPEED    23   HIGHEST GUST DIRECTION    SE (130)
  AVERAGE WIND SPEED     5.2


SKY COVER
  POSSIBLE SUNSHINE  MM
  AVERAGE SKY COVER 1.0


WEATHER CONDITIONS
 THE FOLLOWING WEATHER WAS RECORDED YESTERDAY.
  RAIN
  LIGHT RAIN
  FOG
  FOG W/VISIBILITY <= 1/4 MILE


RELATIVE HUMIDITY (PERCENT)
 HIGHEST   100           400 PM
 LOWEST     92          1200 AM
 AVERAGE    96

..........................................................


THE MADISON WI CLIMATE NORMALS FOR TODAY
                         NORMAL    RECORD    YEAR
 MAXIMUM TEMPERATURE (F)   26        52      1964
 MINIMUM TEMPERATURE (F)   11       -29      1888


SUNRISE AND SUNSET
JANUARY 21 2017.......SUNRISE   722 AM CST   SUNSET   456 PM CST
JANUARY 22 2017.......SUNRISE   722 AM CST   SUNSET   457 PM CST


-  INDICATES NEGATIVE NUMBERS.
R  INDICATES RECORD WAS SET OR TIED.
MM INDICATES DATA IS MISSING.
T  INDICATES TRACE AMOUNT.




$$
