000
CDUS43 KMKX 230649
CLIMSN


CLIMATE REPORT
NATIONAL WEATHER SERVICE IN MILWAUKEE
148 AM CDT FRI JUN 23 2017


...................................

...THE MADISON WI CLIMATE SUMMARY FOR JUNE 22 2017...

CLIMATE NORMAL PERIOD 1981 TO 2010
CLIMATE RECORD PERIOD 1871 TO 2017


WEATHER ITEM   OBSERVED TIME   RECORD YEAR NORMAL DEPARTURE LAST
                VALUE   (LST)  VALUE       VALUE  FROM      YEAR
                                                  NORMAL
..................................................................
TEMPERATURE (F)
 YESTERDAY
  MAXIMUM         79    358 PM  96    1988  80     -1       78
  MINIMUM         66   1159 PM  42    1963  58      8       62
  AVERAGE         73                        69      4       70

PRECIPITATION (IN)
  YESTERDAY        0.83          2.66 1940   0.15   0.68     0.06
  MONTH TO DATE    4.21                      3.34   0.87     3.33
  SINCE JUN 1      4.21                      3.34   0.87     3.33
  SINCE JAN 1     19.87                     15.17   4.70    13.12

SNOWFALL (IN)
  YESTERDAY        0.0           0.0    MM   0.0    0.0      0.0
  MONTH TO DATE    0.0                       0.0    0.0      0.0
  SINCE JUN 1      0.0                       0.0    0.0      0.0
  SINCE JUL 1     44.0                      50.9   -6.9     32.7
  SNOW DEPTH       0

DEGREE DAYS
 HEATING
  YESTERDAY        0                         1     -1        0
  MONTH TO DATE    9                        55    -46       13
  SINCE JUN 1      9                        55    -46       13
  SINCE JUL 1   6197                      7328  -1131     6197

 COOLING
  YESTERDAY        8                         5      3        5
  MONTH TO DATE  137                        73     64      109
  SINCE JUN 1    137                        73     64      109
  SINCE JAN 1    152                       103     49      161
..................................................................


WIND (MPH)
  HIGHEST WIND SPEED    20   HIGHEST WIND DIRECTION    NW (320)
  HIGHEST GUST SPEED    29   HIGHEST GUST DIRECTION    NW (320)
  AVERAGE WIND SPEED     5.4


SKY COVER
  POSSIBLE SUNSHINE  MM
  AVERAGE SKY COVER 0.8


WEATHER CONDITIONS
 THE FOLLOWING WEATHER WAS RECORDED YESTERDAY.
  THUNDERSTORM
  HEAVY RAIN
  RAIN
  LIGHT RAIN
  FOG


RELATIVE HUMIDITY (PERCENT)
 HIGHEST    90           900 AM
 LOWEST     69          1200 PM
 AVERAGE    80

..........................................................


THE MADISON WI CLIMATE NORMALS FOR TODAY
                         NORMAL    RECORD    YEAR
 MAXIMUM TEMPERATURE (F)   80        96      1995
 MINIMUM TEMPERATURE (F)   59        37      1972


SUNRISE AND SUNSET
JUNE 23 2017..........SUNRISE   518 AM CDT   SUNSET   841 PM CDT
JUNE 24 2017..........SUNRISE   519 AM CDT   SUNSET   841 PM CDT


-  INDICATES NEGATIVE NUMBERS.
R  INDICATES RECORD WAS SET OR TIED.
MM INDICATES DATA IS MISSING.
T  INDICATES TRACE AMOUNT.




$$
