000
CDUS43 KMKX 220644
CLIMSN


CLIMATE REPORT
NATIONAL WEATHER SERVICE IN MILWAUKEE
143 AM CDT WED OCT 22 2014


...................................

...THE MADISON WI CLIMATE SUMMARY FOR OCTOBER 21 2014...

CLIMATE NORMAL PERIOD 1981 TO 2010
CLIMATE RECORD PERIOD 1871 TO 2014


WEATHER ITEM   OBSERVED TIME   RECORD YEAR NORMAL DEPARTURE LAST
                VALUE   (LST)  VALUE       VALUE  FROM      YEAR
                                                  NORMAL
..................................................................
TEMPERATURE (F)
 YESTERDAY
  MAXIMUM         49    230 PM  84    1947  57     -8       48
  MINIMUM         30   1158 PM  20    1960  37     -7       32
  AVERAGE         40                        47     -7       40

PRECIPITATION (IN)
  YESTERDAY        0.00          1.04 1951   0.08  -0.08      T
  MONTH TO DATE    2.88                      1.61   1.27     1.31
  SINCE SEP 1      4.72                      4.74  -0.02     4.50
  SINCE JAN 1     32.53                     29.56   2.97    40.98

SNOWFALL (IN)
  YESTERDAY        0.0           2.3  2006   0.0    0.0      0.0
  MONTH TO DATE    T                         0.2   -0.2      0.0
  SINCE SEP 1      T                         0.2   -0.2      0.0
  SINCE JUL 1      T                         0.2   -0.2      0.0
  SNOW DEPTH       0

DEGREE DAYS
 HEATING
  YESTERDAY       25                        18      7       25
  MONTH TO DATE  295                       307    -12      234
  SINCE SEP 1    461                       478    -17      361
  SINCE JUL 1    478                       515    -37      391

 COOLING
  YESTERDAY        0                         0      0        0
  MONTH TO DATE    0                         0      0        2
  SINCE SEP 1     44                        51     -7       96
  SINCE JAN 1    620                       564     56      709
..................................................................


WIND (MPH)
  HIGHEST WIND SPEED    16   HIGHEST WIND DIRECTION    NE (40)
  HIGHEST GUST SPEED    24   HIGHEST GUST DIRECTION    NE (30)
  AVERAGE WIND SPEED     5.4


SKY COVER
  POSSIBLE SUNSHINE  MM
  AVERAGE SKY COVER 0.6


WEATHER CONDITIONS
 THE FOLLOWING WEATHER WAS RECORDED YESTERDAY.
  FOG


RELATIVE HUMIDITY (PERCENT)
 HIGHEST    96           900 PM
 LOWEST     66          1200 PM
 AVERAGE    81

..........................................................


THE MADISON WI CLIMATE NORMALS FOR TODAY
                         NORMAL    RECORD    YEAR
 MAXIMUM TEMPERATURE (F)   57        81      1947
 MINIMUM TEMPERATURE (F)   37        17      1982


SUNRISE AND SUNSET
OCTOBER 22 2014.......SUNRISE   719 AM CDT   SUNSET   603 PM CDT
OCTOBER 23 2014.......SUNRISE   721 AM CDT   SUNSET   602 PM CDT


-  INDICATES NEGATIVE NUMBERS.
R  INDICATES RECORD WAS SET OR TIED.
MM INDICATES DATA IS MISSING.
T  INDICATES TRACE AMOUNT.




$$
