000
CDUS43 KMKX 290647
CLIMSN


CLIMATE REPORT
NATIONAL WEATHER SERVICE IN MILWAUKEE
146 AM CDT SAT AUG 29 2015


...................................

...THE MADISON WI CLIMATE SUMMARY FOR AUGUST 28 2015...

CLIMATE NORMAL PERIOD 1981 TO 2010
CLIMATE RECORD PERIOD 1871 TO 2015


WEATHER ITEM   OBSERVED TIME   RECORD YEAR NORMAL DEPARTURE LAST
                VALUE   (LST)  VALUE       VALUE  FROM      YEAR
                                                  NORMAL
..................................................................
TEMPERATURE (F)
 YESTERDAY
  MAXIMUM         67    219 PM  95    1955  78    -11       75
  MINIMUM         59    547 AM  38    1982  57      2       56
                                      1968
  AVERAGE         63                        68     -5       66

PRECIPITATION (IN)
  YESTERDAY        0.93          3.00 1869   0.13   0.80      T
  MONTH TO DATE    3.23                      3.87  -0.64     5.22
  SINCE JUN 1     11.40                     12.59  -1.19    15.85
  SINCE JAN 1     21.92                     24.42  -2.50    27.60

SNOWFALL (IN)
  YESTERDAY        0.0           0.0    MM   0.0    0.0      0.0
  MONTH TO DATE    0.0                       0.0    0.0      0.0
  SINCE JUN 1      0.0                       0.0    0.0      0.0
  SINCE JUL 1      0.0                       0.0    0.0      0.0
  SNOW DEPTH       0

DEGREE DAYS
 HEATING
  YESTERDAY        2                         1      1        0
  MONTH TO DATE   16                        25     -9        4
  SINCE JUN 1     69                        95    -26       26
  SINCE JUL 1     32                        35     -3       17

 COOLING
  YESTERDAY        0                         4     -4        1
  MONTH TO DATE  160                       147     13      174
  SINCE JUN 1    471                       473     -2      499
  SINCE JAN 1    521                       503     18      550
..................................................................


WIND (MPH)
  HIGHEST WIND SPEED    15   HIGHEST WIND DIRECTION     E (110)
  HIGHEST GUST SPEED    18   HIGHEST GUST DIRECTION     E (110)
  AVERAGE WIND SPEED     6.1


SKY COVER
  POSSIBLE SUNSHINE  MM
  AVERAGE SKY COVER 0.8


WEATHER CONDITIONS
 THE FOLLOWING WEATHER WAS RECORDED YESTERDAY.
  HEAVY RAIN
  RAIN
  LIGHT RAIN
  FOG
  HAZE


RELATIVE HUMIDITY (PERCENT)
 HIGHEST    93           400 PM
 LOWEST     78          1200 AM
 AVERAGE    86

..........................................................


THE MADISON WI CLIMATE NORMALS FOR TODAY
                         NORMAL    RECORD    YEAR
 MAXIMUM TEMPERATURE (F)   78        94      1953
                                             1948
                                             1881
 MINIMUM TEMPERATURE (F)   57        35      1965


SUNRISE AND SUNSET
AUGUST 29 2015........SUNRISE   618 AM CDT   SUNSET   738 PM CDT
AUGUST 30 2015........SUNRISE   619 AM CDT   SUNSET   736 PM CDT


-  INDICATES NEGATIVE NUMBERS.
R  INDICATES RECORD WAS SET OR TIED.
MM INDICATES DATA IS MISSING.
T  INDICATES TRACE AMOUNT.




$$
