000
CDUS45 KMSO 240740
CLIMSO


CLIMATE REPORT
NATIONAL WEATHER SERVICE MISSOULA, MT
138 AM MDT FRI OCT 24 2014


...................................

...THE MISSOULA MT CLIMATE SUMMARY FOR OCTOBER 23 2014...

CLIMATE NORMAL PERIOD 1981 TO 2010
CLIMATE RECORD PERIOD 1893 TO 2014


WEATHER ITEM   OBSERVED TIME   RECORD YEAR NORMAL DEPARTURE LAST
                VALUE   (LST)  VALUE       VALUE  FROM      YEAR
                                                  NORMAL
..................................................................
TEMPERATURE (F)
 YESTERDAY
  MAXIMUM         61    201 PM  75    1944  54      7       62
  MINIMUM         46   1159 PM  15    1895  31     15       25
  AVERAGE         54                        42     12       44

PRECIPITATION (IN)
  YESTERDAY        0.06          0.40 1919   0.02   0.04     0.00
  MONTH TO DATE    1.01                      0.64   0.37     0.04
  SINCE OCT 1      1.01                      0.64   0.37     0.04
  SINCE JAN 1     11.31                     11.84  -0.53     7.77

SNOWFALL (IN)
  YESTERDAY        0.0
  MONTH TO DATE    0.0
  SINCE JAN 1     51.9
  SINCE JUL 1      0.0
  SNOW DEPTH       0

DEGREE DAYS
 HEATING
  YESTERDAY       11                        23    -12       21
  MONTH TO DATE  290                       423   -133      498
  SINCE SEP 1    481                       664   -183      691
  SINCE JUL 1    523                       748   -225      699

 COOLING
  YESTERDAY        0                         0      0        0
  MONTH TO DATE    0                         0      0        0
  SINCE SEP 1     12                        15     -3       87
  SINCE JAN 1    390                       332     58      579
..................................................................


WIND (MPH)
  HIGHEST WIND SPEED    29   HIGHEST WIND DIRECTION     W (290)
  HIGHEST GUST SPEED    37   HIGHEST GUST DIRECTION    NW (300)
  AVERAGE WIND SPEED     5.9


SKY COVER
  POSSIBLE SUNSHINE  MM
  AVERAGE SKY COVER 0.8


WEATHER CONDITIONS
 THE FOLLOWING WEATHER WAS RECORDED YESTERDAY.
  LIGHT RAIN
  FOG


RELATIVE HUMIDITY (PERCENT)
 HIGHEST    93           900 PM
 LOWEST     49           200 PM
 AVERAGE    71

..........................................................


THE MISSOULA MT CLIMATE NORMALS FOR TODAY
                         NORMAL    RECORD    YEAR
 MAXIMUM TEMPERATURE (F)   54        74      1944
 MINIMUM TEMPERATURE (F)   30        14      2002


SUNRISE AND SUNSET
OCTOBER 24 2014.......SUNRISE   807 AM MDT   SUNSET   633 PM MDT
OCTOBER 25 2014.......SUNRISE   809 AM MDT   SUNSET   631 PM MDT


-  INDICATES NEGATIVE NUMBERS.
R  INDICATES RECORD WAS SET OR TIED.
MM INDICATES DATA IS MISSING.
T  INDICATES TRACE AMOUNT.




$$
