000
CDUS45 KMSO 302236
CLIMSO


CLIMATE REPORT
NATIONAL WEATHER SERVICE MISSOULA, MT
436 PM MDT SUN AUG 30 2015


...................................

...THE MISSOULA MT CLIMATE SUMMARY FOR AUGUST 30 2015...
VALID TODAY AS OF 0400 PM LOCAL TIME.

CLIMATE NORMAL PERIOD 1981 TO 2010
CLIMATE RECORD PERIOD 1893 TO 2015


WEATHER ITEM   OBSERVED TIME   RECORD YEAR NORMAL DEPARTURE LAST
                VALUE   (LST)  VALUE       VALUE  FROM      YEAR
                                                  NORMAL
..................................................................
TEMPERATURE (F)
 TODAY
  MAXIMUM         74    141 PM  96    1955  80     -6       76
                                      1940
  MINIMUM         54    714 AM  33    1965  47      7       59
                                      1910
  AVERAGE         64                        64      0       68

PRECIPITATION (IN)
  TODAY            0.02          0.81 1977   0.04  -0.02      T
  MONTH TO DATE    0.19                      1.15  -0.96     0.91
  SINCE OCT 1     11.45                     12.92  -1.47    11.70
  SINCE JAN 1      6.14                      9.99  -3.85     9.99

SNOWFALL (IN)
  TODAY            0.0
  MONTH TO DATE    0.0
  SINCE JAN 1     13.3
  SINCE JUL 1      0.0
  SNOW DEPTH       0

DEGREE DAYS
 HEATING
  TODAY            1                         3     -2        0
  MONTH TO DATE   27                        44    -17       32
  SINCE JUN 1     95                       242   -147      215
  SINCE JUL 1     48                        82    -34       38

 COOLING
  TODAY            0                         2     -2        3
  MONTH TO DATE  117                       122     -5      138
  SINCE JUN 1    400                       310     90      378
  SINCE JAN 1    400                       316     84      378
..................................................................


WIND (MPH)
  HIGHEST WIND SPEED    32   HIGHEST WIND DIRECTION     W (270)
  HIGHEST GUST SPEED    42   HIGHEST GUST DIRECTION     W (280)
  AVERAGE WIND SPEED     7.2


SKY COVER
  POSSIBLE SUNSHINE  MM
  AVERAGE SKY COVER 0.9


WEATHER CONDITIONS
 THE FOLLOWING WEATHER WAS RECORDED TODAY.
  LIGHT RAIN
  HAZE


RELATIVE HUMIDITY (PERCENT)
 HIGHEST    93           700 AM
 LOWEST     27           200 PM
 AVERAGE    60

..........................................................


THE MISSOULA MT CLIMATE NORMALS FOR TOMORROW
                         NORMAL    RECORD    YEAR
 MAXIMUM TEMPERATURE (F)   80        94      1991
                                             1940
                                             1929
 MINIMUM TEMPERATURE (F)   47        36      1993
                                             1924


SUNRISE AND SUNSET
AUGUST 30 2015........SUNRISE   653 AM MDT   SUNSET   820 PM MDT
AUGUST 31 2015........SUNRISE   654 AM MDT   SUNSET   818 PM MDT


-  INDICATES NEGATIVE NUMBERS.
R  INDICATES RECORD WAS SET OR TIED.
MM INDICATES DATA IS MISSING.
T  INDICATES TRACE AMOUNT.




$$
