000
CDUS43 KMPX 230033
CLIMSP


CLIMATE REPORT
NATIONAL WEATHER SERVICE CHANHASSEN MN
733 PM CDT SUN OCT 22 2017


...................................

...THE TWIN CITIES MN CLIMATE SUMMARY FOR OCTOBER 22 2017...
VALID TODAY AS OF 0700 PM LOCAL TIME.

CLIMATE NORMAL PERIOD 1981 TO 2010
CLIMATE RECORD PERIOD 1871 TO 2017


WEATHER ITEM   OBSERVED TIME   RECORD YEAR NORMAL DEPARTURE LAST
                VALUE   (LST)  VALUE       VALUE  FROM      YEAR
                                                  NORMAL
..................................................................
TEMPERATURE (F)
 TODAY
  MAXIMUM         64    330 PM  81    1992  55      9       64
  MINIMUM         48    732 AM  20    1936  38     10       39
  AVERAGE         56                        46     10       52

PRECIPITATION (IN)
  TODAY            0.00          0.69 1957   0.06  -0.06     0.00
  MONTH TO DATE    4.21                      1.86   2.35     2.46
  SINCE SEP 1      5.25                      4.94   0.31     7.93
  SINCE JAN 1     30.90                     27.11   3.79    34.25

SNOWFALL (IN)
  TODAY            0.0           1.0  1925   0.0    0.0      0.0
  MONTH TO DATE    0.0                       0.2   -0.2      0.0
  SINCE SEP 1      0.0                       0.2   -0.2       T
  SINCE JUL 1      0.0                       0.2   -0.2       T
  SNOW DEPTH       0

DEGREE DAYS
 HEATING
  TODAY            9                        19    -10       13
  MONTH TO DATE  195                       319   -124      222
  SINCE SEP 1    260                       473   -213      272
  SINCE JUL 1    267                       492   -225      275

 COOLING
  TODAY            0                         0      0        0
  MONTH TO DATE    1                         3     -2        2
  SINCE SEP 1    142                        69     73       93
  SINCE JAN 1    830                       750     80      964
..................................................................


WIND (MPH)
  HIGHEST WIND SPEED    18   HIGHEST WIND DIRECTION     W (280)
  HIGHEST GUST SPEED    24   HIGHEST GUST DIRECTION     W (280)
  AVERAGE WIND SPEED     9.1


SKY COVER
  POSSIBLE SUNSHINE  MM
  AVERAGE SKY COVER 0.4


WEATHER CONDITIONS
 THE FOLLOWING WEATHER WAS RECORDED TODAY.
  NO SIGNIFICANT WEATHER WAS OBSERVED.


RELATIVE HUMIDITY (PERCENT)
 HIGHEST    80           200 AM
 LOWEST     30           300 PM
 AVERAGE    55

..........................................................


THE TWIN CITIES MN CLIMATE NORMALS FOR TOMORROW
                         NORMAL    RECORD    YEAR
 MAXIMUM TEMPERATURE (F)   55        82      1899
 MINIMUM TEMPERATURE (F)   37        17      1936


SUNRISE AND SUNSET
OCTOBER 22 2017.......SUNRISE   738 AM CDT   SUNSET   616 PM CDT
OCTOBER 23 2017.......SUNRISE   739 AM CDT   SUNSET   614 PM CDT


-  INDICATES NEGATIVE NUMBERS.
R  INDICATES RECORD WAS SET OR TIED.
MM INDICATES DATA IS MISSING.
T  INDICATES TRACE AMOUNT.




$$
