000
CDUS41 KBTV 200534
CLIMSS


CLIMATE REPORT
NATIONAL WEATHER SERVICE BURLINGTON VT
1233 AM EST SAT JAN 20 2018


...................................

...THE MASSENA NY CLIMATE SUMMARY FOR JANUARY 19 2018...

CLIMATE NORMAL PERIOD 1981 TO 2010
CLIMATE RECORD PERIOD 1948 TO 2018


WEATHER ITEM   OBSERVED TIME   RECORD YEAR NORMAL DEPARTURE LAST
                VALUE   (LST)  VALUE       VALUE  FROM      YEAR
                                                  NORMAL
..................................................................
TEMPERATURE (F)
 YESTERDAY
  MAXIMUM         36   1159 PM  66    1996  24     12       38
  MINIMUM         24    553 AM -33    1976   4     20       33
  AVERAGE         30                        14     16       36

PRECIPITATION (IN)
  YESTERDAY        T             0.93        0.07  -0.07      T
  MONTH TO DATE    1.26                      1.40  -0.14     1.43
  SINCE DEC 1      2.23                      3.83  -1.60     3.76
  SINCE JAN 1      1.26                      1.40  -0.14     1.43

DEGREE DAYS
 HEATING
  YESTERDAY       35                        51    -16       29
  MONTH TO DATE 1022                       956     66      776
  SINCE DEC 1   2189                      2286    -97     1999
  SINCE JUL 1   3588                      4055   -467     3405

 COOLING
  YESTERDAY        0                         0      0        0
  MONTH TO DATE    0                         0      0        0
  SINCE DEC 1      0                         0      0        0
  SINCE JAN 1      0                         0      0        0
..................................................................


WIND (MPH)
  HIGHEST WIND SPEED    17   HIGHEST WIND DIRECTION    SW (220)
  HIGHEST GUST SPEED    23   HIGHEST GUST DIRECTION    SW (220)
  AVERAGE WIND SPEED    12.0


SKY COVER
  AVERAGE SKY COVER 0.9


WEATHER CONDITIONS
 THE FOLLOWING WEATHER WAS RECORDED YESTERDAY.
  FOG
  HAZE


RELATIVE HUMIDITY (PERCENT)
 HIGHEST    92           300 AM
 LOWEST     63          1100 PM
 AVERAGE    78

..........................................................


THE MASSENA NY CLIMATE NORMALS FOR TODAY
                         NORMAL    RECORD    YEAR
 MAXIMUM TEMPERATURE (F)   24        47      2013
                                             2006
 MINIMUM TEMPERATURE (F)    4       -21      1974


SUNRISE AND SUNSET
JANUARY 20 2018.......SUNRISE   731 AM EST   SUNSET   451 PM EST
JANUARY 21 2018.......SUNRISE   730 AM EST   SUNSET   452 PM EST


-  INDICATES NEGATIVE NUMBERS.
R  INDICATES RECORD WAS SET OR TIED.
MM INDICATES DATA IS MISSING.
T  INDICATES TRACE AMOUNT.




$$
