000
CDUS41 KBTV 301245
CLIMSS


CLIMATE REPORT
NATIONAL WEATHER SERVICE BURLINGTON VT
845 AM EDT SAT JUL 30 2016


...................................

...THE MASSENA NY CLIMATE SUMMARY FOR JULY 29 2016...

CLIMATE NORMAL PERIOD 1981 TO 2010
CLIMATE RECORD PERIOD 1948 TO 2016


WEATHER ITEM   OBSERVED TIME   RECORD YEAR NORMAL DEPARTURE LAST
                VALUE   (LST)  VALUE       VALUE  FROM      YEAR
                                                  NORMAL
..................................................................
TEMPERATURE (F)
 YESTERDAY
  MAXIMUM         79    400 PM  95    1949  80     -1       90
  MINIMUM         59    208 AM  43    1987  58      1       67
  AVERAGE         69                        69      0       79

PRECIPITATION (IN)
  YESTERDAY        0.00          1.15        0.12  -0.12     0.00
  MONTH TO DATE    2.97                      3.34  -0.37     3.11
  SINCE JUN 1      7.66                      6.86   0.80     8.23
  SINCE JAN 1     17.00                     18.79  -1.79    14.22

DEGREE DAYS
 HEATING
  YESTERDAY        0                         1     -1        0
  MONTH TO DATE    9                        29    -20       22
  SINCE JUN 1     74                       125    -51      123
  SINCE JUL 1      9                        29    -20       22

 COOLING
  YESTERDAY        4                         5     -1       14
  MONTH TO DATE  156                       142     14      140
  SINCE JUN 1    223                       217      6      187
  SINCE JAN 1    269                       231     38      232
..................................................................


WIND (MPH)
  HIGHEST WIND SPEED    13   HIGHEST WIND DIRECTION    NW (300)
  HIGHEST GUST SPEED    16   HIGHEST GUST DIRECTION    NE (30)
  AVERAGE WIND SPEED     6.1


SKY COVER
  AVERAGE SKY COVER 0.0


WEATHER CONDITIONS
 THE FOLLOWING WEATHER WAS RECORDED YESTERDAY.
  FOG
  FOG W/VISIBILITY <= 1/4 MILE


RELATIVE HUMIDITY (PERCENT)
 HIGHEST    97           200 AM
 LOWEST     45           300 PM
 AVERAGE    71

..........................................................


THE MASSENA NY CLIMATE NORMALS FOR TODAY
                         NORMAL    RECORD    YEAR
 MAXIMUM TEMPERATURE (F)   80        91      1990
 MINIMUM TEMPERATURE (F)   58        41      1952


SUNRISE AND SUNSET
JULY 30 2016..........SUNRISE   543 AM EDT   SUNSET   828 PM EDT
JULY 31 2016..........SUNRISE   544 AM EDT   SUNSET   826 PM EDT


-  INDICATES NEGATIVE NUMBERS.
R  INDICATES RECORD WAS SET OR TIED.
MM INDICATES DATA IS MISSING.
T  INDICATES TRACE AMOUNT.




$$
