000
CDUS41 KBTV 300554
CLIMSS


CLIMATE REPORT
NATIONAL WEATHER SERVICE BURLINGTON VT
152 AM EDT THU OCT 30 2014


...................................

...THE MASSENA NY CLIMATE SUMMARY FOR OCTOBER 29 2014...

CLIMATE NORMAL PERIOD 1981 TO 2010
CLIMATE RECORD PERIOD 1948 TO 2014


WEATHER ITEM   OBSERVED TIME   RECORD YEAR NORMAL DEPARTURE LAST
                VALUE   (LST)  VALUE       VALUE  FROM      YEAR
                                                  NORMAL
..................................................................
TEMPERATURE (F)
 YESTERDAY
  MAXIMUM         61   1201 AM  72    1989  51     10       40
  MINIMUM         48   1159 PM  19    2002  33     15       20
  AVERAGE         55                        42     13       30

PRECIPITATION (IN)
  YESTERDAY        T             1.00        0.11  -0.11     0.00
  MONTH TO DATE    2.04                      3.11  -1.07     2.20
  SINCE SEP 1      3.25                      6.76  -3.51     7.64
  SINCE JAN 1     28.71                     29.30  -0.59    30.76

DEGREE DAYS
 HEATING
  YESTERDAY       10                        23    -13       35
  MONTH TO DATE  373                       535   -162      431
  SINCE SEP 1    580                       760   -180      676
  SINCE JUL 1    640                       835   -195      732

 COOLING
  YESTERDAY        0                         0      0        0
  MONTH TO DATE    7                         0      7        0
  SINCE SEP 1     48                        25     23       31
  SINCE JAN 1    336                       361    -25      418
..................................................................


WIND (MPH)
  HIGHEST WIND SPEED    23   HIGHEST WIND DIRECTION    SW (220)
  HIGHEST GUST SPEED    32   HIGHEST GUST DIRECTION     W (250)
  AVERAGE WIND SPEED    10.8


SKY COVER
  AVERAGE SKY COVER 0.6


WEATHER CONDITIONS
 THE FOLLOWING WEATHER WAS RECORDED YESTERDAY.
  LIGHT RAIN
  FOG


RELATIVE HUMIDITY (PERCENT)
 HIGHEST   100           400 AM
 LOWEST     54           100 PM
 AVERAGE    77

..........................................................


THE MASSENA NY CLIMATE NORMALS FOR TODAY
                         NORMAL    RECORD    YEAR
 MAXIMUM TEMPERATURE (F)   51        73      1989
 MINIMUM TEMPERATURE (F)   32        15      1967


SUNRISE AND SUNSET
OCTOBER 30 2014.......SUNRISE   735 AM EDT   SUNSET   551 PM EDT
OCTOBER 31 2014.......SUNRISE   736 AM EDT   SUNSET   549 PM EDT


-  INDICATES NEGATIVE NUMBERS.
R  INDICATES RECORD WAS SET OR TIED.
MM INDICATES DATA IS MISSING.
T  INDICATES TRACE AMOUNT.




$$
