000
CDUS41 KBTV 100540
CLIMSS


CLIMATE REPORT
NATIONAL WEATHER SERVICE BURLINGTON VT
139 AM EDT THU JUL 10 2014


...................................

...THE MASSENA NY CLIMATE SUMMARY FOR JULY 9 2014...

CLIMATE NORMAL PERIOD 1981 TO 2010
CLIMATE RECORD PERIOD 1948 TO 2014


WEATHER ITEM   OBSERVED TIME   RECORD YEAR NORMAL DEPARTURE LAST
                VALUE   (LST)  VALUE       VALUE  FROM      YEAR
                                                  NORMAL
..................................................................
TEMPERATURE (F)
 YESTERDAY
  MAXIMUM         74    214 PM  96    1988  80     -6       86
  MINIMUM         60   1159 PM  44    1969  58      2       63
  AVERAGE         67                        69     -2       75

PRECIPITATION (IN)
  YESTERDAY        0.00          0.91        0.11  -0.11     0.00
  MONTH TO DATE    1.06                      1.02   0.04     1.68
  SINCE JUN 1      5.99                      4.54   1.45     9.30
  SINCE JAN 1     15.92                     16.47  -0.55    17.60

DEGREE DAYS
 COOLING
  YESTERDAY        2                         5     -3       10
  MONTH TO DATE   60                        42     18       67
  SINCE JUN 1    144                       117     27      144
  SINCE JAN 1    159                       131     28      167
..................................................................


WIND (MPH)
  HIGHEST WIND SPEED    24   HIGHEST WIND DIRECTION    SW (220)
  HIGHEST GUST SPEED    33   HIGHEST GUST DIRECTION    SW (240)
  AVERAGE WIND SPEED    13.4


SKY COVER
  AVERAGE SKY COVER 0.7


WEATHER CONDITIONS
 THE FOLLOWING WEATHER WAS RECORDED YESTERDAY.
  NO SIGNIFICANT WEATHER WAS OBSERVED.


RELATIVE HUMIDITY (PERCENT)
 HIGHEST    87          1200 AM
 LOWEST     53           400 PM
 AVERAGE    70

..........................................................


THE MASSENA NY CLIMATE NORMALS FOR TODAY
                         NORMAL    RECORD    YEAR
 MAXIMUM TEMPERATURE (F)   80        96      1988
 MINIMUM TEMPERATURE (F)   58        44      1954


SUNRISE AND SUNSET
JULY 10 2014..........SUNRISE   523 AM EDT   SUNSET   846 PM EDT
JULY 11 2014..........SUNRISE   524 AM EDT   SUNSET   846 PM EDT


-  INDICATES NEGATIVE NUMBERS.
R  INDICATES RECORD WAS SET OR TIED.
MM INDICATES DATA IS MISSING.
T  INDICATES TRACE AMOUNT.




$$
