000
CDUS41 KBTV 240646
CLIMSS


CLIMATE REPORT
NATIONAL WEATHER SERVICE BURLINGTON VT
244 AM EDT SUN SEP 24 2017


...................................

...THE MASSENA NY CLIMATE SUMMARY FOR SEPTEMBER 23 2017...

CLIMATE NORMAL PERIOD 1981 TO 2010
CLIMATE RECORD PERIOD 1948 TO 2017


WEATHER ITEM   OBSERVED TIME   RECORD YEAR NORMAL DEPARTURE LAST
                VALUE   (LST)  VALUE       VALUE  FROM      YEAR
                                                  NORMAL
..................................................................
TEMPERATURE (F)
 YESTERDAY
  MAXIMUM         86R   246 PM  84    1964  66     20       64
  MINIMUM         51    337 AM  27    1955  45      6       48
  AVERAGE         69                        56     13       56

PRECIPITATION (IN)
  YESTERDAY        0.00          1.17        0.14  -0.14     0.31
  MONTH TO DATE    0.77                      2.77  -2.00     1.35
  SINCE SEP 1      0.77                      2.77  -2.00     1.35
  SINCE JAN 1     30.14                     25.31   4.83    22.46

DEGREE DAYS
 HEATING
  YESTERDAY        0                        10    -10        9
  MONTH TO DATE   86                       143    -57       67
  SINCE SEP 1     86                       143    -57       67
  SINCE JUL 1    138                       218    -80       78

 COOLING
  YESTERDAY        4                         0      4        0
  MONTH TO DATE   28                        24      4       47
  SINCE SEP 1     28                        24      4       47
  SINCE JAN 1    354                       360     -6      527
..................................................................


WIND (MPH)
  HIGHEST WIND SPEED    13   HIGHEST WIND DIRECTION    SW (210)
  HIGHEST GUST SPEED    16   HIGHEST GUST DIRECTION    SW (240)
  AVERAGE WIND SPEED     4.9


SKY COVER
  AVERAGE SKY COVER 0.0


WEATHER CONDITIONS
 THE FOLLOWING WEATHER WAS RECORDED YESTERDAY.
  FOG


RELATIVE HUMIDITY (PERCENT)
 HIGHEST   100          1200 AM
 LOWEST     55          1200 PM
 AVERAGE    78

..........................................................


THE MASSENA NY CLIMATE NORMALS FOR TODAY
                         NORMAL    RECORD    YEAR
 MAXIMUM TEMPERATURE (F)   66        87      2010
 MINIMUM TEMPERATURE (F)   44        27      1953


SUNRISE AND SUNSET
SEPTEMBER 24 2017.....SUNRISE   649 AM EDT   SUNSET   653 PM EDT
SEPTEMBER 25 2017.....SUNRISE   650 AM EDT   SUNSET   651 PM EDT


-  INDICATES NEGATIVE NUMBERS.
R  INDICATES RECORD WAS SET OR TIED.
MM INDICATES DATA IS MISSING.
T  INDICATES TRACE AMOUNT.




$$
