000
CDUS41 KBTV 290531
CLIMSS


CLIMATE REPORT
NATIONAL WEATHER SERVICE BURLINGTON VT
129 AM EDT SAT APR 29 2017


...................................

...THE MASSENA NY CLIMATE SUMMARY FOR APRIL 28 2017...

CLIMATE NORMAL PERIOD 1981 TO 2010
CLIMATE RECORD PERIOD 1948 TO 2017


WEATHER ITEM   OBSERVED TIME   RECORD YEAR NORMAL DEPARTURE LAST
                VALUE   (LST)  VALUE       VALUE  FROM      YEAR
                                                  NORMAL
..................................................................
TEMPERATURE (F)
 YESTERDAY
  MAXIMUM         71   1233 AM  83    1962  61     10       47
  MINIMUM         57    715 AM  25    1975  38     19       27
  AVERAGE         64                        49     15       37

PRECIPITATION (IN)
  YESTERDAY        0.03          0.91        0.09  -0.06     0.00
  MONTH TO DATE    3.47                      2.62   0.85     1.66
  SINCE MAR 1      5.59                      4.71   0.88     3.89
  SINCE JAN 1      9.02                      8.66   0.36     8.55

DEGREE DAYS
 HEATING
  YESTERDAY        1                        16    -15       28
  MONTH TO DATE  480                       619   -139      715
  SINCE MAR 1   1736                      1763    -27     1721
  SINCE JUL 1   6662                      7750  -1088     6767

 COOLING
  YESTERDAY        0                         0      0        0
  MONTH TO DATE    2                         0      2        0
  SINCE MAR 1      2                         0      2        0
  SINCE JAN 1      2                         0      2        0
..................................................................


WIND (MPH)
  HIGHEST WIND SPEED    26   HIGHEST WIND DIRECTION    SW (230)
  HIGHEST GUST SPEED    36   HIGHEST GUST DIRECTION    SW (230)
  AVERAGE WIND SPEED    13.6


SKY COVER
  AVERAGE SKY COVER 0.4


WEATHER CONDITIONS
 THE FOLLOWING WEATHER WAS RECORDED YESTERDAY.
  LIGHT RAIN


RELATIVE HUMIDITY (PERCENT)
 HIGHEST    93           200 AM
 LOWEST     40           500 PM
 AVERAGE    67

..........................................................


THE MASSENA NY CLIMATE NORMALS FOR TODAY
                         NORMAL    RECORD    YEAR
 MAXIMUM TEMPERATURE (F)   61        82      1990
 MINIMUM TEMPERATURE (F)   38        24      2001


SUNRISE AND SUNSET
APRIL 29 2017.........SUNRISE   552 AM EDT   SUNSET   803 PM EDT
APRIL 30 2017.........SUNRISE   550 AM EDT   SUNSET   804 PM EDT


-  INDICATES NEGATIVE NUMBERS.
R  INDICATES RECORD WAS SET OR TIED.
MM INDICATES DATA IS MISSING.
T  INDICATES TRACE AMOUNT.




$$
