000
CDUS41 KBTV 020530
CLIMSS


CLIMATE REPORT
NATIONAL WEATHER SERVICE BURLINGTON VT
127 AM EDT MON MAY 2 2016


...................................

...THE MASSENA NY CLIMATE SUMMARY FOR MAY 1 2016...

CLIMATE NORMAL PERIOD 1981 TO 2010
CLIMATE RECORD PERIOD 1948 TO 2016


WEATHER ITEM   OBSERVED TIME   RECORD YEAR NORMAL DEPARTURE LAST
                VALUE   (LST)  VALUE       VALUE  FROM      YEAR
                                                  NORMAL
..................................................................
TEMPERATURE (F)
 YESTERDAY
  MAXIMUM         48    746 AM  86    1970  62    -14       70
  MINIMUM         44    114 AM  26    1969  39      5       42
  AVERAGE         46                        50     -4       56

PRECIPITATION (IN)
  YESTERDAY        0.17          0.62        0.09   0.08     0.00
  MONTH TO DATE    0.17                      0.09   0.08     0.00
  SINCE MAR 1      4.06                      5.00  -0.94     3.02
  SINCE JAN 1      8.72                      8.95  -0.23     4.44

DEGREE DAYS
 HEATING
  YESTERDAY       19                        15      4        9
  MONTH TO DATE   19                        15      4        9
  SINCE MAR 1   1785                      1810    -25     1944
  SINCE JUL 1   6831                      7797   -966     8110

 COOLING
  YESTERDAY        0                         0      0        0
  MONTH TO DATE    0                         0      0        0
  SINCE MAR 1      0                         1     -1        0
  SINCE JAN 1      0                         1     -1        0
..................................................................


WIND (MPH)
  HIGHEST WIND SPEED    15   HIGHEST WIND DIRECTION    NE (40)
  HIGHEST GUST SPEED    20   HIGHEST GUST DIRECTION    NE (60)
  AVERAGE WIND SPEED     7.9


SKY COVER
  AVERAGE SKY COVER 0.8


WEATHER CONDITIONS
 THE FOLLOWING WEATHER WAS RECORDED YESTERDAY.
  RAIN
  LIGHT RAIN
  FOG


RELATIVE HUMIDITY (PERCENT)
 HIGHEST    93           800 PM
 LOWEST     34           300 AM
 AVERAGE    64

..........................................................


THE MASSENA NY CLIMATE NORMALS FOR TODAY
                         NORMAL    RECORD    YEAR
 MAXIMUM TEMPERATURE (F)   62        85      2001
 MINIMUM TEMPERATURE (F)   39        22      1974


SUNRISE AND SUNSET
MAY  2 2016...........SUNRISE   547 AM EDT   SUNSET   807 PM EDT
MAY  3 2016...........SUNRISE   545 AM EDT   SUNSET   808 PM EDT


-  INDICATES NEGATIVE NUMBERS.
R  INDICATES RECORD WAS SET OR TIED.
MM INDICATES DATA IS MISSING.
T  INDICATES TRACE AMOUNT.




$$
