000
CDUS41 KBTV 290540
CLIMSS


CLIMATE REPORT
NATIONAL WEATHER SERVICE BURLINGTON VT
139 AM EDT FRI AUG 29 2014


...................................

...THE MASSENA NY CLIMATE SUMMARY FOR AUGUST 28 2014...

CLIMATE NORMAL PERIOD 1981 TO 2010
CLIMATE RECORD PERIOD 1948 TO 2014


WEATHER ITEM   OBSERVED TIME   RECORD YEAR NORMAL DEPARTURE LAST
                VALUE   (LST)  VALUE       VALUE  FROM      YEAR
                                                  NORMAL
..................................................................
TEMPERATURE (F)
 YESTERDAY
  MAXIMUM         70    208 PM  92    1953  76     -6       85
  MINIMUM         52   1152 PM  36    1957  53     -1       59
  AVERAGE         61                        64     -3       72

PRECIPITATION (IN)
  YESTERDAY        0.00          1.02        0.11  -0.11     0.28
  MONTH TO DATE    3.35                      3.19   0.16     3.50
  SINCE JUN 1     13.75                     10.28   3.47    14.71
  SINCE JAN 1     23.68                     22.21   1.47    23.01

DEGREE DAYS
 HEATING
  YESTERDAY        4                         3      1        0
  MONTH TO DATE   34                        42     -8       34
  SINCE JUN 1     94                       161    -67      172
  SINCE JUL 1     56                        65     -9       56

 COOLING
  YESTERDAY        0                         2     -2        7
  MONTH TO DATE   72                        94    -22       76
  SINCE JUN 1    263                       314    -51      348
  SINCE JAN 1    278                       328    -50      371
..................................................................


WIND (MPH)
  HIGHEST WIND SPEED    18   HIGHEST WIND DIRECTION     W (290)
  HIGHEST GUST SPEED    25   HIGHEST GUST DIRECTION     W (290)
  AVERAGE WIND SPEED     7.0


SKY COVER
  AVERAGE SKY COVER 0.7


WEATHER CONDITIONS
 THE FOLLOWING WEATHER WAS RECORDED YESTERDAY.
  NO SIGNIFICANT WEATHER WAS OBSERVED.


RELATIVE HUMIDITY (PERCENT)
 HIGHEST    93          1100 PM
 LOWEST     53          1200 PM
 AVERAGE    73

..........................................................


THE MASSENA NY CLIMATE NORMALS FOR TODAY
                         NORMAL    RECORD    YEAR
 MAXIMUM TEMPERATURE (F)   76        92      1953
 MINIMUM TEMPERATURE (F)   53        39      1982


SUNRISE AND SUNSET
AUGUST 29 2014........SUNRISE   618 AM EDT   SUNSET   742 PM EDT
AUGUST 30 2014........SUNRISE   619 AM EDT   SUNSET   740 PM EDT


-  INDICATES NEGATIVE NUMBERS.
R  INDICATES RECORD WAS SET OR TIED.
MM INDICATES DATA IS MISSING.
T  INDICATES TRACE AMOUNT.




$$
