000
CDUS41 KBTV 300541
CLIMSS


CLIMATE REPORT
NATIONAL WEATHER SERVICE BURLINGTON VT
135 AM EDT MON MAR 30 2015


...................................

...THE MASSENA NY CLIMATE SUMMARY FOR MARCH 29 2015...

CLIMATE NORMAL PERIOD 1981 TO 2010
CLIMATE RECORD PERIOD 1948 TO 2015


WEATHER ITEM   OBSERVED TIME   RECORD YEAR NORMAL DEPARTURE LAST
                VALUE   (LST)  VALUE       VALUE  FROM      YEAR
                                                  NORMAL
..................................................................
TEMPERATURE (F)
 YESTERDAY
  MAXIMUM         38    239 PM  74    1977  44     -6       38
  MINIMUM         12    555 AM -10    1974  25    -13       34
  AVERAGE         25                        34     -9       36

PRECIPITATION (IN)
  YESTERDAY        0.00          0.43        0.08  -0.08     0.00
  MONTH TO DATE    0.54                      1.94  -1.40     0.72
  SINCE MAR 1      0.54                      1.94  -1.40     0.72
  SINCE JAN 1      1.96                      5.89  -3.93     3.46

DEGREE DAYS
 HEATING
  YESTERDAY       40                        31      9       29
  MONTH TO DATE 1231                      1085    146     1363
  SINCE MAR 1   1231                      1085    146     1363
  SINCE JUL 1   7397                      7072    325     7532

 COOLING
  YESTERDAY        0                         0      0        0
  MONTH TO DATE    0                         0      0        0
  SINCE MAR 1      0                         0      0        0
  SINCE JAN 1      0                         0      0        0
..................................................................


WIND (MPH)
  HIGHEST WIND SPEED    25   HIGHEST WIND DIRECTION     S (200)
  HIGHEST GUST SPEED    30   HIGHEST GUST DIRECTION    SW (210)
  AVERAGE WIND SPEED    10.7


SKY COVER
  AVERAGE SKY COVER 0.0


WEATHER CONDITIONS
 THE FOLLOWING WEATHER WAS RECORDED YESTERDAY.
  NO SIGNIFICANT WEATHER WAS OBSERVED.


RELATIVE HUMIDITY (PERCENT)
 HIGHEST    76           600 AM
 LOWEST     32          1200 PM
 AVERAGE    54

..........................................................


THE MASSENA NY CLIMATE NORMALS FOR TODAY
                         NORMAL    RECORD    YEAR
 MAXIMUM TEMPERATURE (F)   45        82      1977
 MINIMUM TEMPERATURE (F)   25         4      1970


SUNRISE AND SUNSET
MARCH 30 2015.........SUNRISE   644 AM EDT   SUNSET   724 PM EDT
MARCH 31 2015.........SUNRISE   643 AM EDT   SUNSET   725 PM EDT


-  INDICATES NEGATIVE NUMBERS.
R  INDICATES RECORD WAS SET OR TIED.
MM INDICATES DATA IS MISSING.
T  INDICATES TRACE AMOUNT.




$$
