000
CDUS41 KBTV 200537
CLIMSS


CLIMATE REPORT
NATIONAL WEATHER SERVICE BURLINGTON VT
1235 AM EST MON NOV 20 2017


...................................

...THE MASSENA NY CLIMATE SUMMARY FOR NOVEMBER 19 2017...

CLIMATE NORMAL PERIOD 1981 TO 2010
CLIMATE RECORD PERIOD 1948 TO 2017


WEATHER ITEM   OBSERVED TIME   RECORD YEAR NORMAL DEPARTURE LAST
                VALUE   (LST)  VALUE       VALUE  FROM      YEAR
                                                  NORMAL
..................................................................
TEMPERATURE (F)
 YESTERDAY
  MAXIMUM         35    536 AM  67    1985  42     -7       53
  MINIMUM         27   1159 PM   7    2002  26      1       37
  AVERAGE         31                        34     -3       45

PRECIPITATION (IN)
  YESTERDAY        0.51          1.07        0.10   0.41     0.00
  MONTH TO DATE    2.45                      1.98   0.47      T
  SINCE SEP 1      8.05                      8.94  -0.89     6.12
  SINCE JAN 1     37.42                     31.48   5.94    27.23

DEGREE DAYS
 HEATING
  YESTERDAY       34                        31      3       20
  MONTH TO DATE  546                       521     25      416
  SINCE SEP 1    987                      1327   -340     1036
  SINCE JUL 1   1039                      1402   -363     1047

 COOLING
  YESTERDAY        0                         0      0        0
  MONTH TO DATE    0                         0      0        0
  SINCE SEP 1     73                        27     46       47
  SINCE JAN 1    399                       363     36      527
..................................................................


WIND (MPH)
  HIGHEST WIND SPEED    24   HIGHEST WIND DIRECTION     W (280)
  HIGHEST GUST SPEED    32   HIGHEST GUST DIRECTION     W (280)
  AVERAGE WIND SPEED    13.2


SKY COVER
  AVERAGE SKY COVER 1.0


WEATHER CONDITIONS
 THE FOLLOWING WEATHER WAS RECORDED YESTERDAY.
  RAIN
  LIGHT RAIN
  SNOW
  LIGHT SNOW
  FOG


RELATIVE HUMIDITY (PERCENT)
 HIGHEST   100          1200 AM
 LOWEST     75          1000 PM
 AVERAGE    88

..........................................................


THE MASSENA NY CLIMATE NORMALS FOR TODAY
                         NORMAL    RECORD    YEAR
 MAXIMUM TEMPERATURE (F)   42        69      1991
 MINIMUM TEMPERATURE (F)   26         6      1967


SUNRISE AND SUNSET
NOVEMBER 20 2017......SUNRISE   704 AM EST   SUNSET   426 PM EST
NOVEMBER 21 2017......SUNRISE   705 AM EST   SUNSET   425 PM EST


-  INDICATES NEGATIVE NUMBERS.
R  INDICATES RECORD WAS SET OR TIED.
MM INDICATES DATA IS MISSING.
T  INDICATES TRACE AMOUNT.




$$
