000
CDUS42 KKEY 292040
CLIMTH

CLIMATE REPORT
NATIONAL WEATHER SERVICE KEY WEST, FL
429 PM EDT SUN MAR 29 2015

...................................

...THE MARATHON CLIMATE SUMMARY FOR MARCH 29 2015...
VALID TODAY AS OF 0400 PM LOCAL TIME.

CLIMATE NORMAL PERIOD 1981 TO 2010

WEATHER ITEM   OBSERVED TIME   NORMAL DEPARTURE LAST
                VALUE   (LST)  VALUE  FROM      YEAR
                                      NORMAL
......................................................

TEMPERATURE (F)
 TODAY
  MAXIMUM         78    236 PM  81     -3       86
  MINIMUM         62    733 AM  70     -8       71
  AVERAGE         70            76     -6       79

PRECIPITATION (IN)
  TODAY            0.00          0.09  -0.09     0.12
  MONTH TO DATE    1.12          2.20  -1.08     1.56
  SINCE MAR 1      1.12          2.20  -1.08     1.56
  SINCE JAN 1      3.35          6.02  -2.67     5.25

SNOWFALL (IN)
  TODAY            0.0
  MONTH TO DATE    0.0
  SINCE MAR 1      0.0
  SINCE JUL 1      0.0
  SNOW DEPTH       0

DEGREE DAYS
 HEATING
  TODAY            0             0      0        0
  MONTH TO DATE    0             0      0        0
  SINCE MAR 1      0             0      0        0
  SINCE JUL 1     50            75    -25       35

 COOLING
  TODAY            5            11     -6       14
  MONTH TO DATE  392           261    131      303
  SINCE MAR 1    392           261    131      303
  SINCE JAN 1    779           643    136      809

......................................................

WIND (MPH)
  HIGHEST WIND SPEED    17   HIGHEST WIND DIRECTION    NE (30)
  HIGHEST GUST SPEED    24   HIGHEST GUST DIRECTION    NE (30)
  AVERAGE WIND SPEED    12.3

SKY COVER
  POSSIBLE SUNSHINE  MM
  AVERAGE SKY COVER 0.0

WEATHER CONDITIONS
 THE FOLLOWING WEATHER WAS RECORDED TODAY.
  NO SIGNIFICANT WEATHER WAS OBSERVED.

RELATIVE HUMIDITY (PERCENT)
 HIGHEST    63
 LOWEST     36
 AVERAGE    50

..........................................................

THE MARATHON CLIMATE NORMALS FOR TOMORROW
                         NORMAL
 MAXIMUM TEMPERATURE (F)   81
 MINIMUM TEMPERATURE (F)   70

SUNRISE AND SUNSET

MARCH 29 2015.........SUNRISE   719 AM EDT   SUNSET   739 PM EDT
MARCH 30 2015.........SUNRISE   718 AM EDT   SUNSET   740 PM EDT

-  INDICATES NEGATIVE NUMBERS.
R  INDICATES RECORD WAS SET OR TIED.
MM INDICATES DATA IS MISSING.
T  INDICATES TRACE AMOUNT.

$$
