301
CDUS42 KKEY 020531
CLIMTH


CLIMATE REPORT
NATIONAL WEATHER SERVICE KEY WEST, FL
1226 AM EST FRI DEC 2 2016


...................................

...THE MARATHON CLIMATE SUMMARY FOR DECEMBER 1 2016...

CLIMATE NORMAL PERIOD 1981 TO 2010
CLIMATE RECORD PERIOD 9999 TO 9999


WEATHER ITEM   OBSERVED TIME   NORMAL DEPARTURE LAST
                VALUE   (LST)  VALUE  FROM      YEAR
                                      NORMAL
......................................................
TEMPERATURE (F)
 YESTERDAY
  MAXIMUM         88    124 PM  79      9       84
  MINIMUM         79   1159 PM  69     10       75
  AVERAGE         84            74     10       80

PRECIPITATION (IN)
  YESTERDAY        0.14          0.07   0.07      T
  MONTH TO DATE    0.14          0.07   0.07      T
  SINCE DEC 1      0.14          0.07   0.07      T
  SINCE JAN 1     36.14         44.22  -8.08    26.57

SNOWFALL (IN)
  YESTERDAY        0.0
  MONTH TO DATE    0.0
  SINCE DEC 1      0.0
  SINCE JUL 1      0.0
  SNOW DEPTH       0

DEGREE DAYS
 HEATING
  YESTERDAY        0             0      0        0
  MONTH TO DATE    0             0      0        0
  SINCE DEC 1      0             0      0        0
  SINCE JUL 1      0             1     -1        0

 COOLING
  YESTERDAY       19             9     10       15
  MONTH TO DATE   19             9     10       15
  SINCE DEC 1     19             9     10       15
  SINCE JAN 1   4984          4773    211     5441
......................................................


WIND (MPH)
  HIGHEST WIND SPEED    12   HIGHEST WIND DIRECTION    SE (130)
  HIGHEST GUST SPEED    16   HIGHEST GUST DIRECTION    SE (140)
  AVERAGE WIND SPEED     5.8


SKY COVER
  POSSIBLE SUNSHINE  MM
  AVERAGE SKY COVER 0.4


WEATHER CONDITIONS
 THE FOLLOWING WEATHER WAS RECORDED YESTERDAY.
  RAIN
  LIGHT RAIN
  FOG


RELATIVE HUMIDITY (PERCENT)
 HIGHEST    85
 LOWEST     68
 AVERAGE    77

..........................................................


THE MARATHON CLIMATE NORMALS FOR TODAY
                         NORMAL
 MAXIMUM TEMPERATURE (F)   79
 MINIMUM TEMPERATURE (F)   69


SUNRISE AND SUNSET
DECEMBER  2 2016......SUNRISE   653 AM EST   SUNSET   535 PM EST
DECEMBER  3 2016......SUNRISE   654 AM EST   SUNSET   535 PM EST


-  INDICATES NEGATIVE NUMBERS.
R  INDICATES RECORD WAS SET OR TIED.
MM INDICATES DATA IS MISSING.
T  INDICATES TRACE AMOUNT.




$$
