000
CDUS42 KKEY 120534
CLIMTH

CLIMATE REPORT
NATIONAL WEATHER SERVICE KEY WEST, FL
1228 AM EST FRI FEB 12 2016

...................................

...THE MARATHON CLIMATE SUMMARY FOR FEBRUARY 11 2016...

CLIMATE NORMAL PERIOD 1981 TO 2010

WEATHER ITEM   OBSERVED TIME   NORMAL DEPARTURE LAST
                VALUE   (LST)  VALUE  FROM      YEAR
                                      NORMAL
......................................................
TEMPERATURE (F)
 YESTERDAY
  MAXIMUM         64    447 PM  77    -13       67
  MINIMUM         53    621 AM  66    -13       58
  AVERAGE         59            71    -12       63

PRECIPITATION (IN)
  YESTERDAY        0.00          0.10  -0.10     0.00
  MONTH TO DATE    2.59          0.78   1.81     0.75
  SINCE DEC 1     15.76          4.41  11.35     2.49
  SINCE JAN 1      7.82          2.39   5.43     0.95

SNOWFALL (IN)
  YESTERDAY        0.0
  MONTH TO DATE    0.0
  SINCE DEC 1      0.0
  SINCE JUL 1      0.0
  SNOW DEPTH       0

DEGREE DAYS
 HEATING
  YESTERDAY        6             1      5        2
  MONTH TO DATE   17             7     10        2
  SINCE DEC 1     44            65    -21       20
  SINCE JUL 1     44            66    -22       26

 COOLING
  YESTERDAY        0             7     -7        0
  MONTH TO DATE   59            72    -13       66
  SINCE DEC 1    589           481    108      537
  SINCE JAN 1    193           253    -60      298
......................................................


WIND (MPH)
  HIGHEST WIND SPEED    15   HIGHEST WIND DIRECTION    NE (40)
  HIGHEST GUST SPEED    20   HIGHEST GUST DIRECTION     N (10)
  AVERAGE WIND SPEED     8.9


SKY COVER
  POSSIBLE SUNSHINE  MM
  AVERAGE SKY COVER 0.1


WEATHER CONDITIONS
 THE FOLLOWING WEATHER WAS RECORDED YESTERDAY.
  NO SIGNIFICANT WEATHER WAS OBSERVED.


RELATIVE HUMIDITY (PERCENT)
 HIGHEST    77
 LOWEST     43
 AVERAGE    60

..........................................................


THE MARATHON CLIMATE NORMALS FOR TODAY
                         NORMAL
 MAXIMUM TEMPERATURE (F)   77
 MINIMUM TEMPERATURE (F)   66


SUNRISE AND SUNSET
FEBRUARY 12 2016......SUNRISE   701 AM EST   SUNSET   617 PM EST
FEBRUARY 13 2016......SUNRISE   700 AM EST   SUNSET   617 PM EST


-  INDICATES NEGATIVE NUMBERS.
R  INDICATES RECORD WAS SET OR TIED.
MM INDICATES DATA IS MISSING.
T  INDICATES TRACE AMOUNT.

$$
APA
