000
CDUS43 KILX 260700
CLIMTO


CLIMATE REPORT
NATIONAL WEATHER SERVICE LINCOLN IL
159 AM CDT FRI AUG 26 2016


...................................

...THE MATTOON IL AIRPORT CLIMATE SUMMARY FOR AUGUST 25 2016...

CLIMATE NORMAL PERIOD 1981 TO 2010
CLIMATE RECORD PERIOD 9999 TO 9999


WEATHER ITEM   OBSERVED TIME   RECORD YEAR NORMAL DEPARTURE LAST
                VALUE   (LST)  VALUE       VALUE  FROM      YEAR
                                                  NORMAL
..................................................................
TEMPERATURE (F)
 YESTERDAY
  MAXIMUM         86    426 PM  MM      MM  84      2       77
  MINIMUM         68    522 AM  MM      MM  62      6       53
  AVERAGE         77                        73      4       65

PRECIPITATION (IN)
  YESTERDAY        0.01         MM      MM   0.11  -0.10     0.00
  MONTH TO DATE    3.89                      2.44   1.45     1.28
  SINCE JUN 1     11.11                     10.93   0.18    13.60
  SINCE JAN 1     22.85                     25.28  -2.43    24.15

DEGREE DAYS
 HEATING
  YESTERDAY        0                         0      0        0
  MONTH TO DATE    0                         0      0        0
  SINCE JUN 1      5                        18    -13        8
  SINCE JUL 1      5                         1      4        0

 COOLING
  YESTERDAY       12                         8      4        0
  MONTH TO DATE  265                       234     31      204
  SINCE JUN 1    911                       787    124      737
  SINCE JAN 1    986                       875    111      864
..................................................................


WIND (MPH)
  HIGHEST WIND SPEED    20   HIGHEST WIND DIRECTION    NW (320)
  HIGHEST GUST SPEED    25   HIGHEST GUST DIRECTION    NW (320)
  AVERAGE WIND SPEED     4.6


SKY COVER
  POSSIBLE SUNSHINE  MM
  AVERAGE SKY COVER 0.3


WEATHER CONDITIONS
 THE FOLLOWING WEATHER WAS RECORDED YESTERDAY.
  THUNDERSTORM
  LIGHT RAIN
  FOG


RELATIVE HUMIDITY (PERCENT)
 HIGHEST    94          1200 AM
 LOWEST     58          1000 AM
 AVERAGE    76

..........................................................


THE MATTOON IL AIRPORT CLIMATE NORMALS FOR TODAY
                         NORMAL    RECORD    YEAR
 MAXIMUM TEMPERATURE (F)   84        MM        MM
 MINIMUM TEMPERATURE (F)   62        MM        MM


SUNRISE AND SUNSET
AUGUST 26 2016........SUNRISE   616 AM CDT   SUNSET   732 PM CDT
AUGUST 27 2016........SUNRISE   617 AM CDT   SUNSET   731 PM CDT


-  INDICATES NEGATIVE NUMBERS.
R  INDICATES RECORD WAS SET OR TIED.
MM INDICATES DATA IS MISSING.
T  INDICATES TRACE AMOUNT.




$$
