000
CDUS43 KILX 260632
CLIMTO


CLIMATE REPORT
NATIONAL WEATHER SERVICE LINCOLN IL
132 AM CDT MON SEP 26 2016


...................................

...THE MATTOON IL AIRPORT CLIMATE SUMMARY FOR SEPTEMBER 25 2016...

CLIMATE NORMAL PERIOD 1981 TO 2010
CLIMATE RECORD PERIOD 9999 TO 9999


WEATHER ITEM   OBSERVED TIME   RECORD YEAR NORMAL DEPARTURE LAST
                VALUE   (LST)  VALUE       VALUE  FROM      YEAR
                                                  NORMAL
..................................................................
TEMPERATURE (F)
 YESTERDAY
  MAXIMUM         88    216 PM  MM      MM  75     13       84
  MINIMUM         68   1159 PM  MM      MM  51     17       52
  AVERAGE         78                        63     15       68

PRECIPITATION (IN)
  YESTERDAY        T            MM      MM   0.09  -0.09     0.00
  MONTH TO DATE    1.59                      2.50  -0.91     2.74
  SINCE SEP 1      1.59                      2.50  -0.91     2.74
  SINCE JAN 1     25.06                     28.40  -3.34    26.89

DEGREE DAYS
 HEATING
  YESTERDAY        0                         4     -4        0
  MONTH TO DATE    0                        39    -39       22
  SINCE SEP 1      0                        39    -39       22
  SINCE JUL 1      5                        44    -39       22

 COOLING
  YESTERDAY       13                         2     11        3
  MONTH TO DATE  193                       108     85      174
  SINCE SEP 1    193                       108     85      174
  SINCE JAN 1   1256                      1028    228     1078
..................................................................


WIND (MPH)
  HIGHEST WIND SPEED    18   HIGHEST WIND DIRECTION    NW (320)
  HIGHEST GUST SPEED    26   HIGHEST GUST DIRECTION     N (340)
  AVERAGE WIND SPEED     8.3


SKY COVER
  POSSIBLE SUNSHINE  MM
  AVERAGE SKY COVER 0.2


WEATHER CONDITIONS
 THE FOLLOWING WEATHER WAS RECORDED YESTERDAY.
  LIGHT RAIN
  FOG
  HAZE


RELATIVE HUMIDITY (PERCENT)
 HIGHEST    93           600 AM
 LOWEST     48           100 PM
 AVERAGE    71

..........................................................


THE MATTOON IL AIRPORT CLIMATE NORMALS FOR TODAY
                         NORMAL    RECORD    YEAR
 MAXIMUM TEMPERATURE (F)   74        MM        MM
 MINIMUM TEMPERATURE (F)   51        MM        MM


SUNRISE AND SUNSET
SEPTEMBER 26 2016.....SUNRISE   645 AM CDT   SUNSET   643 PM CDT
SEPTEMBER 27 2016.....SUNRISE   646 AM CDT   SUNSET   641 PM CDT


-  INDICATES NEGATIVE NUMBERS.
R  INDICATES RECORD WAS SET OR TIED.
MM INDICATES DATA IS MISSING.
T  INDICATES TRACE AMOUNT.




$$
