000
CDUS43 KILX 220650
CLIMTO


CLIMATE REPORT
NATIONAL WEATHER SERVICE LINCOLN IL
1250 AM CST WED FEB 22 2017


...................................

...THE MATTOON IL AIRPORT CLIMATE SUMMARY FOR FEBRUARY 21 2017...

CLIMATE NORMAL PERIOD 1981 TO 2010
CLIMATE RECORD PERIOD 9999 TO 9999


WEATHER ITEM   OBSERVED TIME   RECORD YEAR NORMAL DEPARTURE LAST
                VALUE   (LST)  VALUE       VALUE  FROM      YEAR
                                                  NORMAL
..................................................................
TEMPERATURE (F)
 YESTERDAY
  MAXIMUM         62    441 PM  MM      MM  42     20       55
  MINIMUM         48   1159 PM  MM      MM  26     22       35
  AVERAGE         55                        34     21       45

PRECIPITATION (IN)
  YESTERDAY        T            MM      MM   0.06  -0.06     0.01
  MONTH TO DATE    0.04                      1.38  -1.34     0.28
  SINCE DEC 1      2.29                      6.36  -4.07     6.96
  SINCE JAN 1      1.76                      3.59  -1.83     0.68

DEGREE DAYS
 HEATING
  YESTERDAY       10                        31    -21       20
  MONTH TO DATE  509                       721   -212      682
  SINCE DEC 1   2557                      2938   -381     2522
  SINCE JUL 1   3268                      3997   -729     3314

 COOLING
  YESTERDAY        0                         0      0        0
  MONTH TO DATE    0                         0      0        0
  SINCE DEC 1      0                         0      0        0
  SINCE JAN 1      0                         0      0        0
..................................................................


WIND (MPH)
  HIGHEST WIND SPEED    10   HIGHEST WIND DIRECTION     S (170)
  HIGHEST GUST SPEED    14   HIGHEST GUST DIRECTION    SE (150)
  AVERAGE WIND SPEED     3.9


SKY COVER
  POSSIBLE SUNSHINE  MM
  AVERAGE SKY COVER 0.5


WEATHER CONDITIONS
 THE FOLLOWING WEATHER WAS RECORDED YESTERDAY.
  LIGHT RAIN
  FOG


RELATIVE HUMIDITY (PERCENT)
 HIGHEST   100          1000 PM
 LOWEST     64          1200 AM
 AVERAGE    82

..........................................................


THE MATTOON IL AIRPORT CLIMATE NORMALS FOR TODAY
                         NORMAL    RECORD    YEAR
 MAXIMUM TEMPERATURE (F)   42        MM        MM
 MINIMUM TEMPERATURE (F)   26        MM        MM


SUNRISE AND SUNSET
FEBRUARY 22 2017......SUNRISE   636 AM CST   SUNSET   538 PM CST
FEBRUARY 23 2017......SUNRISE   634 AM CST   SUNSET   539 PM CST


-  INDICATES NEGATIVE NUMBERS.
R  INDICATES RECORD WAS SET OR TIED.
MM INDICATES DATA IS MISSING.
T  INDICATES TRACE AMOUNT.




$$
