000
CDUS43 KILX 180642
CLIMTO


CLIMATE REPORT
NATIONAL WEATHER SERVICE LINCOLN IL
1242 AM CST THU DEC 18 2014


...................................

...THE MATTOON IL AIRPORT CLIMATE SUMMARY FOR DECEMBER 17 2014...

CLIMATE NORMAL PERIOD 1981 TO 2010
CLIMATE RECORD PERIOD 9999 TO 9999


WEATHER ITEM   OBSERVED TIME   RECORD YEAR NORMAL DEPARTURE LAST
                VALUE   (LST)  VALUE       VALUE  FROM      YEAR
                                                  NORMAL
..................................................................
TEMPERATURE (F)
 YESTERDAY
  MAXIMUM         27    206 PM  MM      MM  38    -11       31
  MINIMUM         23   1017 PM  MM      MM  24     -1       19
  AVERAGE         25                        31     -6       25

PRECIPITATION (IN)
  YESTERDAY        0.00         MM      MM   0.08  -0.08      T
  MONTH TO DATE    0.63                      1.38  -0.75     0.26
  SINCE DEC 1      0.63                      1.38  -0.75     0.26
  SINCE JAN 1     31.26                     36.66  -5.40    41.02

DEGREE DAYS
 HEATING
  YESTERDAY       40                        34      6       40
  MONTH TO DATE  520                       541    -21      635
  SINCE DEC 1    520                       541    -21      635
  SINCE JUL 1   1816                      1600    216     1752

 COOLING
  YESTERDAY        0                         0      0        0
  MONTH TO DATE    0                         0      0        0
  SINCE DEC 1      0                         0      0        0
  SINCE JAN 1    932                      1057   -125     1007
..................................................................


WIND (MPH)
  HIGHEST WIND SPEED    21   HIGHEST WIND DIRECTION    NW (310)
  HIGHEST GUST SPEED    23   HIGHEST GUST DIRECTION    NW (300)
  AVERAGE WIND SPEED    10.5


SKY COVER
  POSSIBLE SUNSHINE  MM
  AVERAGE SKY COVER 1.0


WEATHER CONDITIONS
 THE FOLLOWING WEATHER WAS RECORDED YESTERDAY.
  NO SIGNIFICANT WEATHER WAS OBSERVED.


RELATIVE HUMIDITY (PERCENT)
 HIGHEST    84          1200 AM
 LOWEST     74           700 PM
 AVERAGE    79

..........................................................


THE MATTOON IL AIRPORT CLIMATE NORMALS FOR TODAY
                         NORMAL    RECORD    YEAR
 MAXIMUM TEMPERATURE (F)   37        MM        MM
 MINIMUM TEMPERATURE (F)   23        MM        MM


SUNRISE AND SUNSET
DECEMBER 18 2014......SUNRISE   708 AM CST   SUNSET   431 PM CST
DECEMBER 19 2014......SUNRISE   709 AM CST   SUNSET   432 PM CST


-  INDICATES NEGATIVE NUMBERS.
R  INDICATES RECORD WAS SET OR TIED.
MM INDICATES DATA IS MISSING.
T  INDICATES TRACE AMOUNT.




$$
