000
CDUS43 KILX 240642
CLIMTO


CLIMATE REPORT
NATIONAL WEATHER SERVICE LINCOLN IL
142 AM CDT SAT JUN 24 2017


...................................

...THE MATTOON IL AIRPORT CLIMATE SUMMARY FOR JUNE 23 2017...

CLIMATE NORMAL PERIOD 1981 TO 2010
CLIMATE RECORD PERIOD 9999 TO 9999


WEATHER ITEM   OBSERVED TIME   RECORD YEAR NORMAL DEPARTURE LAST
                VALUE   (LST)  VALUE       VALUE  FROM      YEAR
                                                  NORMAL
..................................................................
TEMPERATURE (F)
 YESTERDAY
  MAXIMUM         80    350 PM  MM      MM  84     -4       94
  MINIMUM         63   1151 PM  MM      MM  64     -1       68
  AVERAGE         72                        74     -2       81

PRECIPITATION (IN)
  YESTERDAY        0.67         MM      MM   0.13   0.54     0.00
  MONTH TO DATE    2.80                      3.29  -0.49     1.52
  SINCE JUN 1      2.80                      3.29  -0.49     1.52
  SINCE JAN 1     19.18                     17.64   1.54    13.26

DEGREE DAYS
 HEATING
  YESTERDAY        0                         0      0        0
  MONTH TO DATE    0                        14    -14        0
  SINCE JUN 1      0                        14    -14        0
  SINCE JUL 1   4405                      5404   -999     4534

 COOLING
  YESTERDAY        7                         9     -2       16
  MONTH TO DATE  224                       154     70      245
  SINCE JUN 1    224                       154     70      245
  SINCE JAN 1    330                       242     88      320
..................................................................


WIND (MPH)
  HIGHEST WIND SPEED    20   HIGHEST WIND DIRECTION     N (360)
  HIGHEST GUST SPEED    26   HIGHEST GUST DIRECTION     N (360)
  AVERAGE WIND SPEED     9.4


SKY COVER
  POSSIBLE SUNSHINE  MM
  AVERAGE SKY COVER 0.6


WEATHER CONDITIONS
 THE FOLLOWING WEATHER WAS RECORDED YESTERDAY.
  THUNDERSTORM
  HEAVY RAIN
  RAIN
  LIGHT RAIN
  FOG


RELATIVE HUMIDITY (PERCENT)
 HIGHEST   100          1200 AM
 LOWEST     54           600 PM
 AVERAGE    77

..........................................................


THE MATTOON IL AIRPORT CLIMATE NORMALS FOR TODAY
                         NORMAL    RECORD    YEAR
 MAXIMUM TEMPERATURE (F)   84        MM        MM
 MINIMUM TEMPERATURE (F)   64        MM        MM


SUNRISE AND SUNSET
JUNE 24 2017..........SUNRISE   527 AM CDT   SUNSET   824 PM CDT
JUNE 25 2017..........SUNRISE   527 AM CDT   SUNSET   824 PM CDT


-  INDICATES NEGATIVE NUMBERS.
R  INDICATES RECORD WAS SET OR TIED.
MM INDICATES DATA IS MISSING.
T  INDICATES TRACE AMOUNT.




$$
