000
CDUS43 KILX 230636
CLIMTO


CLIMATE REPORT
NATIONAL WEATHER SERVICE LINCOLN IL
136 AM CDT TUE MAY 23 2017


...................................

...THE MATTOON IL AIRPORT CLIMATE SUMMARY FOR MAY 22 2017...

CLIMATE NORMAL PERIOD 1981 TO 2010
CLIMATE RECORD PERIOD 9999 TO 9999


WEATHER ITEM   OBSERVED TIME   RECORD YEAR NORMAL DEPARTURE LAST
                VALUE   (LST)  VALUE       VALUE  FROM      YEAR
                                                  NORMAL
..................................................................
TEMPERATURE (F)
 YESTERDAY
  MAXIMUM         71    450 PM  MM      MM  75     -4       83
  MINIMUM         50    504 AM  MM      MM  55     -5       47
  AVERAGE         61                        65     -4       65

PRECIPITATION (IN)
  YESTERDAY        0.00         MM      MM   0.14  -0.14     0.00
  MONTH TO DATE    6.31                      3.32   2.99     1.57
  SINCE MAR 1     14.33                      9.32   5.01    10.05
  SINCE JAN 1     16.16                     13.30   2.86    10.78

DEGREE DAYS
 HEATING
  YESTERDAY        4                         3      1        0
  MONTH TO DATE  127                       108     19      156
  SINCE MAR 1   1014                      1166   -152     1012
  SINCE JUL 1   4395                      5370   -975     4534

 COOLING
  YESTERDAY        0                         3     -3        0
  MONTH TO DATE   57                        42     15        8
  SINCE MAR 1     78                        56     22       15
  SINCE JAN 1     78                        56     22       15
..................................................................


WIND (MPH)
  HIGHEST WIND SPEED    16   HIGHEST WIND DIRECTION     S (190)
  HIGHEST GUST SPEED    22   HIGHEST GUST DIRECTION     S (200)
  AVERAGE WIND SPEED     6.7


SKY COVER
  POSSIBLE SUNSHINE  MM
  AVERAGE SKY COVER 0.0


WEATHER CONDITIONS
 THE FOLLOWING WEATHER WAS RECORDED YESTERDAY.
  NO SIGNIFICANT WEATHER WAS OBSERVED.


RELATIVE HUMIDITY (PERCENT)
 HIGHEST    96           200 AM
 LOWEST     40           400 PM
 AVERAGE    68

..........................................................


THE MATTOON IL AIRPORT CLIMATE NORMALS FOR TODAY
                         NORMAL    RECORD    YEAR
 MAXIMUM TEMPERATURE (F)   76        MM        MM
 MINIMUM TEMPERATURE (F)   55        MM        MM


SUNRISE AND SUNSET
MAY 23 2017...........SUNRISE   533 AM CDT   SUNSET   808 PM CDT
MAY 24 2017...........SUNRISE   532 AM CDT   SUNSET   808 PM CDT


-  INDICATES NEGATIVE NUMBERS.
R  INDICATES RECORD WAS SET OR TIED.
MM INDICATES DATA IS MISSING.
T  INDICATES TRACE AMOUNT.




$$
