000
CDUS43 KILX 242227
CLIMTO


CLIMATE REPORT
NATIONAL WEATHER SERVICE LINCOLN IL
427 PM CST FRI NOV 24 2017


...................................

...THE MATTOON IL AIRPORT CLIMATE SUMMARY FOR NOVEMBER 24 2017...
VALID TODAY AS OF 0400 PM LOCAL TIME.

CLIMATE NORMAL PERIOD 1981 TO 2010
CLIMATE RECORD PERIOD 9999 TO 9999


WEATHER ITEM   OBSERVED TIME   RECORD YEAR NORMAL DEPARTURE LAST
                VALUE   (LST)  VALUE       VALUE  FROM      YEAR
                                                  NORMAL
..................................................................
TEMPERATURE (F)
 TODAY
  MAXIMUM         58    323 PM  MM      MM  47     11       43
  MINIMUM         34    707 AM  MM      MM  32      2       38
  AVERAGE         46                        39      7       41

PRECIPITATION (IN)
  TODAY            0.00         MM      MM   0.11  -0.11     0.00
  MONTH TO DATE    2.49                      2.82  -0.33     1.29
  SINCE SEP 1      8.43                      8.72  -0.29     6.87
  SINCE JAN 1     35.58                     34.62   0.96    30.34

DEGREE DAYS
 HEATING
  TODAY           19                        26     -7       24
  MONTH TO DATE  528                       491     37      391
  SINCE SEP 1    826                       890    -64      578
  SINCE JUL 1    827                       895    -68      583

 COOLING
  TODAY            0                         0      0        0
  MONTH TO DATE    0                         0      0       11
  SINCE SEP 1    236                       137     99      253
  SINCE JAN 1   1161                      1057    104     1316
..................................................................


WIND (MPH)
  HIGHEST WIND SPEED    21   HIGHEST WIND DIRECTION     S (180)
  HIGHEST GUST SPEED    28   HIGHEST GUST DIRECTION     S (170)
  AVERAGE WIND SPEED    11.3


SKY COVER
  POSSIBLE SUNSHINE  MM
  AVERAGE SKY COVER 0.0


WEATHER CONDITIONS
 THE FOLLOWING WEATHER WAS RECORDED TODAY.
  NO SIGNIFICANT WEATHER WAS OBSERVED.


RELATIVE HUMIDITY (PERCENT)
 HIGHEST    82           700 AM
 LOWEST     43           200 PM
 AVERAGE    63

..........................................................


THE MATTOON IL AIRPORT CLIMATE NORMALS FOR TOMORROW
                         NORMAL    RECORD    YEAR
 MAXIMUM TEMPERATURE (F)   47        MM        MM
 MINIMUM TEMPERATURE (F)   31        MM        MM


SUNRISE AND SUNSET
NOVEMBER 24 2017......SUNRISE   647 AM CST   SUNSET   432 PM CST
NOVEMBER 25 2017......SUNRISE   648 AM CST   SUNSET   432 PM CST


-  INDICATES NEGATIVE NUMBERS.
R  INDICATES RECORD WAS SET OR TIED.
MM INDICATES DATA IS MISSING.
T  INDICATES TRACE AMOUNT.




$$
