000
CDUS43 KILX 250651
CLIMTO


CLIMATE REPORT
NATIONAL WEATHER SERVICE LINCOLN IL
1250 AM CST TUE NOV 25 2014


...................................

...THE MATTOON IL AIRPORT CLIMATE SUMMARY FOR NOVEMBER 24 2014...

CLIMATE NORMAL PERIOD 1981 TO 2010
CLIMATE RECORD PERIOD 9999 TO 9999


WEATHER ITEM   OBSERVED TIME   RECORD YEAR NORMAL DEPARTURE LAST
                VALUE   (LST)  VALUE       VALUE  FROM      YEAR
                                                  NORMAL
..................................................................
TEMPERATURE (F)
 YESTERDAY
  MAXIMUM         55    436 AM  MM      MM  47      8       27
  MINIMUM         34   1159 PM  MM      MM  32      2       10
  AVERAGE         45                        39      6       19

PRECIPITATION (IN)
  YESTERDAY        0.06         MM      MM   0.11  -0.05     0.00
  MONTH TO DATE    0.80                      2.82  -2.02     0.07
  SINCE SEP 1      9.19                      8.72   0.47     2.51
  SINCE JAN 1     30.63                     34.62  -3.99    40.76

DEGREE DAYS
 HEATING
  YESTERDAY       20                        26     -6       46
  MONTH TO DATE  684                       491    193      552
  SINCE SEP 1   1101                       890    211      892
  SINCE JUL 1   1106                       895    211      902

 COOLING
  YESTERDAY        0                         0      0        0
  MONTH TO DATE    0                         0      0        0
  SINCE SEP 1     98                       137    -39      203
  SINCE JAN 1    932                      1057   -125     1007
..................................................................


WIND (MPH)
  HIGHEST WIND SPEED    30   HIGHEST WIND DIRECTION     W (280)
  HIGHEST GUST SPEED    42   HIGHEST GUST DIRECTION    SW (240)
  AVERAGE WIND SPEED    14.6


SKY COVER
  POSSIBLE SUNSHINE  MM
  AVERAGE SKY COVER 1.0


WEATHER CONDITIONS
 THE FOLLOWING WEATHER WAS RECORDED YESTERDAY.
  RAIN
  LIGHT RAIN


RELATIVE HUMIDITY (PERCENT)
 HIGHEST   100          1200 AM
 LOWEST     64           300 PM
 AVERAGE    82

..........................................................


THE MATTOON IL AIRPORT CLIMATE NORMALS FOR TODAY
                         NORMAL    RECORD    YEAR
 MAXIMUM TEMPERATURE (F)   47        MM        MM
 MINIMUM TEMPERATURE (F)   31        MM        MM


SUNRISE AND SUNSET
NOVEMBER 25 2014......SUNRISE   648 AM CST   SUNSET   432 PM CST
NOVEMBER 26 2014......SUNRISE   649 AM CST   SUNSET   431 PM CST


-  INDICATES NEGATIVE NUMBERS.
R  INDICATES RECORD WAS SET OR TIED.
MM INDICATES DATA IS MISSING.
T  INDICATES TRACE AMOUNT.




$$
