000
CDUS41 KBTV 140526
CLIMVL


CLIMATE REPORT
NATIONAL WEATHER SERVICE BURLINGTON VT
124 AM EDT SUN SEP 14 2014


...................................

...THE MORRISVILLE VT CLIMATE SUMMARY FOR SEPTEMBER 13 2014...

CLIMATE NORMAL PERIOD 1981 TO 2010
CLIMATE RECORD PERIOD 9999 TO 9999


WEATHER ITEM   OBSERVED TIME   NORMAL DEPARTURE LAST
                VALUE   (LST)  VALUE  FROM      YEAR
                                      NORMAL
......................................................
TEMPERATURE (F)
 YESTERDAY
  MAXIMUM         53    941 PM  71    -18       65
  MINIMUM         36    617 AM  47    -11       52
  AVERAGE         45            59    -14       59

PRECIPITATION (IN)
  YESTERDAY        0.15          0.11   0.04     0.50
  MONTH TO DATE    2.10          1.31   0.79     2.10
  SINCE SEP 1      2.10          1.31   0.79     2.10
  SINCE JAN 1     28.51         25.07   3.44    32.36

DEGREE DAYS
 HEATING
  YESTERDAY       20             7     13        6
  MONTH TO DATE   60            67     -7       67
  SINCE SEP 1     60            67     -7       67
  SINCE JUL 1    131           162    -31      136

 COOLING
  YESTERDAY        0             1     -1        0
  MONTH TO DATE   29            13     16       38
  SINCE SEP 1     29            13     16       38
  SINCE JAN 1    243           260    -17      401
......................................................


WIND (MPH)
  HIGHEST WIND SPEED    12   HIGHEST WIND DIRECTION     S (200)
  HIGHEST GUST SPEED    19   HIGHEST GUST DIRECTION     S (200)
  AVERAGE WIND SPEED     2.4


SKY COVER
  AVERAGE SKY COVER 0.8


WEATHER CONDITIONS
 THE FOLLOWING WEATHER WAS RECORDED YESTERDAY.
  LIGHT RAIN
  FOG
  FOG W/VISIBILITY <= 1/4 MILE


RELATIVE HUMIDITY (PERCENT)
 HIGHEST   100           200 AM
 LOWEST     74          1100 AM
 AVERAGE    87

..........................................................


THE MORRISVILLE VT CLIMATE NORMALS FOR TODAY
                         NORMAL    RECORD    YEAR
 MAXIMUM TEMPERATURE (F)   71        MM        MM
 MINIMUM TEMPERATURE (F)   46        MM        MM


SUNRISE AND SUNSET
SEPTEMBER 14 2014.....SUNRISE   628 AM EDT   SUNSET   703 PM EDT
SEPTEMBER 15 2014.....SUNRISE   629 AM EDT   SUNSET   701 PM EDT


-  INDICATES NEGATIVE NUMBERS.
R  INDICATES RECORD WAS SET OR TIED.
MM INDICATES DATA IS MISSING.
T  INDICATES TRACE AMOUNT.




$$
