000
CDUS41 KBTV 060608
CLIMVL


CLIMATE REPORT
NATIONAL WEATHER SERVICE BURLINGTON VT
108 AM EST FRI MAR 6 2015


...................................

...THE MORRISVILLE VT CLIMATE SUMMARY FOR MARCH 5 2015...

CLIMATE NORMAL PERIOD 1981 TO 2010
CLIMATE RECORD PERIOD 9999 TO 9999


WEATHER ITEM   OBSERVED TIME   NORMAL DEPARTURE LAST
                VALUE   (LST)  VALUE  FROM      YEAR
                                      NORMAL
......................................................
TEMPERATURE (F)
 YESTERDAY
  MAXIMUM         30   1220 AM  36     -6       20
  MINIMUM        -11   1159 PM  13    -24       -8
  AVERAGE         10            24    -14        6

PRECIPITATION (IN)
  YESTERDAY        T             0.04  -0.04      T
  MONTH TO DATE    0.03          0.20  -0.17     0.02
  SINCE MAR 1      0.03          0.20  -0.17     0.02
  SINCE JAN 1      1.15          4.48  -3.33     4.62

DEGREE DAYS
 HEATING
  YESTERDAY       55            41     14       59
  MONTH TO DATE  244           207     37      294
  SINCE MAR 1    244           207     37      294
  SINCE JUL 1   5926          6167   -241     6348

 COOLING
  YESTERDAY        0             0      0        0
  MONTH TO DATE    0             0      0        0
  SINCE MAR 1      0             0      0        0
  SINCE JAN 1      0             0      0        0
......................................................


WIND (MPH)
  HIGHEST WIND SPEED    18   HIGHEST WIND DIRECTION     N (350)
  HIGHEST GUST SPEED    23   HIGHEST GUST DIRECTION     N (340)
  AVERAGE WIND SPEED     7.5


SKY COVER
  AVERAGE SKY COVER 0.4


WEATHER CONDITIONS
 THE FOLLOWING WEATHER WAS RECORDED YESTERDAY.
  LIGHT SNOW
  HAZE


RELATIVE HUMIDITY (PERCENT)
 HIGHEST    74          1100 PM
 LOWEST     35           100 AM
 AVERAGE    55

..........................................................


THE MORRISVILLE VT CLIMATE NORMALS FOR TODAY
                         NORMAL    RECORD    YEAR
 MAXIMUM TEMPERATURE (F)   36        53      2009
 MINIMUM TEMPERATURE (F)   14       -18      2014


SUNRISE AND SUNSET
MARCH  6 2015.........SUNRISE   620 AM EST   SUNSET   545 PM EST
MARCH  7 2015.........SUNRISE   618 AM EST   SUNSET   546 PM EST


-  INDICATES NEGATIVE NUMBERS.
R  INDICATES RECORD WAS SET OR TIED.
MM INDICATES DATA IS MISSING.
T  INDICATES TRACE AMOUNT.




$$
