000
CDUS41 KBTV 280539
CLIMVL


CLIMATE REPORT
NATIONAL WEATHER SERVICE BURLINGTON VT
136 AM EDT FRI AUG 28 2015


...................................

...THE MORRISVILLE VT CLIMATE SUMMARY FOR AUGUST 27 2015...

CLIMATE NORMAL PERIOD 1981 TO 2010
CLIMATE RECORD PERIOD 9999 TO 9999


WEATHER ITEM   OBSERVED TIME   NORMAL DEPARTURE LAST
                VALUE   (LST)  VALUE  FROM      YEAR
                                      NORMAL
......................................................
TEMPERATURE (F)
 YESTERDAY
  MAXIMUM         73    307 PM  76     -3       82
  MINIMUM         55   1142 PM  52      3       59
  AVERAGE         64            64      0       71

PRECIPITATION (IN)
  YESTERDAY        T             0.10  -0.10      T
  MONTH TO DATE    1.15          3.60  -2.45     2.48
  SINCE JUN 1     10.68         11.71  -1.03    12.53
  SINCE JAN 1     15.93         23.33  -7.40    26.13

DEGREE DAYS
 HEATING
  YESTERDAY        1             3     -2        0
  MONTH TO DATE    6            53    -47       36
  SINCE JUN 1    134           206    -72      137
  SINCE JUL 1     29            83    -54       65

 COOLING
  YESTERDAY        0             2     -2        6
  MONTH TO DATE  152            70     82       54
  SINCE JUN 1    349           230    119      203
  SINCE JAN 1    402           238    164      208
......................................................


WIND (MPH)
  HIGHEST WIND SPEED    12   HIGHEST WIND DIRECTION    NW (320)
  HIGHEST GUST SPEED    17   HIGHEST GUST DIRECTION    NW (310)
  AVERAGE WIND SPEED     1.9


SKY COVER
  AVERAGE SKY COVER 0.7


WEATHER CONDITIONS
 THE FOLLOWING WEATHER WAS RECORDED YESTERDAY.
  LIGHT RAIN
  FOG
  FOG W/VISIBILITY <= 1/4 MILE


RELATIVE HUMIDITY (PERCENT)
 HIGHEST    93           300 AM
 LOWEST     49           100 PM
 AVERAGE    71

..........................................................


THE MORRISVILLE VT CLIMATE NORMALS FOR TODAY
                         NORMAL    RECORD    YEAR
 MAXIMUM TEMPERATURE (F)   76        86      1999
 MINIMUM TEMPERATURE (F)   52        40      1987


SUNRISE AND SUNSET
AUGUST 28 2015........SUNRISE   608 AM EDT   SUNSET   735 PM EDT
AUGUST 29 2015........SUNRISE   609 AM EDT   SUNSET   733 PM EDT


-  INDICATES NEGATIVE NUMBERS.
R  INDICATES RECORD WAS SET OR TIED.
MM INDICATES DATA IS MISSING.
T  INDICATES TRACE AMOUNT.




$$
