000
CDUS41 KBTV 300538
CLIMVL


CLIMATE REPORT
NATIONAL WEATHER SERVICE BURLINGTON VT
137 AM EDT WED JUL 30 2014


...................................

...THE MORRISVILLE VT CLIMATE SUMMARY FOR JULY 29 2014...

CLIMATE NORMAL PERIOD 1981 TO 2010
CLIMATE RECORD PERIOD 9999 TO 9999


WEATHER ITEM   OBSERVED TIME   NORMAL DEPARTURE LAST
                VALUE   (LST)  VALUE  FROM      YEAR
                                      NORMAL
......................................................
TEMPERATURE (F)
 YESTERDAY
  MAXIMUM         71    336 PM  80     -9       80
  MINIMUM         50   1159 PM  55     -5       62
  AVERAGE         61            68     -7       71

PRECIPITATION (IN)
  YESTERDAY        T             0.12  -0.12     0.92
  MONTH TO DATE    6.16          3.88   2.28     6.60
  SINCE JUN 1     10.05          7.86   2.19    15.22
  SINCE JAN 1     23.65         19.48   4.17    27.23

DEGREE DAYS
 HEATING
  YESTERDAY        4             1      3        0
  MONTH TO DATE   22            30     -8       13
  SINCE JUN 1     94           153    -59      143
  SINCE JUL 1     22            30     -8       13

 COOLING
  YESTERDAY        0             4     -4        6
  MONTH TO DATE  109           109      0      183
  SINCE JUN 1    149           157     -8      259
  SINCE JAN 1    154           165    -11      279
......................................................


WIND (MPH)
  HIGHEST WIND SPEED    14   HIGHEST WIND DIRECTION    NW (330)
  HIGHEST GUST SPEED    20   HIGHEST GUST DIRECTION    NW (320)
  AVERAGE WIND SPEED     4.2


SKY COVER
  AVERAGE SKY COVER 0.6


WEATHER CONDITIONS
 THE FOLLOWING WEATHER WAS RECORDED YESTERDAY.
  LIGHT RAIN
  FOG


RELATIVE HUMIDITY (PERCENT)
 HIGHEST    93           400 AM
 LOWEST     47           200 PM
 AVERAGE    70

..........................................................


THE MORRISVILLE VT CLIMATE NORMALS FOR TODAY
                         NORMAL    RECORD    YEAR
 MAXIMUM TEMPERATURE (F)   80        MM        MM
 MINIMUM TEMPERATURE (F)   55        MM        MM


SUNRISE AND SUNSET
JULY 30 2014..........SUNRISE   535 AM EDT   SUNSET   818 PM EDT
JULY 31 2014..........SUNRISE   536 AM EDT   SUNSET   817 PM EDT


-  INDICATES NEGATIVE NUMBERS.
R  INDICATES RECORD WAS SET OR TIED.
MM INDICATES DATA IS MISSING.
T  INDICATES TRACE AMOUNT.




$$
