000
CDUS41 KBTV 300546
CLIMVL


CLIMATE REPORT
NATIONAL WEATHER SERVICE BURLINGTON VT
144 AM EDT MON MAY 30 2016


...................................

...THE MORRISVILLE VT CLIMATE SUMMARY FOR MAY 29 2016...

CLIMATE NORMAL PERIOD 1981 TO 2010
CLIMATE RECORD PERIOD 9999 TO 9999


WEATHER ITEM   OBSERVED TIME   NORMAL DEPARTURE LAST
                VALUE   (LST)  VALUE  FROM      YEAR
                                      NORMAL
......................................................
TEMPERATURE (F)
 YESTERDAY
  MAXIMUM         79   1057 AM  70      9       82
  MINIMUM         56    438 AM  45     11       55
  AVERAGE         68            58     10       69

PRECIPITATION (IN)
  YESTERDAY        0.07          0.14  -0.07     0.00
  MONTH TO DATE    1.04          2.99  -1.95     1.51
  SINCE MAR 1      3.86          7.06  -3.20     3.01
  SINCE JAN 1      7.01         11.34  -4.33     4.13

DEGREE DAYS
 HEATING
  YESTERDAY        0             8     -8        0
  MONTH TO DATE  352           337     15      172
  SINCE MAR 1   2129          2157    -28     2188
  SINCE JUL 1   6702          8117  -1415     7870

 COOLING
  YESTERDAY        3             0      3        4
  MONTH TO DATE   20             0     20       46
  SINCE MAR 1     20             1     19       46
  SINCE JAN 1     20             1     19       46
......................................................


WIND (MPH)
  HIGHEST WIND SPEED    13   HIGHEST WIND DIRECTION     S (190)
  HIGHEST GUST SPEED    18   HIGHEST GUST DIRECTION     S (200)
  AVERAGE WIND SPEED     5.3


SKY COVER
  AVERAGE SKY COVER 0.4


WEATHER CONDITIONS
 THE FOLLOWING WEATHER WAS RECORDED YESTERDAY.
  THUNDERSTORM
  HEAVY RAIN
  RAIN
  LIGHT RAIN
  FOG


RELATIVE HUMIDITY (PERCENT)
 HIGHEST   100          1100 PM
 LOWEST     60          1000 AM
 AVERAGE    80

..........................................................


THE MORRISVILLE VT CLIMATE NORMALS FOR TODAY
                         NORMAL    RECORD    YEAR
 MAXIMUM TEMPERATURE (F)   70        88      2015
 MINIMUM TEMPERATURE (F)   45        35      2001


SUNRISE AND SUNSET
MAY 30 2016...........SUNRISE   510 AM EDT   SUNSET   827 PM EDT
MAY 31 2016...........SUNRISE   509 AM EDT   SUNSET   828 PM EDT


-  INDICATES NEGATIVE NUMBERS.
R  INDICATES RECORD WAS SET OR TIED.
MM INDICATES DATA IS MISSING.
T  INDICATES TRACE AMOUNT.




$$
