000
CDUS46 KOTX 010837
CLIMWH


CLIMATE REPORT
NATIONAL WEATHER SERVICE SPOKANE, WA
136 AM PDT SAT OCT 1 2016


...................................

...THE MOSES LAKE WA AIRPORT CLIMATE SUMMARY FOR SEPTEMBER 30 2016...

CLIMATE NORMAL PERIOD 1981 TO 2010
CLIMATE RECORD PERIOD 9999 TO 9999


WEATHER ITEM   OBSERVED TIME   RECORD YEAR NORMAL DEPARTURE LAST
                VALUE   (LST)  VALUE       VALUE  FROM      YEAR
                                                  NORMAL
..................................................................
TEMPERATURE (F)
 YESTERDAY
  MAXIMUM         73    424 PM  MM      MM  71      2       83
  MINIMUM         53    630 AM  MM      MM  41     12       41
  AVERAGE         63                        56      7       62

PRECIPITATION (IN)
  YESTERDAY        0.01         MM      MM   0.03  -0.02     0.00
  MONTH TO DATE    0.13                      0.39  -0.26     0.16
  SINCE OCT 1      9.04                      9.11  -0.07     6.05
  SINCE JAN 1      5.78                      5.82  -0.04     3.39

SNOWFALL (IN)
  YESTERDAY       MM

DEGREE DAYS
 HEATING
  YESTERDAY        2                         9     -7        3
  MONTH TO DATE  106                       130    -24      140
  SINCE SEP 1    106                       130    -24      140
  SINCE JUL 1    108                       150    -42      140

 COOLING
  YESTERDAY        0                         0      0        0
  MONTH TO DATE    6                        44    -38       31
  SINCE SEP 1      6                        44    -38       31
  SINCE JAN 1    629                       614     15     1065
..................................................................


WIND (MPH)
  HIGHEST WIND SPEED    13   HIGHEST WIND DIRECTION     S (190)
  HIGHEST GUST SPEED    16   HIGHEST GUST DIRECTION     S (190)
  AVERAGE WIND SPEED     5.4


SKY COVER
  POSSIBLE SUNSHINE  MM
  AVERAGE SKY COVER 0.4


WEATHER CONDITIONS
 THE FOLLOWING WEATHER WAS RECORDED YESTERDAY.
  LIGHT RAIN
  HAZE


RELATIVE HUMIDITY (PERCENT)
 HIGHEST    77           300 AM
 LOWEST     31           400 PM
 AVERAGE    54

..........................................................


THE MOSES LAKE WA AIRPORT CLIMATE NORMALS FOR TODAY
                         NORMAL    RECORD    YEAR
 MAXIMUM TEMPERATURE (F)   71        MM        MM
 MINIMUM TEMPERATURE (F)   41        MM        MM


SUNRISE AND SUNSET
OCTOBER  1 2016.......SUNRISE   657 AM PDT   SUNSET   636 PM PDT
OCTOBER  2 2016.......SUNRISE   658 AM PDT   SUNSET   634 PM PDT


-  INDICATES NEGATIVE NUMBERS.
R  INDICATES RECORD WAS SET OR TIED.
MM INDICATES DATA IS MISSING.
T  INDICATES TRACE AMOUNT.




$$
