000
CDUS46 KOTX 170831
CLIMWH


CLIMATE REPORT
NATIONAL WEATHER SERVICE SPOKANE, WA
130 AM PDT TUE OCT 17 2017


...................................

...THE MOSES LAKE WA AIRPORT CLIMATE SUMMARY FOR OCTOBER 16 2017...

CLIMATE NORMAL PERIOD 1981 TO 2010
CLIMATE RECORD PERIOD 9999 TO 9999


WEATHER ITEM   OBSERVED TIME   RECORD YEAR NORMAL DEPARTURE LAST
                VALUE   (LST)  VALUE       VALUE  FROM      YEAR
                                                  NORMAL
..................................................................
TEMPERATURE (F)
 YESTERDAY
  MAXIMUM         64    342 PM  MM      MM  63      1       60
  MINIMUM         28    623 AM  MM      MM  36     -8       48
  AVERAGE         46                        49     -3       54

PRECIPITATION (IN)
  YESTERDAY        0.00         MM      MM   0.03  -0.03     0.42
  MONTH TO DATE    0.15                      0.29  -0.14     1.80
  SINCE OCT 1      0.15                      0.29  -0.14     1.80
  SINCE JAN 1      5.97                      6.11  -0.14     7.58

SNOWFALL (IN)
  YESTERDAY       MM

DEGREE DAYS
 HEATING
  YESTERDAY       19                        16      3       11
  MONTH TO DATE  264                       202     62      199
  SINCE SEP 1    384                       332     52      305
  SINCE JUL 1    384                       352     32      307

 COOLING
  YESTERDAY        0                         0      0        0
  MONTH TO DATE    0                         0      0        0
  SINCE SEP 1     91                        44     47        6
  SINCE JAN 1    886                       614    272      629
..................................................................


WIND (MPH)
  HIGHEST WIND SPEED    10   HIGHEST WIND DIRECTION     S (170)
  HIGHEST GUST SPEED    14   HIGHEST GUST DIRECTION    SE (150)
  AVERAGE WIND SPEED     4.5


SKY COVER
  POSSIBLE SUNSHINE  MM
  AVERAGE SKY COVER 0.0


WEATHER CONDITIONS
 THE FOLLOWING WEATHER WAS RECORDED YESTERDAY.
  HAZE


RELATIVE HUMIDITY (PERCENT)
 HIGHEST    85           100 AM
 LOWEST     32           200 PM
 AVERAGE    59

..........................................................


THE MOSES LAKE WA AIRPORT CLIMATE NORMALS FOR TODAY
                         NORMAL    RECORD    YEAR
 MAXIMUM TEMPERATURE (F)   62        MM        MM
 MINIMUM TEMPERATURE (F)   35        MM        MM


SUNRISE AND SUNSET
OCTOBER 17 2017.......SUNRISE   719 AM PDT   SUNSET   605 PM PDT
OCTOBER 18 2017.......SUNRISE   720 AM PDT   SUNSET   604 PM PDT


-  INDICATES NEGATIVE NUMBERS.
R  INDICATES RECORD WAS SET OR TIED.
MM INDICATES DATA IS MISSING.
T  INDICATES TRACE AMOUNT.




$$
