000
CDUS46 KOTX 301245
CLIMWH


CLIMATE REPORT
NATIONAL WEATHER SERVICE SPOKANE, WA
545 AM PDT TUE JUN 30 2015


...................................

...THE MOSES LAKE WA AIRPORT CLIMATE SUMMARY FOR JUNE 29 2015...

CLIMATE NORMAL PERIOD 1981 TO 2010
CLIMATE RECORD PERIOD 9999 TO 9999


WEATHER ITEM   OBSERVED TIME   RECORD YEAR NORMAL DEPARTURE LAST
                VALUE   (LST)  VALUE       VALUE  FROM      YEAR
                                                  NORMAL
..................................................................
TEMPERATURE (F)
 YESTERDAY
  MAXIMUM        100    536 PM  MM      MM  84     16       81
  MINIMUM         78    546 AM  MM      MM  54     24       54
  AVERAGE         89                        69     20       68

PRECIPITATION (IN)
  YESTERDAY        T            MM      MM   0.01  -0.01     0.00
  MONTH TO DATE    0.02                      0.74  -0.72     0.43
  SINCE OCT 1      5.83                      8.05  -2.22     3.85
  SINCE JAN 1      3.17                      4.76  -1.59     3.21

SNOWFALL (IN)
  YESTERDAY       MM

DEGREE DAYS
 HEATING
  YESTERDAY        0                         1     -1        0
  MONTH TO DATE    4                        52    -48       24
  SINCE JUN 1      4                        52    -48       24
  SINCE JUL 1   4796                      5879  -1083     5651

 COOLING
  YESTERDAY       24                         5     19        3
  MONTH TO DATE  284                        81    203      113
  SINCE JUN 1    284                        81    203      113
  SINCE JAN 1    355                       106    249      148
..................................................................


WIND (MPH)
  HIGHEST WIND SPEED    21   HIGHEST WIND DIRECTION    NW (320)
  HIGHEST GUST SPEED    27   HIGHEST GUST DIRECTION    NW (310)
  AVERAGE WIND SPEED     9.7


SKY COVER
  POSSIBLE SUNSHINE  MM
  AVERAGE SKY COVER 0.0


WEATHER CONDITIONS
 THE FOLLOWING WEATHER WAS RECORDED YESTERDAY.
  LIGHT RAIN
  HAZE


RELATIVE HUMIDITY (PERCENT)
 HIGHEST    54           600 AM
 LOWEST     21           300 PM
 AVERAGE    38

..........................................................


THE MOSES LAKE WA AIRPORT CLIMATE NORMALS FOR TODAY
                         NORMAL    RECORD    YEAR
 MAXIMUM TEMPERATURE (F)   84        MM        MM
 MINIMUM TEMPERATURE (F)   54        MM        MM


SUNRISE AND SUNSET
JUNE 30 2015..........SUNRISE   505 AM PDT   SUNSET   857 PM PDT
JULY  1 2015..........SUNRISE   505 AM PDT   SUNSET   857 PM PDT


-  INDICATES NEGATIVE NUMBERS.
R  INDICATES RECORD WAS SET OR TIED.
MM INDICATES DATA IS MISSING.
T  INDICATES TRACE AMOUNT.




$$
