972
CDUS46 KOTX 040821
CLIMWH


CLIMATE REPORT
NATIONAL WEATHER SERVICE SPOKANE, WA
1221 AM PST SUN DEC 4 2016


...................................

...THE MOSES LAKE WA AIRPORT CLIMATE SUMMARY FOR DECEMBER 3 2016...

CLIMATE NORMAL PERIOD 1981 TO 2010
CLIMATE RECORD PERIOD 9999 TO 9999


WEATHER ITEM   OBSERVED TIME   RECORD YEAR NORMAL DEPARTURE LAST
                VALUE   (LST)  VALUE       VALUE  FROM      YEAR
                                                  NORMAL
..................................................................
TEMPERATURE (F)
 YESTERDAY
  MAXIMUM         49    203 PM  MM      MM  37     12       37
  MINIMUM         27    803 AM  MM      MM  25      2       32
  AVERAGE         38                        31      7       35

PRECIPITATION (IN)
  YESTERDAY        0.00         MM      MM   0.03  -0.03     0.20
  MONTH TO DATE    0.00                      0.11  -0.11     0.40
  SINCE OCT 1      3.40                      1.96   1.44     1.08
  SINCE JAN 1      9.18                      7.78   1.40     4.47

SNOWFALL (IN)
  YESTERDAY        0.0

DEGREE DAYS
 HEATING
  YESTERDAY       27                        34     -7       30
  MONTH TO DATE   86                       101    -15      105
  SINCE DEC 1     86                       101    -15      105
  SINCE JUL 1   1199                      1562   -363     1345

 COOLING
  YESTERDAY        0                         0      0        0
  MONTH TO DATE    0                         0      0        0
  SINCE DEC 1      0                         0      0        0
  SINCE JAN 1    629                       615     14     1066
..................................................................


WIND (MPH)
  HIGHEST WIND SPEED    21   HIGHEST WIND DIRECTION    SW (220)
  HIGHEST GUST SPEED    26   HIGHEST GUST DIRECTION    SW (220)
  AVERAGE WIND SPEED     7.5


SKY COVER
  POSSIBLE SUNSHINE  MM
  AVERAGE SKY COVER 0.2


WEATHER CONDITIONS
 THE FOLLOWING WEATHER WAS RECORDED YESTERDAY.
  NO SIGNIFICANT WEATHER WAS OBSERVED.


RELATIVE HUMIDITY (PERCENT)
 HIGHEST    92           400 AM
 LOWEST     53           300 PM
 AVERAGE    73

..........................................................


THE MOSES LAKE WA AIRPORT CLIMATE NORMALS FOR TODAY
                         NORMAL    RECORD    YEAR
 MAXIMUM TEMPERATURE (F)   37        MM        MM
 MINIMUM TEMPERATURE (F)   25        MM        MM


SUNRISE AND SUNSET
DECEMBER  4 2016......SUNRISE   727 AM PST   SUNSET   408 PM PST
DECEMBER  5 2016......SUNRISE   728 AM PST   SUNSET   408 PM PST


-  INDICATES NEGATIVE NUMBERS.
R  INDICATES RECORD WAS SET OR TIED.
MM INDICATES DATA IS MISSING.
T  INDICATES TRACE AMOUNT.




$$
