000
CDUS46 KOTX 250027
CLIMWH


CLIMATE REPORT
NATIONAL WEATHER SERVICE SPOKANE, WA
426 PM PST SAT JAN 24 2015


...................................

...THE MOSES LAKE WA AIRPORT CLIMATE SUMMARY FOR JANUARY 23 2015...

CLIMATE NORMAL PERIOD 1981 TO 2010
CLIMATE RECORD PERIOD 9999 TO 9999


WEATHER ITEM   OBSERVED TIME   RECORD YEAR NORMAL DEPARTURE LAST
                VALUE   (LST)  VALUE       VALUE  FROM      YEAR
                                                  NORMAL
..................................................................
TEMPERATURE (F)
 YESTERDAY
  MAXIMUM         35    350 PM  MM      MM  37     -2       32
  MINIMUM         32   1111 PM  MM      MM  25      7       30
  AVERAGE         34                        31      3       31

PRECIPITATION (IN)
  YESTERDAY        T            MM      MM   0.02  -0.02     0.00
  MONTH TO DATE    0.79                      0.95  -0.16     0.04
  SINCE OCT 1      3.45                      4.24  -0.79     0.68
  SINCE JAN 1      0.79                      0.95  -0.16     0.04

SNOWFALL (IN)
  YESTERDAY       MM

DEGREE DAYS
 HEATING
  YESTERDAY       31                        34     -3       34
  MONTH TO DATE  759                       820    -61      720
  SINCE DEC 1   1689                      1946   -257     1969
  SINCE JUL 1   2891                      3407   -516     3404

 COOLING
  YESTERDAY        0                         0      0        0
  MONTH TO DATE    0                         0      0        0
  SINCE DEC 1      0                         0      0        0
  SINCE JAN 1      0                         0      0        0
..................................................................


WIND (MPH)
  HIGHEST WIND SPEED    12   HIGHEST WIND DIRECTION    SE (140)
  HIGHEST GUST SPEED    14   HIGHEST GUST DIRECTION     S (160)
  AVERAGE WIND SPEED     4.5


SKY COVER
  POSSIBLE SUNSHINE  MM
  AVERAGE SKY COVER 1.0


WEATHER CONDITIONS
 THE FOLLOWING WEATHER WAS RECORDED YESTERDAY.
  FOG
  FOG W/VISIBILITY <= 1/4 MILE


RELATIVE HUMIDITY (PERCENT)
 HIGHEST   100           900 PM
 LOWEST     82          1200 AM
 AVERAGE    91

..........................................................


THE MOSES LAKE WA AIRPORT CLIMATE NORMALS FOR TODAY
                         NORMAL    RECORD    YEAR
 MAXIMUM TEMPERATURE (F)   37        MM        MM
 MINIMUM TEMPERATURE (F)   25        MM        MM


SUNRISE AND SUNSET
JANUARY 24 2015.......SUNRISE   732 AM PST   SUNSET   447 PM PST
JANUARY 25 2015.......SUNRISE   731 AM PST   SUNSET   449 PM PST


-  INDICATES NEGATIVE NUMBERS.
R  INDICATES RECORD WAS SET OR TIED.
MM INDICATES DATA IS MISSING.
T  INDICATES TRACE AMOUNT.




$$
