000
CDUS45 KBOI 040932
CLIMYL


CLIMATE REPORT
NATIONAL WEATHER SERVICE BOISE ID
332 AM MDT WED MAY 4 2016


...................................

...THE MCCALL ID CLIMATE SUMMARY FOR MAY 3 2016...

CLIMATE NORMAL PERIOD 1981 TO 2010
CLIMATE RECORD PERIOD 1930 TO 2016


WEATHER ITEM   OBSERVED TIME   RECORD YEAR NORMAL DEPARTURE LAST
                VALUE   (LST)  VALUE       VALUE  FROM      YEAR
                                                  NORMAL
..................................................................
TEMPERATURE (F)
 YESTERDAY
  MAXIMUM         69    413 PM  81    1966  55     14       67
  MINIMUM         35    556 AM  16    1950  30      5       32
  AVERAGE         52                        42     10       50

PRECIPITATION (IN)
  YESTERDAY        0.00          0.95 1930   0.07  -0.07     0.00
  MONTH TO DATE    0.00                      0.20  -0.20     0.00
  SINCE OCT 1     21.71                     13.97   7.74    15.79
  SINCE JAN 1     11.14                      7.79   3.35     7.03

DEGREE DAYS
 HEATING
  YESTERDAY       13                        23    -10       15
  MONTH TO DATE   44                        69    -25       45
  SINCE MAR 1   1638                      2029   -391     1599
  SINCE JUL 1   7507                      8704  -1197     6921

 COOLING
  YESTERDAY        0                         0      0        0
  MONTH TO DATE    0                         0      0        0
  SINCE MAR 1      0                         0      0        0
  SINCE JAN 1      0                         0      0        0
..................................................................


WIND (MPH)
  HIGHEST WIND SPEED    16   HIGHEST WIND DIRECTION     S (170)
  HIGHEST GUST SPEED    19   HIGHEST GUST DIRECTION     S (160)
  AVERAGE WIND SPEED     4.1


SKY COVER
  AVERAGE SKY COVER 0.0


WEATHER CONDITIONS
 THE FOLLOWING WEATHER WAS RECORDED YESTERDAY.
  NO SIGNIFICANT WEATHER WAS OBSERVED.


RELATIVE HUMIDITY (PERCENT)
 HIGHEST    92           500 AM
 LOWEST     16           300 PM
 AVERAGE    54

..........................................................


THE MCCALL ID CLIMATE NORMALS FOR TODAY
                         NORMAL    RECORD    YEAR
 MAXIMUM TEMPERATURE (F)   55        83      1966
 MINIMUM TEMPERATURE (F)   30        21      2002


SUNRISE AND SUNSET
MAY  4 2016...........SUNRISE   629 AM MDT   SUNSET   854 PM MDT
MAY  5 2016...........SUNRISE   627 AM MDT   SUNSET   855 PM MDT


-  INDICATES NEGATIVE NUMBERS.
R  INDICATES RECORD WAS SET OR TIED.
MM INDICATES DATA IS MISSING.
T  INDICATES TRACE AMOUNT.




$$
