000
CDUS45 KBOI 040930
CLIMYL


CLIMATE REPORT
NATIONAL WEATHER SERVICE BOISE ID
230 AM MST SUN DEC 4 2016


...................................

...THE MCCALL ID CLIMATE SUMMARY FOR DECEMBER 3 2016...

CLIMATE NORMAL PERIOD 1981 TO 2010
CLIMATE RECORD PERIOD 1930 TO 2016


WEATHER ITEM   OBSERVED TIME   RECORD YEAR NORMAL DEPARTURE LAST
                VALUE   (LST)  VALUE       VALUE  FROM      YEAR
                                                  NORMAL
..................................................................
TEMPERATURE (F)
 YESTERDAY
  MAXIMUM         31    456 PM  51    1941  29      2       43
  MINIMUM         24    352 AM  -5    2009  13     11       19
  AVERAGE         28                        21      7       31

PRECIPITATION (IN)
  YESTERDAY        0.00          0.85 1998   0.06  -0.06     0.03
  MONTH TO DATE    0.01                      0.18  -0.17     0.10
  SINCE OCT 1      4.74                      4.30   0.44     3.90
  SINCE JAN 1     20.45                     18.22   2.23    18.10

DEGREE DAYS
 HEATING
  YESTERDAY       37                        44     -7       34
  MONTH TO DATE  129                       131     -2      136
  SINCE DEC 1    129                       131     -2      136
  SINCE JUL 1   2166                      2769   -603     2237

 COOLING
  YESTERDAY        0                         0      0        0
  MONTH TO DATE    0                         0      0        0
  SINCE DEC 1      0                         0      0        0
  SINCE JAN 1    108                        25     83      169
..................................................................


WIND (MPH)
  HIGHEST WIND SPEED     6   HIGHEST WIND DIRECTION    SW (230)
  HIGHEST GUST SPEED     7   HIGHEST GUST DIRECTION    SW (230)
  AVERAGE WIND SPEED     0.1


SKY COVER
  AVERAGE SKY COVER 1.0


WEATHER CONDITIONS
 THE FOLLOWING WEATHER WAS RECORDED YESTERDAY.
  HAZE


RELATIVE HUMIDITY (PERCENT)
 HIGHEST    88           600 AM
 LOWEST     69           200 PM
 AVERAGE    79

..........................................................


THE MCCALL ID CLIMATE NORMALS FOR TODAY
                         NORMAL    RECORD    YEAR
 MAXIMUM TEMPERATURE (F)   29        52      1939
 MINIMUM TEMPERATURE (F)   12        -8      1992


SUNRISE AND SUNSET
DECEMBER  4 2016......SUNRISE   806 AM MST   SUNSET   504 PM MST
DECEMBER  5 2016......SUNRISE   807 AM MST   SUNSET   503 PM MST


-  INDICATES NEGATIVE NUMBERS.
R  INDICATES RECORD WAS SET OR TIED.
MM INDICATES DATA IS MISSING.
T  INDICATES TRACE AMOUNT.




$$
