000
CDUS45 KBOI 070930
CLIMYL


CLIMATE REPORT
NATIONAL WEATHER SERVICE BOISE ID
330 AM MDT TUE JUL 7 2015


...................................

...THE MCCALL ID CLIMATE SUMMARY FOR JULY 6 2015...

CLIMATE NORMAL PERIOD 1981 TO 2010
CLIMATE RECORD PERIOD 1930 TO 2015


WEATHER ITEM   OBSERVED TIME   RECORD YEAR NORMAL DEPARTURE LAST
                VALUE   (LST)  VALUE       VALUE  FROM      YEAR
                                                  NORMAL
..................................................................
TEMPERATURE (F)
 YESTERDAY
  MAXIMUM         86    418 PM  96    2007  76     10       90
  MINIMUM         51    542 AM  28    1986  42      9       50
  AVERAGE         69                        59     10       70

PRECIPITATION (IN)
  YESTERDAY        0.00          0.51 1981   0.03  -0.03     0.00
  MONTH TO DATE    0.00                      0.21  -0.21     0.00
  SINCE OCT 1     18.34                     18.03   0.31    19.26
  SINCE JAN 1      9.58                     11.85  -2.27    15.19

DEGREE DAYS
 HEATING
  YESTERDAY        0                         6     -6        0
  MONTH TO DATE    0                        43    -43        2
  SINCE JUN 1    109                       410   -301      316
  SINCE JUL 1      0                        43    -43        2

 COOLING
  YESTERDAY        4                         0      4        5
  MONTH TO DATE   36                         0     36       27
  SINCE JUN 1    102                         1    101       27
  SINCE JAN 1    102                         1    101       27
..................................................................


WIND (MPH)
  HIGHEST WIND SPEED    16   HIGHEST WIND DIRECTION     W (280)
  HIGHEST GUST SPEED    21   HIGHEST GUST DIRECTION     W (260)
  AVERAGE WIND SPEED     3.8


SKY COVER
  AVERAGE SKY COVER 0.0


WEATHER CONDITIONS
 THE FOLLOWING WEATHER WAS RECORDED YESTERDAY.
  THUNDERSTORM


RELATIVE HUMIDITY (PERCENT)
 HIGHEST    83           400 AM
 LOWEST     19           500 PM
 AVERAGE    51

..........................................................


THE MCCALL ID CLIMATE NORMALS FOR TODAY
                         NORMAL    RECORD    YEAR
 MAXIMUM TEMPERATURE (F)   76        91      1968
 MINIMUM TEMPERATURE (F)   42        30      1988


SUNRISE AND SUNSET
JULY  7 2015..........SUNRISE   606 AM MDT   SUNSET   933 PM MDT
JULY  8 2015..........SUNRISE   606 AM MDT   SUNSET   932 PM MDT


-  INDICATES NEGATIVE NUMBERS.
R  INDICATES RECORD WAS SET OR TIED.
MM INDICATES DATA IS MISSING.
T  INDICATES TRACE AMOUNT.




$$
