000
CDUS45 KBOI 290949
CLIMYL


CLIMATE REPORT
NATIONAL WEATHER SERVICE BOISE ID
249 AM MST MON DEC 29 2014


...................................

...THE MCCALL ID CLIMATE SUMMARY FOR DECEMBER 28 2014...

CLIMATE NORMAL PERIOD 1981 TO 2010
CLIMATE RECORD PERIOD 1930 TO 2014


WEATHER ITEM   OBSERVED TIME   RECORD YEAR NORMAL DEPARTURE LAST
                VALUE   (LST)  VALUE       VALUE  FROM      YEAR
                                                  NORMAL
..................................................................
TEMPERATURE (F)
 YESTERDAY
  MAXIMUM         29    157 PM  50    1933  27      2       37
  MINIMUM         15    737 AM -11    1942   9      6       11
  AVERAGE         22                        18      4       24

PRECIPITATION (IN)
  YESTERDAY        0.17          2.06 1931   0.07   0.10     0.00
  MONTH TO DATE    3.61                      1.87   1.74     1.67
  SINCE OCT 1      8.70                      5.99   2.71     4.01
  SINCE JAN 1     26.11                     19.91   6.20    19.62

DEGREE DAYS
 HEATING
  YESTERDAY       43                        47     -4       41
  MONTH TO DATE  997                      1294   -297     1320
  SINCE DEC 1    997                      1294   -297     1320
  SINCE JUL 1   3061                      3932   -871     3410

 COOLING
  YESTERDAY        0                         0      0        0
  MONTH TO DATE    0                         0      0        0
  SINCE DEC 1      0                         0      0        0
  SINCE JAN 1    185                        25    160      186
..................................................................


WIND (MPH)
  HIGHEST WIND SPEED    16   HIGHEST WIND DIRECTION    SE (150)
  HIGHEST GUST SPEED    20   HIGHEST GUST DIRECTION     S (160)
  AVERAGE WIND SPEED     1.6


SKY COVER
  AVERAGE SKY COVER 0.9


WEATHER CONDITIONS
 THE FOLLOWING WEATHER WAS RECORDED YESTERDAY.
  LIGHT SNOW
  FOG


RELATIVE HUMIDITY (PERCENT)
 HIGHEST    92           400 AM
 LOWEST     81           200 PM
 AVERAGE    87

..........................................................


THE MCCALL ID CLIMATE NORMALS FOR TODAY
                         NORMAL    RECORD    YEAR
 MAXIMUM TEMPERATURE (F)   27        45      1933
 MINIMUM TEMPERATURE (F)    9       -22      1978


SUNRISE AND SUNSET
DECEMBER 29 2014......SUNRISE   822 AM MST   SUNSET   511 PM MST
DECEMBER 30 2014......SUNRISE   822 AM MST   SUNSET   512 PM MST


-  INDICATES NEGATIVE NUMBERS.
R  INDICATES RECORD WAS SET OR TIED.
MM INDICATES DATA IS MISSING.
T  INDICATES TRACE AMOUNT.




$$
