000
CDUS45 KBOI 180931
CLIMYL


CLIMATE REPORT
NATIONAL WEATHER SERVICE BOISE ID
331 AM MDT FRI AUG 18 2017


...................................

...THE MCCALL ID CLIMATE SUMMARY FOR AUGUST 17 2017...

CLIMATE NORMAL PERIOD 1981 TO 2010
CLIMATE RECORD PERIOD 1930 TO 2017


WEATHER ITEM   OBSERVED TIME   RECORD YEAR NORMAL DEPARTURE LAST
                VALUE   (LST)  VALUE       VALUE  FROM      YEAR
                                                  NORMAL
..................................................................
TEMPERATURE (F)
 YESTERDAY
  MAXIMUM         82    507 PM  93    1967  78      4       89
  MINIMUM         45    607 AM  29    1987  41      4       51
  AVERAGE         64                        60      4       70

PRECIPITATION (IN)
  YESTERDAY        0.00          0.57 1990   0.03  -0.03     0.00
  MONTH TO DATE    0.07                      0.34  -0.27      T
  SINCE OCT 1     29.84                     18.88  10.96    25.23
  SINCE JAN 1     21.35                     12.70   8.65    14.66

DEGREE DAYS
 HEATING
  YESTERDAY        1                         6     -5        0
  MONTH TO DATE   20                        76    -56       43
  SINCE JUN 1    259                       593   -334      383
  SINCE JUL 1     23                       226   -203      157

 COOLING
  YESTERDAY        0                         0      0        5
  MONTH TO DATE   42                         7     35       24
  SINCE JUN 1    172                        23    149       96
  SINCE JAN 1    172                        23    149       96
..................................................................


WIND (MPH)
  HIGHEST WIND SPEED    14   HIGHEST WIND DIRECTION     W (290)
  HIGHEST GUST SPEED    19   HIGHEST GUST DIRECTION     W (290)
  AVERAGE WIND SPEED     2.6


SKY COVER
  AVERAGE SKY COVER 0.0


WEATHER CONDITIONS
 THE FOLLOWING WEATHER WAS RECORDED YESTERDAY.
  NO SIGNIFICANT WEATHER WAS OBSERVED.


RELATIVE HUMIDITY (PERCENT)
 HIGHEST    66           400 AM
 LOWEST     15           400 PM
 AVERAGE    41

..........................................................


THE MCCALL ID CLIMATE NORMALS FOR TODAY
                         NORMAL    RECORD    YEAR
 MAXIMUM TEMPERATURE (F)   78        95      1967
 MINIMUM TEMPERATURE (F)   41        27      1995


SUNRISE AND SUNSET
AUGUST 18 2017........SUNRISE   650 AM MDT   SUNSET   845 PM MDT
AUGUST 19 2017........SUNRISE   652 AM MDT   SUNSET   843 PM MDT


-  INDICATES NEGATIVE NUMBERS.
R  INDICATES RECORD WAS SET OR TIED.
MM INDICATES DATA IS MISSING.
T  INDICATES TRACE AMOUNT.




$$
