000
CDUS45 KBOI 260931
CLIMYL


CLIMATE REPORT
NATIONAL WEATHER SERVICE BOISE ID
331 AM MDT SAT JUL 26 2014


...................................

...THE MCCALL ID CLIMATE SUMMARY FOR JULY 25 2014...

CLIMATE NORMAL PERIOD 1981 TO 2010
CLIMATE RECORD PERIOD 1930 TO 2014


WEATHER ITEM   OBSERVED TIME   RECORD YEAR NORMAL DEPARTURE LAST
                VALUE   (LST)  VALUE       VALUE  FROM      YEAR
                                                  NORMAL
..................................................................
TEMPERATURE (F)
 YESTERDAY
  MAXIMUM         77    504 PM  94    1933  80     -3       90
  MINIMUM         38    552 AM  32    1974  44     -6       50
  AVERAGE         58                        62     -4       70

PRECIPITATION (IN)
  YESTERDAY        0.00          0.82 1990   0.02  -0.02     0.00
  MONTH TO DATE    0.12                      0.61  -0.49      T
  SINCE OCT 1     19.38                     18.43   0.95    24.74
  SINCE JAN 1     15.31                     12.25   3.06    11.25

DEGREE DAYS
 HEATING
  YESTERDAY        7                         4      3        0
  MONTH TO DATE   16                       131   -115       11
  SINCE JUN 1    330                       498   -168      274
  SINCE JUL 1     16                       131   -115       11

 COOLING
  YESTERDAY        0                         1     -1        5
  MONTH TO DATE  103                        10     93       88
  SINCE JUN 1    103                        11     92      110
  SINCE JAN 1    103                        11     92      110
..................................................................


WIND (MPH)
  HIGHEST WIND SPEED    12   HIGHEST WIND DIRECTION    NW (310)
  HIGHEST GUST SPEED    16   HIGHEST GUST DIRECTION     N (360)
  AVERAGE WIND SPEED     2.4


SKY COVER
  AVERAGE SKY COVER 0.0


WEATHER CONDITIONS
 THE FOLLOWING WEATHER WAS RECORDED YESTERDAY.
  NO SIGNIFICANT WEATHER WAS OBSERVED.


RELATIVE HUMIDITY (PERCENT)
 HIGHEST    85           600 AM
 LOWEST     13           400 PM
 AVERAGE    49

..........................................................


THE MCCALL ID CLIMATE NORMALS FOR TODAY
                         NORMAL    RECORD    YEAR
 MAXIMUM TEMPERATURE (F)   80        94      1933
 MINIMUM TEMPERATURE (F)   44        33      1966


SUNRISE AND SUNSET
JULY 26 2014..........SUNRISE   624 AM MDT   SUNSET   918 PM MDT
JULY 27 2014..........SUNRISE   625 AM MDT   SUNSET   917 PM MDT


-  INDICATES NEGATIVE NUMBERS.
R  INDICATES RECORD WAS SET OR TIED.
MM INDICATES DATA IS MISSING.
T  INDICATES TRACE AMOUNT.




$$
