000
CDUS45 KBOI 190937
CLIMYL


CLIMATE REPORT
NATIONAL WEATHER SERVICE BOISE ID
337 AM MDT THU OCT 19 2017


...................................

...THE MCCALL ID CLIMATE SUMMARY FOR OCTOBER 18 2017...

CLIMATE NORMAL PERIOD 1981 TO 2010
CLIMATE RECORD PERIOD 1930 TO 2017


WEATHER ITEM   OBSERVED TIME   RECORD YEAR NORMAL DEPARTURE LAST
                VALUE   (LST)  VALUE       VALUE  FROM      YEAR
                                                  NORMAL
..................................................................
TEMPERATURE (F)
 YESTERDAY
  MAXIMUM         63    250 PM  74    2003  54      9       41
                                      1974
                                      1952
  MINIMUM         27    727 AM   9    1991  24      3       34
  AVERAGE         45                        39      6       38

PRECIPITATION (IN)
  YESTERDAY        0.00          0.68 1995   0.04  -0.04     0.33
  MONTH TO DATE    0.53                      0.65  -0.12     2.24
  SINCE OCT 1      0.53                      0.65  -0.12     2.24
  SINCE JAN 1     23.32                     14.57   8.75    17.95

DEGREE DAYS
 HEATING
  YESTERDAY       20                        26     -6       27
  MONTH TO DATE  465                       416     49      390
  SINCE SEP 1    785                       853    -68      741
  SINCE JUL 1    815                      1181   -366      934

 COOLING
  YESTERDAY        0                         0      0        0
  MONTH TO DATE    0                         0      0        0
  SINCE SEP 1     31                         0     31        0
  SINCE JAN 1    229                        25    204      108
..................................................................


WIND (MPH)
  HIGHEST WIND SPEED    22   HIGHEST WIND DIRECTION     S (180)
  HIGHEST GUST SPEED    29   HIGHEST GUST DIRECTION     S (180)
  AVERAGE WIND SPEED     4.5


SKY COVER
  AVERAGE SKY COVER 0.0


WEATHER CONDITIONS
 THE FOLLOWING WEATHER WAS RECORDED YESTERDAY.
  NO SIGNIFICANT WEATHER WAS OBSERVED.


RELATIVE HUMIDITY (PERCENT)
 HIGHEST    92           700 AM
 LOWEST     27           300 PM
 AVERAGE    60

..........................................................


THE MCCALL ID CLIMATE NORMALS FOR TODAY
                         NORMAL    RECORD    YEAR
 MAXIMUM TEMPERATURE (F)   54        75      1974
 MINIMUM TEMPERATURE (F)   24        14      1982
                                             1976


SUNRISE AND SUNSET
OCTOBER 19 2017.......SUNRISE   806 AM MDT   SUNSET   652 PM MDT
OCTOBER 20 2017.......SUNRISE   807 AM MDT   SUNSET   651 PM MDT


-  INDICATES NEGATIVE NUMBERS.
R  INDICATES RECORD WAS SET OR TIED.
MM INDICATES DATA IS MISSING.
T  INDICATES TRACE AMOUNT.




$$
