000
CDUS45 KBOI 280931
CLIMYL


CLIMATE REPORT
NATIONAL WEATHER SERVICE BOISE ID
331 AM MDT SUN AUG 28 2016


...................................

...THE MCCALL ID CLIMATE SUMMARY FOR AUGUST 27 2016...

CLIMATE NORMAL PERIOD 1981 TO 2010
CLIMATE RECORD PERIOD 1930 TO 2016


WEATHER ITEM   OBSERVED TIME   RECORD YEAR NORMAL DEPARTURE LAST
                VALUE   (LST)  VALUE       VALUE  FROM      YEAR
                                                  NORMAL
..................................................................
TEMPERATURE (F)
 YESTERDAY
  MAXIMUM         80    310 PM  92    2001  75      5       82
  MINIMUM         41    630 AM  25    1992  39      2       53
  AVERAGE         61                        57      4       68

PRECIPITATION (IN)
  YESTERDAY        0.00          0.29 2004   0.03  -0.03     0.00
  MONTH TO DATE    T                         0.58  -0.58     0.28
  SINCE OCT 1     25.23                     19.12   6.11    20.87
  SINCE JAN 1     14.66                     12.94   1.72    12.11

DEGREE DAYS
 HEATING
  YESTERDAY        4                         8     -4        0
  MONTH TO DATE   77                       144    -67       57
  SINCE JUN 1    417                       661   -244      237
  SINCE JUL 1    191                       294   -103      128

 COOLING
  YESTERDAY        0                         0      0        3
  MONTH TO DATE   33                         7     26       55
  SINCE JUN 1    105                        23     82      168
  SINCE JAN 1    105                        23     82      168
..................................................................


WIND (MPH)
  HIGHEST WIND SPEED    18   HIGHEST WIND DIRECTION     S (170)
  HIGHEST GUST SPEED    28   HIGHEST GUST DIRECTION     S (160)
  AVERAGE WIND SPEED     4.4


SKY COVER
  AVERAGE SKY COVER 0.0


WEATHER CONDITIONS
 THE FOLLOWING WEATHER WAS RECORDED YESTERDAY.
  NO SIGNIFICANT WEATHER WAS OBSERVED.


RELATIVE HUMIDITY (PERCENT)
 HIGHEST    62           500 AM
 LOWEST     15           200 PM
 AVERAGE    39

..........................................................


THE MCCALL ID CLIMATE NORMALS FOR TODAY
                         NORMAL    RECORD    YEAR
 MAXIMUM TEMPERATURE (F)   75        91      1986
 MINIMUM TEMPERATURE (F)   39        26      1989


SUNRISE AND SUNSET
AUGUST 28 2016........SUNRISE   702 AM MDT   SUNSET   827 PM MDT
AUGUST 29 2016........SUNRISE   704 AM MDT   SUNSET   826 PM MDT


-  INDICATES NEGATIVE NUMBERS.
R  INDICATES RECORD WAS SET OR TIED.
MM INDICATES DATA IS MISSING.
T  INDICATES TRACE AMOUNT.




$$
