433
CDUS45 KBOI 050946
CLIMYL


CLIMATE REPORT
NATIONAL WEATHER SERVICE BOISE ID
246 AM MST FRI FEB 5 2016


...................................

...THE MCCALL ID CLIMATE SUMMARY FOR FEBRUARY 4 2016...

CLIMATE NORMAL PERIOD 1981 TO 2010
CLIMATE RECORD PERIOD 1930 TO 2016


WEATHER ITEM   OBSERVED TIME   RECORD YEAR NORMAL DEPARTURE LAST
                VALUE   (LST)  VALUE       VALUE  FROM      YEAR
                                                  NORMAL
..................................................................
TEMPERATURE (F)
 YESTERDAY
  MAXIMUM         29    228 PM  50    1995  31     -2       37
  MINIMUM         20    636 AM -22    1985  11      9       30
  AVERAGE         25                        21      4       34

PRECIPITATION (IN)
  YESTERDAY        0.19          0.71 1952   0.08   0.11     0.10
  MONTH TO DATE    0.27                      0.30  -0.03     0.84
  SINCE OCT 1     13.72                      8.21   5.51    11.38
  SINCE JAN 1      3.15                      2.03   1.12     2.62

DEGREE DAYS
 HEATING
  YESTERDAY       40                        44     -4       31
  MONTH TO DATE  198                       176     22      142
  SINCE DEC 1   2878                      3012   -134     2556
  SINCE JUL 1   4979                      5650   -671     4571

 COOLING
  YESTERDAY        0                         0      0        0
  MONTH TO DATE    0                         0      0        0
  SINCE DEC 1      0                         0      0        0
  SINCE JAN 1      0                         0      0        0
..................................................................


WIND (MPH)
  HIGHEST WIND SPEED     9   HIGHEST WIND DIRECTION    SE (150)
  HIGHEST GUST SPEED    11   HIGHEST GUST DIRECTION    SE (150)
  AVERAGE WIND SPEED     1.3


SKY COVER
  AVERAGE SKY COVER 1.0


WEATHER CONDITIONS
 THE FOLLOWING WEATHER WAS RECORDED YESTERDAY.
  SNOW
  LIGHT SNOW
  FOG


RELATIVE HUMIDITY (PERCENT)
 HIGHEST    92          1200 AM
 LOWEST     84           500 AM
 AVERAGE    88

..........................................................


THE MCCALL ID CLIMATE NORMALS FOR TODAY
                         NORMAL    RECORD    YEAR
 MAXIMUM TEMPERATURE (F)   31        52      1963
 MINIMUM TEMPERATURE (F)   11       -23      1982


SUNRISE AND SUNSET
FEBRUARY  5 2016......SUNRISE   800 AM MST   SUNSET   558 PM MST
FEBRUARY  6 2016......SUNRISE   758 AM MST   SUNSET   559 PM MST


-  INDICATES NEGATIVE NUMBERS.
R  INDICATES RECORD WAS SET OR TIED.
MM INDICATES DATA IS MISSING.
T  INDICATES TRACE AMOUNT.




$$
