000
CDUS45 KBOI 180931
CLIMYL


CLIMATE REPORT
NATIONAL WEATHER SERVICE BOISE ID
331 AM MDT FRI APR 18 2014


...................................

...THE MCCALL ID CLIMATE SUMMARY FOR APRIL 17 2014...

CLIMATE NORMAL PERIOD 1981 TO 2010
CLIMATE RECORD PERIOD 1930 TO 2014


WEATHER ITEM   OBSERVED TIME   RECORD YEAR NORMAL DEPARTURE LAST
                VALUE   (LST)  VALUE       VALUE  FROM      YEAR
                                                  NORMAL
..................................................................
TEMPERATURE (F)
 YESTERDAY
  MAXIMUM         58    506 PM  74    1994  49      9       42
  MINIMUM         28    121 AM  11    1972  25      3       20
  AVERAGE         43                        37      6       31

PRECIPITATION (IN)
  YESTERDAY        0.11          0.74 1958   0.06   0.05     0.00
  MONTH TO DATE    0.50                      1.13  -0.63     1.30
  SINCE OCT 1     15.52                     12.98   2.54    20.49
  SINCE JAN 1     11.45                      6.80   4.65     7.00

DEGREE DAYS
 HEATING
  YESTERDAY       22                        28     -6       34
  MONTH TO DATE  445                       512    -67      473
  SINCE MAR 1   1457                      1626   -169     1536
  SINCE JUL 1   7451                      8301   -850     7565

 COOLING
  YESTERDAY        0                         0      0        0
  MONTH TO DATE    0                         0      0        0
  SINCE MAR 1      0                         0      0        0
  SINCE JAN 1      0                         0      0        0
..................................................................


WIND (MPH)
  HIGHEST WIND SPEED    20   HIGHEST WIND DIRECTION     S (180)
  HIGHEST GUST SPEED    24   HIGHEST GUST DIRECTION     S (160)
  AVERAGE WIND SPEED     5.8


SKY COVER
  AVERAGE SKY COVER 0.9


WEATHER CONDITIONS
 THE FOLLOWING WEATHER WAS RECORDED YESTERDAY.
  RAIN
  LIGHT RAIN
  FOG


RELATIVE HUMIDITY (PERCENT)
 HIGHEST    86          1100 PM
 LOWEST     32           200 PM
 AVERAGE    59

..........................................................


THE MCCALL ID CLIMATE NORMALS FOR TODAY
                         NORMAL    RECORD    YEAR
 MAXIMUM TEMPERATURE (F)   49        79      1994
 MINIMUM TEMPERATURE (F)   26        11      1982


SUNRISE AND SUNSET
APRIL 18 2014.........SUNRISE   655 AM MDT   SUNSET   834 PM MDT
APRIL 19 2014.........SUNRISE   653 AM MDT   SUNSET   835 PM MDT


-  INDICATES NEGATIVE NUMBERS.
R  INDICATES RECORD WAS SET OR TIED.
MM INDICATES DATA IS MISSING.
T  INDICATES TRACE AMOUNT.




$$
