000
CDUS44 KLIX 232123
CLINEW


CLIMATE REPORT
NATIONAL WEATHER SERVICE NEW ORLEANS
423 PM CDT MON OCT 23 2017


...................................

...THE NEW ORLEANS CLIMATE SUMMARY FOR OCTOBER 23 2017...
VALID TODAY AS OF 0400 PM LOCAL TIME.

CLIMATE NORMAL PERIOD 1981 TO 2010
CLIMATE RECORD PERIOD 1946 TO 2017


WEATHER ITEM   OBSERVED TIME   RECORD YEAR NORMAL DEPARTURE LAST
                VALUE   (LST)  VALUE       VALUE  FROM      YEAR
                                                  NORMAL
..................................................................
TEMPERATURE (F)
 TODAY
  MAXIMUM         74    259 PM  87    1995  78     -4       80
                                      1949
  MINIMUM         60    541 AM  44    1964  60      0       54
                                      1960
  AVERAGE         67                        69     -2       67

PRECIPITATION (IN)
  TODAY            0.00          1.44 1980   0.12  -0.12     0.00
  MONTH TO DATE    2.89                      2.58   0.31     0.05
  SINCE SEP 1      3.31                      7.55  -4.24     4.68
  SINCE JAN 1     66.96                     51.76  15.20    60.11

SNOWFALL (IN)
  TODAY            0.0
  MONTH TO DATE    0.0
  SINCE SEP 1      0.0
  SINCE JUL 1      0.0
  SNOW DEPTH       0

DEGREE DAYS
 HEATING
  TODAY            0                         1     -1        0
  MONTH TO DATE    0                        10    -10        0
  SINCE SEP 1      0                        10    -10        0
  SINCE JUL 1      0                        10    -10        0

 COOLING
  TODAY            2                         5     -3        2
  MONTH TO DATE  293                       184    109      323
  SINCE SEP 1    752                       627    125      935
  SINCE JAN 1   3105                      2873    232     3637
..................................................................


WIND (MPH)
  HIGHEST WIND SPEED    16   HIGHEST WIND DIRECTION    NW (320)
  HIGHEST GUST SPEED    22   HIGHEST GUST DIRECTION    NW (310)
  AVERAGE WIND SPEED    10.6


SKY COVER
  POSSIBLE SUNSHINE  MM
  AVERAGE SKY COVER 0.4


WEATHER CONDITIONS
 THE FOLLOWING WEATHER WAS RECORDED TODAY.
  NO SIGNIFICANT WEATHER WAS OBSERVED.


RELATIVE HUMIDITY (PERCENT)
 HIGHEST   100           600 AM
 LOWEST     41           200 PM
 AVERAGE    71

..........................................................


THE NEW ORLEANS CLIMATE NORMALS FOR TOMORROW
                         NORMAL    RECORD    YEAR
 MAXIMUM TEMPERATURE (F)   78        88      2004
                                             2001
 MINIMUM TEMPERATURE (F)   60        46      2006


SUNRISE AND SUNSET
OCTOBER 23 2017.......SUNRISE   708 AM CDT   SUNSET   622 PM CDT
OCTOBER 24 2017.......SUNRISE   709 AM CDT   SUNSET   621 PM CDT


-  INDICATES NEGATIVE NUMBERS.
R  INDICATES RECORD WAS SET OR TIED.
MM INDICATES DATA IS MISSING.
T  INDICATES TRACE AMOUNT.




$$
