000
CDUS44 KLIX 270701
CLINEW


CLIMATE REPORT
NATIONAL WEATHER SERVICE NEW ORLEANS
200 AM CDT TUE SEP 27 2016


...................................

...THE NEW ORLEANS CLIMATE SUMMARY FOR SEPTEMBER 26 2016...

CLIMATE NORMAL PERIOD 1981 TO 2010
CLIMATE RECORD PERIOD 1946 TO 2016


WEATHER ITEM   OBSERVED TIME   RECORD YEAR NORMAL DEPARTURE LAST
                VALUE   (LST)  VALUE       VALUE  FROM      YEAR
                                                  NORMAL
..................................................................
TEMPERATURE (F)
 YESTERDAY
  MAXIMUM         95R   309 PM  93    2005  85     10       83
                                      1993
  MINIMUM         77    555 AM  50    1975  69      8       70
  AVERAGE         86                        77      9       77

PRECIPITATION (IN)
  YESTERDAY        0.00          2.65 2002   0.14  -0.14     0.00
  MONTH TO DATE    4.63                      4.47   0.16     1.52
  SINCE SEP 1      4.63                      4.47   0.16     1.52
  SINCE JAN 1     60.06                     48.68  11.38    47.89

SNOWFALL (IN)
  YESTERDAY        0.0
  MONTH TO DATE    0.0
  SINCE SEP 1      0.0
  SINCE JUL 1      0.0
  SNOW DEPTH       0

DEGREE DAYS
 HEATING
  YESTERDAY        0                         0      0        0
  MONTH TO DATE    0                         0      0        0
  SINCE SEP 1      0                         0      0        0
  SINCE JUL 1      0                         0      0        0

 COOLING
  YESTERDAY       21                        12      9       12
  MONTH TO DATE  545                       396    149      414
  SINCE SEP 1    545                       396    149      414
  SINCE JAN 1   3247                      2642    605     3043
..................................................................


WIND (MPH)
  HIGHEST WIND SPEED    20   HIGHEST WIND DIRECTION    NW (330)
  HIGHEST GUST SPEED    24   HIGHEST GUST DIRECTION    NW (320)
  AVERAGE WIND SPEED     4.6


SKY COVER
  POSSIBLE SUNSHINE  MM
  AVERAGE SKY COVER 0.5


WEATHER CONDITIONS
 THE FOLLOWING WEATHER WAS RECORDED YESTERDAY.
  THUNDERSTORM
  FOG
  HAZE


RELATIVE HUMIDITY (PERCENT)
 HIGHEST    88           600 AM
 LOWEST     41           200 PM
 AVERAGE    65

..........................................................


THE NEW ORLEANS CLIMATE NORMALS FOR TODAY
                         NORMAL    RECORD    YEAR
 MAXIMUM TEMPERATURE (F)   85        93      1955
 MINIMUM TEMPERATURE (F)   69        52      1975


SUNRISE AND SUNSET
SEPTEMBER 27 2016.....SUNRISE   652 AM CDT   SUNSET   651 PM CDT
SEPTEMBER 28 2016.....SUNRISE   653 AM CDT   SUNSET   649 PM CDT


-  INDICATES NEGATIVE NUMBERS.
R  INDICATES RECORD WAS SET OR TIED.
MM INDICATES DATA IS MISSING.
T  INDICATES TRACE AMOUNT.




$$
