000
CDUS44 KLIX 232117
CLINEW


CLIMATE REPORT
NATIONAL WEATHER SERVICE NEW ORLEANS
416 PM CDT THU MAR 23 2017


...................................

...THE NEW ORLEANS CLIMATE SUMMARY FOR MARCH 23 2017...
VALID TODAY AS OF 0400 PM LOCAL TIME.

CLIMATE NORMAL PERIOD 1981 TO 2010
CLIMATE RECORD PERIOD 1946 TO 2017


WEATHER ITEM   OBSERVED TIME   RECORD YEAR NORMAL DEPARTURE LAST
                VALUE   (LST)  VALUE       VALUE  FROM      YEAR
                                                  NORMAL
..................................................................
TEMPERATURE (F)
 TODAY
  MAXIMUM         83    202 PM  84    1995  73     10       78
                                      1994
  MINIMUM         61    508 AM  29    1968  55      6       60
  AVERAGE         72                        64      8       69

PRECIPITATION (IN)
  TODAY            0.00          2.39 1958   0.14  -0.14     0.00
  MONTH TO DATE    1.33                      3.33  -2.00     4.15
  SINCE MAR 1      1.33                      3.33  -2.00     4.15
  SINCE JAN 1      8.97                     13.78  -4.81    12.28

SNOWFALL (IN)
  TODAY            0.0
  MONTH TO DATE    0.0
  SINCE MAR 1      0.0
  SINCE JUL 1      0.0
  SNOW DEPTH       0

DEGREE DAYS
 HEATING
  TODAY            0                         3     -3        0
  MONTH TO DATE   59                       113    -54       37
  SINCE MAR 1     59                       113    -54       37
  SINCE JUL 1    620                      1222   -602      751

 COOLING
  TODAY            7                         2      5        4
  MONTH TO DATE   76                        41     35      105
  SINCE MAR 1     76                        41     35      105
  SINCE JAN 1    196                        78    118      141
..................................................................


WIND (MPH)
  HIGHEST WIND SPEED    16   HIGHEST WIND DIRECTION    SE (150)
  HIGHEST GUST SPEED    19   HIGHEST GUST DIRECTION    SE (140)
  AVERAGE WIND SPEED     7.3


SKY COVER
  POSSIBLE SUNSHINE  MM
  AVERAGE SKY COVER 0.1


WEATHER CONDITIONS
 THE FOLLOWING WEATHER WAS RECORDED TODAY.
  FOG


RELATIVE HUMIDITY (PERCENT)
 HIGHEST   100           300 AM
 LOWEST     49          1200 PM
 AVERAGE    75

..........................................................


THE NEW ORLEANS CLIMATE NORMALS FOR TOMORROW
                         NORMAL    RECORD    YEAR
 MAXIMUM TEMPERATURE (F)   74        84      1994
 MINIMUM TEMPERATURE (F)   55        32      1968


SUNRISE AND SUNSET
MARCH 23 2017.........SUNRISE   701 AM CDT   SUNSET   714 PM CDT
MARCH 24 2017.........SUNRISE   700 AM CDT   SUNSET   715 PM CDT


-  INDICATES NEGATIVE NUMBERS.
R  INDICATES RECORD WAS SET OR TIED.
MM INDICATES DATA IS MISSING.
T  INDICATES TRACE AMOUNT.




$$
