000
CDUS44 KLIX 030813
CLINEW


CLIMATE REPORT
NATIONAL WEATHER SERVICE NEW ORLEANS
210 AM CST TUE MAR 3 2015


...................................

...THE NEW ORLEANS CLIMATE SUMMARY FOR MARCH 2 2015...

CLIMATE NORMAL PERIOD 1981 TO 2010
CLIMATE RECORD PERIOD 1946 TO 2015


WEATHER ITEM   OBSERVED TIME   RECORD YEAR NORMAL DEPARTURE LAST
                VALUE   (LST)  VALUE       VALUE  FROM      YEAR
                                                  NORMAL
..................................................................
TEMPERATURE (F)
 YESTERDAY
  MAXIMUM         76    414 PM  83    2012  69      7       77
                                      1971
                                      1953
  MINIMUM         59   1205 AM  25    1980  51      8       61
  AVERAGE         68                        60      8       69

PRECIPITATION (IN)
  YESTERDAY        0.99          1.81 1991   0.15   0.84     0.00
  MONTH TO DATE    1.12                      0.31   0.81     0.00
  SINCE MAR 1      1.12                      0.31   0.81     0.00
  SINCE JAN 1      8.82                     10.76  -1.94     9.03

SNOWFALL (IN)
  YESTERDAY        0.0
  MONTH TO DATE    0.0
  SINCE MAR 1      0.0
  SINCE JUL 1      0.0
  SNOW DEPTH       0

DEGREE DAYS
 HEATING
  YESTERDAY        0                         6     -6        0
  MONTH TO DATE    3                        12     -9        0
  SINCE MAR 1      3                        12     -9        0
  SINCE JUL 1   1207                      1121     86     1353

 COOLING
  YESTERDAY        3                         1      2        4
  MONTH TO DATE    3                         2      1        7
  SINCE MAR 1      3                         2      1        7
  SINCE JAN 1     21                        39    -18       31
..................................................................


WIND (MPH)
  HIGHEST WIND SPEED    15   HIGHEST WIND DIRECTION     S (190)
  HIGHEST GUST SPEED    19   HIGHEST GUST DIRECTION     E (80)
  AVERAGE WIND SPEED     5.9


SKY COVER
  POSSIBLE SUNSHINE  MM
  AVERAGE SKY COVER 0.9


WEATHER CONDITIONS
 THE FOLLOWING WEATHER WAS RECORDED YESTERDAY.
  LIGHT RAIN
  FOG
  FOG W/VISIBILITY <= 1/4 MILE
  HAZE


RELATIVE HUMIDITY (PERCENT)
 HIGHEST    97           100 AM
 LOWEST     79           400 PM
 AVERAGE    88

..........................................................


THE NEW ORLEANS CLIMATE NORMALS FOR TODAY
                         NORMAL    RECORD    YEAR
 MAXIMUM TEMPERATURE (F)   69        83      1955
 MINIMUM TEMPERATURE (F)   51        25      1980


SUNRISE AND SUNSET
MARCH  3 2015.........SUNRISE   625 AM CST   SUNSET   601 PM CST
MARCH  4 2015.........SUNRISE   624 AM CST   SUNSET   602 PM CST


-  INDICATES NEGATIVE NUMBERS.
R  INDICATES RECORD WAS SET OR TIED.
MM INDICATES DATA IS MISSING.
T  INDICATES TRACE AMOUNT.




$$
