000
CDUS44 KLIX 230802
CLINEW


CLIMATE REPORT
NATIONAL WEATHER SERVICE NEW ORLEANS
201 AM CST TUE JAN 23 2018


...................................

...THE NEW ORLEANS CLIMATE SUMMARY FOR JANUARY 22 2018...

CLIMATE NORMAL PERIOD 1981 TO 2010
CLIMATE RECORD PERIOD 1946 TO 2018


WEATHER ITEM   OBSERVED TIME   RECORD YEAR NORMAL DEPARTURE LAST
                VALUE   (LST)  VALUE       VALUE  FROM      YEAR
                                                  NORMAL
..................................................................
TEMPERATURE (F)
 YESTERDAY
  MAXIMUM         75   1152 AM  81    2012  62     13       70
                                      1957
                                      1949
  MINIMUM         55   1154 PM  22    1985  45     10       57
                                      1961
  AVERAGE         65                        53     12       64

PRECIPITATION (IN)
  YESTERDAY        T             3.25 1965   0.17  -0.17     0.17
  MONTH TO DATE    2.33                      3.62  -1.29     4.76
  SINCE DEC 1      7.49                      8.86  -1.37    12.62
  SINCE JAN 1      2.33                      3.62  -1.29     4.76

SNOWFALL (IN)
  YESTERDAY        0.0
  MONTH TO DATE    T
  SINCE DEC 1      T
  SINCE JUL 1      T
  SNOW DEPTH       0

DEGREE DAYS
 HEATING
  YESTERDAY        0                        12    -12        1
  MONTH TO DATE  406                       264    142      120
  SINCE DEC 1    722                       581    141      339
  SINCE JUL 1    854                       745    109      410

 COOLING
  YESTERDAY        0                         0      0        0
  MONTH TO DATE    4                        12     -8       52
  SINCE DEC 1     34                        39     -5      107
  SINCE JAN 1      4                        12     -8       52
..................................................................


WIND (MPH)
  HIGHEST WIND SPEED    16   HIGHEST WIND DIRECTION     W (250)
  HIGHEST GUST SPEED    20   HIGHEST GUST DIRECTION    SW (240)
  AVERAGE WIND SPEED     8.0


SKY COVER
  POSSIBLE SUNSHINE  MM
  AVERAGE SKY COVER 0.8


WEATHER CONDITIONS
 THE FOLLOWING WEATHER WAS RECORDED YESTERDAY.
  LIGHT RAIN
  FOG


RELATIVE HUMIDITY (PERCENT)
 HIGHEST   100           500 AM
 LOWEST     43          1100 PM
 AVERAGE    72

..........................................................


THE NEW ORLEANS CLIMATE NORMALS FOR TODAY
                         NORMAL    RECORD    YEAR
 MAXIMUM TEMPERATURE (F)   62        81      2002
 MINIMUM TEMPERATURE (F)   45        21      1963


SUNRISE AND SUNSET
JANUARY 23 2018.......SUNRISE   655 AM CST   SUNSET   531 PM CST
JANUARY 24 2018.......SUNRISE   655 AM CST   SUNSET   531 PM CST


-  INDICATES NEGATIVE NUMBERS.
R  INDICATES RECORD WAS SET OR TIED.
MM INDICATES DATA IS MISSING.
T  INDICATES TRACE AMOUNT.




$$
