000
CDUS44 KLIX 280801
CLINEW


CLIMATE REPORT
NATIONAL WEATHER SERVICE NEW ORLEANS
200 AM CST FRI NOV 28 2014


...................................

...THE NEW ORLEANS CLIMATE SUMMARY FOR NOVEMBER 27 2014...

CLIMATE NORMAL PERIOD 1981 TO 2010
CLIMATE RECORD PERIOD 1946 TO 2014


WEATHER ITEM   OBSERVED TIME   RECORD YEAR NORMAL DEPARTURE LAST
                VALUE   (LST)  VALUE       VALUE  FROM      YEAR
                                                  NORMAL
..................................................................
TEMPERATURE (F)
 YESTERDAY
  MAXIMUM         61    330 PM  85    1981  69     -8       49
  MINIMUM         48    515 AM  29    1974  51     -3       37
  AVERAGE         55                        60     -5       43

PRECIPITATION (IN)
  YESTERDAY        0.00          5.14 2003   0.15  -0.15     0.00
  MONTH TO DATE    2.14                      3.99  -1.85     1.89
  SINCE SEP 1      7.82                     12.50  -4.68    12.86
  SINCE JAN 1     50.78                     56.71  -5.93    63.17

SNOWFALL (IN)
  YESTERDAY        0.0
  MONTH TO DATE    0.0
  SINCE SEP 1      0.0
  SINCE JUL 1      0.0
  SNOW DEPTH       0

DEGREE DAYS
 HEATING
  YESTERDAY       10                         7      3       22
  MONTH TO DATE  214                       117     97      135
  SINCE SEP 1    216                       142     74      140
  SINCE JUL 1    216                       142     74      140

 COOLING
  YESTERDAY        0                         1     -1        0
  MONTH TO DATE   29                        65    -36       51
  SINCE SEP 1    780                       728     52      823
  SINCE JAN 1   2964                      2974    -10     2959
..................................................................


WIND (MPH)
  HIGHEST WIND SPEED    22   HIGHEST WIND DIRECTION     N (10)
  HIGHEST GUST SPEED    26   HIGHEST GUST DIRECTION     N (10)
  AVERAGE WIND SPEED    11.2


SKY COVER
  POSSIBLE SUNSHINE  MM
  AVERAGE SKY COVER 0.1


WEATHER CONDITIONS
 THE FOLLOWING WEATHER WAS RECORDED YESTERDAY.
  NO SIGNIFICANT WEATHER WAS OBSERVED.


RELATIVE HUMIDITY (PERCENT)
 HIGHEST    77           100 AM
 LOWEST     35           200 PM
 AVERAGE    56

..........................................................


THE NEW ORLEANS CLIMATE NORMALS FOR TODAY
                         NORMAL    RECORD    YEAR
 MAXIMUM TEMPERATURE (F)   68        82      1960
 MINIMUM TEMPERATURE (F)   50        28      1993


SUNRISE AND SUNSET
NOVEMBER 28 2014......SUNRISE   637 AM CST   SUNSET   501 PM CST
NOVEMBER 29 2014......SUNRISE   638 AM CST   SUNSET   501 PM CST


-  INDICATES NEGATIVE NUMBERS.
R  INDICATES RECORD WAS SET OR TIED.
MM INDICATES DATA IS MISSING.
T  INDICATES TRACE AMOUNT.




$$
