000
CDUS46 KMTR 290025
CLINUQ


CLIMATE REPORT
NATIONAL WEATHER SERVICE SAN FRANCISCO BAY AREA
525 PM PDT THU APR 28 2016


...................................

...THE MOFFETT FIELD CLIMATE SUMMARY FOR APRIL 28 2016...
VALID TODAY AS OF 0500 PM LOCAL TIME.

CLIMATE NORMAL PERIOD 1981 TO 2010
CLIMATE RECORD PERIOD 1945 TO 2016


WEATHER ITEM   OBSERVED TIME   RECORD YEAR NORMAL DEPARTURE LAST
                VALUE   (LST)  VALUE       VALUE  FROM      YEAR
                                                  NORMAL
..................................................................
TEMPERATURE (F)
 TODAY
  MAXIMUM         74    313 PM  91    1981  70      4       75
  MINIMUM         49    542 AM  38    1955  51     -2       54
  AVERAGE         62                        61      1       65

PRECIPITATION (IN)
  TODAY            0.00          1.04 1983   0.03  -0.03     0.00
  MONTH TO DATE    1.41                      0.93   0.48     0.88
  SINCE OCT 1     13.02                     13.85  -0.83    13.48
  SINCE JAN 1      8.62                      9.01  -0.39     3.49

DEGREE DAYS
 HEATING
  TODAY            3                                         0
  MONTH TO DATE  117                                       152
  SINCE MAR 1    330                                       305
  SINCE JUL 1   1715                                      1410

 COOLING
  TODAY            0                                         0
  MONTH TO DATE   22                                         5
  SINCE MAR 1     22                                        13
  SINCE JAN 1     24                                        13
..................................................................


WIND (MPH)
  RESULTANT WIND SPEED   6   RESULTANT WIND DIRECTION  NW (330)
  HIGHEST WIND SPEED    23   HIGHEST WIND DIRECTION     N (350)
  HIGHEST GUST SPEED    27   HIGHEST GUST DIRECTION     N (350)
  AVERAGE WIND SPEED     7.6


SKY COVER
  POSSIBLE SUNSHINE  MM
  AVERAGE SKY COVER 0.0


WEATHER CONDITIONS
 THE FOLLOWING WEATHER WAS RECORDED TODAY.
  NO SIGNIFICANT WEATHER WAS OBSERVED.


RELATIVE HUMIDITY (PERCENT)
 HIGHEST    77           100 AM
 LOWEST     41           400 PM
 AVERAGE    59

..........................................................


THE MOFFETT FIELD CLIMATE NORMALS FOR TOMORROW
                         NORMAL    RECORD    YEAR
 MAXIMUM TEMPERATURE (F)   71        95      1981
 MINIMUM TEMPERATURE (F)   51        39      1952


SUNRISE AND SUNSET
APRIL 28 2016.........SUNRISE   616 AM PDT   SUNSET   756 PM PDT
APRIL 29 2016.........SUNRISE   615 AM PDT   SUNSET   757 PM PDT


-  INDICATES NEGATIVE NUMBERS.
R  INDICATES RECORD WAS SET OR TIED.
MM INDICATES DATA IS MISSING.
T  INDICATES TRACE AMOUNT.




$$
