492
CDUS46 KMTR 260827
CLINUQ


CLIMATE REPORT
NATIONAL WEATHER SERVICE SAN FRANCISCO BAY AREA
127 AM PDT SUN MAR 26 2017


...................................

...THE MOFFETT FIELD CLIMATE SUMMARY FOR MARCH 25 2017...

CLIMATE NORMAL PERIOD 1981 TO 2010
CLIMATE RECORD PERIOD 1945 TO 2017


WEATHER ITEM   OBSERVED TIME   RECORD YEAR NORMAL DEPARTURE LAST
                VALUE   (LST)  VALUE       VALUE  FROM      YEAR
                                                  NORMAL
..................................................................
TEMPERATURE (F)
 YESTERDAY
  MAXIMUM         63    331 PM  82    1952  66     -3       68
  MINIMUM         49   1159 PM  36    1964  48      1       49
  AVERAGE         56                        57     -1       59

PRECIPITATION (IN)
  YESTERDAY        0.00          1.03 1993   0.06  -0.06     0.00
  MONTH TO DATE    1.60                      1.92  -0.32     3.25
  SINCE OCT 1     16.79                     12.58   4.21    11.61
  SINCE JAN 1     12.22                      7.74   4.48     7.21

DEGREE DAYS
 HEATING
  YESTERDAY        9                                         6
  MONTH TO DATE  198                                       163
  SINCE MAR 1    198                                       163
  SINCE JUL 1   1726                                      1548

 COOLING
  YESTERDAY        0                                         0
  MONTH TO DATE    0                                         0
  SINCE MAR 1      0                                         0
  SINCE JAN 1      0                                         2
..................................................................


WIND (MPH)
  RESULTANT WIND SPEED   6   RESULTANT WIND DIRECTION   N (340)
  HIGHEST WIND SPEED    18   HIGHEST WIND DIRECTION     N (350)
  HIGHEST GUST SPEED    21   HIGHEST GUST DIRECTION     N (350)
  AVERAGE WIND SPEED     7.0


SKY COVER
  POSSIBLE SUNSHINE  MM
  AVERAGE SKY COVER 0.3


WEATHER CONDITIONS
 THE FOLLOWING WEATHER WAS RECORDED YESTERDAY.
  FOG


RELATIVE HUMIDITY (PERCENT)
 HIGHEST   100          1200 AM
 LOWEST     60           200 PM
 AVERAGE    80

..........................................................


THE MOFFETT FIELD CLIMATE NORMALS FOR TODAY
                         NORMAL    RECORD    YEAR
 MAXIMUM TEMPERATURE (F)   66        84      2015
 MINIMUM TEMPERATURE (F)   48        35      1948


SUNRISE AND SUNSET
MARCH 26 2017.........SUNRISE   702 AM PDT   SUNSET   726 PM PDT
MARCH 27 2017.........SUNRISE   701 AM PDT   SUNSET   727 PM PDT


-  INDICATES NEGATIVE NUMBERS.
R  INDICATES RECORD WAS SET OR TIED.
MM INDICATES DATA IS MISSING.
T  INDICATES TRACE AMOUNT.




$$
