000
CDUS46 KMTR 200834
CLINUQ


CLIMATE REPORT
NATIONAL WEATHER SERVICE SAN FRANCISCO BAY AREA
133 AM PDT SAT SEP 20 2014


...................................

...THE MOFFETT FIELD CLIMATE SUMMARY FOR SEPTEMBER 19 2014...

CLIMATE NORMAL PERIOD 1981 TO 2010
CLIMATE RECORD PERIOD 1945 TO 2014


WEATHER ITEM   OBSERVED TIME   RECORD YEAR NORMAL DEPARTURE LAST
                VALUE   (LST)  VALUE       VALUE  FROM      YEAR
                                                  NORMAL
..................................................................
TEMPERATURE (F)
 YESTERDAY
  MAXIMUM         75    258 PM  96    2000  77     -2       83
  MINIMUM         62    616 AM  46    1947  58      4       54
  AVERAGE         69                        68      1       69

PRECIPITATION (IN)
  YESTERDAY        0.00          0.47 1977   0.00   0.00     0.00
  MONTH TO DATE    T                         0.08  -0.08      T
  SINCE JUL 1      T                         0.11  -0.11      T
  SINCE JAN 1      5.19                      9.74  -4.55     1.82

DEGREE DAYS
 HEATING
  YESTERDAY        0                                         0
  MONTH TO DATE    2                                         0
  SINCE SEP 1      2                                         0
  SINCE JUL 1      2                                         4

 COOLING
  YESTERDAY        4                                         4
  MONTH TO DATE   91                                        93
  SINCE SEP 1     91                                        93
  SINCE JAN 1    533                                       452
..................................................................


WIND (MPH)
  RESULTANT WIND SPEED   5   RESULTANT WIND DIRECTION   N (340)
  HIGHEST WIND SPEED    20   HIGHEST WIND DIRECTION     N (340)
  HIGHEST GUST SPEED    24   HIGHEST GUST DIRECTION     N (340)
  AVERAGE WIND SPEED     5.8


SKY COVER
  POSSIBLE SUNSHINE  MM
  AVERAGE SKY COVER 0.4


WEATHER CONDITIONS
 THE FOLLOWING WEATHER WAS RECORDED YESTERDAY.
  NO SIGNIFICANT WEATHER WAS OBSERVED.


RELATIVE HUMIDITY (PERCENT)
 HIGHEST    93           600 AM
 LOWEST     64          1100 AM
 AVERAGE    79

..........................................................


THE MOFFETT FIELD CLIMATE NORMALS FOR TODAY
                         NORMAL    RECORD    YEAR
 MAXIMUM TEMPERATURE (F)   77        96      1990
 MINIMUM TEMPERATURE (F)   57        45      1947


SUNRISE AND SUNSET
SEPTEMBER 20 2014.....SUNRISE   654 AM PDT   SUNSET   708 PM PDT
SEPTEMBER 21 2014.....SUNRISE   655 AM PDT   SUNSET   706 PM PDT


-  INDICATES NEGATIVE NUMBERS.
R  INDICATES RECORD WAS SET OR TIED.
MM INDICATES DATA IS MISSING.
T  INDICATES TRACE AMOUNT.




$$
