000
CDUS46 KMTR 090842
CLINUQ


CLIMATE REPORT
NATIONAL WEATHER SERVICE SAN FRANCISCO BAY AREA
1242 AM PST TUE FEB 9 2016


...................................

...THE MOFFETT FIELD CLIMATE SUMMARY FOR FEBRUARY 8 2016...

CLIMATE NORMAL PERIOD 1981 TO 2010
CLIMATE RECORD PERIOD 1945 TO 2016


WEATHER ITEM   OBSERVED TIME   RECORD YEAR NORMAL DEPARTURE LAST
                VALUE   (LST)  VALUE       VALUE  FROM      YEAR
                                                  NORMAL
..................................................................
TEMPERATURE (F)
 YESTERDAY
  MAXIMUM         75R   349 PM  74    2006  61     14       66
  MINIMUM         49    722 AM  31    1948  45      4       57
  AVERAGE         62                        53      9       62

PRECIPITATION (IN)
  YESTERDAY        0.00          0.72 2015   0.10  -0.10     0.72
  MONTH TO DATE    0.06                      0.82  -0.76     2.39
  SINCE OCT 1      8.04                      8.41  -0.37    12.38
  SINCE JAN 1      3.64                      3.57   0.07     2.39

DEGREE DAYS
 HEATING
  YESTERDAY        3                                         3
  MONTH TO DATE   91                                        49
  SINCE DEC 1    919                                       729
  SINCE JUL 1   1262                                       956

 COOLING
  YESTERDAY        0                                         0
  MONTH TO DATE    0                                         0
  SINCE DEC 1      0                                         0
  SINCE JAN 1      0                                         0
..................................................................


WIND (MPH)
  RESULTANT WIND SPEED   2   RESULTANT WIND DIRECTION   N (340)
  HIGHEST WIND SPEED    14   HIGHEST WIND DIRECTION    NE (30)
  HIGHEST GUST SPEED    17   HIGHEST GUST DIRECTION    NE (30)
  AVERAGE WIND SPEED     2.6


SKY COVER
  POSSIBLE SUNSHINE  MM
  AVERAGE SKY COVER 0.0


WEATHER CONDITIONS
 THE FOLLOWING WEATHER WAS RECORDED YESTERDAY.
  NO SIGNIFICANT WEATHER WAS OBSERVED.


RELATIVE HUMIDITY (PERCENT)
 HIGHEST    86           700 AM
 LOWEST     33           400 PM
 AVERAGE    60

..........................................................


THE MOFFETT FIELD CLIMATE NORMALS FOR TODAY
                         NORMAL    RECORD    YEAR
 MAXIMUM TEMPERATURE (F)   61        74      2006
 MINIMUM TEMPERATURE (F)   45        32      1946


SUNRISE AND SUNSET
FEBRUARY  9 2016......SUNRISE   704 AM PST   SUNSET   541 PM PST
FEBRUARY 10 2016......SUNRISE   703 AM PST   SUNSET   542 PM PST


-  INDICATES NEGATIVE NUMBERS.
R  INDICATES RECORD WAS SET OR TIED.
MM INDICATES DATA IS MISSING.
T  INDICATES TRACE AMOUNT.




$$
