000
CDUS46 KMTR 060845
CLINUQ


CLIMATE REPORT
NATIONAL WEATHER SERVICE SAN FRANCISCO BAY AREA
1245 AM PST FRI MAR 6 2015


...................................

...THE MOFFETT FIELD CLIMATE SUMMARY FOR MARCH 5 2015...

CLIMATE NORMAL PERIOD 1981 TO 2010
CLIMATE RECORD PERIOD 1945 TO 2015


WEATHER ITEM   OBSERVED TIME   RECORD YEAR NORMAL DEPARTURE LAST
                VALUE   (LST)  VALUE       VALUE  FROM      YEAR
                                                  NORMAL
..................................................................
TEMPERATURE (F)
 YESTERDAY
  MAXIMUM         71        MM  74    1993  64      7       71
  MINIMUM         43        MM  33    1945  47     -4       54
  AVERAGE         57                        55      2       63

PRECIPITATION (IN)
  YESTERDAY        0.00          0.68 1962   0.09  -0.09      T
  MONTH TO DATE    0.05                      0.44  -0.39     0.38
  SINCE OCT 1     12.49                     11.10   1.39     3.98
  SINCE JAN 1      2.50                      6.26  -3.76     3.22

DEGREE DAYS
 HEATING
  YESTERDAY        8                                         2
  MONTH TO DATE   56                                        27
  SINCE MAR 1     56                                        27
  SINCE JUL 1   1161                                      1485

 COOLING
  YESTERDAY        0                                         0
  MONTH TO DATE    0                                         0
  SINCE MAR 1      0                                         0
  SINCE JAN 1      0                                         0
..................................................................


WIND (MPH)
  RESULTANT WIND SPEED   2   RESULTANT WIND DIRECTION   N (340)
  HIGHEST WIND SPEED     9   HIGHEST WIND DIRECTION     N (350)
  HIGHEST GUST SPEED    MM   HIGHEST GUST DIRECTION    MM
  AVERAGE WIND SPEED     2.7


SKY COVER
  POSSIBLE SUNSHINE  MM
  AVERAGE SKY COVER 0.0


WEATHER CONDITIONS
 THE FOLLOWING WEATHER WAS RECORDED YESTERDAY.
  NO SIGNIFICANT WEATHER WAS OBSERVED.


RELATIVE HUMIDITY (PERCENT)
 HIGHEST    76           400 AM
 LOWEST     31           300 PM
 AVERAGE    54

..........................................................


THE MOFFETT FIELD CLIMATE NORMALS FOR TODAY
                         NORMAL    RECORD    YEAR
 MAXIMUM TEMPERATURE (F)   64        76      1993
 MINIMUM TEMPERATURE (F)   47        34      1971


SUNRISE AND SUNSET
MARCH  6 2015.........SUNRISE   633 AM PST   SUNSET   607 PM PST
MARCH  7 2015.........SUNRISE   631 AM PST   SUNSET   608 PM PST


-  INDICATES NEGATIVE NUMBERS.
R  INDICATES RECORD WAS SET OR TIED.
MM INDICATES DATA IS MISSING.
T  INDICATES TRACE AMOUNT.




$$
