000
CDUS46 KMTR 260031
CLINUQ


CLIMATE REPORT
NATIONAL WEATHER SERVICE SAN FRANCISCO BAY AREA
531 PM PDT TUE APR 25 2017


...................................

...THE MOFFETT FIELD CLIMATE SUMMARY FOR APRIL 25 2017...
VALID TODAY AS OF 0500 PM LOCAL TIME.

CLIMATE NORMAL PERIOD 1981 TO 2010
CLIMATE RECORD PERIOD 1945 TO 2017


WEATHER ITEM   OBSERVED TIME   RECORD YEAR NORMAL DEPARTURE LAST
                VALUE   (LST)  VALUE       VALUE  FROM      YEAR
                                                  NORMAL
..................................................................
TEMPERATURE (F)
 TODAY
  MAXIMUM         67    311 PM  88    2004  70     -3       66
  MINIMUM         52    335 AM  38    1958  51      1       49
  AVERAGE         60                        60      0       58

PRECIPITATION (IN)
  TODAY            0.00          0.58 1994   0.03  -0.03     0.00
  MONTH TO DATE    1.33                      0.85   0.48     1.36
  SINCE OCT 1     18.13                     13.77   4.36    12.97
  SINCE JAN 1     13.56                      8.93   4.63     8.57

DEGREE DAYS
 HEATING
  TODAY            5                                         7
  MONTH TO DATE  152                                        97
  SINCE MAR 1    385                                       310
  SINCE JUL 1   1913                                      1695

 COOLING
  TODAY            0                                         0
  MONTH TO DATE    0                                        22
  SINCE MAR 1      0                                        22
  SINCE JAN 1      0                                        24
..................................................................


WIND (MPH)
  RESULTANT WIND SPEED   7   RESULTANT WIND DIRECTION   N (350)
  HIGHEST WIND SPEED    20   HIGHEST WIND DIRECTION     N (350)
  HIGHEST GUST SPEED    24   HIGHEST GUST DIRECTION     N (360)
  AVERAGE WIND SPEED     8.5


SKY COVER
  POSSIBLE SUNSHINE  MM
  AVERAGE SKY COVER 0.3


WEATHER CONDITIONS
 THE FOLLOWING WEATHER WAS RECORDED TODAY.
  NO SIGNIFICANT WEATHER WAS OBSERVED.


RELATIVE HUMIDITY (PERCENT)
 HIGHEST    83           200 AM
 LOWEST     56          1000 AM
 AVERAGE    70

..........................................................


THE MOFFETT FIELD CLIMATE NORMALS FOR TOMORROW
                         NORMAL    RECORD    YEAR
 MAXIMUM TEMPERATURE (F)   70        92      2004
 MINIMUM TEMPERATURE (F)   51        40      1958


SUNRISE AND SUNSET
APRIL 25 2017.........SUNRISE   620 AM PDT   SUNSET   753 PM PDT
APRIL 26 2017.........SUNRISE   619 AM PDT   SUNSET   754 PM PDT


-  INDICATES NEGATIVE NUMBERS.
R  INDICATES RECORD WAS SET OR TIED.
MM INDICATES DATA IS MISSING.
T  INDICATES TRACE AMOUNT.




$$
