000
CDUS46 KMTR 220845
CLINUQ


CLIMATE REPORT
NATIONAL WEATHER SERVICE SAN FRANCISCO BAY AREA
1245 AM PST WED NOV 22 2017


...................................

...THE MOFFETT FIELD CLIMATE SUMMARY FOR NOVEMBER 21 2017...

CLIMATE NORMAL PERIOD 1981 TO 2010
CLIMATE RECORD PERIOD 1945 TO 2017


WEATHER ITEM   OBSERVED TIME   RECORD YEAR NORMAL DEPARTURE LAST
                VALUE   (LST)  VALUE       VALUE  FROM      YEAR
                                                  NORMAL
..................................................................
TEMPERATURE (F)
 YESTERDAY
  MAXIMUM         73    241 PM  74    1950  63     10       63
  MINIMUM         52    639 AM  32    1947  46      6       48
  AVERAGE         63                        55      8       56

PRECIPITATION (IN)
  YESTERDAY        0.00          0.59 1981   0.07  -0.07      T
  MONTH TO DATE    1.51                      1.11   0.40     0.52
  SINCE OCT 1      1.66                      1.75  -0.09     2.21
  SINCE JAN 1     15.30                     11.59   3.71    10.96

DEGREE DAYS
 HEATING
  YESTERDAY        2                                         9
  MONTH TO DATE  153                                        99
  SINCE SEP 1    218                                       164
  SINCE JUL 1    220                                       171

 COOLING
  YESTERDAY        0                                         0
  MONTH TO DATE    0                                         0
  SINCE SEP 1    278                                       124
  SINCE JAN 1    689                                       460
..................................................................


WIND (MPH)
  RESULTANT WIND SPEED   2   RESULTANT WIND DIRECTION  NW (300)
  HIGHEST WIND SPEED     9   HIGHEST WIND DIRECTION     N (350)
  HIGHEST GUST SPEED    10   HIGHEST GUST DIRECTION     N (360)
  AVERAGE WIND SPEED     2.6


SKY COVER
  POSSIBLE SUNSHINE  MM
  AVERAGE SKY COVER 0.0


WEATHER CONDITIONS
 THE FOLLOWING WEATHER WAS RECORDED YESTERDAY.
  FOG


RELATIVE HUMIDITY (PERCENT)
 HIGHEST    93           300 AM
 LOWEST     53           200 PM
 AVERAGE    73

..........................................................


THE MOFFETT FIELD CLIMATE NORMALS FOR TODAY
                         NORMAL    RECORD    YEAR
 MAXIMUM TEMPERATURE (F)   63        75      1959
 MINIMUM TEMPERATURE (F)   46        33      1956


SUNRISE AND SUNSET
NOVEMBER 22 2017......SUNRISE   655 AM PST   SUNSET   453 PM PST
NOVEMBER 23 2017......SUNRISE   656 AM PST   SUNSET   453 PM PST


-  INDICATES NEGATIVE NUMBERS.
R  INDICATES RECORD WAS SET OR TIED.
MM INDICATES DATA IS MISSING.
T  INDICATES TRACE AMOUNT.




$$
