000
CDUS46 KMTR 300835
CLINUQ


CLIMATE REPORT
NATIONAL WEATHER SERVICE SAN FRANCISCO BAY AREA
1235 AM PST FRI JAN 30 2015


...................................

...THE MOFFETT FIELD CLIMATE SUMMARY FOR JANUARY 29 2015...

CLIMATE NORMAL PERIOD 1981 TO 2010
CLIMATE RECORD PERIOD 1945 TO 2015


WEATHER ITEM   OBSERVED TIME   RECORD YEAR NORMAL DEPARTURE LAST
                VALUE   (LST)  VALUE       VALUE  FROM      YEAR
                                                  NORMAL
..................................................................
TEMPERATURE (F)
 YESTERDAY
  MAXIMUM         67    244 PM  68    2014  60      7       68
                                      1989
  MINIMUM         45    313 AM  28    1949  44      1       56
  AVERAGE         56                        52      4       62

PRECIPITATION (IN)
  YESTERDAY        0.00          0.90 1966   0.09  -0.09     0.01
  MONTH TO DATE    0.01                      2.57  -2.56     0.03
  SINCE JUL 1     10.41                      7.62   2.79     1.29
  SINCE JAN 1      0.01                      2.57  -2.56     0.03

DEGREE DAYS
 HEATING
  YESTERDAY        9                                         3
  MONTH TO DATE  374                                       300
  SINCE DEC 1    665                                       806
  SINCE JUL 1    892                                      1178

 COOLING
  YESTERDAY        0                                         0
  MONTH TO DATE    0                                         0
  SINCE DEC 1      0                                         0
  SINCE JAN 1      0                                         0
..................................................................


WIND (MPH)
  RESULTANT WIND SPEED   1   RESULTANT WIND DIRECTION   N (360)
  HIGHEST WIND SPEED    12   HIGHEST WIND DIRECTION     N (360)
  HIGHEST GUST SPEED    13   HIGHEST GUST DIRECTION    NW (330)
  AVERAGE WIND SPEED     1.7


SKY COVER
  POSSIBLE SUNSHINE  MM
  AVERAGE SKY COVER 0.2


WEATHER CONDITIONS
 THE FOLLOWING WEATHER WAS RECORDED YESTERDAY.
  FOG
  HAZE


RELATIVE HUMIDITY (PERCENT)
 HIGHEST    96           900 AM
 LOWEST     52           200 PM
 AVERAGE    74

..........................................................


THE MOFFETT FIELD CLIMATE NORMALS FOR TODAY
                         NORMAL    RECORD    YEAR
 MAXIMUM TEMPERATURE (F)   60        73      1976
 MINIMUM TEMPERATURE (F)   44        29      1949


SUNRISE AND SUNSET
JANUARY 30 2015.......SUNRISE   713 AM PST   SUNSET   530 PM PST
JANUARY 31 2015.......SUNRISE   712 AM PST   SUNSET   531 PM PST


-  INDICATES NEGATIVE NUMBERS.
R  INDICATES RECORD WAS SET OR TIED.
MM INDICATES DATA IS MISSING.
T  INDICATES TRACE AMOUNT.




$$
