000
CDUS46 KMTR 310032
CLINUQ


CLIMATE REPORT
NATIONAL WEATHER SERVICE SAN FRANCISCO BAY AREA
531 PM PDT MON MAY 30 2016


...................................

...THE MOFFETT FIELD CLIMATE SUMMARY FOR MAY 30 2016...
VALID TODAY AS OF 0500 PM LOCAL TIME.

CLIMATE NORMAL PERIOD 1981 TO 2010
CLIMATE RECORD PERIOD 1945 TO 2016


WEATHER ITEM   OBSERVED TIME   RECORD YEAR NORMAL DEPARTURE LAST
                VALUE   (LST)  VALUE       VALUE  FROM      YEAR
                                                  NORMAL
..................................................................
TEMPERATURE (F)
 TODAY
  MAXIMUM         78    226 PM  99    2001  74      4       69
  MINIMUM         54    504 AM  44    1974  55     -1       54
  AVERAGE         66                        64      2       62

PRECIPITATION (IN)
  TODAY            0.00          0.06 1993   0.01  -0.01     0.00
  MONTH TO DATE    0.13                      0.46  -0.33     0.64
  SINCE OCT 1     13.15                     14.36  -1.21    14.12
  SINCE JAN 1      8.75                      9.52  -0.77     4.13

DEGREE DAYS
 HEATING
  TODAY            0                                         3
  MONTH TO DATE   61                                       139
  SINCE MAR 1    395                                       444
  SINCE JUL 1   1780                                      1549

 COOLING
  TODAY            1                                         0
  MONTH TO DATE   29                                         0
  SINCE MAR 1     52                                        18
  SINCE JAN 1     54                                        18
..................................................................


WIND (MPH)
  RESULTANT WIND SPEED   4   RESULTANT WIND DIRECTION   N (0)
  HIGHEST WIND SPEED    16   HIGHEST WIND DIRECTION     N (350)
  HIGHEST GUST SPEED    20   HIGHEST GUST DIRECTION     N (350)
  AVERAGE WIND SPEED     5.4


SKY COVER
  POSSIBLE SUNSHINE  MM
  AVERAGE SKY COVER 0.0


WEATHER CONDITIONS
 THE FOLLOWING WEATHER WAS RECORDED TODAY.
  NO SIGNIFICANT WEATHER WAS OBSERVED.


RELATIVE HUMIDITY (PERCENT)
 HIGHEST    86          1200 AM
 LOWEST     48           200 PM
 AVERAGE    67

..........................................................


THE MOFFETT FIELD CLIMATE NORMALS FOR TOMORROW
                         NORMAL    RECORD    YEAR
 MAXIMUM TEMPERATURE (F)   74        93      2001
 MINIMUM TEMPERATURE (F)   55        45      1955


SUNRISE AND SUNSET
MAY 30 2016...........SUNRISE   549 AM PDT   SUNSET   823 PM PDT
MAY 31 2016...........SUNRISE   549 AM PDT   SUNSET   823 PM PDT


-  INDICATES NEGATIVE NUMBERS.
R  INDICATES RECORD WAS SET OR TIED.
MM INDICATES DATA IS MISSING.
T  INDICATES TRACE AMOUNT.




$$
