000
CDUS41 KOKX 230632
CLINYC


CLIMATE REPORT
NATIONAL WEATHER SERVICE NEW YORK NY
132 AM EST THU NOV 23 2017


...................................

...THE CENTRAL PARK NY CLIMATE SUMMARY FOR NOVEMBER 22 2017...

CLIMATE NORMAL PERIOD 1981 TO 2010
CLIMATE RECORD PERIOD 1869 TO 2017


WEATHER ITEM   OBSERVED TIME   RECORD YEAR NORMAL DEPARTURE LAST
                VALUE   (LST)  VALUE       VALUE  FROM      YEAR
                                                  NORMAL
..................................................................
TEMPERATURE (F)
 YESTERDAY
  MAXIMUM         56    431 AM  72    1931  52      4       41
  MINIMUM         35   1159 PM  13    1880  40     -5       37
  AVERAGE         46                        46      0       39

PRECIPITATION (IN)
  YESTERDAY        0.21          2.03 1878   0.14   0.07     0.00
  MONTH TO DATE    1.55                      2.91  -1.36     2.43
  SINCE SEP 1      7.73                     11.59  -3.86     9.37
  SINCE JAN 1     42.80                     44.83  -2.03    36.30

SNOWFALL (IN)
  YESTERDAY        0.0           0.3  1989   0.0    0.0      0.0
  MONTH TO DATE    T                         0.1   -0.1       T
  SINCE OCT 1      T                         0.1   -0.1       T
  SINCE JUL 1      T                         0.1   -0.1       T
  SNOW DEPTH       0

DEGREE DAYS
 HEATING
  YESTERDAY       19                        19      0       26
  MONTH TO DATE  391                       352     39      311
  SINCE SEP 1    507                       663   -156      545
  SINCE JUL 1    507                       665   -158      545

 COOLING
  YESTERDAY        0                         0      0        0
  MONTH TO DATE    0                         0      0        0
  SINCE SEP 1    271                       150    121      257
  SINCE JAN 1   1265                      1104    161     1489
..................................................................


WIND (MPH)
  HIGHEST WIND SPEED    17   HIGHEST WIND DIRECTION    NW (310)
  HIGHEST GUST SPEED    28   HIGHEST GUST DIRECTION     W (290)
  AVERAGE WIND SPEED     6.8


SKY COVER
  AVERAGE SKY COVER 0.5


WEATHER CONDITIONS
 THE FOLLOWING WEATHER WAS RECORDED YESTERDAY.
  RAIN
  LIGHT RAIN
  FOG


RELATIVE HUMIDITY (PERCENT)
 HIGHEST    93           900 AM
 LOWEST     51           700 PM
 AVERAGE    72

..........................................................


THE CENTRAL PARK NY CLIMATE NORMALS FOR TODAY
                         NORMAL    RECORD    YEAR
 MAXIMUM TEMPERATURE (F)   51        72      1931
 MINIMUM TEMPERATURE (F)   40        14      1880


SUNRISE AND SUNSET
NOVEMBER 23 2017......SUNRISE   652 AM EST   SUNSET   432 PM EST
NOVEMBER 24 2017......SUNRISE   653 AM EST   SUNSET   432 PM EST


-  INDICATES NEGATIVE NUMBERS.
R  INDICATES RECORD WAS SET OR TIED.
MM INDICATES DATA IS MISSING.
T  INDICATES TRACE AMOUNT.




$$
