000
CDUS41 KOKX 020618
CLINYC


CLIMATE REPORT
NATIONAL WEATHER SERVICE NEW YORK NY
118 AM EST FRI DEC 2 2016


...................................

...THE CENTRAL PARK NY CLIMATE SUMMARY FOR DECEMBER 1 2016...

CLIMATE NORMAL PERIOD 1981 TO 2010
CLIMATE RECORD PERIOD 1869 TO 2016


WEATHER ITEM   OBSERVED TIME   RECORD YEAR NORMAL DEPARTURE LAST
                VALUE   (LST)  VALUE       VALUE  FROM      YEAR
                                                  NORMAL
..................................................................
TEMPERATURE (F)
 YESTERDAY
  MAXIMUM         54   1156 AM  70    2006  48      6       51
  MINIMUM         42   1159 PM   9    1875  37      5       44
  AVERAGE         48                        42      6       48

PRECIPITATION (IN)
  YESTERDAY        0.07          1.72 1920   0.14  -0.07     0.33
  MONTH TO DATE    0.07                      0.14  -0.07     0.33
  SINCE DEC 1      0.07                      0.14  -0.07     0.33
  SINCE JAN 1     39.35                     46.08  -6.73    36.58

SNOWFALL (IN)
  YESTERDAY        0.0           1.5  1880   0.1   -0.1      0.0
  MONTH TO DATE    0.0                       0.1   -0.1      0.0
  SINCE OCT 1      T                         0.4   -0.4      0.0
  SINCE JUL 1      T                         0.4   -0.4      0.0
  SNOW DEPTH       0

DEGREE DAYS
 HEATING
  YESTERDAY       17                        23     -6       17
  MONTH TO DATE   17                        23     -6       17
  SINCE DEC 1     17                        23     -6       17
  SINCE JUL 1    704                       856   -152      605

 COOLING
  YESTERDAY        0                         0      0        0
  MONTH TO DATE    0                         0      0        0
  SINCE DEC 1      0                         0      0        0
  SINCE JAN 1   1489                      1105    384     1578
..................................................................


WIND (MPH)
  HIGHEST WIND SPEED    20   HIGHEST WIND DIRECTION     W (280)
  HIGHEST GUST SPEED    33   HIGHEST GUST DIRECTION     W (290)
  AVERAGE WIND SPEED     7.7


SKY COVER
  AVERAGE SKY COVER 0.5


WEATHER CONDITIONS
 THE FOLLOWING WEATHER WAS RECORDED YESTERDAY.
  RAIN
  LIGHT RAIN
  FOG


RELATIVE HUMIDITY (PERCENT)
 HIGHEST   100           400 AM
 LOWEST     45           800 PM
 AVERAGE    73

..........................................................


THE CENTRAL PARK NY CLIMATE NORMALS FOR TODAY
                         NORMAL    RECORD    YEAR
 MAXIMUM TEMPERATURE (F)   48        66      1970
 MINIMUM TEMPERATURE (F)   37        12      1875


SUNRISE AND SUNSET
DECEMBER  2 2016......SUNRISE   702 AM EST   SUNSET   429 PM EST
DECEMBER  3 2016......SUNRISE   703 AM EST   SUNSET   428 PM EST


-  INDICATES NEGATIVE NUMBERS.
R  INDICATES RECORD WAS SET OR TIED.
MM INDICATES DATA IS MISSING.
T  INDICATES TRACE AMOUNT.




$$
