000
CDUS41 KOKX 240630
CLINYC


CLIMATE REPORT
NATIONAL WEATHER SERVICE NEW YORK NY
120 AM EST SAT FEB 24 2018


...................................

...THE CENTRAL PARK NY CLIMATE SUMMARY FOR FEBRUARY 23 2018...

CLIMATE NORMAL PERIOD 1981 TO 2010
CLIMATE RECORD PERIOD 1869 TO 2018


WEATHER ITEM   OBSERVED TIME   RECORD YEAR NORMAL DEPARTURE LAST
                VALUE   (LST)  VALUE       VALUE  FROM      YEAR
                                                  NORMAL
..................................................................
TEMPERATURE (F)
 YESTERDAY
  MAXIMUM         42   1159 PM  70    1985  43     -1       65
  MINIMUM         36   1027 AM   5    1889  30      6       44
                                      1873
  AVERAGE         39                        37      2       55

PRECIPITATION (IN)
  YESTERDAY        0.06          1.38 1928   0.12  -0.06     0.00
  MONTH TO DATE    5.02                      2.50   2.52     1.94
  SINCE DEC 1      9.41                     10.15  -0.74     9.66
  SINCE JAN 1      7.20                      6.15   1.05     6.77

SNOWFALL (IN)
  YESTERDAY        0.0           4.8  1972   0.4   -0.4      0.0
  MONTH TO DATE    4.9                       7.8   -2.9      9.4
  SINCE OCT 1     23.8                      19.9    3.9     20.5
  SINCE JUL 1     23.8                      19.9    3.9     20.5
  SNOW DEPTH       0

DEGREE DAYS
 HEATING
  YESTERDAY       26                        28     -2       10
  MONTH TO DATE  552                       694   -142      579
  SINCE DEC 1   2498                      2550    -52     2227
  SINCE JUL 1   3160                      3383   -223     2914

 COOLING
  YESTERDAY        0                         0      0        0
  MONTH TO DATE    2                         0      2        0
  SINCE DEC 1      2                         0      2        0
  SINCE JAN 1      2                         0      2        0
..................................................................


WIND (MPH)
  HIGHEST WIND SPEED    14   HIGHEST WIND DIRECTION     W (250)
  HIGHEST GUST SPEED    21   HIGHEST GUST DIRECTION     W (260)
  AVERAGE WIND SPEED     6.2


SKY COVER
  AVERAGE SKY COVER 1.0


WEATHER CONDITIONS
 THE FOLLOWING WEATHER WAS RECORDED YESTERDAY.
  LIGHT RAIN
  FOG


RELATIVE HUMIDITY (PERCENT)
 HIGHEST   100           300 PM
 LOWEST     76           800 AM
 AVERAGE    88

..........................................................


THE CENTRAL PARK NY CLIMATE NORMALS FOR TODAY
                         NORMAL    RECORD    YEAR
 MAXIMUM TEMPERATURE (F)   44        75      1985
 MINIMUM TEMPERATURE (F)   30        -4      1873


SUNRISE AND SUNSET
FEBRUARY 24 2018......SUNRISE   637 AM EST   SUNSET   541 PM EST
FEBRUARY 25 2018......SUNRISE   636 AM EST   SUNSET   542 PM EST


-  INDICATES NEGATIVE NUMBERS.
R  INDICATES RECORD WAS SET OR TIED.
MM INDICATES DATA IS MISSING.
T  INDICATES TRACE AMOUNT.




$$
