000
CDUS41 KOKX 222041
CLINYC


CLIMATE REPORT
NATIONAL WEATHER SERVICE NEW YORK NY
441 PM EDT FRI MAY 22 2015


...................................

...THE CENTRAL PARK NY CLIMATE SUMMARY FOR MAY 22 2015...
VALID TODAY AS OF 0400 PM LOCAL TIME.

CLIMATE NORMAL PERIOD 1981 TO 2010
CLIMATE RECORD PERIOD 1869 TO 2015


WEATHER ITEM   OBSERVED TIME   RECORD YEAR NORMAL DEPARTURE LAST
                VALUE   (LST)  VALUE       VALUE  FROM      YEAR
                                                  NORMAL
..................................................................
TEMPERATURE (F)
 TODAY
  MAXIMUM         74    132 PM  96    1941  72      2       67
  MINIMUM         55    523 AM  44    1990  56     -1       59
  AVERAGE         65                        64      1       63

PRECIPITATION (IN)
  TODAY            0.00          1.25 1881   0.15  -0.15     0.24
  MONTH TO DATE    0.32                      2.85  -2.53     3.01
  SINCE MAR 1      7.12                     11.71  -4.59    14.53
  SINCE JAN 1     14.39                     18.45  -4.06    22.80

SNOWFALL (IN)
  TODAY            0.0           0.0  2002   0.0    0.0      0.0
                                      2001
  MONTH TO DATE    0.0                       0.0    0.0      0.0
  SINCE OCT 1     50.3                      25.8   24.5     57.4
  SINCE JUL 1     50.3                      25.8   24.5     57.4
  SNOW DEPTH       0

DEGREE DAYS
 HEATING
  TODAY            0                         3     -3        2
  MONTH TO DATE   32                       115    -83       59
  SINCE MAR 1   1177                      1186     -9     1278
  SINCE JUL 1   4936                      4708    228     4948

 COOLING
  TODAY            0                         2     -2        0
  MONTH TO DATE   73                        30     43       26
  SINCE MAR 1     78                        42     36       30
  SINCE JAN 1     78                        42     36       30
..................................................................


WIND (MPH)
  HIGHEST WIND SPEED    17   HIGHEST WIND DIRECTION     W (290)
  HIGHEST GUST SPEED    25   HIGHEST GUST DIRECTION     W (290)
  AVERAGE WIND SPEED     4.8


SKY COVER
  AVERAGE SKY COVER 0.5


WEATHER CONDITIONS
 THE FOLLOWING WEATHER WAS RECORDED TODAY.
  NO SIGNIFICANT WEATHER WAS OBSERVED.


RELATIVE HUMIDITY (PERCENT)
 HIGHEST    72          1200 AM
 LOWEST     29           100 PM
 AVERAGE    51

..........................................................


THE CENTRAL PARK NY CLIMATE NORMALS FOR TOMORROW
                         NORMAL    RECORD    YEAR
 MAXIMUM TEMPERATURE (F)   73        94      1964
 MINIMUM TEMPERATURE (F)   56        43      1963


SUNRISE AND SUNSET
MAY 22 2015...........SUNRISE   533 AM EDT   SUNSET   813 PM EDT
MAY 23 2015...........SUNRISE   532 AM EDT   SUNSET   814 PM EDT


-  INDICATES NEGATIVE NUMBERS.
R  INDICATES RECORD WAS SET OR TIED.
MM INDICATES DATA IS MISSING.
T  INDICATES TRACE AMOUNT.




$$
