000
CDUS41 KOKX 282031
CLINYC


CLIMATE REPORT
NATIONAL WEATHER SERVICE NEW YORK NY
431 PM EDT WED SEP 28 2016


...................................

...THE CENTRAL PARK NY CLIMATE SUMMARY FOR SEPTEMBER 28 2016...
VALID TODAY AS OF 0400 PM LOCAL TIME.

CLIMATE NORMAL PERIOD 1981 TO 2010
CLIMATE RECORD PERIOD 1869 TO 2016


WEATHER ITEM   OBSERVED TIME   RECORD YEAR NORMAL DEPARTURE LAST
                VALUE   (LST)  VALUE       VALUE  FROM      YEAR
                                                  NORMAL
..................................................................
TEMPERATURE (F)
 TODAY
  MAXIMUM         69    154 PM  88    1881  70     -1       78
  MINIMUM         60    601 AM  41    1947  56      4       65
  AVERAGE         65                        63      2       72

PRECIPITATION (IN)
  TODAY            0.00          3.84 2004   0.16  -0.16     0.00
  MONTH TO DATE    2.39                      3.96  -1.57     1.91
  SINCE SEP 1      2.39                      3.96  -1.57     1.91
  SINCE JAN 1     29.32                     37.20  -7.88    28.96

SNOWFALL (IN)
  TODAY            0.0           0.0  2002   0.0    0.0      0.0
                                      2001
  MONTH TO DATE    0.0                       0.0    0.0      0.0
  SINCE OCT 1     32.8                      25.8    7.0     50.3
  SINCE JUL 1      0.0                       0.0    0.0      0.0
  SNOW DEPTH       0

DEGREE DAYS
 HEATING
  TODAY            0                         4     -4        0
  MONTH TO DATE    4                        34    -30        1
  SINCE SEP 1      4                        34    -30        1
  SINCE JUL 1      4                        36    -32        1

 COOLING
  TODAY            0                         2     -2        7
  MONTH TO DATE  228                       129     99      276
  SINCE SEP 1    228                       129     99      276
  SINCE JAN 1   1460                      1083    377     1541
..................................................................


WIND (MPH)
  HIGHEST WIND SPEED    18   HIGHEST WIND DIRECTION     E (70)
  HIGHEST GUST SPEED    27   HIGHEST GUST DIRECTION     E (70)
  AVERAGE WIND SPEED     7.3


SKY COVER
  AVERAGE SKY COVER 0.5


WEATHER CONDITIONS
 THE FOLLOWING WEATHER WAS RECORDED TODAY.
  FOG
  HAZE


RELATIVE HUMIDITY (PERCENT)
 HIGHEST    93           200 AM
 LOWEST     68           100 PM
 AVERAGE    81

..........................................................


THE CENTRAL PARK NY CLIMATE NORMALS FOR TOMORROW
                         NORMAL    RECORD    YEAR
 MAXIMUM TEMPERATURE (F)   70        88      1945
 MINIMUM TEMPERATURE (F)   56        42      1942
                                             1914
                                             1888


SUNRISE AND SUNSET
SEPTEMBER 28 2016.....SUNRISE   650 AM EDT   SUNSET   642 PM EDT
SEPTEMBER 29 2016.....SUNRISE   651 AM EDT   SUNSET   640 PM EDT


-  INDICATES NEGATIVE NUMBERS.
R  INDICATES RECORD WAS SET OR TIED.
MM INDICATES DATA IS MISSING.
T  INDICATES TRACE AMOUNT.




$$
