000
CDUS41 KOKX 260618
CLINYC


CLIMATE REPORT
NATIONAL WEATHER SERVICE NEW YORK NY
217 AM EDT TUE SEP 26 2017


...................................

...THE CENTRAL PARK NY CLIMATE SUMMARY FOR SEPTEMBER 25 2017...

CLIMATE NORMAL PERIOD 1981 TO 2010
CLIMATE RECORD PERIOD 1869 TO 2017


WEATHER ITEM   OBSERVED TIME   RECORD YEAR NORMAL DEPARTURE LAST
                VALUE   (LST)  VALUE       VALUE  FROM      YEAR
                                                  NORMAL
..................................................................
TEMPERATURE (F)
 YESTERDAY
  MAXIMUM         88    228 PM  90    1970  72     16       70
  MINIMUM         70   1159 PM  40    1887  57     13       54
  AVERAGE         79                        64     15       62

PRECIPITATION (IN)
  YESTERDAY        0.00          2.36 1940   0.14  -0.14     0.00
  MONTH TO DATE    2.00                      3.50  -1.50     2.17
  SINCE SEP 1      2.00                      3.50  -1.50     2.17
  SINCE JAN 1     37.07                     36.74   0.33    29.10

SNOWFALL (IN)
  YESTERDAY        0.0           0.0  2002   0.0    0.0      0.0
                                      2001
  MONTH TO DATE    0.0                       0.0    0.0      0.0
  SINCE OCT 1     30.2                      25.8    4.4     32.8
  SINCE JUL 1      0.0                       0.0    0.0      0.0
  SNOW DEPTH       0

DEGREE DAYS
 HEATING
  YESTERDAY        0                         3     -3        3
  MONTH TO DATE    9                        24    -15        3
  SINCE SEP 1      9                        24    -15        3
  SINCE JUL 1      9                        26    -17        3

 COOLING
  YESTERDAY       14                         2     12        0
  MONTH TO DATE  162                       123     39      224
  SINCE SEP 1    162                       123     39      224
  SINCE JAN 1   1156                      1077     79     1456
..................................................................


WIND (MPH)
  HIGHEST WIND SPEED     9   HIGHEST WIND DIRECTION    NE (50)
  HIGHEST GUST SPEED    14   HIGHEST GUST DIRECTION    SE (150)
  AVERAGE WIND SPEED     2.9


SKY COVER
  AVERAGE SKY COVER 0.0


WEATHER CONDITIONS
 THE FOLLOWING WEATHER WAS RECORDED YESTERDAY.
  NO SIGNIFICANT WEATHER WAS OBSERVED.


RELATIVE HUMIDITY (PERCENT)
 HIGHEST    84           600 AM
 LOWEST     48           300 PM
 AVERAGE    66

..........................................................


THE CENTRAL PARK NY CLIMATE NORMALS FOR TODAY
                         NORMAL    RECORD    YEAR
 MAXIMUM TEMPERATURE (F)   71        91      1970
                                             1881
 MINIMUM TEMPERATURE (F)   57        42      1940


SUNRISE AND SUNSET
SEPTEMBER 26 2017.....SUNRISE   648 AM EDT   SUNSET   646 PM EDT
SEPTEMBER 27 2017.....SUNRISE   649 AM EDT   SUNSET   644 PM EDT


-  INDICATES NEGATIVE NUMBERS.
R  INDICATES RECORD WAS SET OR TIED.
MM INDICATES DATA IS MISSING.
T  INDICATES TRACE AMOUNT.




$$
