000
CDUS41 KOKX 270617
CLINYC


CLIMATE REPORT
NATIONAL WEATHER SERVICE NEW YORK NY
117 AM EST FRI FEB 27 2015


...................................

...THE CENTRAL PARK NY CLIMATE SUMMARY FOR FEBRUARY 26 2015...

CLIMATE NORMAL PERIOD 1981 TO 2010
CLIMATE RECORD PERIOD 1869 TO 2015


WEATHER ITEM   OBSERVED TIME   RECORD YEAR NORMAL DEPARTURE LAST
                VALUE   (LST)  VALUE       VALUE  FROM      YEAR
                                                  NORMAL
..................................................................
TEMPERATURE (F)
 YESTERDAY
  MAXIMUM         32   1221 AM  65    1890  44    -12       31
  MINIMUM         21   1155 PM   7    1990  31    -10       20
                                      1928
  AVERAGE         27                        37    -10       26

PRECIPITATION (IN)
  YESTERDAY        0.00          1.87 1929   0.12  -0.12     0.03
  MONTH TO DATE    2.04                      2.85  -0.81     5.48
  SINCE DEC 1     13.31                     10.50   2.81    13.12
  SINCE JAN 1      7.27                      6.50   0.77     8.27

SNOWFALL (IN)
  YESTERDAY        0.0          11.5  2010   0.3   -0.3      0.2
  MONTH TO DATE   11.9                       8.7    3.2     29.0
  SINCE OCT 1     28.4                      20.8    7.6     57.3
  SINCE JUL 1     28.4                      20.8    7.6     57.3
  SNOW DEPTH      11

DEGREE DAYS
 HEATING
  YESTERDAY       38                        28     10       39
  MONTH TO DATE 1058                       778    280      838
  SINCE DEC 1   2889                      2634    255     2773
  SINCE JUL 1   3674                      3467    207     3581

 COOLING
  YESTERDAY        0                         0      0        0
  MONTH TO DATE    0                         0      0        0
  SINCE DEC 1      0                         0      0        1
  SINCE JAN 1      0                         0      0        0
..................................................................


WIND (MPH)
  HIGHEST WIND SPEED    15   HIGHEST WIND DIRECTION    NE (50)
  HIGHEST GUST SPEED    20   HIGHEST GUST DIRECTION    NE (50)
  AVERAGE WIND SPEED     7.1


SKY COVER
  AVERAGE SKY COVER 0.6


WEATHER CONDITIONS
 THE FOLLOWING WEATHER WAS RECORDED YESTERDAY.
  HAZE


RELATIVE HUMIDITY (PERCENT)
 HIGHEST    63           100 PM
 LOWEST     29          1200 AM
 AVERAGE    46

..........................................................


THE CENTRAL PARK NY CLIMATE NORMALS FOR TODAY
                         NORMAL    RECORD    YEAR
 MAXIMUM TEMPERATURE (F)   44        72      1997
 MINIMUM TEMPERATURE (F)   31         5      1900


SUNRISE AND SUNSET
FEBRUARY 27 2015......SUNRISE   633 AM EST   SUNSET   544 PM EST
FEBRUARY 28 2015......SUNRISE   632 AM EST   SUNSET   546 PM EST


-  INDICATES NEGATIVE NUMBERS.
R  INDICATES RECORD WAS SET OR TIED.
MM INDICATES DATA IS MISSING.
T  INDICATES TRACE AMOUNT.




$$
