000
CDUS45 KPSR 240014
CLINYL

CLIMATE REPORT
NATIONAL WEATHER SERVICE PHOENIX AZ
512 PM MST WED JUL 23 2014


...................................

...THE YUMA AZ CLIMATE SUMMARY FOR JULY 23 2014...
VALID TODAY AS OF 0500 PM LOCAL TIME.

CLIMATE NORMAL PERIOD 1981 TO 2010
CLIMATE RECORD PERIOD 1876 TO 2014


WEATHER ITEM   OBSERVED TIME   RECORD YEAR NORMAL DEPARTURE LAST
                VALUE   (LST)  VALUE       VALUE  FROM      YEAR
                                                  NORMAL
..................................................................
TEMPERATURE (F)
 TODAY
  MAXIMUM        117R   403 PM 115    1959 107     10      103
  MINIMUM         86    622 AM  69    1928  83      3       82
                                      1913
  AVERAGE        102                        95      7       93

PRECIPITATION (IN)
  TODAY            0.00          0.26 1950   0.01  -0.01     0.00
  MONTH TO DATE    0.23                      0.16   0.07     0.47
  SINCE OCT 1      1.41                      2.43  -1.02     2.21
  SINCE JAN 1      0.30                      1.49  -1.19     1.58

DEGREE DAYS
 HEATING
  TODAY            0                         0      0        0
  MONTH TO DATE    0                         0      0        0
  SINCE JUN 1      0                         0      0        0
  SINCE JUL 1      0                         0      0        0

 COOLING
  TODAY           37                        30      7       28
  MONTH TO DATE  710                       674     36      693
  SINCE JUN 1   1519                      1395    124     1498
  SINCE JAN 1   2681                      2307    374     2559
..................................................................


WIND (MPH)
  RESULTANT WIND SPEED   1   RESULTANT WIND DIRECTION   W (260)
  HIGHEST WIND SPEED    10   HIGHEST WIND DIRECTION     W (270)
  HIGHEST GUST SPEED    14   HIGHEST GUST DIRECTION     W (260)
  AVERAGE WIND SPEED     2.9


SKY COVER
  AVERAGE SKY COVER 0.3


WEATHER CONDITIONS
 THE FOLLOWING WEATHER WAS RECORDED TODAY.
  NO SIGNIFICANT WEATHER WAS OBSERVED.


RELATIVE HUMIDITY (PERCENT)
 HIGHEST    34
 LOWEST      5
 AVERAGE    20

..........................................................


THE YUMA AZ CLIMATE NORMALS FOR TOMORROW
                         NORMAL    RECORD    YEAR
 MAXIMUM TEMPERATURE (F)  107       117      1943
 MINIMUM TEMPERATURE (F)   83        65      1913


SUNRISE AND SUNSET
JULY 23 2014..........SUNRISE   547 AM MST   SUNSET   743 PM MST
JULY 24 2014..........SUNRISE   547 AM MST   SUNSET   742 PM MST


-  INDICATES NEGATIVE NUMBERS.
R  INDICATES RECORD WAS SET OR TIED.
MM INDICATES DATA IS MISSING.
T  INDICATES TRACE AMOUNT.

$$
