000
CDUS45 KPSR 110043 RRA
CLINYL

CLIMATE REPORT
NATIONAL WEATHER SERVICE PHOENIX AZ
540 PM MST SUN DEC 10 2017


...................................

...THE YUMA AZ CLIMATE SUMMARY FOR DECEMBER 10 2017...
VALID TODAY AS OF 0500 PM LOCAL TIME.

CLIMATE NORMAL PERIOD 1981 TO 2010
CLIMATE RECORD PERIOD 1876 TO 2017


WEATHER ITEM   OBSERVED TIME   RECORD YEAR NORMAL DEPARTURE LAST
                VALUE   (LST)  VALUE       VALUE  FROM      YEAR
                                                  NORMAL
..................................................................
TEMPERATURE (F)
 TODAY
  MAXIMUM         75    304 PM  85    1950  69      6       76
  MINIMUM         52    721 AM  28    1892  47      5       50
  AVERAGE         64                        58      6       63

PRECIPITATION (IN)
  TODAY            0.00          0.81 1926   0.02  -0.02     0.00
  MONTH TO DATE    0.00                      0.14  -0.14     0.00
  SINCE OCT 1      0.07                      0.57  -0.50     0.04
  SINCE JAN 1      2.31                      3.19  -0.88     1.91

DEGREE DAYS
 HEATING
  TODAY            1                         7     -6        2
  MONTH TO DATE   24                        64    -40       56
  SINCE DEC 1     24                        64    -40       56
  SINCE JUL 1     25                       132   -107      102

 COOLING
  TODAY            0                         0      0        0
  MONTH TO DATE   11                         0     11        0
  SINCE DEC 1     11                         0     11        0
  SINCE JAN 1   5066                      4649    417     5073
..................................................................


WIND (MPH)
  HIGHEST WIND SPEED    15   HIGHEST WIND DIRECTION     N (10)
  HIGHEST GUST SPEED    19   HIGHEST GUST DIRECTION     N (360)
  AVERAGE WIND SPEED     5.3


SKY COVER
  AVERAGE SKY COVER 0.0


WEATHER CONDITIONS
 THE FOLLOWING WEATHER WAS RECORDED TODAY.
  NO SIGNIFICANT WEATHER WAS OBSERVED.


RELATIVE HUMIDITY (PERCENT)
 HIGHEST    26
 LOWEST     10
 AVERAGE    18

..........................................................


THE YUMA AZ CLIMATE NORMALS FOR TOMORROW
                         NORMAL    RECORD    YEAR
 MAXIMUM TEMPERATURE (F)   68        85      1950
 MINIMUM TEMPERATURE (F)   47        32      1898


SUNRISE AND SUNSET
DECEMBER 10 2017......SUNRISE   730 AM MST   SUNSET   533 PM MST
DECEMBER 11 2017......SUNRISE   731 AM MST   SUNSET   533 PM MST


-  INDICATES NEGATIVE NUMBERS.
R  INDICATES RECORD WAS SET OR TIED.
MM INDICATES DATA IS MISSING.
T  INDICATES TRACE AMOUNT.

$$
