000
CDUS45 KPSR 200815
CLINYL

CLIMATE REPORT
NATIONAL WEATHER SERVICE PHOENIX AZ
114 AM MST MON OCT 20 2014


...................................

...THE YUMA AZ CLIMATE SUMMARY FOR OCTOBER 19 2014...

CLIMATE NORMAL PERIOD 1981 TO 2010
CLIMATE RECORD PERIOD 1876 TO 2014


WEATHER ITEM   OBSERVED TIME   RECORD YEAR NORMAL DEPARTURE LAST
                VALUE   (LST)  VALUE       VALUE  FROM      YEAR
                                                  NORMAL
..................................................................
TEMPERATURE (F)
 YESTERDAY
  MAXIMUM         93    457 PM 105    2003  89      4       93
  MINIMUM         70    731 AM  38    1908  64      6       60
  AVERAGE         82                        76      6       77

PRECIPITATION (IN)
  YESTERDAY        0.00          0.69 1886   0.00   0.00     0.00
  MONTH TO DATE    0.05                      0.14  -0.09      T
  SINCE OCT 1      0.05                      0.14  -0.09      T
  SINCE JAN 1      2.33                      2.76  -0.43     2.31

DEGREE DAYS
 HEATING
  YESTERDAY        0                         0      0        0
  MONTH TO DATE    0                         0      0        0
  SINCE SEP 1      0                         0      0        0
  SINCE JUL 1      0                         0      0        0

 COOLING
  YESTERDAY       17                        11      6       12
  MONTH TO DATE  334                       280     54      213
  SINCE SEP 1   1151                      1001    150      898
  SINCE JAN 1   4987                      4454    533     4596
..................................................................


WIND (MPH)
  HIGHEST WIND SPEED    13   HIGHEST WIND DIRECTION     S (170)
  HIGHEST GUST SPEED    16   HIGHEST GUST DIRECTION     S (170)
  AVERAGE WIND SPEED     4.6


SKY COVER
  AVERAGE SKY COVER 0.1


WEATHER CONDITIONS
 THE FOLLOWING WEATHER WAS RECORDED YESTERDAY.
  NO SIGNIFICANT WEATHER WAS OBSERVED.


RELATIVE HUMIDITY (PERCENT)
 HIGHEST    70
 LOWEST     22
 AVERAGE    46

..........................................................


THE YUMA AZ CLIMATE NORMALS FOR TODAY
                         NORMAL    RECORD    YEAR
 MAXIMUM TEMPERATURE (F)   88       105      2003
 MINIMUM TEMPERATURE (F)   63        44      1949


SUNRISE AND SUNSET
OCTOBER 20 2014.......SUNRISE   646 AM MST   SUNSET   600 PM MST
OCTOBER 21 2014.......SUNRISE   647 AM MST   SUNSET   559 PM MST


-  INDICATES NEGATIVE NUMBERS.
R  INDICATES RECORD WAS SET OR TIED.
MM INDICATES DATA IS MISSING.
T  INDICATES TRACE AMOUNT.

$$
