000
CDUS45 KPSR 060035
CLINYL

CLIMATE REPORT
NATIONAL WEATHER SERVICE PHOENIX AZ
532 PM MST MON DEC 5 2016


...................................

...THE YUMA AZ CLIMATE SUMMARY FOR DECEMBER 5 2016...
VALID TODAY AS OF 0500 PM LOCAL TIME.

CLIMATE NORMAL PERIOD 1981 TO 2010
CLIMATE RECORD PERIOD 1876 TO 2016


WEATHER ITEM   OBSERVED TIME   RECORD YEAR NORMAL DEPARTURE LAST
                VALUE   (LST)  VALUE       VALUE  FROM      YEAR
                                                  NORMAL
..................................................................
TEMPERATURE (F)
 TODAY
  MAXIMUM         73    321 PM  84    1958  70      3       75
  MINIMUM         44    727 AM  29    1913  48     -4       50
  AVERAGE         59                        59      0       63

PRECIPITATION (IN)
  TODAY            0.00          0.75 2004   0.02  -0.02     0.00
  MONTH TO DATE    0.00                      0.07  -0.07     0.00
  SINCE OCT 1      0.04                      0.50  -0.46     0.08
  SINCE JAN 1      1.91                      3.12  -1.21     2.27

DEGREE DAYS
 HEATING
  TODAY            6                         6      0        2
  MONTH TO DATE   31                        29      2       27
  SINCE DEC 1     31                        29      2       27
  SINCE JUL 1     77                        97    -20       97

 COOLING
  TODAY            0                         0      0        0
  MONTH TO DATE    0                         0      0        0
  SINCE DEC 1      0                         0      0        0
  SINCE JAN 1   5073                      4649    424     5174
..................................................................


WIND (MPH)
  HIGHEST WIND SPEED     7   HIGHEST WIND DIRECTION     N (350)
  HIGHEST GUST SPEED     9   HIGHEST GUST DIRECTION     N (10)
  AVERAGE WIND SPEED     3.7


SKY COVER
  AVERAGE SKY COVER 0.3


WEATHER CONDITIONS
 THE FOLLOWING WEATHER WAS RECORDED TODAY.
  NO SIGNIFICANT WEATHER WAS OBSERVED.


RELATIVE HUMIDITY (PERCENT)
 HIGHEST    40
 LOWEST     20
 AVERAGE    30

..........................................................


THE YUMA AZ CLIMATE NORMALS FOR TOMORROW
                         NORMAL    RECORD    YEAR
 MAXIMUM TEMPERATURE (F)   70        83      1966
 MINIMUM TEMPERATURE (F)   47        30      1892


SUNRISE AND SUNSET
DECEMBER  5 2016......SUNRISE   726 AM MST   SUNSET   532 PM MST
DECEMBER  6 2016......SUNRISE   727 AM MST   SUNSET   532 PM MST


-  INDICATES NEGATIVE NUMBERS.
R  INDICATES RECORD WAS SET OR TIED.
MM INDICATES DATA IS MISSING.
T  INDICATES TRACE AMOUNT.

$$
