000
CDUS45 KPSR 040805
CLINYL

CDUS45 KPSR DDHHMM
CLINYL

CLIMATE REPORT
NATIONAL WEATHER SERVICE PHOENIX AZ
104 AM MST TUE AUG 4 2015

...................................

...THE YUMA AZ CLIMATE SUMMARY FOR AUGUST 3 2015...

CLIMATE NORMAL PERIOD 1981 TO 2010
CLIMATE RECORD PERIOD 1876 TO 2015


WEATHER ITEM   OBSERVED TIME   RECORD YEAR NORMAL DEPARTURE LAST
                VALUE   (LST)  VALUE       VALUE  FROM      YEAR
                                                  NORMAL
..................................................................
TEMPERATURE (F)
 YESTERDAY
  MAXIMUM        112    405 PM 116    1998 107      5       98
  MINIMUM         82    616 AM  62    1887  83     -1       78
  AVERAGE         97                        95      2       88

PRECIPITATION (IN)
  YESTERDAY        0.00          0.16 1961   0.01  -0.01      T
  MONTH TO DATE    0.00                      0.04  -0.04     0.02
  SINCE OCT 1      1.68                      2.60  -0.92     1.48
  SINCE JAN 1      1.24                      1.66  -0.42     0.37

DEGREE DAYS
 HEATING
  YESTERDAY        0                         0      0        0
  MONTH TO DATE    0                         0      0        0
  SINCE JUN 1      0                         0      0        0
  SINCE JUL 1      0                         0      0        0

 COOLING
  YESTERDAY       32                        30      2       23
  MONTH TO DATE  103                        90     13       81
  SINCE JUN 1   1788                      1724     64     1868
  SINCE JAN 1   2867                      2636    231     3030
..................................................................


WIND (MPH)
  HIGHEST WIND SPEED    20   HIGHEST WIND DIRECTION    SE (150)
  HIGHEST GUST SPEED    23   HIGHEST GUST DIRECTION     S (170)
  AVERAGE WIND SPEED     8.7


SKY COVER
  AVERAGE SKY COVER 0.1


WEATHER CONDITIONS
 THE FOLLOWING WEATHER WAS RECORDED YESTERDAY.
  NO SIGNIFICANT WEATHER WAS OBSERVED.


RELATIVE HUMIDITY (PERCENT)
 HIGHEST    52
 LOWEST     11
 AVERAGE    32

..........................................................


THE YUMA AZ CLIMATE NORMALS FOR TODAY
                         NORMAL    RECORD    YEAR
 MAXIMUM TEMPERATURE (F)  107       116      1995
 MINIMUM TEMPERATURE (F)   83        67      1956


SUNRISE AND SUNSET
AUGUST  4 2015........SUNRISE   555 AM MST   SUNSET   734 PM MST
AUGUST  5 2015........SUNRISE   555 AM MST   SUNSET   733 PM MST


-  INDICATES NEGATIVE NUMBERS.
R  INDICATES RECORD WAS SET OR TIED.
MM INDICATES DATA IS MISSING.
T  INDICATES TRACE AMOUNT.

$$
