000
CDUS45 KPSR 280813 RRA
CLINYL

CLIMATE REPORT
NATIONAL WEATHER SERVICE PHOENIX AZ
112 AM MST TUE MAR 28 2017


...................................

...THE YUMA AZ CLIMATE SUMMARY FOR MARCH 27 2017...

CLIMATE NORMAL PERIOD 1981 TO 2010
CLIMATE RECORD PERIOD 1876 TO 2017


WEATHER ITEM   OBSERVED TIME   RECORD YEAR NORMAL DEPARTURE LAST
                VALUE   (LST)  VALUE       VALUE  FROM      YEAR
                                                  NORMAL
..................................................................
TEMPERATURE (F)
 YESTERDAY
  MAXIMUM         81    357 PM 100    1986  82     -1       86
  MINIMUM         59    656 AM  38    1936  56      3       56
  AVERAGE         70                        69      1       71

PRECIPITATION (IN)
  YESTERDAY        0.00          0.31 1925   0.01  -0.01     0.00
  MONTH TO DATE    0.19                      0.30  -0.11     0.00
  SINCE OCT 1      2.51                      2.00   0.51     0.63
  SINCE JAN 1      1.56                      1.06   0.50     0.49

DEGREE DAYS
 HEATING
  YESTERDAY        0                         1     -1        0
  MONTH TO DATE   13                        47    -34       11
  SINCE MAR 1     13                        47    -34       11
  SINCE JUL 1    526                       670   -144      587

 COOLING
  YESTERDAY        5                         5      0        6
  MONTH TO DATE  202                        97    105      175
  SINCE MAR 1    202                        97    105      175
  SINCE JAN 1    243                       133    110      311
..................................................................


WIND (MPH)
  HIGHEST WIND SPEED    23   HIGHEST WIND DIRECTION     W (280)
  HIGHEST GUST SPEED    29   HIGHEST GUST DIRECTION     W (280)
  AVERAGE WIND SPEED    10.0


SKY COVER
  AVERAGE SKY COVER 0.1


WEATHER CONDITIONS
 THE FOLLOWING WEATHER WAS RECORDED YESTERDAY.
  NO SIGNIFICANT WEATHER WAS OBSERVED.


RELATIVE HUMIDITY (PERCENT)
 HIGHEST    62
 LOWEST     19
 AVERAGE    41

..........................................................


THE YUMA AZ CLIMATE NORMALS FOR TODAY
                         NORMAL    RECORD    YEAR
 MAXIMUM TEMPERATURE (F)   82        98      2015
 MINIMUM TEMPERATURE (F)   56        39      1913
                                             1907
                                             1898


SUNRISE AND SUNSET
MARCH 28 2017.........SUNRISE   631 AM MST   SUNSET   656 PM MST
MARCH 29 2017.........SUNRISE   630 AM MST   SUNSET   657 PM MST


-  INDICATES NEGATIVE NUMBERS.
R  INDICATES RECORD WAS SET OR TIED.
MM INDICATES DATA IS MISSING.
T  INDICATES TRACE AMOUNT.

$$
