000
CDUS45 KPSR 211052
CLINYL

CDUS45 KPSR DDHHMM
CLINYL

CLIMATE REPORT
NATIONAL WEATHER SERVICE PHOENIX AZ
142 AM MST FRI JUL 21 2017


...................................

...THE YUMA AZ CLIMATE SUMMARY FOR JULY 20 2017...

CLIMATE NORMAL PERIOD 1981 TO 2010
CLIMATE RECORD PERIOD 1876 TO 2017


WEATHER ITEM   OBSERVED TIME   RECORD YEAR NORMAL DEPARTURE LAST
                VALUE   (LST)  VALUE       VALUE  FROM      YEAR
                                                  NORMAL
..................................................................
TEMPERATURE (F)
 YESTERDAY
  MAXIMUM        106    520 PM 117    1960 107     -1      111
  MINIMUM         86    552 AM  65    1940  83      3       86
  AVERAGE         96                        95      1       99

PRECIPITATION (IN)
  YESTERDAY        0.00          0.74 2008   0.01  -0.01     0.00
  MONTH TO DATE    T                         0.12  -0.12     0.00
  SINCE OCT 1      2.65                      2.39   0.26     1.12
  SINCE JAN 1      1.70                      1.45   0.25     0.98

DEGREE DAYS
 HEATING
  YESTERDAY        0                         0      0        0
  MONTH TO DATE    0                         0      0        0
  SINCE JUN 1      0                         0      0        0
  SINCE JUL 1      0                         0      0        0

 COOLING
  YESTERDAY       31                        30      1       34
  MONTH TO DATE  637                       584     53      617
  SINCE JUN 1   1392                      1305     87     1450
  SINCE JAN 1   2460                      2217    243     2451
..................................................................


WIND (MPH)
  HIGHEST WIND SPEED    16   HIGHEST WIND DIRECTION     S (190)
  HIGHEST GUST SPEED    22   HIGHEST GUST DIRECTION     S (170)
  AVERAGE WIND SPEED    10.1


SKY COVER
  AVERAGE SKY COVER 0.2


WEATHER CONDITIONS
 THE FOLLOWING WEATHER WAS RECORDED YESTERDAY.
  NO SIGNIFICANT WEATHER WAS OBSERVED.


RELATIVE HUMIDITY (PERCENT)
 HIGHEST    48
 LOWEST     19
 AVERAGE    34

..........................................................


THE YUMA AZ CLIMATE NORMALS FOR TODAY
                         NORMAL    RECORD    YEAR
 MAXIMUM TEMPERATURE (F)  107       118      2006
 MINIMUM TEMPERATURE (F)   83        68      1924


SUNRISE AND SUNSET
JULY 21 2017..........SUNRISE   546 AM MST   SUNSET   744 PM MST
JULY 22 2017..........SUNRISE   546 AM MST   SUNSET   743 PM MST


-  INDICATES NEGATIVE NUMBERS.
R  INDICATES RECORD WAS SET OR TIED.
MM INDICATES DATA IS MISSING.
T  INDICATES TRACE AMOUNT.

$$
