000
CDUS45 KPSR 300828
CLINYL

CLIMATE REPORT
NATIONAL WEATHER SERVICE PHOENIX AZ
126 AM MST SAT MAY 30 2015


...................................

...THE YUMA AZ CLIMATE SUMMARY FOR MAY 29 2015...

CLIMATE NORMAL PERIOD 1981 TO 2010
CLIMATE RECORD PERIOD 1876 TO 2015


WEATHER ITEM   OBSERVED TIME   RECORD YEAR NORMAL DEPARTURE LAST
                VALUE   (LST)  VALUE       VALUE  FROM      YEAR
                                                  NORMAL
..................................................................
TEMPERATURE (F)
 YESTERDAY
  MAXIMUM        101    534 PM 115    1984  99      2      104
                                      1910
  MINIMUM         70    549 AM  51    1971  70      0       77
  AVERAGE         86                        85      1       91

PRECIPITATION (IN)
  YESTERDAY        0.00          T    1972   0.01  -0.01     0.00
                                      1896
  MONTH TO DATE    0.31                      0.08   0.23     0.00
  SINCE OCT 1      1.26                      2.26  -1.00     1.18
  SINCE JAN 1      0.82                      1.32  -0.50     0.07

DEGREE DAYS
 HEATING
  YESTERDAY        0                         0      0        0
  MONTH TO DATE    3                         0      3        0
  SINCE MAR 1     26                        63    -37        9
  SINCE JUL 1     86                       686   -600      370

 COOLING
  YESTERDAY       21                        20      1       26
  MONTH TO DATE  340                       466   -126      495
  SINCE MAR 1    919                       836     83      993
  SINCE JAN 1   1030                       872    158     1107
..................................................................


WIND (MPH)
  HIGHEST WIND SPEED    15   HIGHEST WIND DIRECTION     S (190)
  HIGHEST GUST SPEED    20   HIGHEST GUST DIRECTION    SW (210)
  AVERAGE WIND SPEED     6.8


SKY COVER
  AVERAGE SKY COVER 0.2


WEATHER CONDITIONS
 THE FOLLOWING WEATHER WAS RECORDED YESTERDAY.
  NO SIGNIFICANT WEATHER WAS OBSERVED.


RELATIVE HUMIDITY (PERCENT)
 HIGHEST    35
 LOWEST     10
 AVERAGE    23

..........................................................


THE YUMA AZ CLIMATE NORMALS FOR TODAY
                         NORMAL    RECORD    YEAR
 MAXIMUM TEMPERATURE (F)  100       120      1910
 MINIMUM TEMPERATURE (F)   70        54      1906


SUNRISE AND SUNSET
MAY 30 2015...........SUNRISE   532 AM MST   SUNSET   740 PM MST
MAY 31 2015...........SUNRISE   532 AM MST   SUNSET   741 PM MST


-  INDICATES NEGATIVE NUMBERS.
R  INDICATES RECORD WAS SET OR TIED.
MM INDICATES DATA IS MISSING.
T  INDICATES TRACE AMOUNT.

$$
