000
CDUS46 KMTR 290845
CLIOAK


CLIMATE REPORT
NATIONAL WEATHER SERVICE SAN FRANCISCO BAY AREA
145 AM PDT WED MAR 29 2017


...................................

...THE OAKLAND AIRPORT CLIMATE SUMMARY FOR MARCH 28 2017...

CLIMATE NORMAL PERIOD 1981 TO 2010
CLIMATE RECORD PERIOD 1948 TO 2017


WEATHER ITEM   OBSERVED TIME   RECORD YEAR NORMAL DEPARTURE LAST
                VALUE   (LST)  VALUE       VALUE  FROM      YEAR
                                                  NORMAL
..................................................................
TEMPERATURE (F)
 YESTERDAY
  MAXIMUM         74    235 PM  79    1968  64     10       63
  MINIMUM         49    509 AM  38    1950  47      2       50
  AVERAGE         62                        55      7       57

PRECIPITATION (IN)
  YESTERDAY        0.00          0.32 2006   0.08  -0.08      T
  MONTH TO DATE    2.69                      2.84  -0.15     4.80
  SINCE OCT 1     25.99                     18.09   7.90    15.54
  SINCE JAN 1     17.56                     10.78   6.78    10.32

SNOWFALL (IN)
  YESTERDAY        0.0                                       0.0
  MONTH TO DATE    0.0                                       0.0
  SINCE MAR 1      0.0                                       0.0
  SINCE JUL 1      0.0                                       0.0

DEGREE DAYS
 HEATING
  YESTERDAY        3                        10     -7        8
  MONTH TO DATE  200                       304   -104      191
  SINCE MAR 1    200                       304   -104      191
  SINCE JUL 1   1729                      2326   -597     1666

 COOLING
  YESTERDAY        0                         0      0        0
  MONTH TO DATE    1                         0      1        0
  SINCE MAR 1      1                         0      1        0
  SINCE JAN 1      1                         0      1        1
..................................................................


WIND (MPH)
  RESULTANT WIND SPEED   7   RESULTANT WIND DIRECTION   W (290)
  HIGHEST WIND SPEED    21   HIGHEST WIND DIRECTION     W (260)
  HIGHEST GUST SPEED    25   HIGHEST GUST DIRECTION     W (260)
  AVERAGE WIND SPEED     7.6


SKY COVER
  POSSIBLE SUNSHINE  MM
  AVERAGE SKY COVER 0.1


WEATHER CONDITIONS
 THE FOLLOWING WEATHER WAS RECORDED YESTERDAY.
  NO SIGNIFICANT WEATHER WAS OBSERVED.


RELATIVE HUMIDITY (PERCENT)
 HIGHEST    86           500 AM
 LOWEST     37          1200 PM
 AVERAGE    62

..........................................................


THE OAKLAND AIRPORT CLIMATE NORMALS FOR TODAY
                         NORMAL    RECORD    YEAR
 MAXIMUM TEMPERATURE (F)   64        77      1968
 MINIMUM TEMPERATURE (F)   47        40      1959


SUNRISE AND SUNSET
MARCH 29 2017.........SUNRISE   658 AM PDT   SUNSET   729 PM PDT
MARCH 30 2017.........SUNRISE   657 AM PDT   SUNSET   730 PM PDT


-  INDICATES NEGATIVE NUMBERS.
R  INDICATES RECORD WAS SET OR TIED.
MM INDICATES DATA IS MISSING.
T  INDICATES TRACE AMOUNT.




$$
