000
CDUS46 KMTR 250839
CLIOAK


CLIMATE REPORT
NATIONAL WEATHER SERVICE SAN FRANCISCO BAY AREA
139 AM PDT THU MAY 25 2017


...................................

...THE OAKLAND AIRPORT CLIMATE SUMMARY FOR MAY 24 2017...

CLIMATE NORMAL PERIOD 1981 TO 2010
CLIMATE RECORD PERIOD 1948 TO 2017


WEATHER ITEM   OBSERVED TIME   RECORD YEAR NORMAL DEPARTURE LAST
                VALUE   (LST)  VALUE       VALUE  FROM      YEAR
                                                  NORMAL
..................................................................
TEMPERATURE (F)
 YESTERDAY
  MAXIMUM         68    344 PM  80    1949  68      0       65
  MINIMUM         55    550 AM  47    2011  52      3       57
                                      1961
  AVERAGE         62                        60      2       61

PRECIPITATION (IN)
  YESTERDAY        0.00          0.36 1960   0.01  -0.01      T
  MONTH TO DATE    T                         0.58  -0.58     0.02
  SINCE OCT 1     28.45                     20.25   8.20    16.56
  SINCE JAN 1     20.02                     12.94   7.08    11.34

SNOWFALL (IN)
  YESTERDAY        0.0                                       0.0
  MONTH TO DATE    0.0                                       0.0
  SINCE MAR 1      0.0                                       0.0
  SINCE JUL 1      0.0                                       0.0

DEGREE DAYS
 HEATING
  YESTERDAY        3                         6     -3        4
  MONTH TO DATE   67                       147    -80       74
  SINCE MAR 1    432                       711   -279      409
  SINCE JUL 1   1961                      2733   -772     1884

 COOLING
  YESTERDAY        0                         0      0        0
  MONTH TO DATE   34                         0     34       10
  SINCE MAR 1     36                         6     30       28
  SINCE JAN 1     36                         6     30       29
..................................................................


WIND (MPH)
  RESULTANT WIND SPEED   9   RESULTANT WIND DIRECTION   W (290)
  HIGHEST WIND SPEED    21   HIGHEST WIND DIRECTION    SW (220)
  HIGHEST GUST SPEED    25   HIGHEST GUST DIRECTION    SW (220)
  AVERAGE WIND SPEED    10.7


SKY COVER
  POSSIBLE SUNSHINE  MM
  AVERAGE SKY COVER 0.8


WEATHER CONDITIONS
 THE FOLLOWING WEATHER WAS RECORDED YESTERDAY.
  NO SIGNIFICANT WEATHER WAS OBSERVED.


RELATIVE HUMIDITY (PERCENT)
 HIGHEST    93          1200 AM
 LOWEST     58           200 PM
 AVERAGE    76

..........................................................


THE OAKLAND AIRPORT CLIMATE NORMALS FOR TODAY
                         NORMAL    RECORD    YEAR
 MAXIMUM TEMPERATURE (F)   68        94      1951
 MINIMUM TEMPERATURE (F)   52        45      1955


SUNRISE AND SUNSET
MAY 25 2017...........SUNRISE   552 AM PDT   SUNSET   820 PM PDT
MAY 26 2017...........SUNRISE   551 AM PDT   SUNSET   821 PM PDT


-  INDICATES NEGATIVE NUMBERS.
R  INDICATES RECORD WAS SET OR TIED.
MM INDICATES DATA IS MISSING.
T  INDICATES TRACE AMOUNT.




$$
