000
CDUS46 KMTR 290837
CLIOAK


CLIMATE REPORT
NATIONAL WEATHER SERVICE SAN FRANCISCO BAY AREA
137 AM PDT FRI APR 29 2016


...................................

...THE OAKLAND AIRPORT CLIMATE SUMMARY FOR APRIL 28 2016...

CLIMATE NORMAL PERIOD 1981 TO 2010
CLIMATE RECORD PERIOD 1948 TO 2016


WEATHER ITEM   OBSERVED TIME   RECORD YEAR NORMAL DEPARTURE LAST
                VALUE   (LST)  VALUE       VALUE  FROM      YEAR
                                                  NORMAL
..................................................................
TEMPERATURE (F)
 YESTERDAY
  MAXIMUM         68    144 PM  87    1957  67      1       63
  MINIMUM         48    533 AM  40    1955  50     -2       52
  AVERAGE         58                        58      0       58

PRECIPITATION (IN)
  YESTERDAY        0.00          0.85 1951   0.03  -0.03     0.00
  MONTH TO DATE    0.78                      1.28  -0.50     1.08
  SINCE OCT 1     16.32                     19.61  -3.29    14.39
  SINCE JAN 1     11.10                     12.30  -1.20     3.17

SNOWFALL (IN)
  YESTERDAY        0.0                                       0.0
  MONTH TO DATE    0.0                                       0.0
  SINCE MAR 1      0.0                                       0.0
  SINCE JUL 1      0.0                                       0.0

DEGREE DAYS
 HEATING
  YESTERDAY        7                         7      0        7
  MONTH TO DATE  112                       220   -108      207
  SINCE MAR 1    329                       551   -222      406
  SINCE JUL 1   1804                      2573   -769     1715

 COOLING
  YESTERDAY        0                         0      0        0
  MONTH TO DATE   14                         0     14        1
  SINCE MAR 1     14                         1     13        2
  SINCE JAN 1     15                         1     14        2
..................................................................


WIND (MPH)
  RESULTANT WIND SPEED   7   RESULTANT WIND DIRECTION   W (260)
  HIGHEST WIND SPEED    21   HIGHEST WIND DIRECTION     W (260)
  HIGHEST GUST SPEED    24   HIGHEST GUST DIRECTION    SW (230)
  AVERAGE WIND SPEED     8.8


SKY COVER
  POSSIBLE SUNSHINE  MM
  AVERAGE SKY COVER 0.2


WEATHER CONDITIONS
 THE FOLLOWING WEATHER WAS RECORDED YESTERDAY.
  NO SIGNIFICANT WEATHER WAS OBSERVED.


RELATIVE HUMIDITY (PERCENT)
 HIGHEST    77           900 PM
 LOWEST     52          1100 AM
 AVERAGE    65

..........................................................


THE OAKLAND AIRPORT CLIMATE NORMALS FOR TODAY
                         NORMAL    RECORD    YEAR
 MAXIMUM TEMPERATURE (F)   67        83      2014
 MINIMUM TEMPERATURE (F)   50        41      1950


SUNRISE AND SUNSET
APRIL 29 2016.........SUNRISE   615 AM PDT   SUNSET   758 PM PDT
APRIL 30 2016.........SUNRISE   614 AM PDT   SUNSET   759 PM PDT


-  INDICATES NEGATIVE NUMBERS.
R  INDICATES RECORD WAS SET OR TIED.
MM INDICATES DATA IS MISSING.
T  INDICATES TRACE AMOUNT.




$$
