000
CDUS46 KMTR 280942
CLIOAK


CLIMATE REPORT
NATIONAL WEATHER SERVICE SAN FRANCISCO BAY AREA
142 AM PST WED JAN 28 2015


...................................

...THE OAKLAND AIRPORT CLIMATE SUMMARY FOR JANUARY 27 2015...

CLIMATE NORMAL PERIOD 1981 TO 2010
CLIMATE RECORD PERIOD 1948 TO 2015


WEATHER ITEM   OBSERVED TIME   RECORD YEAR NORMAL DEPARTURE LAST
                VALUE   (LST)  VALUE       VALUE  FROM      YEAR
                                                  NORMAL
..................................................................
TEMPERATURE (F)
 YESTERDAY
  MAXIMUM         67   1120 AM  71    1984  58      9       57
  MINIMUM         47   1155 PM  30    1949  42      5       49
  AVERAGE         57                        50      7       53

PRECIPITATION (IN)
  YESTERDAY        0.00          1.36 1950   0.07  -0.07     0.00
  MONTH TO DATE    T                         3.62  -3.62     0.01
  SINCE JUL 1     11.67                     11.21   0.46     2.08
  SINCE JAN 1      T                         3.62  -3.62     0.01

SNOWFALL (IN)
  YESTERDAY        0.0                                       0.0
  MONTH TO DATE    0.0                                       0.0
  SINCE DEC 1      0.0                                       0.0
  SINCE JUL 1      0.0                                       0.0

DEGREE DAYS
 HEATING
  YESTERDAY        8                        15     -7       12
  MONTH TO DATE  382                       429    -47      351
  SINCE DEC 1    684                       926   -242      919
  SINCE JUL 1   1021                      1601   -580     1474

 COOLING
  YESTERDAY        0                         0      0        0
  MONTH TO DATE    0                         0      0        0
  SINCE DEC 1      0                         0      0        0
  SINCE JAN 1      0                         0      0        0
..................................................................


WIND (MPH)
  RESULTANT WIND SPEED   1   RESULTANT WIND DIRECTION   N (340)
  HIGHEST WIND SPEED    12   HIGHEST WIND DIRECTION    SE (120)
  HIGHEST GUST SPEED    13   HIGHEST GUST DIRECTION    SE (120)
  AVERAGE WIND SPEED     3.5


SKY COVER
  POSSIBLE SUNSHINE  MM
  AVERAGE SKY COVER 0.8


WEATHER CONDITIONS
 THE FOLLOWING WEATHER WAS RECORDED YESTERDAY.
  FOG
  HAZE


RELATIVE HUMIDITY (PERCENT)
 HIGHEST    83           100 AM
 LOWEST     44          1100 AM
 AVERAGE    64

..........................................................


THE OAKLAND AIRPORT CLIMATE NORMALS FOR TODAY
                         NORMAL    RECORD    YEAR
 MAXIMUM TEMPERATURE (F)   58        68      1962
 MINIMUM TEMPERATURE (F)   42        35      1975


SUNRISE AND SUNSET
JANUARY 28 2015.......SUNRISE   716 AM PST   SUNSET   528 PM PST
JANUARY 29 2015.......SUNRISE   715 AM PST   SUNSET   529 PM PST


-  INDICATES NEGATIVE NUMBERS.
R  INDICATES RECORD WAS SET OR TIED.
MM INDICATES DATA IS MISSING.
T  INDICATES TRACE AMOUNT.




$$
